000
CDUS41 KBTV 220549
CLI1V4


CLIMATE REPORT
NATIONAL WEATHER SERVICE BURLINGTON VT
1245 AM EST SAT NOV 22 2014


...................................

...THE ST. JOHNSBURY VT CLIMATE SUMMARY FOR NOVEMBER 21 2014...

CLIMATE NORMAL PERIOD 1981 TO 2010
CLIMATE RECORD PERIOD 1894 TO 2014


WEATHER ITEM   OBSERVED TIME   RECORD YEAR NORMAL DEPARTURE LAST
                VALUE   (LST)  VALUE       VALUE  FROM      YEAR
                                                  NORMAL
..................................................................
TEMPERATURE (F)
 YESTERDAY
  MAXIMUM         25        MM  67    1991  42    -17       39
  MINIMUM         14        MM  -7    1933  26    -12       16
  AVERAGE         20                        34    -14       28

PRECIPITATION (IN)
  YESTERDAY        0.02          1.26 1954   0.11  -0.09     0.00
  MONTH TO DATE    1.21                      2.41  -1.20     1.34
  SINCE SEP 1      7.51                      9.67  -2.16     7.23
  SINCE JAN 1     34.95                     35.43  -0.48    32.20

DEGREE DAYS
 HEATING
  YESTERDAY       45                        31     14       37
  MONTH TO DATE  630                       569     61      597
  SINCE SEP 1   1308                      1306      2     1356
  SINCE JUL 1   1365                      1356      9     1416

 COOLING
  YESTERDAY        0                         0      0        0
  MONTH TO DATE    0                         0      0        0
  SINCE SEP 1     33                        35     -2       40
  SINCE JAN 1    252                       433   -181      407
..................................................................


WIND (MPH)
  HIGHEST WIND SPEED    MM   HIGHEST WIND DIRECTION    MM
  HIGHEST GUST SPEED    MM   HIGHEST GUST DIRECTION    MM
  AVERAGE WIND SPEED    MM


SKY COVER
  AVERAGE SKY COVER 0.0


WEATHER CONDITIONS
 THE FOLLOWING WEATHER WAS RECORDED YESTERDAY.
  NO SIGNIFICANT WEATHER WAS OBSERVED.


RELATIVE HUMIDITY (PERCENT)
 HIGHEST    91           500 AM
 LOWEST     45           500 PM
 AVERAGE    68

..........................................................


THE ST. JOHNSBURY VT CLIMATE NORMALS FOR TODAY
                         NORMAL    RECORD    YEAR
 MAXIMUM TEMPERATURE (F)   41        68      1953
 MINIMUM TEMPERATURE (F)   26        -4      1916


SUNRISE AND SUNSET
NOVEMBER 22 2014......SUNRISE   653 AM EST   SUNSET   415 PM EST
NOVEMBER 23 2014......SUNRISE   654 AM EST   SUNSET   414 PM EST


-  INDICATES NEGATIVE NUMBERS.
R  INDICATES RECORD WAS SET OR TIED.
MM INDICATES DATA IS MISSING.
T  INDICATES TRACE AMOUNT.




$$
