000
CDUS41 KBTV 260548
CLI1V4


CLIMATE REPORT
NATIONAL WEATHER SERVICE BURLINGTON VT
144 AM EDT TUE JUL 26 2016


...................................

...THE ST. JOHNSBURY VT CLIMATE SUMMARY FOR JULY 25 2016...

CLIMATE NORMAL PERIOD 1981 TO 2010
CLIMATE RECORD PERIOD 1894 TO 2016


WEATHER ITEM   OBSERVED TIME   RECORD YEAR NORMAL DEPARTURE LAST
                VALUE   (LST)  VALUE       VALUE  FROM      YEAR
                                                  NORMAL
..................................................................
TEMPERATURE (F)
 YESTERDAY
  MAXIMUM         82        MM  96    1963  81      1       78
  MINIMUM         58        MM  41    1912  59     -1       56
  AVERAGE         70                        70      0       67

PRECIPITATION (IN)
  YESTERDAY        0.01          1.25 1900   0.13  -0.12     0.00
  MONTH TO DATE    5.12                      3.25   1.87     5.20
  SINCE JUN 1      9.75                      7.26   2.49    12.90
  SINCE JAN 1     22.33                     20.67   1.66    24.27

DEGREE DAYS
 HEATING
  YESTERDAY        0                         0      0        0
  MONTH TO DATE   16                        10      6       29
  SINCE JUN 1    107                        82     25      138
  SINCE JUL 1     16                        10      6       29

 COOLING
  YESTERDAY        5                         5      0        2
  MONTH TO DATE  122                       140    -18       88
  SINCE JUN 1    183                       230    -47      121
  SINCE JAN 1    226                       248    -22      159
..................................................................


WIND (MPH)
  HIGHEST WIND SPEED    MM   HIGHEST WIND DIRECTION    MM
  HIGHEST GUST SPEED    MM   HIGHEST GUST DIRECTION    MM
  AVERAGE WIND SPEED    MM


SKY COVER
  AVERAGE SKY COVER 0.0


WEATHER CONDITIONS
 THE FOLLOWING WEATHER WAS RECORDED YESTERDAY.
  NO SIGNIFICANT WEATHER WAS OBSERVED.


RELATIVE HUMIDITY (PERCENT)
 HIGHEST   100           500 AM
 LOWEST     51          1100 AM
 AVERAGE    76

..........................................................


THE ST. JOHNSBURY VT CLIMATE NORMALS FOR TODAY
                         NORMAL    RECORD    YEAR
 MAXIMUM TEMPERATURE (F)   81        95      1963
 MINIMUM TEMPERATURE (F)   59        42      1926


SUNRISE AND SUNSET
JULY 26 2016..........SUNRISE   529 AM EDT   SUNSET   819 PM EDT
JULY 27 2016..........SUNRISE   530 AM EDT   SUNSET   818 PM EDT


-  INDICATES NEGATIVE NUMBERS.
R  INDICATES RECORD WAS SET OR TIED.
MM INDICATES DATA IS MISSING.
T  INDICATES TRACE AMOUNT.




$$
