000
CDUS41 KBTV 220953
CLI1V4


CLIMATE REPORT
NATIONAL WEATHER SERVICE BURLINGTON VT
551 AM EDT TUE JUL 22 2014


...................................

...THE ST. JOHNSBURY VT CLIMATE SUMMARY FOR JULY 21 2014...

CLIMATE NORMAL PERIOD 1981 TO 2010
CLIMATE RECORD PERIOD 1894 TO 2014


WEATHER ITEM   OBSERVED TIME   RECORD YEAR NORMAL DEPARTURE LAST
                VALUE   (LST)  VALUE       VALUE  FROM      YEAR
                                                  NORMAL
..................................................................
TEMPERATURE (F)
 YESTERDAY
  MAXIMUM         82        MM  99    1977  81      1       76
  MINIMUM         53        MM  41    1950  59     -6       57
  AVERAGE         68                        70     -2       67

PRECIPITATION (IN)
  YESTERDAY        0.00          1.30 1972   0.13  -0.13     0.00
  MONTH TO DATE    3.56                      2.70   0.86     4.62
  SINCE JUN 1      6.83                      6.71   0.12     9.09
  SINCE JAN 1     22.53                     20.12   2.41    21.47

DEGREE DAYS
 HEATING
  YESTERDAY        0                         0      0        0
  MONTH TO DATE    5                        10     -5        0
  SINCE JUN 1     74                        82     -8      113
  SINCE JUL 1      5                        10     -5        0

 COOLING
  YESTERDAY        3                         6     -3        2
  MONTH TO DATE   94                       120    -26      176
  SINCE JUN 1    141                       210    -69      256
  SINCE JAN 1    145                       228    -83      272
..................................................................


WIND (MPH)
  HIGHEST WIND SPEED    MM   HIGHEST WIND DIRECTION    MM
  HIGHEST GUST SPEED    MM   HIGHEST GUST DIRECTION    MM
  AVERAGE WIND SPEED    MM


SKY COVER
  AVERAGE SKY COVER 0.0


WEATHER CONDITIONS
 THE FOLLOWING WEATHER WAS RECORDED YESTERDAY.
  NO SIGNIFICANT WEATHER WAS OBSERVED.


RELATIVE HUMIDITY (PERCENT)
 HIGHEST    93           100 AM
 LOWEST     42           100 PM
 AVERAGE    68

..........................................................


THE ST. JOHNSBURY VT CLIMATE NORMALS FOR TODAY
                         NORMAL    RECORD    YEAR
 MAXIMUM TEMPERATURE (F)   81        97      1918
 MINIMUM TEMPERATURE (F)   59        41      1914


SUNRISE AND SUNSET
JULY 22 2014..........SUNRISE   524 AM EDT   SUNSET   824 PM EDT
JULY 23 2014..........SUNRISE   525 AM EDT   SUNSET   823 PM EDT


-  INDICATES NEGATIVE NUMBERS.
R  INDICATES RECORD WAS SET OR TIED.
MM INDICATES DATA IS MISSING.
T  INDICATES TRACE AMOUNT.




$$
