000
CDUS41 KBTV 220543
CLI1V4


CLIMATE REPORT
NATIONAL WEATHER SERVICE BURLINGTON VT
1243 AM EST SUN JAN 22 2017


...................................

...THE ST. JOHNSBURY VT CLIMATE SUMMARY FOR JANUARY 21 2017...

CLIMATE NORMAL PERIOD 1981 TO 2010
CLIMATE RECORD PERIOD 1894 TO 2017


WEATHER ITEM   OBSERVED TIME   RECORD YEAR NORMAL DEPARTURE LAST
                VALUE   (LST)  VALUE       VALUE  FROM      YEAR
                                                  NORMAL
..................................................................
TEMPERATURE (F)
 YESTERDAY
  MAXIMUM         38    239 PM  53    2006  27     11       20
  MINIMUM         32    751 AM -22    1936   6     26        2
  AVERAGE         35                        16     19       11

PRECIPITATION (IN)
  YESTERDAY        0.00          1.12 1979   0.08  -0.08     0.00
  MONTH TO DATE    0.94                      1.69  -0.75     1.18
  SINCE DEC 1      4.51                      4.77  -0.26     6.08
  SINCE JAN 1      0.94                      1.69  -0.75     1.18

DEGREE DAYS
 HEATING
  YESTERDAY       30                        49    -19       54
  MONTH TO DATE  867                      1012   -145      933
  SINCE DEC 1   2128                      2309   -181     1846
  SINCE JUL 1   3588                      3965   -377     3323

 COOLING
  YESTERDAY        0                         0      0        0
  MONTH TO DATE    0                         0      0        0
  SINCE DEC 1      0                         0      0        0
  SINCE JAN 1      0                         0      0        0
..................................................................


WIND (MPH)
  HIGHEST WIND SPEED    MM   HIGHEST WIND DIRECTION    MM
  HIGHEST GUST SPEED    MM   HIGHEST GUST DIRECTION    MM
  AVERAGE WIND SPEED    MM


SKY COVER
  AVERAGE SKY COVER 0.0


WEATHER CONDITIONS
 THE FOLLOWING WEATHER WAS RECORDED YESTERDAY.
  NO SIGNIFICANT WEATHER WAS OBSERVED.


RELATIVE HUMIDITY (PERCENT)
 HIGHEST   100          1100 AM
 LOWEST     82          1200 AM
 AVERAGE    91

..........................................................


THE ST. JOHNSBURY VT CLIMATE NORMALS FOR TODAY
                         NORMAL    RECORD    YEAR
 MAXIMUM TEMPERATURE (F)   27        53      1910
 MINIMUM TEMPERATURE (F)    6       -28      1984


SUNRISE AND SUNSET
JANUARY 22 2017.......SUNRISE   716 AM EST   SUNSET   444 PM EST
JANUARY 23 2017.......SUNRISE   715 AM EST   SUNSET   445 PM EST


-  INDICATES NEGATIVE NUMBERS.
R  INDICATES RECORD WAS SET OR TIED.
MM INDICATES DATA IS MISSING.
T  INDICATES TRACE AMOUNT.




$$
