748
CDUS41 KBTV 140545
CLI1V4


CLIMATE REPORT
NATIONAL WEATHER SERVICE BURLINGTON VT
1244 AM EST SUN FEB 14 2016


...................................

...THE ST. JOHNSBURY VT CLIMATE SUMMARY FOR FEBRUARY 13 2016...

CLIMATE NORMAL PERIOD 1981 TO 2010
CLIMATE RECORD PERIOD 1894 TO 2016


WEATHER ITEM   OBSERVED TIME   RECORD YEAR NORMAL DEPARTURE LAST
                VALUE   (LST)  VALUE       VALUE  FROM      YEAR
                                                  NORMAL
..................................................................
TEMPERATURE (F)
 YESTERDAY
  MAXIMUM         14        MM  52    1999  31    -17        7
  MINIMUM        -12        MM -30    1967   7    -19      -12
  AVERAGE          1                        19    -18       -2

PRECIPITATION (IN)
  YESTERDAY        0.00          1.35 1900   0.08  -0.08     0.00
  MONTH TO DATE    0.47                      1.06  -0.59     1.16
  SINCE DEC 1      6.56                      6.65  -0.09     7.88
  SINCE JAN 1      1.66                      3.57  -1.91     3.99

DEGREE DAYS
 HEATING
  YESTERDAY       64                        46     18       67
  MONTH TO DATE  524                       615    -91      735
  SINCE DEC 1   2772                      3408   -636     3512
  SINCE JUL 1   4249                      5064   -815     5164

 COOLING
  YESTERDAY        0                         0      0        0
  MONTH TO DATE    0                         0      0        0
  SINCE DEC 1      0                         0      0        0
  SINCE JAN 1      0                         0      0        0
..................................................................


WIND (MPH)
  HIGHEST WIND SPEED    MM   HIGHEST WIND DIRECTION    MM
  HIGHEST GUST SPEED    MM   HIGHEST GUST DIRECTION    MM
  AVERAGE WIND SPEED    MM


SKY COVER
  AVERAGE SKY COVER 0.0


WEATHER CONDITIONS
 THE FOLLOWING WEATHER WAS RECORDED YESTERDAY.
  NO SIGNIFICANT WEATHER WAS OBSERVED.


RELATIVE HUMIDITY (PERCENT)
 HIGHEST    80           100 AM
 LOWEST     39           400 PM
 AVERAGE    60

..........................................................


THE ST. JOHNSBURY VT CLIMATE NORMALS FOR TODAY
                         NORMAL    RECORD    YEAR
 MAXIMUM TEMPERATURE (F)   31        52      1946
 MINIMUM TEMPERATURE (F)    7       -27      2003
                                             1987


SUNRISE AND SUNSET
FEBRUARY 14 2016......SUNRISE   650 AM EST   SUNSET   515 PM EST
FEBRUARY 15 2016......SUNRISE   649 AM EST   SUNSET   516 PM EST


-  INDICATES NEGATIVE NUMBERS.
R  INDICATES RECORD WAS SET OR TIED.
MM INDICATES DATA IS MISSING.
T  INDICATES TRACE AMOUNT.




$$
