000
CDUS41 KBTV 260529
CLI1V4


CLIMATE REPORT
NATIONAL WEATHER SERVICE BURLINGTON VT
1225 AM EST SUN FEB 26 2017


...................................

...THE ST. JOHNSBURY VT CLIMATE SUMMARY FOR FEBRUARY 25 2017...

CLIMATE NORMAL PERIOD 1981 TO 2010
CLIMATE RECORD PERIOD 1894 TO 2017


WEATHER ITEM   OBSERVED TIME   RECORD YEAR NORMAL DEPARTURE LAST
                VALUE   (LST)  VALUE       VALUE  FROM      YEAR
                                                  NORMAL
..................................................................
TEMPERATURE (F)
 YESTERDAY
  MAXIMUM         63R       MM  60    2016  34     29       60
  MINIMUM         32        MM -28    1914  11     21       31
  AVERAGE         48                        22     26       46

PRECIPITATION (IN)
  YESTERDAY        0.87          2.12 1969   0.08   0.79     1.05
  MONTH TO DATE    3.87                      1.94   1.93     3.45
  SINCE DEC 1      9.30                      7.53   1.77     9.54
  SINCE JAN 1      5.73                      4.45   1.28     4.64

DEGREE DAYS
 HEATING
  YESTERDAY       17                        43    -26       19
  MONTH TO DATE 1002                      1149   -147     1017
  SINCE DEC 1   3452                      3942   -490     3265
  SINCE JUL 1   4912                      5598   -686     4742

 COOLING
  YESTERDAY        0                         0      0        0
  MONTH TO DATE    0                         0      0        0
  SINCE DEC 1      0                         0      0        0
  SINCE JAN 1      0                         0      0        0
..................................................................


WIND (MPH)
  HIGHEST WIND SPEED    MM   HIGHEST WIND DIRECTION    MM
  HIGHEST GUST SPEED    MM   HIGHEST GUST DIRECTION    MM
  AVERAGE WIND SPEED    MM


SKY COVER
  AVERAGE SKY COVER 0.0


WEATHER CONDITIONS
 THE FOLLOWING WEATHER WAS RECORDED YESTERDAY.
  NO SIGNIFICANT WEATHER WAS OBSERVED.


RELATIVE HUMIDITY (PERCENT)
 HIGHEST   100          1200 AM
 LOWEST     56           400 PM
 AVERAGE    78

..........................................................


THE ST. JOHNSBURY VT CLIMATE NORMALS FOR TODAY
                         NORMAL    RECORD    YEAR
 MAXIMUM TEMPERATURE (F)   34        60      1957
 MINIMUM TEMPERATURE (F)   11       -23      1928


SUNRISE AND SUNSET
FEBRUARY 26 2017......SUNRISE   630 AM EST   SUNSET   532 PM EST
FEBRUARY 27 2017......SUNRISE   628 AM EST   SUNSET   534 PM EST


-  INDICATES NEGATIVE NUMBERS.
R  INDICATES RECORD WAS SET OR TIED.
MM INDICATES DATA IS MISSING.
T  INDICATES TRACE AMOUNT.




$$
