000
CDUS41 KBTV 230520
CLI1V4


CLIMATE REPORT
NATIONAL WEATHER SERVICE BURLINGTON VT
118 AM EDT SUN APR 23 2017


...................................

...THE ST. JOHNSBURY VT CLIMATE SUMMARY FOR APRIL 22 2017...

CLIMATE NORMAL PERIOD 1981 TO 2010
CLIMATE RECORD PERIOD 1894 TO 2017


WEATHER ITEM   OBSERVED TIME   RECORD YEAR NORMAL DEPARTURE LAST
                VALUE   (LST)  VALUE       VALUE  FROM      YEAR
                                                  NORMAL
..................................................................
TEMPERATURE (F)
 YESTERDAY
  MAXIMUM         46        MM  86    1954  60    -14       73
  MINIMUM         39        MM  18    1981  35      4       46
  AVERAGE         43                        47     -4       60

PRECIPITATION (IN)
  YESTERDAY        0.01          0.88 2000   0.09  -0.08     0.02
  MONTH TO DATE    2.69                      2.06   0.63     1.98
  SINCE MAR 1      6.14                      4.57   1.57     4.46
  SINCE JAN 1     11.88                      9.25   2.63     9.20

DEGREE DAYS
 HEATING
  YESTERDAY       22                        18      4        5
  MONTH TO DATE  455                       492    -37      541
  SINCE MAR 1   1701                      1568    133     1468
  SINCE JUL 1   6714                      7292   -578     6353

 COOLING
  YESTERDAY        0                         0      0        0
  MONTH TO DATE    0                         0      0        0
  SINCE MAR 1      0                         0      0        0
  SINCE JAN 1      0                         0      0        0
..................................................................


WIND (MPH)
  HIGHEST WIND SPEED    MM   HIGHEST WIND DIRECTION    MM
  HIGHEST GUST SPEED    MM   HIGHEST GUST DIRECTION    MM
  AVERAGE WIND SPEED    MM


SKY COVER
  AVERAGE SKY COVER 0.0


WEATHER CONDITIONS
 THE FOLLOWING WEATHER WAS RECORDED YESTERDAY.
  NO SIGNIFICANT WEATHER WAS OBSERVED.


RELATIVE HUMIDITY (PERCENT)
 HIGHEST    93          1000 AM
 LOWEST     76           600 PM
 AVERAGE    85

..........................................................


THE ST. JOHNSBURY VT CLIMATE NORMALS FOR TODAY
                         NORMAL    RECORD    YEAR
 MAXIMUM TEMPERATURE (F)   60        83      2007
 MINIMUM TEMPERATURE (F)   36        18      1933


SUNRISE AND SUNSET
APRIL 23 2017.........SUNRISE   551 AM EDT   SUNSET   743 PM EDT
APRIL 24 2017.........SUNRISE   549 AM EDT   SUNSET   744 PM EDT


-  INDICATES NEGATIVE NUMBERS.
R  INDICATES RECORD WAS SET OR TIED.
MM INDICATES DATA IS MISSING.
T  INDICATES TRACE AMOUNT.




$$
