000
CDUS41 KBTV 020530
CLI1V4


CLIMATE REPORT
NATIONAL WEATHER SERVICE BURLINGTON VT
127 AM EDT MON MAY 2 2016


...................................

...THE ST. JOHNSBURY VT CLIMATE SUMMARY FOR MAY 1 2016...

CLIMATE NORMAL PERIOD 1981 TO 2010
CLIMATE RECORD PERIOD 1894 TO 2016


WEATHER ITEM   OBSERVED TIME   RECORD YEAR NORMAL DEPARTURE LAST
                VALUE   (LST)  VALUE       VALUE  FROM      YEAR
                                                  NORMAL
..................................................................
TEMPERATURE (F)
 YESTERDAY
  MAXIMUM         53        MM  86    1970  64    -11       63
  MINIMUM         36        MM  23    1922  38     -2       45
  AVERAGE         45                        51     -6       54

PRECIPITATION (IN)
  YESTERDAY        0.32          0.93 1924   0.10   0.22     0.00
  MONTH TO DATE    0.32                      0.10   0.22     0.00
  SINCE MAR 1      5.12                      5.47  -0.35     3.79
  SINCE JAN 1      9.86                     10.15  -0.29     8.35

DEGREE DAYS
 HEATING
  YESTERDAY       20                        14      6       11
  MONTH TO DATE   20                        14      6       11
  SINCE MAR 1   1684                      1709    -25     1988
  SINCE JUL 1   6569                      7433   -864     8053

 COOLING
  YESTERDAY        0                         0      0        0
  MONTH TO DATE    0                         0      0        0
  SINCE MAR 1      0                         1     -1        0
  SINCE JAN 1      0                         1     -1        0
..................................................................


WIND (MPH)
  HIGHEST WIND SPEED    MM   HIGHEST WIND DIRECTION    MM
  HIGHEST GUST SPEED    MM   HIGHEST GUST DIRECTION    MM
  AVERAGE WIND SPEED    MM


SKY COVER
  AVERAGE SKY COVER 0.0


WEATHER CONDITIONS
 THE FOLLOWING WEATHER WAS RECORDED YESTERDAY.
  NO SIGNIFICANT WEATHER WAS OBSERVED.


RELATIVE HUMIDITY (PERCENT)
 HIGHEST    92           900 PM
 LOWEST     44          1000 AM
 AVERAGE    68

..........................................................


THE ST. JOHNSBURY VT CLIMATE NORMALS FOR TODAY
                         NORMAL    RECORD    YEAR
 MAXIMUM TEMPERATURE (F)   64        88      2001
 MINIMUM TEMPERATURE (F)   39        19      1903


SUNRISE AND SUNSET
MAY  2 2016...........SUNRISE   537 AM EDT   SUNSET   754 PM EDT
MAY  3 2016...........SUNRISE   535 AM EDT   SUNSET   755 PM EDT


-  INDICATES NEGATIVE NUMBERS.
R  INDICATES RECORD WAS SET OR TIED.
MM INDICATES DATA IS MISSING.
T  INDICATES TRACE AMOUNT.




$$
