000
CDUS41 KBTV 180530
CLI1V4


CLIMATE REPORT
NATIONAL WEATHER SERVICE BURLINGTON VT
128 AM EDT FRI AUG 18 2017


...................................

...THE ST. JOHNSBURY VT CLIMATE SUMMARY FOR AUGUST 17 2017...

CLIMATE NORMAL PERIOD 1981 TO 2010
CLIMATE RECORD PERIOD 1894 TO 2017


WEATHER ITEM   OBSERVED TIME   RECORD YEAR NORMAL DEPARTURE LAST
                VALUE   (LST)  VALUE       VALUE  FROM      YEAR
                                                  NORMAL
..................................................................
TEMPERATURE (F)
 YESTERDAY
  MAXIMUM         76        MM  96    1913  79     -3       77
  MINIMUM         47        MM  40    1957  57    -10       61
  AVERAGE         62                        68     -6       69

PRECIPITATION (IN)
  YESTERDAY        0.00          3.06 1977   0.14  -0.14     0.55
  MONTH TO DATE    1.23                      2.61  -1.38     3.52
  SINCE JUN 1     11.34                     10.74   0.60    13.34
  SINCE JAN 1     28.24                     24.15   4.09    25.92

DEGREE DAYS
 HEATING
  YESTERDAY        3                         1      2        0
  MONTH TO DATE    9                        16     -7        3
  SINCE JUN 1    139                       103     36      110
  SINCE JUL 1     34                        31      3       19

 COOLING
  YESTERDAY        0                         4     -4        4
  MONTH TO DATE   46                        76    -30       95
  SINCE JUN 1    228                       335   -107      314
  SINCE JAN 1    241                       353   -112      357
..................................................................


WIND (MPH)
  HIGHEST WIND SPEED    MM   HIGHEST WIND DIRECTION    MM
  HIGHEST GUST SPEED    MM   HIGHEST GUST DIRECTION    MM
  AVERAGE WIND SPEED    MM


SKY COVER
  AVERAGE SKY COVER 0.0


WEATHER CONDITIONS
 THE FOLLOWING WEATHER WAS RECORDED YESTERDAY.
  NO SIGNIFICANT WEATHER WAS OBSERVED.


RELATIVE HUMIDITY (PERCENT)
 HIGHEST   100          1200 AM
 LOWEST     49           100 PM
 AVERAGE    75

..........................................................


THE ST. JOHNSBURY VT CLIMATE NORMALS FOR TODAY
                         NORMAL    RECORD    YEAR
 MAXIMUM TEMPERATURE (F)   79        94      1935
 MINIMUM TEMPERATURE (F)   57        36      1918


SUNRISE AND SUNSET
AUGUST 18 2017........SUNRISE   555 AM EDT   SUNSET   748 PM EDT
AUGUST 19 2017........SUNRISE   556 AM EDT   SUNSET   746 PM EDT


-  INDICATES NEGATIVE NUMBERS.
R  INDICATES RECORD WAS SET OR TIED.
MM INDICATES DATA IS MISSING.
T  INDICATES TRACE AMOUNT.




$$
