000
CDUS41 KBTV 300541
CLI1V4


CLIMATE REPORT
NATIONAL WEATHER SERVICE BURLINGTON VT
135 AM EDT MON MAR 30 2015


...................................

...THE ST. JOHNSBURY VT CLIMATE SUMMARY FOR MARCH 29 2015...

CLIMATE NORMAL PERIOD 1981 TO 2010
CLIMATE RECORD PERIOD 1894 TO 2015


WEATHER ITEM   OBSERVED TIME   RECORD YEAR NORMAL DEPARTURE LAST
                VALUE   (LST)  VALUE       VALUE  FROM      YEAR
                                                  NORMAL
..................................................................
TEMPERATURE (F)
 YESTERDAY
  MAXIMUM         40        MM  82    1946  47     -7       45
  MINIMUM          9        MM -10    1974  26    -17       35
  AVERAGE         25                        36    -11       40

PRECIPITATION (IN)
  YESTERDAY        0.00          1.05 1899   0.09  -0.09     0.09
  MONTH TO DATE    1.31                      2.34  -1.03     2.35
  SINCE MAR 1      1.31                      2.34  -1.03     2.35
  SINCE JAN 1      5.87                      7.02  -1.15     7.48

DEGREE DAYS
 HEATING
  YESTERDAY       40                        29     11       25
  MONTH TO DATE 1208                      1020    188     1360
  SINCE MAR 1   1208                      1020    188     1360
  SINCE JUL 1   7273                      6744    529     7392

 COOLING
  YESTERDAY        0                         0      0        0
  MONTH TO DATE    0                         0      0        0
  SINCE MAR 1      0                         0      0        0
  SINCE JAN 1      0                         0      0        0
..................................................................


WIND (MPH)
  HIGHEST WIND SPEED    MM   HIGHEST WIND DIRECTION    MM
  HIGHEST GUST SPEED    MM   HIGHEST GUST DIRECTION    MM
  AVERAGE WIND SPEED    MM


SKY COVER
  AVERAGE SKY COVER 0.0


WEATHER CONDITIONS
 THE FOLLOWING WEATHER WAS RECORDED YESTERDAY.
  NO SIGNIFICANT WEATHER WAS OBSERVED.


RELATIVE HUMIDITY (PERCENT)
 HIGHEST    83           400 AM
 LOWEST     22           400 PM
 AVERAGE    53

..........................................................


THE ST. JOHNSBURY VT CLIMATE NORMALS FOR TODAY
                         NORMAL    RECORD    YEAR
 MAXIMUM TEMPERATURE (F)   48        79      1998
 MINIMUM TEMPERATURE (F)   26         5      1915


SUNRISE AND SUNSET
MARCH 30 2015.........SUNRISE   633 AM EDT   SUNSET   713 PM EDT
MARCH 31 2015.........SUNRISE   632 AM EDT   SUNSET   714 PM EDT


-  INDICATES NEGATIVE NUMBERS.
R  INDICATES RECORD WAS SET OR TIED.
MM INDICATES DATA IS MISSING.
T  INDICATES TRACE AMOUNT.




$$
