000
CDUS41 KBTV 310535
CLI1V4


CLIMATE REPORT
NATIONAL WEATHER SERVICE BURLINGTON VT
133 AM EDT THU JUL 31 2014


...................................

...THE ST. JOHNSBURY VT CLIMATE SUMMARY FOR JULY 30 2014...

CLIMATE NORMAL PERIOD 1981 TO 2010
CLIMATE RECORD PERIOD 1894 TO 2014


WEATHER ITEM   OBSERVED TIME   RECORD YEAR NORMAL DEPARTURE LAST
                VALUE   (LST)  VALUE       VALUE  FROM      YEAR
                                                  NORMAL
..................................................................
TEMPERATURE (F)
 YESTERDAY
  MAXIMUM         74    144 PM  97    1959  81     -7       75
  MINIMUM         47    622 AM  39    1952  59    -12       57
  AVERAGE         61                        70     -9       66

PRECIPITATION (IN)
  YESTERDAY        0.00          1.65 1906   0.15  -0.15     0.00
  MONTH TO DATE    6.68                      3.97   2.71     5.59
  SINCE JUN 1      9.95                      7.98   1.97    10.06
  SINCE JAN 1     25.65                     21.39   4.26    22.44

DEGREE DAYS
 HEATING
  YESTERDAY        4                         0      4        0
  MONTH TO DATE   15                        10      5        9
  SINCE JUN 1     84                        82      2      122
  SINCE JUL 1     15                        10      5        9

 COOLING
  YESTERDAY        0                         5     -5        1
  MONTH TO DATE  111                       165    -54      191
  SINCE JUN 1    158                       255    -97      271
  SINCE JAN 1    162                       273   -111      287
..................................................................


WIND (MPH)
  HIGHEST WIND SPEED    MM   HIGHEST WIND DIRECTION    MM
  HIGHEST GUST SPEED    MM   HIGHEST GUST DIRECTION    MM
  AVERAGE WIND SPEED    MM


SKY COVER
  AVERAGE SKY COVER 0.0


WEATHER CONDITIONS
 THE FOLLOWING WEATHER WAS RECORDED YESTERDAY.
  NO SIGNIFICANT WEATHER WAS OBSERVED.


RELATIVE HUMIDITY (PERCENT)
 HIGHEST   100          1200 AM
 LOWEST     35           200 PM
 AVERAGE    68

..........................................................


THE ST. JOHNSBURY VT CLIMATE NORMALS FOR TODAY
                         NORMAL    RECORD    YEAR
 MAXIMUM TEMPERATURE (F)   81        94      1959
 MINIMUM TEMPERATURE (F)   58        41      1964


SUNRISE AND SUNSET
JULY 31 2014..........SUNRISE   534 AM EDT   SUNSET   814 PM EDT
AUGUST  1 2014........SUNRISE   535 AM EDT   SUNSET   813 PM EDT


-  INDICATES NEGATIVE NUMBERS.
R  INDICATES RECORD WAS SET OR TIED.
MM INDICATES DATA IS MISSING.
T  INDICATES TRACE AMOUNT.




$$
