000
CDUS41 KBTV 010552
CLI1V4


CLIMATE REPORT
NATIONAL WEATHER SERVICE BURLINGTON VT
1249 AM EST SUN MAR 1 2015


...................................

...THE ST. JOHNSBURY VT CLIMATE SUMMARY FOR FEBRUARY 28 2015...

CLIMATE NORMAL PERIOD 1981 TO 2010
CLIMATE RECORD PERIOD 1894 TO 2015


WEATHER ITEM   OBSERVED TIME   RECORD YEAR NORMAL DEPARTURE LAST
                VALUE   (LST)  VALUE       VALUE  FROM      YEAR
                                                  NORMAL
..................................................................
TEMPERATURE (F)
 YESTERDAY
  MAXIMUM         26    423 PM  54    2000  35     -9       16
                                      1998
  MINIMUM        -16    700 AM -30    1920  12    -28       -5
  AVERAGE          5                        23    -18        6

PRECIPITATION (IN)
  YESTERDAY        0.00          0.90 1910   0.08  -0.08     0.00
  MONTH TO DATE    1.73                      2.17  -0.44     3.19
  SINCE DEC 1      8.45                      7.76   0.69     8.57
  SINCE JAN 1      4.56                      4.68  -0.12     5.13

DEGREE DAYS
 HEATING
  YESTERDAY       60                        42     18       59
  MONTH TO DATE 1636                      1275    361     1361
  SINCE DEC 1   4413                      4068    345     4233
  SINCE JUL 1   6065                      5724    341     6032

 COOLING
  YESTERDAY        0                         0      0        0
  MONTH TO DATE    0                         0      0        0
  SINCE DEC 1      0                         0      0        0
  SINCE JAN 1      0                         0      0        0
..................................................................


WIND (MPH)
  HIGHEST WIND SPEED    MM   HIGHEST WIND DIRECTION    MM
  HIGHEST GUST SPEED    MM   HIGHEST GUST DIRECTION    MM
  AVERAGE WIND SPEED    MM


SKY COVER
  AVERAGE SKY COVER 0.0


WEATHER CONDITIONS
 THE FOLLOWING WEATHER WAS RECORDED YESTERDAY.
  NO SIGNIFICANT WEATHER WAS OBSERVED.


RELATIVE HUMIDITY (PERCENT)
 HIGHEST    81           600 AM
 LOWEST     33           400 PM
 AVERAGE    57

..........................................................


THE ST. JOHNSBURY VT CLIMATE NORMALS FOR TODAY
                         NORMAL    RECORD    YEAR
 MAXIMUM TEMPERATURE (F)   35        58      1954
 MINIMUM TEMPERATURE (F)   12       -21      1897


SUNRISE AND SUNSET
MARCH  1 2015.........SUNRISE   626 AM EST   SUNSET   536 PM EST
MARCH  2 2015.........SUNRISE   624 AM EST   SUNSET   537 PM EST


-  INDICATES NEGATIVE NUMBERS.
R  INDICATES RECORD WAS SET OR TIED.
MM INDICATES DATA IS MISSING.
T  INDICATES TRACE AMOUNT.




$$
