000
CDUS41 KBTV 200553
CLI1V4


CLIMATE REPORT
NATIONAL WEATHER SERVICE BURLINGTON VT
1250 AM EST TUE FEB 20 2018


...................................

...THE ST. JOHNSBURY VT CLIMATE SUMMARY FOR FEBRUARY 19 2018...

CLIMATE NORMAL PERIOD 1981 TO 2010
CLIMATE RECORD PERIOD 1894 TO 2018


WEATHER ITEM   OBSERVED TIME   RECORD YEAR NORMAL DEPARTURE LAST
                VALUE   (LST)  VALUE       VALUE  FROM      YEAR
                                                  NORMAL
..................................................................
TEMPERATURE (F)
 YESTERDAY
  MAXIMUM         44        MM  59    1981  32     12       50
  MINIMUM          8        MM -22    1944   9     -1       26
  AVERAGE         26                        20      6       38

PRECIPITATION (IN)
  YESTERDAY        0.02          0.46 1960   0.07  -0.05     0.00
  MONTH TO DATE    1.81                      1.50   0.31     2.86
  SINCE DEC 1      8.06                      7.09   0.97     8.29
  SINCE JAN 1      5.13                      4.01   1.12     4.72

DEGREE DAYS
 HEATING
  YESTERDAY       39                        45     -6       27
  MONTH TO DATE  839                       888    -49      839
  SINCE DEC 1   3784                      3681    103     3289
  SINCE JUL 1   5257                      5337    -80     4749

 COOLING
  YESTERDAY        0                         0      0        0
  MONTH TO DATE    0                         0      0        0
  SINCE DEC 1      0                         0      0        0
  SINCE JAN 1      0                         0      0        0
..................................................................


WIND (MPH)
  HIGHEST WIND SPEED    MM   HIGHEST WIND DIRECTION    MM
  HIGHEST GUST SPEED    MM   HIGHEST GUST DIRECTION    MM
  AVERAGE WIND SPEED    MM


SKY COVER
  AVERAGE SKY COVER 0.0


WEATHER CONDITIONS
 THE FOLLOWING WEATHER WAS RECORDED YESTERDAY.
  NO SIGNIFICANT WEATHER WAS OBSERVED.


RELATIVE HUMIDITY (PERCENT)
 HIGHEST   100          1200 AM
 LOWEST     51           100 PM
 AVERAGE    76

..........................................................


THE ST. JOHNSBURY VT CLIMATE NORMALS FOR TODAY
                         NORMAL    RECORD    YEAR
 MAXIMUM TEMPERATURE (F)   32        60      1981
 MINIMUM TEMPERATURE (F)    9       -23      1903


SUNRISE AND SUNSET
FEBRUARY 20 2018......SUNRISE   640 AM EST   SUNSET   524 PM EST
FEBRUARY 21 2018......SUNRISE   639 AM EST   SUNSET   525 PM EST


-  INDICATES NEGATIVE NUMBERS.
R  INDICATES RECORD WAS SET OR TIED.
MM INDICATES DATA IS MISSING.
T  INDICATES TRACE AMOUNT.




$$
