000
CDUS43 KUNR 070831
CLI2WX


CLIMATE REPORT
NATIONAL WEATHER SERVICE RAPID CITY SD
130 AM MST WED DEC 7 2016


...................................

...THE BUFFALO SD CLIMATE SUMMARY FOR DECEMBER 6 2016...

CLIMATE NORMAL PERIOD 1981 TO 2010
CLIMATE RECORD PERIOD 9999 TO 9999


WEATHER ITEM   OBSERVED TIME   NORMAL DEPARTURE LAST
                VALUE   (LST)  VALUE  FROM      YEAR
                                      NORMAL
......................................................
TEMPERATURE (F)
 YESTERDAY
  MAXIMUM          9   1237 PM  33    -24       53
  MINIMUM          0   1159 PM  12    -12       23
  AVERAGE          5            22    -17       38

PRECIPITATION (IN)
  YESTERDAY        0.00          0.01  -0.01     0.00
  MONTH TO DATE    0.00          0.04  -0.04     0.05
  SINCE DEC 1      0.00          0.04  -0.04     0.05
  SINCE JAN 1      9.98         14.27  -4.29    13.81

DEGREE DAYS
 HEATING
  YESTERDAY       60            42     18       27
  MONTH TO DATE  244           250     -6      177
  SINCE DEC 1    244           250     -6      177
  SINCE JUL 1   1534          2148   -614     1639

 COOLING
  YESTERDAY        0             0      0        0
  MONTH TO DATE    0             0      0        0
  SINCE DEC 1      0             0      0        0
  SINCE JAN 1    734           513    221      631
......................................................


WIND (MPH)
  HIGHEST WIND SPEED    43   HIGHEST WIND DIRECTION    NW (300)
  HIGHEST GUST SPEED    51   HIGHEST GUST DIRECTION    NW (300)
  AVERAGE WIND SPEED    27.5




RELATIVE HUMIDITY (PERCENT)
 HIGHEST    80           200 AM
 LOWEST     63           200 PM
 AVERAGE    72

..........................................................




SUNRISE AND SUNSET
DECEMBER  7 2016......SUNRISE   721 AM MST   SUNSET   410 PM MST
DECEMBER  8 2016......SUNRISE   722 AM MST   SUNSET   410 PM MST


-  INDICATES NEGATIVE NUMBERS.
R  INDICATES RECORD WAS SET OR TIED.
MM INDICATES DATA IS MISSING.
T  INDICATES TRACE AMOUNT.




$$
