000
CDUS43 KUNR 230848
CLI2WX


CLIMATE REPORT
NATIONAL WEATHER SERVICE RAPID CITY SD
148 AM MST SUN NOV 23 2014


...................................

...THE BUFFALO SD CLIMATE SUMMARY FOR NOVEMBER 22 2014...

CLIMATE NORMAL PERIOD 1981 TO 2010
CLIMATE RECORD PERIOD 9999 TO 9999


WEATHER ITEM   OBSERVED TIME   NORMAL DEPARTURE LAST
                VALUE   (LST)  VALUE  FROM      YEAR
                                      NORMAL
......................................................
TEMPERATURE (F)
 YESTERDAY
  MAXIMUM         50    240 PM  39     11       33
  MINIMUM         27    415 AM  18      9       12
  AVERAGE         39            28     11       23

PRECIPITATION (IN)
  YESTERDAY        0.00          0.00   0.00     0.00
  MONTH TO DATE    0.27          0.30  -0.03     0.00
  SINCE SEP 1      2.39          2.08   0.31     2.67
  SINCE JAN 1     16.76         14.22   2.54    12.15

DEGREE DAYS
 HEATING
  YESTERDAY       26            37    -11       42
  MONTH TO DATE  856           686    170      681
  SINCE SEP 1   1551          1535     16     1499
  SINCE JUL 1   1602          1587     15     1511

 COOLING
  YESTERDAY        0             0      0        0
  MONTH TO DATE    0             0      0        0
  SINCE SEP 1     55            42     13      100
  SINCE JAN 1    420           513    -93      587
......................................................


WIND (MPH)
  HIGHEST WIND SPEED    30   HIGHEST WIND DIRECTION     W (290)
  HIGHEST GUST SPEED    37   HIGHEST GUST DIRECTION     W (290)
  AVERAGE WIND SPEED     8.3




RELATIVE HUMIDITY (PERCENT)
 HIGHEST    76          1000 PM
 LOWEST     46           200 PM
 AVERAGE    61

..........................................................




SUNRISE AND SUNSET
NOVEMBER 23 2014......SUNRISE   704 AM MST   SUNSET   417 PM MST
NOVEMBER 24 2014......SUNRISE   706 AM MST   SUNSET   416 PM MST


-  INDICATES NEGATIVE NUMBERS.
R  INDICATES RECORD WAS SET OR TIED.
MM INDICATES DATA IS MISSING.
T  INDICATES TRACE AMOUNT.




$$
