000
CDUS43 KUNR 310839
CLI2WX


CLIMATE REPORT
NATIONAL WEATHER SERVICE RAPID CITY SD
238 AM MDT MON AUG 31 2015


...................................

...THE BUFFALO SD CLIMATE SUMMARY FOR AUGUST 30 2015...

CLIMATE NORMAL PERIOD 1981 TO 2010
CLIMATE RECORD PERIOD 9999 TO 9999


WEATHER ITEM   OBSERVED TIME   NORMAL DEPARTURE LAST
                VALUE   (LST)  VALUE  FROM      YEAR
                                      NORMAL
......................................................
TEMPERATURE (F)
 YESTERDAY
  MAXIMUM         95    130 PM  81     14       83
  MINIMUM         64    543 AM  52     12       52
  AVERAGE         80            66     14       68

PRECIPITATION (IN)
  YESTERDAY        0.00          0.05  -0.05     0.07
  MONTH TO DATE    3.22          1.35   1.87     3.20
  SINCE JUN 1      6.16          6.04   0.12     9.65
  SINCE JAN 1     10.72         12.08  -1.36    13.99

DEGREE DAYS
 HEATING
  YESTERDAY        0             3     -3        0
  MONTH TO DATE   41            31     10       31
  SINCE JUN 1     90           165    -75      182
  SINCE JUL 1     47            51     -4       47

 COOLING
  YESTERDAY       15             4     11        3
  MONTH TO DATE  210           194     16      160
  SINCE JUN 1    535           463     72      335
  SINCE JAN 1    535           469     66      365
......................................................


WIND (MPH)
  HIGHEST WIND SPEED    22   HIGHEST WIND DIRECTION    NW (300)
  HIGHEST GUST SPEED    28   HIGHEST GUST DIRECTION    NW (320)
  AVERAGE WIND SPEED     9.5




RELATIVE HUMIDITY (PERCENT)
 HIGHEST    59          1100 PM
 LOWEST     20          1200 PM
 AVERAGE    40

..........................................................




SUNRISE AND SUNSET
AUGUST 31 2015........SUNRISE   614 AM MDT   SUNSET   734 PM MDT
SEPTEMBER  1 2015.....SUNRISE   615 AM MDT   SUNSET   732 PM MDT


-  INDICATES NEGATIVE NUMBERS.
R  INDICATES RECORD WAS SET OR TIED.
MM INDICATES DATA IS MISSING.
T  INDICATES TRACE AMOUNT.




$$
