000
CDUS43 KUNR 280833
CLI2WX


CLIMATE REPORT
NATIONAL WEATHER SERVICE RAPID CITY SD
232 AM MDT WED JUN 28 2017


...................................

...THE BUFFALO SD CLIMATE SUMMARY FOR JUNE 27 2017...

CLIMATE NORMAL PERIOD 1981 TO 2010
CLIMATE RECORD PERIOD 9999 TO 9999


WEATHER ITEM   OBSERVED TIME   NORMAL DEPARTURE LAST
                VALUE   (LST)  VALUE  FROM      YEAR
                                      NORMAL
......................................................
TEMPERATURE (F)
 YESTERDAY
  MAXIMUM         93    159 PM  80     13       87
  MINIMUM         55    431 AM  54      1       57
  AVERAGE         74            67      7       72

PRECIPITATION (IN)
  YESTERDAY        0.00          0.07  -0.07     0.01
  MONTH TO DATE    0.73          2.45  -1.72     0.65
  SINCE JUN 1      0.73          2.45  -1.72     0.65
  SINCE JAN 1      7.40          8.49  -1.09     4.41

DEGREE DAYS
 HEATING
  YESTERDAY        0             2     -2        0
  MONTH TO DATE   30           111    -81        9
  SINCE JUN 1     30           111    -81        9
  SINCE JUL 1   7096          7925   -829     6385

 COOLING
  YESTERDAY        9             4      5        7
  MONTH TO DATE   92            51     41      163
  SINCE JUN 1     92            51     41      163
  SINCE JAN 1    105            57     48      165
......................................................


WIND (MPH)
  HIGHEST WIND SPEED    38   HIGHEST WIND DIRECTION    NW (300)
  HIGHEST GUST SPEED    49   HIGHEST GUST DIRECTION    NW (300)
  AVERAGE WIND SPEED    18.3




RELATIVE HUMIDITY (PERCENT)
 HIGHEST    58          1000 PM
 LOWEST     19           200 PM
 AVERAGE    39

..........................................................




SUNRISE AND SUNSET
JUNE 28 2017..........SUNRISE   508 AM MDT   SUNSET   847 PM MDT
JUNE 29 2017..........SUNRISE   508 AM MDT   SUNSET   847 PM MDT


-  INDICATES NEGATIVE NUMBERS.
R  INDICATES RECORD WAS SET OR TIED.
MM INDICATES DATA IS MISSING.
T  INDICATES TRACE AMOUNT.




$$
