000
CDUS43 KUNR 280846
CLI2WX


CLIMATE REPORT
NATIONAL WEATHER SERVICE RAPID CITY SD
243 AM MDT TUE JUL 28 2015


...................................

...THE BUFFALO SD CLIMATE SUMMARY FOR JULY 27 2015...

CLIMATE NORMAL PERIOD 1981 TO 2010
CLIMATE RECORD PERIOD 9999 TO 9999


WEATHER ITEM   OBSERVED TIME   NORMAL DEPARTURE LAST
                VALUE   (LST)  VALUE  FROM      YEAR
                                      NORMAL
......................................................
TEMPERATURE (F)
 YESTERDAY
  MAXIMUM         93   1257 PM  86      7       79
  MINIMUM         59   1159 PM  59      0       50
  AVERAGE         76            72      4       65

PRECIPITATION (IN)
  YESTERDAY       MM             0.06  MM        0.00
  MONTH TO DATE    0.21          1.82  -1.61     0.91
  SINCE JUN 1      2.94          4.45  -1.51     6.45
  SINCE JAN 1      7.50         10.49  -2.99    10.79

DEGREE DAYS
 HEATING
  YESTERDAY        0             0      0        0
  MONTH TO DATE    3            21    -18       16
  SINCE JUN 1     46           135    -89      151
  SINCE JUL 1      3            21    -18       16

 COOLING
  YESTERDAY       11             8      3        0
  MONTH TO DATE  219           177     42      141
  SINCE JUN 1    310           239     71      157
  SINCE JAN 1    310           245     65      187
......................................................


WIND (MPH)
  HIGHEST WIND SPEED    43   HIGHEST WIND DIRECTION    NW (320)
  HIGHEST GUST SPEED    51   HIGHEST GUST DIRECTION    SE (140)
  AVERAGE WIND SPEED    19.1




RELATIVE HUMIDITY (PERCENT)
 HIGHEST    84           400 AM
 LOWEST     33           100 PM
 AVERAGE    59

..........................................................




SUNRISE AND SUNSET
JULY 28 2015..........SUNRISE   533 AM MDT   SUNSET   828 PM MDT
JULY 29 2015..........SUNRISE   534 AM MDT   SUNSET   827 PM MDT


-  INDICATES NEGATIVE NUMBERS.
R  INDICATES RECORD WAS SET OR TIED.
MM INDICATES DATA IS MISSING.
T  INDICATES TRACE AMOUNT.




$$
