000
CDUS43 KUNR 230851
CLI2WX


CLIMATE REPORT
NATIONAL WEATHER SERVICE RAPID CITY SD
248 AM MDT TUE MAY 23 2017


...................................

...THE BUFFALO SD CLIMATE SUMMARY FOR MAY 22 2017...

CLIMATE NORMAL PERIOD 1981 TO 2010
CLIMATE RECORD PERIOD 9999 TO 9999


WEATHER ITEM   OBSERVED TIME   NORMAL DEPARTURE LAST
                VALUE   (LST)  VALUE  FROM      YEAR
                                      NORMAL
......................................................
TEMPERATURE (F)
 YESTERDAY
  MAXIMUM         63    151 PM  67     -4       80
  MINIMUM         42    452 AM  44     -2       50
  AVERAGE         53            55     -2       65

PRECIPITATION (IN)
  YESTERDAY        0.13          0.14  -0.01     0.00
  MONTH TO DATE    1.42          1.80  -0.38     0.47
  SINCE MAR 1      6.13          4.12   2.01     2.87
  SINCE JAN 1      6.43          4.69   1.74     3.53

DEGREE DAYS
 HEATING
  YESTERDAY       12            10      2        0
  MONTH TO DATE  221           286    -65      230
  SINCE MAR 1   1638          1942   -304     1529
  SINCE JUL 1   6989          7739   -750     6307

 COOLING
  YESTERDAY        0             0      0        0
  MONTH TO DATE   13             0     13        2
  SINCE MAR 1     13             0     13        2
  SINCE JAN 1     13             0     13        2
......................................................


WIND (MPH)
  HIGHEST WIND SPEED    35   HIGHEST WIND DIRECTION     N (350)
  HIGHEST GUST SPEED    43   HIGHEST GUST DIRECTION    NE (30)
  AVERAGE WIND SPEED    16.6




RELATIVE HUMIDITY (PERCENT)
 HIGHEST   100           400 AM
 LOWEST     42           500 PM
 AVERAGE    71

..........................................................




SUNRISE AND SUNSET
MAY 23 2017...........SUNRISE   515 AM MDT   SUNSET   828 PM MDT
MAY 24 2017...........SUNRISE   514 AM MDT   SUNSET   829 PM MDT


-  INDICATES NEGATIVE NUMBERS.
R  INDICATES RECORD WAS SET OR TIED.
MM INDICATES DATA IS MISSING.
T  INDICATES TRACE AMOUNT.




$$
