000
CDUS43 KUNR 150841
CLI2WX


CLIMATE REPORT
NATIONAL WEATHER SERVICE RAPID CITY SD
238 AM MDT MON SEP 15 2014


...................................

...THE BUFFALO SD CLIMATE SUMMARY FOR SEPTEMBER 14 2014...

CLIMATE NORMAL PERIOD 1981 TO 2010
CLIMATE RECORD PERIOD 9999 TO 9999


WEATHER ITEM   OBSERVED TIME   RECORD YEAR NORMAL DEPARTURE LAST
                VALUE   (LST)  VALUE       VALUE  FROM      YEAR
                                                  NORMAL
..................................................................
TEMPERATURE (F)
 YESTERDAY
  MAXIMUM         59    154 PM              74    -15       67
  MINIMUM         32    614 AM              45    -13       58
  AVERAGE         46                        59    -13       63

PRECIPITATION (IN)
  YESTERDAY        0.00         MM      MM   0.04  -0.04     0.08
  MONTH TO DATE    0.33                      0.59  -0.26     1.84
  SINCE SEP 1      0.33                      0.59  -0.26     1.84
  SINCE JAN 1     14.70                     12.73   1.97    11.32

DEGREE DAYS
 HEATING
  YESTERDAY       19                         7     12        2
  MONTH TO DATE  154                        70     84        2
  SINCE SEP 1    154                        70     84        2
  SINCE JUL 1    205                       122     83       14

 COOLING
  YESTERDAY        0                         1     -1        0
  MONTH TO DATE    9                        34    -25       90
  SINCE SEP 1      9                        34    -25       90
  SINCE JAN 1    374                       505   -131      577
..................................................................


WIND (MPH)
  HIGHEST WIND SPEED    15   HIGHEST WIND DIRECTION     E (70)
  HIGHEST GUST SPEED    20   HIGHEST GUST DIRECTION     E (80)
  AVERAGE WIND SPEED     7.2




RELATIVE HUMIDITY (PERCENT)
 HIGHEST    92           300 AM
 LOWEST     40           100 PM
 AVERAGE    66

..........................................................




SUNRISE AND SUNSET
SEPTEMBER 15 2014.....SUNRISE   633 AM MDT   SUNSET   705 PM MDT
SEPTEMBER 16 2014.....SUNRISE   634 AM MDT   SUNSET   703 PM MDT


-  INDICATES NEGATIVE NUMBERS.
R  INDICATES RECORD WAS SET OR TIED.
MM INDICATES DATA IS MISSING.
T  INDICATES TRACE AMOUNT.




$$
