000
CDUS43 KUNR 230832
CLI2WX


CLIMATE REPORT
NATIONAL WEATHER SERVICE RAPID CITY SD
230 AM MDT SAT AUG 23 2014


...................................

...THE BUFFALO SD CLIMATE SUMMARY FOR AUGUST 22 2014...

CLIMATE NORMAL PERIOD 1981 TO 2010
CLIMATE RECORD PERIOD 9999 TO 9999


WEATHER ITEM   OBSERVED TIME   RECORD YEAR NORMAL DEPARTURE LAST
                VALUE   (LST)  VALUE       VALUE  FROM      YEAR
                                                  NORMAL
..................................................................
TEMPERATURE (F)
 YESTERDAY
  MAXIMUM         72    404 PM              84    -12       81
  MINIMUM         58    417 AM              55      3       57
  AVERAGE         65                        69     -4       69

PRECIPITATION (IN)
  YESTERDAY        0.09         MM      MM   0.03   0.06     0.00
  MONTH TO DATE    1.56                      1.05   0.51     2.61
  SINCE JUN 1      8.01                      5.74   2.27     5.29
  SINCE JAN 1     12.35                     11.78   0.57     9.45

DEGREE DAYS
 HEATING
  YESTERDAY        0                         1     -1        0
  MONTH TO DATE    0                        17    -17        2
  SINCE JUN 1    151                       151      0      101
  SINCE JUL 1     16                        37    -21       12

 COOLING
  YESTERDAY        0                         5     -5        4
  MONTH TO DATE  152                       157     -5       96
  SINCE JUN 1    327                       426    -99      365
  SINCE JAN 1    357                       432    -75      375
..................................................................


WIND (MPH)
  HIGHEST WIND SPEED    21   HIGHEST WIND DIRECTION     E (80)
  HIGHEST GUST SPEED    27   HIGHEST GUST DIRECTION     E (80)
  AVERAGE WIND SPEED     8.8




RELATIVE HUMIDITY (PERCENT)
 HIGHEST   100           400 AM
 LOWEST     66          1100 AM
 AVERAGE    83

..........................................................




SUNRISE AND SUNSET
AUGUST 23 2014........SUNRISE   604 AM MDT   SUNSET   748 PM MDT
AUGUST 24 2014........SUNRISE   606 AM MDT   SUNSET   746 PM MDT


-  INDICATES NEGATIVE NUMBERS.
R  INDICATES RECORD WAS SET OR TIED.
MM INDICATES DATA IS MISSING.
T  INDICATES TRACE AMOUNT.




$$
