000
CDUS43 KUNR 240837
CLI2WX


CLIMATE REPORT
NATIONAL WEATHER SERVICE RAPID CITY SD
236 AM MDT MON APR 24 2017


...................................

...THE BUFFALO SD CLIMATE SUMMARY FOR APRIL 23 2017...

CLIMATE NORMAL PERIOD 1981 TO 2010
CLIMATE RECORD PERIOD 9999 TO 9999


WEATHER ITEM   OBSERVED TIME   NORMAL DEPARTURE LAST
                VALUE   (LST)  VALUE  FROM      YEAR
                                      NORMAL
......................................................
TEMPERATURE (F)
 YESTERDAY
  MAXIMUM         54    405 PM  58     -4       78
  MINIMUM         34    821 AM  34      0       48
  AVERAGE         44            46     -2       63

PRECIPITATION (IN)
  YESTERDAY        0.00          0.06  -0.06     0.00
  MONTH TO DATE    3.18          1.04   2.14     1.14
  SINCE MAR 1      4.69          1.81   2.88     1.39
  SINCE JAN 1      4.99          2.38   2.61     2.05

DEGREE DAYS
 HEATING
  YESTERDAY       21            19      2        2
  MONTH TO DATE  408           527   -119      392
  SINCE MAR 1   1248          1533   -285     1133
  SINCE JUL 1   6599          7330   -731     5911

 COOLING
  YESTERDAY        0             0      0        0
  MONTH TO DATE    0             0      0        0
  SINCE MAR 1      0             0      0        0
  SINCE JAN 1      0             0      0        0
......................................................


WIND (MPH)
  HIGHEST WIND SPEED    26   HIGHEST WIND DIRECTION    NE (60)
  HIGHEST GUST SPEED    31   HIGHEST GUST DIRECTION    NE (60)
  AVERAGE WIND SPEED    18.0




RELATIVE HUMIDITY (PERCENT)
 HIGHEST   100          1200 PM
 LOWEST     59           300 PM
 AVERAGE    80

..........................................................




SUNRISE AND SUNSET
APRIL 24 2017.........SUNRISE   553 AM MDT   SUNSET   753 PM MDT
APRIL 25 2017.........SUNRISE   551 AM MDT   SUNSET   754 PM MDT


-  INDICATES NEGATIVE NUMBERS.
R  INDICATES RECORD WAS SET OR TIED.
MM INDICATES DATA IS MISSING.
T  INDICATES TRACE AMOUNT.




$$
