000
CDUS43 KUNR 280836
CLI2WX


CLIMATE REPORT
NATIONAL WEATHER SERVICE RAPID CITY SD
135 AM MST FRI NOV 28 2014


...................................

...THE BUFFALO SD CLIMATE SUMMARY FOR NOVEMBER 27 2014...

CLIMATE NORMAL PERIOD 1981 TO 2010
CLIMATE RECORD PERIOD 9999 TO 9999


WEATHER ITEM   OBSERVED TIME   NORMAL DEPARTURE LAST
                VALUE   (LST)  VALUE  FROM      YEAR
                                      NORMAL
......................................................
TEMPERATURE (F)
 YESTERDAY
  MAXIMUM         39   1159 PM  36      3       46
  MINIMUM         19    830 AM  16      3       17
  AVERAGE         29            26      3       32

PRECIPITATION (IN)
  YESTERDAY        0.01          0.00   0.01     0.00
  MONTH TO DATE    0.37          0.31   0.06     0.00
  SINCE SEP 1      2.49          2.09   0.40     2.67
  SINCE JAN 1     16.86         14.23   2.63    12.15

DEGREE DAYS
 HEATING
  YESTERDAY       36            39     -3       33
  MONTH TO DATE 1043           877    166      862
  SINCE SEP 1   1738          1726     12     1680
  SINCE JUL 1   1789          1778     11     1692

 COOLING
  YESTERDAY        0             0      0        0
  MONTH TO DATE    0             0      0        0
  SINCE SEP 1     55            42     13      100
  SINCE JAN 1    420           513    -93      587
......................................................


WIND (MPH)
  HIGHEST WIND SPEED    22   HIGHEST WIND DIRECTION     S (170)
  HIGHEST GUST SPEED    27   HIGHEST GUST DIRECTION     S (160)
  AVERAGE WIND SPEED    11.0




RELATIVE HUMIDITY (PERCENT)
 HIGHEST    91          1000 AM
 LOWEST     69           200 PM
 AVERAGE    80

..........................................................




SUNRISE AND SUNSET
NOVEMBER 28 2014......SUNRISE   711 AM MST   SUNSET   413 PM MST
NOVEMBER 29 2014......SUNRISE   712 AM MST   SUNSET   413 PM MST


-  INDICATES NEGATIVE NUMBERS.
R  INDICATES RECORD WAS SET OR TIED.
MM INDICATES DATA IS MISSING.
T  INDICATES TRACE AMOUNT.




$$
