000
CDUS43 KUNR 240837
CLI2WX


CLIMATE REPORT
NATIONAL WEATHER SERVICE RAPID CITY SD
236 AM MDT SUN MAY 24 2015


...................................

...THE BUFFALO SD CLIMATE SUMMARY FOR MAY 23 2015...

CLIMATE NORMAL PERIOD 1981 TO 2010
CLIMATE RECORD PERIOD 9999 TO 9999


WEATHER ITEM   OBSERVED TIME   NORMAL DEPARTURE LAST
                VALUE   (LST)  VALUE  FROM      YEAR
                                      NORMAL
......................................................
TEMPERATURE (F)
 YESTERDAY
  MAXIMUM         59    611 PM  68     -9       84
  MINIMUM         41    226 AM  44     -3       54
  AVERAGE         50            56     -6       69

PRECIPITATION (IN)
  YESTERDAY        0.01          0.15  -0.14     0.00
  MONTH TO DATE    1.17          1.95  -0.78     0.86
  SINCE MAR 1      2.42          4.27  -1.85     2.96
  SINCE JAN 1      2.89          4.84  -1.95     3.54

DEGREE DAYS
 HEATING
  YESTERDAY       15            10      5        0
  MONTH TO DATE  344           296     48      337
  SINCE MAR 1   1647          1952   -305     2141
  SINCE JUL 1   7105          7749   -644     8198

 COOLING
  YESTERDAY        0             0      0        4
  MONTH TO DATE    0             0      0        4
  SINCE MAR 1      0             0      0        4
  SINCE JAN 1      0             0      0        4
......................................................


WIND (MPH)
  HIGHEST WIND SPEED    21   HIGHEST WIND DIRECTION    SE (130)
  HIGHEST GUST SPEED    25   HIGHEST GUST DIRECTION    SE (150)
  AVERAGE WIND SPEED    11.3




RELATIVE HUMIDITY (PERCENT)
 HIGHEST    96           400 AM
 LOWEST     67           300 PM
 AVERAGE    82

..........................................................




SUNRISE AND SUNSET
MAY 24 2015...........SUNRISE   514 AM MDT   SUNSET   828 PM MDT
MAY 25 2015...........SUNRISE   514 AM MDT   SUNSET   829 PM MDT


-  INDICATES NEGATIVE NUMBERS.
R  INDICATES RECORD WAS SET OR TIED.
MM INDICATES DATA IS MISSING.
T  INDICATES TRACE AMOUNT.




$$
