000
CDUS43 KUNR 260849
CLI2WX


CLIMATE REPORT
NATIONAL WEATHER SERVICE RAPID CITY SD
243 AM MDT THU MAY 26 2016


...................................

...THE BUFFALO SD CLIMATE SUMMARY FOR MAY 25 2016...

CLIMATE NORMAL PERIOD 1981 TO 2010
CLIMATE RECORD PERIOD 9999 TO 9999


WEATHER ITEM   OBSERVED TIME   NORMAL DEPARTURE LAST
                VALUE   (LST)  VALUE  FROM      YEAR
                                      NORMAL
......................................................
TEMPERATURE (F)
 YESTERDAY
  MAXIMUM         67    354 PM  68     -1       60
  MINIMUM         45   1156 PM  45      0       49
  AVERAGE         56            56      0       55

PRECIPITATION (IN)
  YESTERDAY        0.00          0.15  -0.15     0.34
  MONTH TO DATE    0.47          2.25  -1.78     1.95
  SINCE MAR 1      2.87          4.57  -1.70     3.20
  SINCE JAN 1      3.53          5.14  -1.61     3.67

DEGREE DAYS
 HEATING
  YESTERDAY        9             9      0       10
  MONTH TO DATE  252           314    -62      366
  SINCE MAR 1   1551          1970   -419     1669
  SINCE JUL 1   6329          7767  -1438     7127

 COOLING
  YESTERDAY        0             0      0        0
  MONTH TO DATE    2             0      2        0
  SINCE MAR 1      2             0      2        0
  SINCE JAN 1      2             0      2        0
......................................................


WIND (MPH)
  HIGHEST WIND SPEED    30   HIGHEST WIND DIRECTION    NW (310)
  HIGHEST GUST SPEED    37   HIGHEST GUST DIRECTION    NW (310)
  AVERAGE WIND SPEED    11.8




RELATIVE HUMIDITY (PERCENT)
 HIGHEST    93           300 AM
 LOWEST     42           400 PM
 AVERAGE    68

..........................................................




SUNRISE AND SUNSET
MAY 26 2016...........SUNRISE   512 AM MDT   SUNSET   831 PM MDT
MAY 27 2016...........SUNRISE   511 AM MDT   SUNSET   832 PM MDT


-  INDICATES NEGATIVE NUMBERS.
R  INDICATES RECORD WAS SET OR TIED.
MM INDICATES DATA IS MISSING.
T  INDICATES TRACE AMOUNT.




$$
