000
CDUS43 KUNR 140833
CLI2WX


CLIMATE REPORT
NATIONAL WEATHER SERVICE RAPID CITY SD
232 AM MDT MON JUL 14 2014


...................................

...THE BUFFALO SD CLIMATE SUMMARY FOR JULY 13 2014...

CLIMATE NORMAL PERIOD 1981 TO 2010
CLIMATE RECORD PERIOD 9999 TO 9999


WEATHER ITEM   OBSERVED TIME   RECORD YEAR NORMAL DEPARTURE LAST
                VALUE   (LST)  VALUE       VALUE  FROM      YEAR
                                                  NORMAL
..................................................................
TEMPERATURE (F)
 YESTERDAY
  MAXIMUM         80    306 PM              85     -5       94
  MINIMUM         54    410 AM              57     -3       62
  AVERAGE         67                        71     -4       78

PRECIPITATION (IN)
  YESTERDAY        0.00         MM      MM   0.08  -0.08     0.09
  MONTH TO DATE    0.46                      0.93  -0.47     0.74
  SINCE JUN 1      6.00                      3.56   2.44     2.44
  SINCE JAN 1     10.34                      9.60   0.74     6.60

DEGREE DAYS
 HEATING
  YESTERDAY        0                         1     -1        0
  MONTH TO DATE    4                        13     -9        0
  SINCE JUN 1    139                       127     12       89
  SINCE JUL 1      4                        13     -9        0

 COOLING
  YESTERDAY        2                         7     -5       13
  MONTH TO DATE   63                        72     -9      112
  SINCE JUN 1     79                       134    -55      158
  SINCE JAN 1    109                       140    -31      168
..................................................................


WIND (MPH)
  HIGHEST WIND SPEED    29   HIGHEST WIND DIRECTION    NW (330)
  HIGHEST GUST SPEED    35   HIGHEST GUST DIRECTION    NW (330)
  AVERAGE WIND SPEED    13.5




RELATIVE HUMIDITY (PERCENT)
 HIGHEST    89           400 AM
 LOWEST     33           500 PM
 AVERAGE    61

..........................................................




SUNRISE AND SUNSET
JULY 14 2014..........SUNRISE   519 AM MDT   SUNSET   841 PM MDT
JULY 15 2014..........SUNRISE   520 AM MDT   SUNSET   840 PM MDT


-  INDICATES NEGATIVE NUMBERS.
R  INDICATES RECORD WAS SET OR TIED.
MM INDICATES DATA IS MISSING.
T  INDICATES TRACE AMOUNT.




$$
