000
CDUS43 KUNR 230848
CLI2WX


CLIMATE REPORT
NATIONAL WEATHER SERVICE RAPID CITY SD
244 AM MDT WED JUL 23 2014


...................................

...THE BUFFALO SD CLIMATE SUMMARY FOR JULY 22 2014...

CLIMATE NORMAL PERIOD 1981 TO 2010
CLIMATE RECORD PERIOD 9999 TO 9999


WEATHER ITEM   OBSERVED TIME   RECORD YEAR NORMAL DEPARTURE LAST
                VALUE   (LST)  VALUE       VALUE  FROM      YEAR
                                                  NORMAL
..................................................................
TEMPERATURE (F)
 YESTERDAY
  MAXIMUM         89    225 PM              86      3       87
  MINIMUM         58    515 AM              58      0       54
  AVERAGE         74                        72      2       71

PRECIPITATION (IN)
  YESTERDAY        0.36         MM      MM   0.07   0.29     0.11
  MONTH TO DATE    0.82                      1.51  -0.69     0.89
  SINCE JUN 1      6.36                      4.14   2.22     2.59
  SINCE JAN 1     10.70                     10.18   0.52     6.75

DEGREE DAYS
 HEATING
  YESTERDAY        0                         0      0        0
  MONTH TO DATE   16                        21     -5        2
  SINCE JUN 1    151                       135     16       91
  SINCE JUL 1     16                        21     -5        2

 COOLING
  YESTERDAY        9                         8      1        6
  MONTH TO DATE  116                       137    -21      195
  SINCE JUN 1    132                       199    -67      241
  SINCE JAN 1    162                       205    -43      251
..................................................................


WIND (MPH)
  HIGHEST WIND SPEED    59   HIGHEST WIND DIRECTION     N (20)
  HIGHEST GUST SPEED    68   HIGHEST GUST DIRECTION     N (20)
  AVERAGE WIND SPEED     9.2




RELATIVE HUMIDITY (PERCENT)
 HIGHEST   100           200 AM
 LOWEST     36           200 PM
 AVERAGE    68

..........................................................




SUNRISE AND SUNSET
JULY 23 2014..........SUNRISE   528 AM MDT   SUNSET   833 PM MDT
JULY 24 2014..........SUNRISE   529 AM MDT   SUNSET   832 PM MDT


-  INDICATES NEGATIVE NUMBERS.
R  INDICATES RECORD WAS SET OR TIED.
MM INDICATES DATA IS MISSING.
T  INDICATES TRACE AMOUNT.




$$
