000
CDUS43 KUNR 190832
CLI2WX


CLIMATE REPORT
NATIONAL WEATHER SERVICE RAPID CITY SD
231 AM MDT SAT AUG 19 2017


...................................

...THE BUFFALO SD CLIMATE SUMMARY FOR AUGUST 18 2017...

CLIMATE NORMAL PERIOD 1981 TO 2010
CLIMATE RECORD PERIOD 9999 TO 9999


WEATHER ITEM   OBSERVED TIME   NORMAL DEPARTURE LAST
                VALUE   (LST)  VALUE  FROM      YEAR
                                      NORMAL
......................................................
TEMPERATURE (F)
 YESTERDAY
  MAXIMUM         87    439 PM  85      2       86
  MINIMUM         56   1214 AM  56      0       55
  AVERAGE         72            70      2       71

PRECIPITATION (IN)
  YESTERDAY        0.00          0.03  -0.03     0.18
  MONTH TO DATE    0.38          0.93  -0.55     0.39
  SINCE JUN 1      4.81          5.62  -0.81     3.24
  SINCE JAN 1     11.48         11.66  -0.18     7.00

DEGREE DAYS
 HEATING
  YESTERDAY        0             1     -1        0
  MONTH TO DATE   11            13     -2        0
  SINCE JUN 1     44           147   -103        9
  SINCE JUL 1     11            33    -22        0

 COOLING
  YESTERDAY        7             6      1        6
  MONTH TO DATE   43           134    -91      154
  SINCE JUN 1    545           403    142      636
  SINCE JAN 1    558           409    149      638
......................................................


WIND (MPH)
  HIGHEST WIND SPEED    20   HIGHEST WIND DIRECTION    SE (150)
  HIGHEST GUST SPEED    23   HIGHEST GUST DIRECTION    SE (150)
  AVERAGE WIND SPEED     7.9




RELATIVE HUMIDITY (PERCENT)
 HIGHEST    69           700 AM
 LOWEST     21           300 PM
 AVERAGE    45

..........................................................




SUNRISE AND SUNSET
AUGUST 19 2017........SUNRISE   600 AM MDT   SUNSET   755 PM MDT
AUGUST 20 2017........SUNRISE   601 AM MDT   SUNSET   753 PM MDT


-  INDICATES NEGATIVE NUMBERS.
R  INDICATES RECORD WAS SET OR TIED.
MM INDICATES DATA IS MISSING.
T  INDICATES TRACE AMOUNT.




$$
