000
CDUS43 KUNR 270831
CLI2WX


CLIMATE REPORT
NATIONAL WEATHER SERVICE RAPID CITY SD
131 AM MST SAT DEC 27 2014


...................................

...THE BUFFALO SD CLIMATE SUMMARY FOR DECEMBER 26 2014...

CLIMATE NORMAL PERIOD 1981 TO 2010
CLIMATE RECORD PERIOD 9999 TO 9999


WEATHER ITEM   OBSERVED TIME   NORMAL DEPARTURE LAST
                VALUE   (LST)  VALUE  FROM      YEAR
                                      NORMAL
......................................................
TEMPERATURE (F)
 YESTERDAY
  MAXIMUM         22    242 PM  30     -8       39
  MINIMUM          8   1049 PM  10     -2       27
  AVERAGE         15            20     -5       33

PRECIPITATION (IN)
  YESTERDAY        0.00          0.01  -0.01     0.00
  MONTH TO DATE    0.10          0.23  -0.13     0.93
  SINCE DEC 1      0.10          0.23  -0.13     0.93
  SINCE JAN 1     17.01         14.46   2.55    13.08

DEGREE DAYS
 HEATING
  YESTERDAY       50            45      5       32
  MONTH TO DATE  908          1138   -230     1331
  SINCE DEC 1    908          1138   -230     1331
  SINCE JUL 1   2829          3036   -207     3121

 COOLING
  YESTERDAY        0             0      0        0
  MONTH TO DATE    0             0      0        0
  SINCE DEC 1      0             0      0        0
  SINCE JAN 1    420           513    -93      587
......................................................


WIND (MPH)
  HIGHEST WIND SPEED    17   HIGHEST WIND DIRECTION    NW (330)
  HIGHEST GUST SPEED    20   HIGHEST GUST DIRECTION    NW (320)
  AVERAGE WIND SPEED     8.1




RELATIVE HUMIDITY (PERCENT)
 HIGHEST    84           100 AM
 LOWEST     68          1100 AM
 AVERAGE    76

..........................................................




SUNRISE AND SUNSET
DECEMBER 27 2014......SUNRISE   734 AM MST   SUNSET   417 PM MST
DECEMBER 28 2014......SUNRISE   734 AM MST   SUNSET   418 PM MST


-  INDICATES NEGATIVE NUMBERS.
R  INDICATES RECORD WAS SET OR TIED.
MM INDICATES DATA IS MISSING.
T  INDICATES TRACE AMOUNT.




$$
