000
CDUS43 KABR 281033
CLI8D3


CLIMATE REPORT
NATIONAL WEATHER SERVICE ABERDEEN SD
532 AM CDT FRI APR 28 2017


...................................

...THE SISSETON SD CLIMATE SUMMARY FOR APRIL 27 2017...

CLIMATE NORMAL PERIOD 1981 TO 2010
CLIMATE RECORD PERIOD 1900 TO 2017


WEATHER ITEM   OBSERVED TIME   RECORD YEAR NORMAL DEPARTURE LAST
                VALUE   (LST)  VALUE       VALUE  FROM      YEAR
                                                  NORMAL
..................................................................
TEMPERATURE (F)
 YESTERDAY
  MAXIMUM         42    533 PM  88    1952  63    -21       49
  MINIMUM         27    558 AM  20    1934  38    -11       38
  AVERAGE         35                        50    -15       44

PRECIPITATION (IN)
  YESTERDAY        0.00          2.70 1938   0.12  -0.12     0.09
  MONTH TO DATE    1.57                      1.87  -0.30     2.46
  SINCE MAR 1      1.83                      2.99  -1.16     3.00
  SINCE JAN 1      3.03                      3.85  -0.82     4.17

SNOWFALL (IN)
  YESTERDAY        0.0
  MONTH TO DATE    0.7
  SINCE OCT 1     31.1
  SINCE JUL 1     31.1
  SNOW DEPTH       0

DEGREE DAYS
 HEATING
  YESTERDAY       30                        15     15       21
  MONTH TO DATE  503                       574    -71      549
  SINCE MAR 1   1583                      1657    -74     1355
  SINCE JUL 1   6847                      7916  -1069     6656

 COOLING
  YESTERDAY        0                         0      0        0
  MONTH TO DATE    0                         0      0        0
  SINCE MAR 1      0                         0      0        0
  SINCE JAN 1      0                         0      0        0
..................................................................


WIND (MPH)
  HIGHEST WIND SPEED    25   HIGHEST WIND DIRECTION     N (360)
  HIGHEST GUST SPEED    31   HIGHEST GUST DIRECTION     N (360)
  AVERAGE WIND SPEED    14.6


SKY COVER
  POSSIBLE SUNSHINE  MM
  AVERAGE SKY COVER 0.0


WEATHER CONDITIONS
 THE FOLLOWING WEATHER WAS RECORDED YESTERDAY.
  NO SIGNIFICANT WEATHER WAS OBSERVED.


RELATIVE HUMIDITY (PERCENT)
 HIGHEST    92           100 AM
 LOWEST     62           500 PM
 AVERAGE    77

..........................................................


THE SISSETON SD CLIMATE NORMALS FOR TODAY
                         NORMAL    RECORD    YEAR
 MAXIMUM TEMPERATURE (F)   63        90      1934
                                             1987
 MINIMUM TEMPERATURE (F)   38        21      1958


SUNRISE AND SUNSET
APRIL 28 2017.........SUNRISE   620 AM CDT   SUNSET   832 PM CDT
APRIL 29 2017.........SUNRISE   618 AM CDT   SUNSET   833 PM CDT


-  INDICATES NEGATIVE NUMBERS.
R  INDICATES RECORD WAS SET OR TIED.
MM INDICATES DATA IS MISSING.
T  INDICATES TRACE AMOUNT.




$$
