000
CDUS43 KABR 041028
CLI8D3


CLIMATE REPORT
NATIONAL WEATHER SERVICE ABERDEEN SD
526 AM CDT FRI SEP 4 2015


...................................

...THE SISSETON SD CLIMATE SUMMARY FOR SEPTEMBER 3 2015...

CLIMATE NORMAL PERIOD 1981 TO 2010
CLIMATE RECORD PERIOD 1900 TO 2015


WEATHER ITEM   OBSERVED TIME   RECORD YEAR NORMAL DEPARTURE LAST
                VALUE   (LST)  VALUE       VALUE  FROM      YEAR
                                                  NORMAL
..................................................................
TEMPERATURE (F)
 YESTERDAY
  MAXIMUM         92    334 PM  96    1976  77     15       72
  MINIMUM         70    759 AM  38    1946  53     17       63
  AVERAGE         81                        65     16       68

PRECIPITATION (IN)
  YESTERDAY        0.00          0.92 2005   0.07  -0.07     0.00
  MONTH TO DATE    0.00                      0.21  -0.21     0.00
  SINCE SEP 1      0.00                      0.21  -0.21     0.00
  SINCE JAN 1     14.39                     16.95  -2.56    20.96

DEGREE DAYS
 HEATING
  YESTERDAY        0                         3     -3        0
  MONTH TO DATE    0                         9     -9        0
  SINCE SEP 1      0                         9     -9        0
  SINCE JUL 1     58                        52      6       37

 COOLING
  YESTERDAY       16                         3     13        3
  MONTH TO DATE   34                         9     25        7
  SINCE SEP 1     34                         9     25        7
  SINCE JAN 1    535                       488     47      407
..................................................................


WIND (MPH)
  HIGHEST WIND SPEED    18   HIGHEST WIND DIRECTION    SE (150)
  HIGHEST GUST SPEED    25   HIGHEST GUST DIRECTION     S (170)
  AVERAGE WIND SPEED    11.1


SKY COVER
  POSSIBLE SUNSHINE  MM
  AVERAGE SKY COVER 0.0


WEATHER CONDITIONS
 THE FOLLOWING WEATHER WAS RECORDED YESTERDAY.
  NO SIGNIFICANT WEATHER WAS OBSERVED.


RELATIVE HUMIDITY (PERCENT)
 HIGHEST   100           200 AM
 LOWEST     52           200 PM
 AVERAGE    76

..........................................................


THE SISSETON SD CLIMATE NORMALS FOR TODAY
                         NORMAL    RECORD    YEAR
 MAXIMUM TEMPERATURE (F)   77       100      1952
 MINIMUM TEMPERATURE (F)   52        37      1903


SUNRISE AND SUNSET
SEPTEMBER  4 2015.....SUNRISE   652 AM CDT   SUNSET   801 PM CDT
SEPTEMBER  5 2015.....SUNRISE   654 AM CDT   SUNSET   759 PM CDT


-  INDICATES NEGATIVE NUMBERS.
R  INDICATES RECORD WAS SET OR TIED.
MM INDICATES DATA IS MISSING.
T  INDICATES TRACE AMOUNT.




$$
