000
CDUS43 KABR 181031
CLI8D3


CLIMATE REPORT
NATIONAL WEATHER SERVICE ABERDEEN SD
431 AM CST WED JAN 18 2017


...................................

...THE SISSETON SD CLIMATE SUMMARY FOR JANUARY 17 2017...

CLIMATE NORMAL PERIOD 1981 TO 2010
CLIMATE RECORD PERIOD 1900 TO 2017


WEATHER ITEM   OBSERVED TIME   RECORD YEAR NORMAL DEPARTURE LAST
                VALUE   (LST)  VALUE       VALUE  FROM      YEAR
                                                  NORMAL
..................................................................
TEMPERATURE (F)
 YESTERDAY
  MAXIMUM         37   1027 PM  47    1973  23     14       -1
                                      1944
  MINIMUM          0    838 AM -27    1943   3     -3      -14
  AVERAGE         19                        13      6       -7

PRECIPITATION (IN)
  YESTERDAY        0.00          0.50 1932   0.01  -0.01     0.00
  MONTH TO DATE    0.77                      0.26   0.51     0.11
  SINCE DEC 1      2.19                      0.65   1.54     1.18
  SINCE JAN 1      0.77                      0.26   0.51     0.11

SNOWFALL (IN)
  YESTERDAY        0.0
  MONTH TO DATE   10.5
  SINCE OCT 1     23.3
  SINCE JUL 1     23.3
  SNOW DEPTH       5

DEGREE DAYS
 HEATING
  YESTERDAY       46                        52     -6       72
  MONTH TO DATE 1004                       884    120      905
  SINCE DEC 1   2476                      2372    104     2149
  SINCE JUL 1   3757                      4223   -466     3545

 COOLING
  YESTERDAY        0                         0      0        0
  MONTH TO DATE    0                         0      0        0
  SINCE DEC 1      0                         0      0        0
  SINCE JAN 1      0                         0      0        0
..................................................................


WIND (MPH)
  HIGHEST WIND SPEED    31   HIGHEST WIND DIRECTION    SW (240)
  HIGHEST GUST SPEED    39   HIGHEST GUST DIRECTION    SW (230)
  AVERAGE WIND SPEED     5.6


SKY COVER
  POSSIBLE SUNSHINE  MM
  AVERAGE SKY COVER 0.0


WEATHER CONDITIONS
 THE FOLLOWING WEATHER WAS RECORDED YESTERDAY.
  NO SIGNIFICANT WEATHER WAS OBSERVED.


RELATIVE HUMIDITY (PERCENT)
 HIGHEST    96          1200 AM
 LOWEST     61           900 PM
 AVERAGE    79

..........................................................


THE SISSETON SD CLIMATE NORMALS FOR TODAY
                         NORMAL    RECORD    YEAR
 MAXIMUM TEMPERATURE (F)   23        48      1944
 MINIMUM TEMPERATURE (F)    3       -28      1994


SUNRISE AND SUNSET
JANUARY 18 2017.......SUNRISE   803 AM CST   SUNSET   515 PM CST
JANUARY 19 2017.......SUNRISE   802 AM CST   SUNSET   516 PM CST


-  INDICATES NEGATIVE NUMBERS.
R  INDICATES RECORD WAS SET OR TIED.
MM INDICATES DATA IS MISSING.
T  INDICATES TRACE AMOUNT.




$$
