000
CDUS43 KABR 181040
CLI8D3


CLIMATE REPORT
NATIONAL WEATHER SERVICE ABERDEEN SD
440 AM CST MON DEC 18 2017


...................................

...THE SISSETON SD CLIMATE SUMMARY FOR DECEMBER 17 2017...

CLIMATE NORMAL PERIOD 1981 TO 2010
CLIMATE RECORD PERIOD 1900 TO 2017


WEATHER ITEM   OBSERVED TIME   RECORD YEAR NORMAL DEPARTURE LAST
                VALUE   (LST)  VALUE       VALUE  FROM      YEAR
                                                  NORMAL
..................................................................
TEMPERATURE (F)
 YESTERDAY
  MAXIMUM         41    242 PM  53    1962  25     16        0
  MINIMUM         23    212 AM -20    2016   7     16      -20
  AVERAGE         32                        16     16      -10

PRECIPITATION (IN)
  YESTERDAY        0.00          0.48 1977   0.01  -0.01     0.02
  MONTH TO DATE    0.14                      0.22  -0.08     0.67
  SINCE DEC 1      0.14                      0.22  -0.08     0.67
  SINCE JAN 1     18.82                     22.16  -3.34    22.80

SNOWFALL (IN)
  YESTERDAY        0.0
  MONTH TO DATE    0.8
  SINCE OCT 1      1.3
  SINCE JUL 1      1.3
  SNOW DEPTH       0

DEGREE DAYS
 HEATING
  YESTERDAY       33                        49    -16       75
  MONTH TO DATE  619                       784   -165      910
  SINCE DEC 1    619                       784   -165      910
  SINCE JUL 1   2262                      2635   -373     2191

 COOLING
  YESTERDAY        0                         0      0        0
  MONTH TO DATE    0                         0      0        0
  SINCE DEC 1      0                         0      0        0
  SINCE JAN 1    554                       527     27      625
..................................................................


WIND (MPH)
  HIGHEST WIND SPEED    13   HIGHEST WIND DIRECTION    SW (220)
  HIGHEST GUST SPEED    17   HIGHEST GUST DIRECTION    SW (220)
  AVERAGE WIND SPEED     5.5


SKY COVER
  POSSIBLE SUNSHINE  MM
  AVERAGE SKY COVER 0.0


WEATHER CONDITIONS
 THE FOLLOWING WEATHER WAS RECORDED YESTERDAY.
  NO SIGNIFICANT WEATHER WAS OBSERVED.


RELATIVE HUMIDITY (PERCENT)
 HIGHEST   100           300 AM
 LOWEST     76           100 PM
 AVERAGE    88

..........................................................


THE SISSETON SD CLIMATE NORMALS FOR TODAY
                         NORMAL    RECORD    YEAR
 MAXIMUM TEMPERATURE (F)   25        56      1979
 MINIMUM TEMPERATURE (F)    7       -23      2016


SUNRISE AND SUNSET
DECEMBER 18 2017......SUNRISE   804 AM CST   SUNSET   445 PM CST
DECEMBER 19 2017......SUNRISE   805 AM CST   SUNSET   446 PM CST


-  INDICATES NEGATIVE NUMBERS.
R  INDICATES RECORD WAS SET OR TIED.
MM INDICATES DATA IS MISSING.
T  INDICATES TRACE AMOUNT.




$$
