000
CDUS43 KABR 250911
CLI8D3


CLIMATE REPORT
NATIONAL WEATHER SERVICE ABERDEEN SD
410 AM CDT SUN SEP 25 2016


...................................

...THE SISSETON SD CLIMATE SUMMARY FOR SEPTEMBER 24 2016...

CLIMATE NORMAL PERIOD 1981 TO 2010
CLIMATE RECORD PERIOD 1900 TO 2016


WEATHER ITEM   OBSERVED TIME   RECORD YEAR NORMAL DEPARTURE LAST
                VALUE   (LST)  VALUE       VALUE  FROM      YEAR
                                                  NORMAL
..................................................................
TEMPERATURE (F)
 YESTERDAY
  MAXIMUM         80    252 PM  96    1935  69     11       74
  MINIMUM         63   1159 PM  26    2002  44     19       51
                                      1951
  AVERAGE         72                        56     16       63

PRECIPITATION (IN)
  YESTERDAY        0.05          1.40 1934   0.09  -0.04     0.00
  MONTH TO DATE    2.20                      2.01   0.19     0.34
  SINCE SEP 1      2.20                      2.01   0.19     0.34
  SINCE JAN 1     17.64                     18.75  -1.11    14.73

DEGREE DAYS
 HEATING
  YESTERDAY        0                         9     -9        2
  MONTH TO DATE   60                       138    -78       66
  SINCE SEP 1     60                       138    -78       66
  SINCE JUL 1     87                       181    -94      124

 COOLING
  YESTERDAY        7                         1      6        0
  MONTH TO DATE   44                        43      1      104
  SINCE SEP 1     44                        43      1      104
  SINCE JAN 1    625                       522    103      605
..................................................................


WIND (MPH)
  HIGHEST WIND SPEED    22   HIGHEST WIND DIRECTION     S (170)
  HIGHEST GUST SPEED    31   HIGHEST GUST DIRECTION     S (170)
  AVERAGE WIND SPEED    13.4


SKY COVER
  POSSIBLE SUNSHINE  MM
  AVERAGE SKY COVER 0.0


WEATHER CONDITIONS
 THE FOLLOWING WEATHER WAS RECORDED YESTERDAY.
  NO SIGNIFICANT WEATHER WAS OBSERVED.


RELATIVE HUMIDITY (PERCENT)
 HIGHEST   100          1200 AM
 LOWEST     67          1200 PM
 AVERAGE    84

..........................................................


THE SISSETON SD CLIMATE NORMALS FOR TODAY
                         NORMAL    RECORD    YEAR
 MAXIMUM TEMPERATURE (F)   68        90      1938
 MINIMUM TEMPERATURE (F)   43        30      1982


SUNRISE AND SUNSET
SEPTEMBER 25 2016.....SUNRISE   719 AM CDT   SUNSET   719 PM CDT
SEPTEMBER 26 2016.....SUNRISE   721 AM CDT   SUNSET   717 PM CDT


-  INDICATES NEGATIVE NUMBERS.
R  INDICATES RECORD WAS SET OR TIED.
MM INDICATES DATA IS MISSING.
T  INDICATES TRACE AMOUNT.




$$
