000
CDUS46 KMFR 240836
CLIAAT


CLIMATE REPORT
NATIONAL WEATHER SERVICE MEDFORD, OR
135 AM PDT MON JUL 24 2017


...................................

...THE ALTURAS CA CLIMATE SUMMARY FOR JULY 23 2017...

CLIMATE NORMAL PERIOD 1981 TO 2010
CLIMATE RECORD PERIOD 1905 TO 2017


WEATHER ITEM   OBSERVED TIME   RECORD YEAR NORMAL DEPARTURE LAST
                VALUE   (LST)  VALUE       VALUE  FROM      YEAR
                                                  NORMAL
..................................................................
TEMPERATURE (F)
 YESTERDAY
  MAXIMUM        100    302 PM 107    1905  90     10       90
                                      2003
                                      1996
  MINIMUM         54    523 AM  34    1999  45      9       43
  AVERAGE         77                        68      9       67

PRECIPITATION (IN)
  YESTERDAY        0.00          0.09 1993   0.02  -0.02     0.00
  MONTH TO DATE    0.00                      0.21  -0.21     0.05
  SINCE OCT 1     14.28                     13.16   1.12    13.42
  SINCE JAN 1     10.53                      8.65   1.88     7.44

SNOWFALL (IN)
  YESTERDAY       MM                        MM     MM       MM
  MONTH TO DATE   MM                        MM     MM       MM
  SINCE JUL 1     MM                        MM     MM       MM
  SNOW DEPTH      MM

DEGREE DAYS
 HEATING
  YESTERDAY        0                         1     -1        0
  MONTH TO DATE    1                        33    -32       40
  SINCE JUN 1    110                       213   -103      158
  SINCE JUL 1      1                        33    -32       40

 COOLING
  YESTERDAY       12                         3      9        2
  MONTH TO DATE  120                        55     65       37
  SINCE JUN 1    202                        66    136       85
  SINCE JAN 1    202                        66    136       85
..................................................................


WIND (MPH)
  HIGHEST WIND SPEED    24   HIGHEST WIND DIRECTION     W (260)
  HIGHEST GUST SPEED    29   HIGHEST GUST DIRECTION     W (270)
  AVERAGE WIND SPEED     4.8


SKY COVER
  POSSIBLE SUNSHINE  MM
  AVERAGE SKY COVER 0.0


WEATHER CONDITIONS
 THE FOLLOWING WEATHER WAS RECORDED YESTERDAY.
  NO SIGNIFICANT WEATHER WAS OBSERVED.


RELATIVE HUMIDITY (PERCENT)
 HIGHEST    55           400 AM
 LOWEST     10           300 PM
 AVERAGE    33

..........................................................


THE ALTURAS CA CLIMATE NORMALS FOR TODAY
                         NORMAL    RECORD    YEAR
 MAXIMUM TEMPERATURE (F)   90       102      1905
 MINIMUM TEMPERATURE (F)   45        36      1989


SUNRISE AND SUNSET
JULY 24 2017..........SUNRISE   550 AM PDT   SUNSET   827 PM PDT
JULY 25 2017..........SUNRISE   551 AM PDT   SUNSET   826 PM PDT


-  INDICATES NEGATIVE NUMBERS.
R  INDICATES RECORD WAS SET OR TIED.
MM INDICATES DATA IS MISSING.
T  INDICATES TRACE AMOUNT.




$$
