000
CDUS46 KMFR 210837
CLIAAT


CLIMATE REPORT
NATIONAL WEATHER SERVICE MEDFORD, OR
137 AM PDT THU AUG 21 2014


...................................

...THE ALTURAS CA CLIMATE SUMMARY FOR AUGUST 20 2014...

CLIMATE NORMAL PERIOD 1981 TO 2010
CLIMATE RECORD PERIOD 1905 TO 2014


WEATHER ITEM   OBSERVED TIME   RECORD YEAR NORMAL DEPARTURE LAST
                VALUE   (LST)  VALUE       VALUE  FROM      YEAR
                                                  NORMAL
..................................................................
TEMPERATURE (F)
 YESTERDAY
  MAXIMUM         87    229 PM 104    1967  86      1       88
  MINIMUM         50    516 AM  29    1918  42      8       50
  AVERAGE         69                        64      5       69

PRECIPITATION (IN)
  YESTERDAY        0.00          0.91 1968   0.01  -0.01     0.00
  MONTH TO DATE    0.46                      0.22   0.24     0.13
  SINCE SEP 1      7.42                     14.03  -6.61     8.90
  SINCE JAN 1      6.28                      9.00  -2.72     4.56

SNOWFALL (IN)
  YESTERDAY       MM                        MM     MM       MM
  MONTH TO DATE   MM                        MM     MM       MM
  SINCE JUL 1     MM                        MM     MM       MM
  SNOW DEPTH      MM

DEGREE DAYS
 HEATING
  YESTERDAY        0                         2     -2        0
  MONTH TO DATE    5                        30    -25       39
  SINCE JUN 1    100                       251   -151      199
  SINCE JUL 1     11                        71    -60       43

 COOLING
  YESTERDAY        4                         1      3        4
  MONTH TO DATE   80                        45     35       32
  SINCE JUN 1    353                       140    213      248
  SINCE JAN 1    353                       140    213      248
..................................................................


WIND (MPH)
  HIGHEST WIND SPEED    21   HIGHEST WIND DIRECTION     W (260)
  HIGHEST GUST SPEED    27   HIGHEST GUST DIRECTION     W (270)
  AVERAGE WIND SPEED     5.8


SKY COVER
  POSSIBLE SUNSHINE  MM
  AVERAGE SKY COVER 0.3


WEATHER CONDITIONS
 THE FOLLOWING WEATHER WAS RECORDED YESTERDAY.
  NO SIGNIFICANT WEATHER WAS OBSERVED.


RELATIVE HUMIDITY (PERCENT)
 HIGHEST    71           500 AM
 LOWEST     20           200 PM
 AVERAGE    46

..........................................................


THE ALTURAS CA CLIMATE NORMALS FOR TODAY
                         NORMAL    RECORD    YEAR
 MAXIMUM TEMPERATURE (F)   85       102      1967
 MINIMUM TEMPERATURE (F)   42        31      1918


SUNRISE AND SUNSET
AUGUST 21 2014........SUNRISE   617 AM PDT   SUNSET   753 PM PDT
AUGUST 22 2014........SUNRISE   618 AM PDT   SUNSET   751 PM PDT


-  INDICATES NEGATIVE NUMBERS.
R  INDICATES RECORD WAS SET OR TIED.
MM INDICATES DATA IS MISSING.
T  INDICATES TRACE AMOUNT.




$$
