000
CDUS46 KMFR 230835
CLIAAT


CLIMATE REPORT
NATIONAL WEATHER SERVICE MEDFORD, OR
135 AM PDT SAT JUL 23 2016


...................................

...THE ALTURAS CA CLIMATE SUMMARY FOR JULY 22 2016...

CLIMATE NORMAL PERIOD 1981 TO 2010
CLIMATE RECORD PERIOD 1905 TO 2016


WEATHER ITEM   OBSERVED TIME   RECORD YEAR NORMAL DEPARTURE LAST
                VALUE   (LST)  VALUE       VALUE  FROM      YEAR
                                                  NORMAL
..................................................................
TEMPERATURE (F)
 YESTERDAY
  MAXIMUM         87    210 PM 103    2003  90     -3       84
  MINIMUM         36    513 AM  34    1999  45     -9       54
  AVERAGE         62                        67     -5       69

PRECIPITATION (IN)
  YESTERDAY        0.00          0.13 1979   0.01  -0.01     0.02
  MONTH TO DATE    0.05                      0.19  -0.14     1.14
  SINCE OCT 1     13.42                     13.14   0.28    11.05
  SINCE JAN 1      7.44                      8.63  -1.19     6.54

SNOWFALL (IN)
  YESTERDAY       MM                        MM     MM       MM
  MONTH TO DATE   MM                        MM     MM       MM
  SINCE JUL 1     MM                        MM     MM       MM
  SNOW DEPTH      MM

DEGREE DAYS
 HEATING
  YESTERDAY        3                         1      2        0
  MONTH TO DATE   40                        32      8        6
  SINCE JUN 1    158                       212    -54       36
  SINCE JUL 1     40                        32      8        6

 COOLING
  YESTERDAY        0                         3     -3        4
  MONTH TO DATE   35                        52    -17      113
  SINCE JUN 1     83                        63     20      216
  SINCE JAN 1     83                        63     20      216
..................................................................


WIND (MPH)
  HIGHEST WIND SPEED    18   HIGHEST WIND DIRECTION     W (280)
  HIGHEST GUST SPEED    24   HIGHEST GUST DIRECTION     W (290)
  AVERAGE WIND SPEED     5.0


SKY COVER
  POSSIBLE SUNSHINE  MM
  AVERAGE SKY COVER 0.0


WEATHER CONDITIONS
 THE FOLLOWING WEATHER WAS RECORDED YESTERDAY.
  NO SIGNIFICANT WEATHER WAS OBSERVED.


RELATIVE HUMIDITY (PERCENT)
 HIGHEST    70           400 AM
 LOWEST      9           400 PM
 AVERAGE    40

..........................................................


THE ALTURAS CA CLIMATE NORMALS FOR TODAY
                         NORMAL    RECORD    YEAR
 MAXIMUM TEMPERATURE (F)   90       107      1905
                                             2003
                                             1996
 MINIMUM TEMPERATURE (F)   45        34      1999


SUNRISE AND SUNSET
JULY 23 2016..........SUNRISE   549 AM PDT   SUNSET   828 PM PDT
JULY 24 2016..........SUNRISE   550 AM PDT   SUNSET   827 PM PDT


-  INDICATES NEGATIVE NUMBERS.
R  INDICATES RECORD WAS SET OR TIED.
MM INDICATES DATA IS MISSING.
T  INDICATES TRACE AMOUNT.




$$
