000
CDUS41 KPHI 050635
CLIABE


CLIMATE REPORT
NATIONAL WEATHER SERVICE MOUNT HOLLY NJ
134 AM EST THU MAR 5 2015


...................................

...THE ALLENTOWN PA CLIMATE SUMMARY FOR MARCH 4 2015...

CLIMATE NORMAL PERIOD 1981 TO 2010
CLIMATE RECORD PERIOD 1922 TO 2015


WEATHER ITEM   OBSERVED TIME   RECORD YEAR NORMAL DEPARTURE LAST
                VALUE   (LST)  VALUE       VALUE  FROM      YEAR
                                                  NORMAL
..................................................................
TEMPERATURE (F)
 YESTERDAY
  MAXIMUM         41    559 PM  73    1974  45     -4       28
  MINIMUM         33   1243 AM   3    1943  25      8        5
  AVERAGE         37                        35      2       17

PRECIPITATION (IN)
  YESTERDAY        0.27          1.60 1940   0.10   0.17     0.00
  MONTH TO DATE    1.33                      0.39   0.94     0.01
  SINCE MAR 1      1.33                      0.39   0.94     0.01
  SINCE JAN 1      5.88                      6.12  -0.24     9.00

SNOWFALL (IN)
  YESTERDAY        0.0           8.0  1917   0.2   -0.2      0.0
  MONTH TO DATE    4.6                       0.9    3.7      0.2
  SINCE MAR 1      4.6                       0.9    3.7      0.2
  SINCE JUL 1     36.9                      27.9    9.0     66.9
  SNOW DEPTH       6

DEGREE DAYS
 HEATING
  YESTERDAY       28                        30     -2       48
  MONTH TO DATE  154                       122     32      171
  SINCE MAR 1    154                       122     32      171
  SINCE JUL 1   4635                      4431    204     4769

 COOLING
  YESTERDAY        0                         0      0        0
  MONTH TO DATE    0                         0      0        0
  SINCE MAR 1      0                         0      0        0
  SINCE JAN 1      0                         0      0        0
..................................................................


WIND (MPH)
  HIGHEST WIND SPEED    10   HIGHEST WIND DIRECTION    SW (230)
  HIGHEST GUST SPEED    15   HIGHEST GUST DIRECTION     S (190)
  AVERAGE WIND SPEED     6.9


SKY COVER
  POSSIBLE SUNSHINE  MM
  AVERAGE SKY COVER 1.0


WEATHER CONDITIONS
 THE FOLLOWING WEATHER WAS RECORDED YESTERDAY.
  RAIN
  LIGHT RAIN
  FOG
  HAZE


RELATIVE HUMIDITY (PERCENT)
 HIGHEST    89           100 AM
 LOWEST     79           400 PM
 AVERAGE    84

..........................................................


THE ALLENTOWN PA CLIMATE NORMALS FOR TODAY
                         NORMAL    RECORD    YEAR
 MAXIMUM TEMPERATURE (F)   45        72      1964
 MINIMUM TEMPERATURE (F)   26         8      1948


SUNRISE AND SUNSET
MARCH  5 2015.........SUNRISE   630 AM EST   SUNSET   557 PM EST
MARCH  6 2015.........SUNRISE   628 AM EST   SUNSET   558 PM EST


-  INDICATES NEGATIVE NUMBERS.
R  INDICATES RECORD WAS SET OR TIED.
MM INDICATES DATA IS MISSING.
T  INDICATES TRACE AMOUNT.




$$
