000
CDUS41 KPHI 290630
CLIABE


CLIMATE REPORT
NATIONAL WEATHER SERVICE MOUNT HOLLY NJ
129 AM EST MON DEC 29 2014


...................................

...THE ALLENTOWN PA CLIMATE SUMMARY FOR DECEMBER 28 2014...

CLIMATE NORMAL PERIOD 1981 TO 2010
CLIMATE RECORD PERIOD 1922 TO 2014


WEATHER ITEM   OBSERVED TIME   RECORD YEAR NORMAL DEPARTURE LAST
                VALUE   (LST)  VALUE       VALUE  FROM      YEAR
                                                  NORMAL
..................................................................
TEMPERATURE (F)
 YESTERDAY
  MAXIMUM         53    139 PM  63    2008  37     16       51
                                      1982
  MINIMUM         34   1257 AM  -8    1950  21     13       20
  AVERAGE         44                        29     15       36

PRECIPITATION (IN)
  YESTERDAY        0.04          1.04 1967   0.10  -0.06     0.00
  MONTH TO DATE    3.65                      3.30   0.35     3.19
  SINCE DEC 1      3.65                      3.30   0.35     3.19
  SINCE JAN 1     44.72                     45.07  -0.35    45.10

SNOWFALL (IN)
  YESTERDAY        0.0           5.3  1990   0.3   -0.3      0.0
  MONTH TO DATE    0.6                       4.5   -3.9     13.5
  SINCE DEC 1      0.6                       4.5   -3.9     13.5
  SINCE JUL 1      6.3                       5.2    1.1     13.5
  SNOW DEPTH       0

DEGREE DAYS
 HEATING
  YESTERDAY       21                        36    -15       29
  MONTH TO DATE  751                       906   -155      925
  SINCE DEC 1    751                       906   -155      925
  SINCE JUL 1   1886                      2086   -200     2084

 COOLING
  YESTERDAY        0                         0      0        0
  MONTH TO DATE    0                         0      0        0
  SINCE DEC 1      0                         0      0        0
  SINCE JAN 1    807                       757     50      927
..................................................................


WIND (MPH)
  HIGHEST WIND SPEED    14   HIGHEST WIND DIRECTION     W (290)
  HIGHEST GUST SPEED    18   HIGHEST GUST DIRECTION     W (290)
  AVERAGE WIND SPEED     5.5


SKY COVER
  POSSIBLE SUNSHINE  MM
  AVERAGE SKY COVER 0.8


WEATHER CONDITIONS
 THE FOLLOWING WEATHER WAS RECORDED YESTERDAY.
  LIGHT RAIN
  FOG
  HAZE


RELATIVE HUMIDITY (PERCENT)
 HIGHEST    89           900 AM
 LOWEST     56           500 PM
 AVERAGE    73

..........................................................


THE ALLENTOWN PA CLIMATE NORMALS FOR TODAY
                         NORMAL    RECORD    YEAR
 MAXIMUM TEMPERATURE (F)   37        72      1984
 MINIMUM TEMPERATURE (F)   21        -1      1933


SUNRISE AND SUNSET
DECEMBER 29 2014......SUNRISE   725 AM EST   SUNSET   443 PM EST
DECEMBER 30 2014......SUNRISE   725 AM EST   SUNSET   443 PM EST


-  INDICATES NEGATIVE NUMBERS.
R  INDICATES RECORD WAS SET OR TIED.
MM INDICATES DATA IS MISSING.
T  INDICATES TRACE AMOUNT.




$$
