000
CDUS41 KPHI 300630
CLIABE


CLIMATE REPORT
NATIONAL WEATHER SERVICE MOUNT HOLLY NJ
230 AM EDT MON MAY 30 2016


...................................

...THE ALLENTOWN PA CLIMATE SUMMARY FOR MAY 29 2016...

CLIMATE NORMAL PERIOD 1981 TO 2010
CLIMATE RECORD PERIOD 1922 TO 2016


WEATHER ITEM   OBSERVED TIME   RECORD YEAR NORMAL DEPARTURE LAST
                VALUE   (LST)  VALUE       VALUE  FROM      YEAR
                                                  NORMAL
..................................................................
TEMPERATURE (F)
 YESTERDAY
  MAXIMUM         89    426 PM  95    1969  75     14       89
  MINIMUM         64    434 AM  38    1949  53     11       55
  AVERAGE         77                        64     13       72

PRECIPITATION (IN)
  YESTERDAY        0.21          2.90 1990   0.14   0.07     0.00
  MONTH TO DATE    3.47                      3.84  -0.37     0.22
  SINCE MAR 1      6.22                     10.79  -4.57     6.46
  SINCE JAN 1     15.25                     16.52  -1.27    11.01

SNOWFALL (IN)
  YESTERDAY        0.0           0.0    MM   0.0    0.0      0.0
  MONTH TO DATE    0.0                       0.0    0.0      0.0
  SINCE MAR 1      0.3                       5.9   -5.6     17.8
  SINCE JUL 1     36.2                      32.9    3.3     50.1
  SNOW DEPTH       0

DEGREE DAYS
 HEATING
  YESTERDAY        0                         3     -3        0
  MONTH TO DATE  194                       192      2       81
  SINCE MAR 1   1199                      1453   -254     1447
  SINCE JUL 1   4656                      5762  -1106     5928

 COOLING
  YESTERDAY       12                         2     10        7
  MONTH TO DATE   56                        32     24      109
  SINCE MAR 1     65                        37     28      109
  SINCE JAN 1     65                        37     28      109
..................................................................


WIND (MPH)
  HIGHEST WIND SPEED    16   HIGHEST WIND DIRECTION     S (200)
  HIGHEST GUST SPEED    22   HIGHEST GUST DIRECTION     S (180)
  AVERAGE WIND SPEED     5.3


SKY COVER
  POSSIBLE SUNSHINE  MM
  AVERAGE SKY COVER 0.1


WEATHER CONDITIONS
 THE FOLLOWING WEATHER WAS RECORDED YESTERDAY.
  RAIN
  LIGHT RAIN
  FOG
  HAZE


RELATIVE HUMIDITY (PERCENT)
 HIGHEST    87           900 PM
 LOWEST     31           500 PM
 AVERAGE    59

..........................................................


THE ALLENTOWN PA CLIMATE NORMALS FOR TODAY
                         NORMAL    RECORD    YEAR
 MAXIMUM TEMPERATURE (F)   76        94      1987
 MINIMUM TEMPERATURE (F)   53        36      1949


SUNRISE AND SUNSET
MAY 30 2016...........SUNRISE   534 AM EDT   SUNSET   825 PM EDT
MAY 31 2016...........SUNRISE   533 AM EDT   SUNSET   826 PM EDT


-  INDICATES NEGATIVE NUMBERS.
R  INDICATES RECORD WAS SET OR TIED.
MM INDICATES DATA IS MISSING.
T  INDICATES TRACE AMOUNT.




$$
