000
CDUS41 KPHI 250631
CLIABE


CLIMATE REPORT
NATIONAL WEATHER SERVICE MOUNT HOLLY NJ
130 AM EST SUN JAN 25 2015


...................................

...THE ALLENTOWN PA CLIMATE SUMMARY FOR JANUARY 24 2015...

CLIMATE NORMAL PERIOD 1981 TO 2010
CLIMATE RECORD PERIOD 1922 TO 2015


WEATHER ITEM   OBSERVED TIME   RECORD YEAR NORMAL DEPARTURE LAST
                VALUE   (LST)  VALUE       VALUE  FROM      YEAR
                                                  NORMAL
..................................................................
TEMPERATURE (F)
 YESTERDAY
  MAXIMUM         38    517 PM  66    1967  36      2       17
  MINIMUM         31    615 AM  -6    1948  19     12        5
  AVERAGE         35                        28      7       11

PRECIPITATION (IN)
  YESTERDAY        0.66          1.89 1953   0.09   0.57      T
  MONTH TO DATE    2.53                      2.33   0.20     4.39
  SINCE DEC 1      6.18                      5.91   0.27     8.43
  SINCE JAN 1      2.53                      2.33   0.20     4.39

SNOWFALL (IN)
  YESTERDAY        7.8           8.2  1948   0.3    7.5       T
  MONTH TO DATE   10.5                       7.5    3.0     15.0
  SINCE DEC 1     11.1                      12.7   -1.6     28.7
  SINCE JUL 1     16.8                      13.4    3.4     28.7
  SNOW DEPTH       8

DEGREE DAYS
 HEATING
  YESTERDAY       30                        37     -7       54
  MONTH TO DATE  916                       896     20      975
  SINCE DEC 1   1776                      1911   -135     1998
  SINCE JUL 1   2911                      3091   -180     3157

 COOLING
  YESTERDAY        0                         0      0        0
  MONTH TO DATE    0                         0      0        0
  SINCE DEC 1      0                         0      0        0
  SINCE JAN 1      0                         0      0        0
..................................................................


WIND (MPH)
  HIGHEST WIND SPEED    22   HIGHEST WIND DIRECTION     W (290)
  HIGHEST GUST SPEED    29   HIGHEST GUST DIRECTION     W (280)
  AVERAGE WIND SPEED     6.6


SKY COVER
  POSSIBLE SUNSHINE  MM
  AVERAGE SKY COVER 0.9


WEATHER CONDITIONS
 THE FOLLOWING WEATHER WAS RECORDED YESTERDAY.
  LIGHT RAIN
  LT FREEZING RAIN
  HEAVY SNOW
  SNOW
  LIGHT SNOW
  FOG
  FOG W/VISIBILITY <= 1/4 MILE
  HAZE


RELATIVE HUMIDITY (PERCENT)
 HIGHEST    92           600 AM
 LOWEST     64           800 PM
 AVERAGE    78

..........................................................


THE ALLENTOWN PA CLIMATE NORMALS FOR TODAY
                         NORMAL    RECORD    YEAR
 MAXIMUM TEMPERATURE (F)   36        64      1967
 MINIMUM TEMPERATURE (F)   19        -4      1963
                                             1945


SUNRISE AND SUNSET
JANUARY 25 2015.......SUNRISE   718 AM EST   SUNSET   511 PM EST
JANUARY 26 2015.......SUNRISE   717 AM EST   SUNSET   512 PM EST


-  INDICATES NEGATIVE NUMBERS.
R  INDICATES RECORD WAS SET OR TIED.
MM INDICATES DATA IS MISSING.
T  INDICATES TRACE AMOUNT.




$$
