000
CDUS44 KSJT 200703
CLIABI


CLIMATE REPORT
NATIONAL WEATHER SERVICE SAN ANGELO TX
203 AM CDT MON OCT 20 2014


...................................

...THE ABILENE CLIMATE SUMMARY FOR OCTOBER 19 2014...

CLIMATE NORMAL PERIOD 1981 TO 2010
CLIMATE RECORD PERIOD 1886 TO 2014


WEATHER ITEM   OBSERVED TIME   RECORD YEAR NORMAL DEPARTURE LAST
                VALUE   (LST)  VALUE       VALUE  FROM      YEAR
                                                  NORMAL
..................................................................
TEMPERATURE (F)
 YESTERDAY
  MAXIMUM         80    406 PM  93    1940  77      3       65
                                      1921
  MINIMUM         59    723 AM  32    1989  54      5       36
                                      1917
  AVERAGE         70                        65      5       51

PRECIPITATION (IN)
  YESTERDAY        0.00          2.92 1910   0.11  -0.11     0.00
  MONTH TO DATE    0.77                      1.88  -1.11     1.40
  SINCE SEP 1      1.54                      4.12  -2.58     4.58
  SINCE JAN 1     12.04                     21.08  -9.04    20.91

SNOWFALL (IN)
  YESTERDAY        0.0           0.0  2002   0.0    0.0      0.0
  MONTH TO DATE    0.0                       0.0    0.0      0.0
  SINCE NOV 1      3.1                       4.7   -1.6      1.1
  SINCE JUL 1      0.0                       0.0    0.0      0.0

DEGREE DAYS
 HEATING
  YESTERDAY        0                         3     -3       14
  MONTH TO DATE   14                        39    -25       49
  SINCE SEP 1     19                        50    -31       49
  SINCE JUL 1     19                        50    -31       49

 COOLING
  YESTERDAY        5                         3      2        0
  MONTH TO DATE  155                        89     66      112
  SINCE SEP 1    553                       415    138      527
  SINCE JAN 1   2737                      2360    377     2681
..................................................................


WIND (MPH)
  HIGHEST WIND SPEED    16   HIGHEST WIND DIRECTION    SE (140)
  HIGHEST GUST SPEED    19   HIGHEST GUST DIRECTION     S (160)
  AVERAGE WIND SPEED     8.9


SKY COVER
  POSSIBLE SUNSHINE  MM
  AVERAGE SKY COVER 0.2


WEATHER CONDITIONS
 THE FOLLOWING WEATHER WAS RECORDED YESTERDAY.
  NO SIGNIFICANT WEATHER WAS OBSERVED.


RELATIVE HUMIDITY (PERCENT)
 HIGHEST    87           700 AM
 LOWEST     45           200 PM
 AVERAGE    66

..........................................................


THE ABILENE CLIMATE NORMALS FOR TODAY
                         NORMAL    RECORD    YEAR
 MAXIMUM TEMPERATURE (F)   76        93      1979
 MINIMUM TEMPERATURE (F)   53        29      1976


SUNRISE AND SUNSET
OCTOBER 20 2014.......SUNRISE   746 AM CDT   SUNSET   700 PM CDT
OCTOBER 21 2014.......SUNRISE   747 AM CDT   SUNSET   659 PM CDT


-  INDICATES NEGATIVE NUMBERS.
R  INDICATES RECORD WAS SET OR TIED.
MM INDICATES DATA IS MISSING.
T  INDICATES TRACE AMOUNT.




$$
