000
CDUS44 KSJT 010755
CLIABI


CLIMATE REPORT
NATIONAL WEATHER SERVICE SAN ANGELO TX
154 AM CST SUN MAR 1 2015


...................................

...THE ABILENE CLIMATE SUMMARY FOR FEBRUARY 28 2015...

CLIMATE NORMAL PERIOD 1981 TO 2010
CLIMATE RECORD PERIOD 1886 TO 2015


WEATHER ITEM   OBSERVED TIME   RECORD YEAR NORMAL DEPARTURE LAST
                VALUE   (LST)  VALUE       VALUE  FROM      YEAR
                                                  NORMAL
..................................................................
TEMPERATURE (F)
 YESTERDAY
  MAXIMUM         29   1159 PM  88    2006  64    -35       82
                                      1904
  MINIMUM         20    418 AM  10    1922  40    -20       45
  AVERAGE         25                        52    -27       64

PRECIPITATION (IN)
  YESTERDAY        T             2.14 1889   0.05  -0.05     0.00
  MONTH TO DATE    1.74                      1.36   0.38     0.49
  SINCE DEC 1      4.04                      3.61   0.43     1.60
  SINCE JAN 1      3.51                      2.38   1.13     0.49

SNOWFALL (IN)
  YESTERDAY        0.0           T    1949   0.0    0.0      0.0
  MONTH TO DATE    3.0                       0.8    2.2      1.8
  SINCE NOV 1      3.1                       4.1   -1.0      3.1
  SINCE JUL 1      3.1                       4.1   -1.0      3.1

DEGREE DAYS
 HEATING
  YESTERDAY       40                        14     26        1
  MONTH TO DATE  531                       465     66      565
  SINCE DEC 1   1660                      1700    -40     1890
  SINCE JUL 1   2077                      2133    -56     2362

 COOLING
  YESTERDAY        0                         0      0        0
  MONTH TO DATE    4                         4      0        5
  SINCE DEC 1      4                         6     -2        6
  SINCE JAN 1      4                         5     -1        5
..................................................................


WIND (MPH)
  HIGHEST WIND SPEED     9   HIGHEST WIND DIRECTION    SE (120)
  HIGHEST GUST SPEED    10   HIGHEST GUST DIRECTION    SE (120)
  AVERAGE WIND SPEED     5.0


SKY COVER
  POSSIBLE SUNSHINE  MM
  AVERAGE SKY COVER 1.0


WEATHER CONDITIONS
 THE FOLLOWING WEATHER WAS RECORDED YESTERDAY.
  LT FREEZING RAIN
  FOG


RELATIVE HUMIDITY (PERCENT)
 HIGHEST   100          1200 AM
 LOWEST     85           400 PM
 AVERAGE    93

..........................................................


THE ABILENE CLIMATE NORMALS FOR TODAY
                         NORMAL    RECORD    YEAR
 MAXIMUM TEMPERATURE (F)   64        95      2006
 MINIMUM TEMPERATURE (F)   40        10      1962
                                             1922


SUNRISE AND SUNSET
MARCH  1 2015.........SUNRISE   707 AM CST   SUNSET   636 PM CST
MARCH  2 2015.........SUNRISE   705 AM CST   SUNSET   637 PM CST


-  INDICATES NEGATIVE NUMBERS.
R  INDICATES RECORD WAS SET OR TIED.
MM INDICATES DATA IS MISSING.
T  INDICATES TRACE AMOUNT.




$$
