000
CDUS44 KSJT 060702
CLIABI


CLIMATE REPORT
NATIONAL WEATHER SERVICE SAN ANGELO TX
201 AM CDT FRI MAY 6 2016


...................................

...THE ABILENE CLIMATE SUMMARY FOR MAY 5 2016...

CLIMATE NORMAL PERIOD 1981 TO 2010
CLIMATE RECORD PERIOD 1886 TO 2016


WEATHER ITEM   OBSERVED TIME   RECORD YEAR NORMAL DEPARTURE LAST
                VALUE   (LST)  VALUE       VALUE  FROM      YEAR
                                                  NORMAL
..................................................................
TEMPERATURE (F)
 YESTERDAY
  MAXIMUM         84    435 PM 104    2014  82      2       74
  MINIMUM         53    152 AM  41    1979  58     -5       65
  AVERAGE         69                        70     -1       70

PRECIPITATION (IN)
  YESTERDAY        0.00          1.97 1963   0.09  -0.09      T
  MONTH TO DATE    0.51                      0.43   0.08      T
  SINCE MAR 1      9.06                      3.81   5.25     3.78
  SINCE JAN 1      9.78                      6.19   3.59     7.29

DEGREE DAYS
 HEATING
  YESTERDAY        0                         1     -1        0
  MONTH TO DATE   17                         5     12        0
  SINCE MAR 1    284                       414   -130      389
  SINCE JUL 1   2038                      2547   -509     2466

 COOLING
  YESTERDAY        4                         6     -2        5
  MONTH TO DATE    5                        29    -24       26
  SINCE MAR 1     86                       157    -71      193
  SINCE JAN 1    100                       162    -62      197
..................................................................


WIND (MPH)
  HIGHEST WIND SPEED    13   HIGHEST WIND DIRECTION    SE (130)
  HIGHEST GUST SPEED    15   HIGHEST GUST DIRECTION    SE (130)
  AVERAGE WIND SPEED     5.0


SKY COVER
  POSSIBLE SUNSHINE  MM
  AVERAGE SKY COVER 0.0


WEATHER CONDITIONS
 THE FOLLOWING WEATHER WAS RECORDED YESTERDAY.
  NO SIGNIFICANT WEATHER WAS OBSERVED.


RELATIVE HUMIDITY (PERCENT)
 HIGHEST    83          1200 AM
 LOWEST     28          1200 PM
 AVERAGE    56

..........................................................


THE ABILENE CLIMATE NORMALS FOR TODAY
                         NORMAL    RECORD    YEAR
 MAXIMUM TEMPERATURE (F)   82       106      2000
 MINIMUM TEMPERATURE (F)   58        41      1999


SUNRISE AND SUNSET
MAY  6 2016...........SUNRISE   647 AM CDT   SUNSET   824 PM CDT
MAY  7 2016...........SUNRISE   646 AM CDT   SUNSET   825 PM CDT


-  INDICATES NEGATIVE NUMBERS.
R  INDICATES RECORD WAS SET OR TIED.
MM INDICATES DATA IS MISSING.
T  INDICATES TRACE AMOUNT.




$$
