000
CDUS44 KSJT 232227
CLIABI


CLIMATE REPORT
NATIONAL WEATHER SERVICE SAN ANGELO TX
527 PM CDT MON OCT 23 2017


...................................

...THE ABILENE CLIMATE SUMMARY FOR OCTOBER 23 2017...
VALID TODAY AS OF 0500 PM LOCAL TIME.

CLIMATE NORMAL PERIOD 1981 TO 2010
CLIMATE RECORD PERIOD 1886 TO 2017


WEATHER ITEM   OBSERVED TIME   RECORD YEAR NORMAL DEPARTURE LAST
                VALUE   (LST)  VALUE       VALUE  FROM      YEAR
                                                  NORMAL
..................................................................
TEMPERATURE (F)
 TODAY
  MAXIMUM         82    235 PM  90    1989  75      7       81
  MINIMUM         47   1255 AM  33    2008  52     -5       61
                                      1917
  AVERAGE         65                        64      1       71

PRECIPITATION (IN)
  TODAY            0.00          2.16 2015   0.10  -0.10     0.00
  MONTH TO DATE    0.06                      2.28  -2.22     0.40
  SINCE SEP 1      4.49                      4.52  -0.03     5.99
  SINCE JAN 1     18.94                     21.48  -2.54    33.10

SNOWFALL (IN)
  TODAY            0.0           0.0  2002   0.0    0.0      0.0
  MONTH TO DATE    0.0                       0.0    0.0      0.0
  SINCE NOV 1      T                         4.7   -4.7      5.1
  SINCE JUL 1      0.0                       0.0    0.0      0.0

DEGREE DAYS
 HEATING
  TODAY            0                         4     -4        0
  MONTH TO DATE   40                        53    -13       18
  SINCE SEP 1     46                        64    -18       19
  SINCE JUL 1     46                        64    -18       19

 COOLING
  TODAY            0                         3     -3        6
  MONTH TO DATE  133                       101     32      161
  SINCE SEP 1    466                       427     39      511
  SINCE JAN 1   2382                      2372     10     2510
..................................................................


WIND (MPH)
  HIGHEST WIND SPEED    20   HIGHEST WIND DIRECTION    SW (210)
  HIGHEST GUST SPEED    26   HIGHEST GUST DIRECTION    SW (210)
  AVERAGE WIND SPEED     9.6


SKY COVER
  POSSIBLE SUNSHINE  MM
  AVERAGE SKY COVER 0.0


WEATHER CONDITIONS
 THE FOLLOWING WEATHER WAS RECORDED TODAY.
  NO SIGNIFICANT WEATHER WAS OBSERVED.


RELATIVE HUMIDITY (PERCENT)
 HIGHEST    82          1200 AM
 LOWEST     26           400 PM
 AVERAGE    54

..........................................................


THE ABILENE CLIMATE NORMALS FOR TOMORROW
                         NORMAL    RECORD    YEAR
 MAXIMUM TEMPERATURE (F)   75        92      1933
 MINIMUM TEMPERATURE (F)   52        32      1929


SUNRISE AND SUNSET
OCTOBER 23 2017.......SUNRISE   749 AM CDT   SUNSET   657 PM CDT
OCTOBER 24 2017.......SUNRISE   750 AM CDT   SUNSET   656 PM CDT


-  INDICATES NEGATIVE NUMBERS.
R  INDICATES RECORD WAS SET OR TIED.
MM INDICATES DATA IS MISSING.
T  INDICATES TRACE AMOUNT.




$$
