000
CDUS44 KSJT 230652
CLIABI


CLIMATE REPORT
NATIONAL WEATHER SERVICE SAN ANGELO TX
151 AM CDT THU OCT 23 2014


...................................

...THE ABILENE CLIMATE SUMMARY FOR OCTOBER 22 2014...

CLIMATE NORMAL PERIOD 1981 TO 2010
CLIMATE RECORD PERIOD 1886 TO 2014


WEATHER ITEM   OBSERVED TIME   RECORD YEAR NORMAL DEPARTURE LAST
                VALUE   (LST)  VALUE       VALUE  FROM      YEAR
                                                  NORMAL
..................................................................
TEMPERATURE (F)
 YESTERDAY
  MAXIMUM         76    148 PM  91    1934  76      0       75
  MINIMUM         59   1158 PM  32    1990  53      6       39
                                      1911
  AVERAGE         68                        64      4       57

PRECIPITATION (IN)
  YESTERDAY        0.01          4.85 1908   0.10  -0.09     0.00
  MONTH TO DATE    0.78                      2.18  -1.40     1.40
  SINCE SEP 1      1.55                      4.42  -2.87     4.58
  SINCE JAN 1     12.05                     21.38  -9.33    20.91

SNOWFALL (IN)
  YESTERDAY        0.0           0.0  2002   0.0    0.0      0.0
  MONTH TO DATE    0.0                       0.0    0.0      0.0
  SINCE NOV 1      3.1                       4.7   -1.6      1.1
  SINCE JUL 1      0.0                       0.0    0.0      0.0

DEGREE DAYS
 HEATING
  YESTERDAY        0                         4     -4        8
  MONTH TO DATE   14                        49    -35       70
  SINCE SEP 1     19                        60    -41       70
  SINCE JUL 1     19                        60    -41       70

 COOLING
  YESTERDAY        3                         3      0        0
  MONTH TO DATE  170                        98     72      112
  SINCE SEP 1    568                       424    144      527
  SINCE JAN 1   2752                      2369    383     2681
..................................................................


WIND (MPH)
  HIGHEST WIND SPEED    14   HIGHEST WIND DIRECTION     S (160)
  HIGHEST GUST SPEED    18   HIGHEST GUST DIRECTION    SE (150)
  AVERAGE WIND SPEED     7.1


SKY COVER
  POSSIBLE SUNSHINE  MM
  AVERAGE SKY COVER 0.5


WEATHER CONDITIONS
 THE FOLLOWING WEATHER WAS RECORDED YESTERDAY.
  LIGHT RAIN


RELATIVE HUMIDITY (PERCENT)
 HIGHEST    78           900 PM
 LOWEST     38           200 PM
 AVERAGE    58

..........................................................


THE ABILENE CLIMATE NORMALS FOR TODAY
                         NORMAL    RECORD    YEAR
 MAXIMUM TEMPERATURE (F)   75        90      1989
 MINIMUM TEMPERATURE (F)   52        33      2008
                                             1917


SUNRISE AND SUNSET
OCTOBER 23 2014.......SUNRISE   749 AM CDT   SUNSET   657 PM CDT
OCTOBER 24 2014.......SUNRISE   749 AM CDT   SUNSET   656 PM CDT


-  INDICATES NEGATIVE NUMBERS.
R  INDICATES RECORD WAS SET OR TIED.
MM INDICATES DATA IS MISSING.
T  INDICATES TRACE AMOUNT.




$$
