000
CDUS44 KSJT 221138
CLIABI


CLIMATE REPORT
NATIONAL WEATHER SERVICE SAN ANGELO TX
538 AM CST WED FEB 22 2017


...................................

...THE ABILENE CLIMATE SUMMARY FOR FEBRUARY 21 2017...

CLIMATE NORMAL PERIOD 1981 TO 2010
CLIMATE RECORD PERIOD 1886 TO 2017


WEATHER ITEM   OBSERVED TIME   RECORD YEAR NORMAL DEPARTURE LAST
                VALUE   (LST)  VALUE       VALUE  FROM      YEAR
                                                  NORMAL
..................................................................
TEMPERATURE (F)
 YESTERDAY
  MAXIMUM         76    518 PM  92    1996  62     14       68
  MINIMUM         41    751 AM  15    1939  38      3       55
  AVERAGE         59                        50      9       62

PRECIPITATION (IN)
  YESTERDAY        0.00          0.75 1994   0.05  -0.05     0.00
  MONTH TO DATE    1.45                      1.00   0.45     0.00
  SINCE DEC 1      4.77                      3.25   1.52     2.24
  SINCE JAN 1      3.38                      2.02   1.36     0.04

SNOWFALL (IN)
  YESTERDAY        0.0           1.5  1966   0.0    0.0      0.0
  MONTH TO DATE    0.0                       0.6   -0.6      0.0
  SINCE NOV 1      T                         3.9   -3.9      5.1
  SINCE JUL 1      T                         3.9   -3.9      5.1

DEGREE DAYS
 HEATING
  YESTERDAY        6                        15     -9        3
  MONTH TO DATE  231                       364   -133      245
  SINCE DEC 1   1345                      1600   -255     1309
  SINCE JUL 1   1536                      2033   -497     1652

 COOLING
  YESTERDAY        0                         0      0        0
  MONTH TO DATE   14                         0     14       14
  SINCE DEC 1     17                         2     15       14
  SINCE JAN 1     17                         1     16       14
..................................................................


WIND (MPH)
  HIGHEST WIND SPEED    15   HIGHEST WIND DIRECTION    NW (310)
  HIGHEST GUST SPEED    24   HIGHEST GUST DIRECTION    NW (320)
  AVERAGE WIND SPEED     7.0


SKY COVER
  POSSIBLE SUNSHINE  MM
  AVERAGE SKY COVER 0.0


WEATHER CONDITIONS
 THE FOLLOWING WEATHER WAS RECORDED YESTERDAY.
  NO SIGNIFICANT WEATHER WAS OBSERVED.


RELATIVE HUMIDITY (PERCENT)
 HIGHEST    71          1000 PM
 LOWEST     16           500 PM
 AVERAGE    44

..........................................................


THE ABILENE CLIMATE NORMALS FOR TODAY
                         NORMAL    RECORD    YEAR
 MAXIMUM TEMPERATURE (F)   62        93      1996
 MINIMUM TEMPERATURE (F)   38        16      1894


SUNRISE AND SUNSET
FEBRUARY 22 2017......SUNRISE   714 AM CST   SUNSET   631 PM CST
FEBRUARY 23 2017......SUNRISE   713 AM CST   SUNSET   632 PM CST


-  INDICATES NEGATIVE NUMBERS.
R  INDICATES RECORD WAS SET OR TIED.
MM INDICATES DATA IS MISSING.
T  INDICATES TRACE AMOUNT.




$$
