000
CDUS45 KABQ 180834
CLIABQ


CLIMATE REPORT
NATIONAL WEATHER SERVICE ALBUQUERQUE NM
233 AM MDT FRI AUG 18 2017


...................................

...THE ALBUQUERQUE  NM CLIMATE SUMMARY FOR AUGUST 17 2017...

CLIMATE NORMAL PERIOD 1981 TO 2010
CLIMATE RECORD PERIOD 1891 TO 2017


WEATHER ITEM   OBSERVED TIME   RECORD YEAR NORMAL DEPARTURE LAST
                VALUE   (LST)  VALUE       VALUE  FROM      YEAR
                                                  NORMAL
..................................................................
TEMPERATURE (F)
 YESTERDAY
  MAXIMUM         90    440 PM  97    1994  87      3       87
                                      1969
  MINIMUM         63    558 AM  52    1915  65     -2       64
                                      1914
  AVERAGE         77                        76      1       76

PRECIPITATION (IN)
  YESTERDAY        0.00          0.65 1908   0.05  -0.05
  MONTH TO DATE    0.75                      0.96  -0.21
  SINCE JUN 1      2.08                      3.12  -1.04
  SINCE JAN 1      4.69                      5.66  -0.97

SNOWFALL (IN)
  YESTERDAY        0.0
  MONTH TO DATE    0.0
  SINCE JUN 1      T
  SINCE JUL 1      0.0
  SNOW DEPTH       0

DEGREE DAYS
 HEATING
  YESTERDAY        0                         0      0        0
  MONTH TO DATE    0                         0      0        0
  SINCE JUN 1      0                         4     -4        0
  SINCE JUL 1      0                         0      0        0

 COOLING
  YESTERDAY       12                        11      1       11
  MONTH TO DATE  211                       201     10      209
  SINCE JUN 1   1088                       914    174     1159
  SINCE JAN 1   1167                      1012    155     1230
..................................................................


WIND (MPH)
  HIGHEST WIND SPEED    15   HIGHEST WIND DIRECTION    SW (210)
  HIGHEST GUST SPEED    19   HIGHEST GUST DIRECTION    SW (230)
  AVERAGE WIND SPEED     4.7


SKY COVER
  POSSIBLE SUNSHINE  MM
  AVERAGE SKY COVER 0.4


WEATHER CONDITIONS
 THE FOLLOWING WEATHER WAS RECORDED YESTERDAY.
  NO SIGNIFICANT WEATHER WAS OBSERVED.


RELATIVE HUMIDITY (PERCENT)
 HIGHEST    56           600 AM
 LOWEST     13           500 PM
 AVERAGE    35

..........................................................


THE ALBUQUERQUE  NM CLIMATE NORMALS FOR TODAY
                         NORMAL    RECORD    YEAR
 MAXIMUM TEMPERATURE (F)   87        98      2015
                                             1910
 MINIMUM TEMPERATURE (F)   65        54      1968
                                             1918
                                             1914


SUNRISE AND SUNSET
AUGUST 18 2017........SUNRISE   629 AM MDT   SUNSET   751 PM MDT
AUGUST 19 2017........SUNRISE   630 AM MDT   SUNSET   750 PM MDT


-  INDICATES NEGATIVE NUMBERS.
R  INDICATES RECORD WAS SET OR TIED.
MM INDICATES DATA IS MISSING.
T  INDICATES TRACE AMOUNT.




$$
