000
CDUS45 KABQ 210010
CLIABQ


CLIMATE REPORT
NATIONAL WEATHER SERVICE ALBUQUERQUE NM
510 PM MST SAT DEC 20 2014


...................................

...THE ALBUQUERQUE  NM CLIMATE SUMMARY FOR DECEMBER 20 2014...
VALID TODAY AS OF 0500 PM LOCAL TIME.

CLIMATE NORMAL PERIOD 1981 TO 2010
CLIMATE RECORD PERIOD 1897 TO 2014


WEATHER ITEM   OBSERVED TIME   RECORD YEAR NORMAL DEPARTURE LAST
                VALUE   (LST)  VALUE       VALUE  FROM      YEAR
                                                  NORMAL
..................................................................
TEMPERATURE (F)
 TODAY
  MAXIMUM         45    413 PM  64    1981  45      0       52
  MINIMUM         24    639 AM   0    1909  26     -2       30
  AVERAGE         35                        36     -1       41

PRECIPITATION (IN)
  TODAY            0.00          0.75 1914   0.02  -0.02
  MONTH TO DATE    1.10                      0.33   0.77
  SINCE DEC 1      1.10                      0.33   0.77
  SINCE JAN 1      8.77                      9.28  -0.51

SNOWFALL (IN)
  TODAY            0.0
  MONTH TO DATE    0.9
  SINCE DEC 1      0.9
  SINCE JUL 1      0.9
  SNOW DEPTH       0

DEGREE DAYS
 HEATING
  TODAY           30                        29      1       24
  MONTH TO DATE  425                       561   -136      583
  SINCE DEC 1    425                       561   -136      583
  SINCE JUL 1   1108                      1428   -320     1473

 COOLING
  TODAY            0                         0      0        0
  MONTH TO DATE    0                         0      0        0
  SINCE DEC 1      0                         0      0        0
  SINCE JAN 1   1444                      1322    122     1565
..................................................................


WIND (MPH)
  HIGHEST WIND SPEED     8   HIGHEST WIND DIRECTION     N (350)
  HIGHEST GUST SPEED    10   HIGHEST GUST DIRECTION     N (350)
  AVERAGE WIND SPEED     2.4


SKY COVER
  POSSIBLE SUNSHINE  MM
  AVERAGE SKY COVER 0.4



RELATIVE HUMIDITY (PERCENT)
 HIGHEST    81           700 AM
 LOWEST     45           400 PM
 AVERAGE    63

..........................................................


THE ALBUQUERQUE  NM CLIMATE NORMALS FOR TOMORROW
                         NORMAL    RECORD    YEAR
 MAXIMUM TEMPERATURE (F)   45        68      1981
 MINIMUM TEMPERATURE (F)   26         6      1912


SUNRISE AND SUNSET
DECEMBER 20 2014......SUNRISE   710 AM MST   SUNSET   458 PM MST
DECEMBER 21 2014......SUNRISE   711 AM MST   SUNSET   459 PM MST


-  INDICATES NEGATIVE NUMBERS.
R  INDICATES RECORD WAS SET OR TIED.
MM INDICATES DATA IS MISSING.
T  INDICATES TRACE AMOUNT.




$$
