000
CDUS45 KABQ 300830
CLIABQ


CLIMATE REPORT
NATIONAL WEATHER SERVICE ALBUQUERQUE NM
230 AM MDT TUE SEP 30 2014


...................................

...THE ALBUQUERQUE  NM CLIMATE SUMMARY FOR SEPTEMBER 29 2014...

CLIMATE NORMAL PERIOD 1981 TO 2010
CLIMATE RECORD PERIOD 1897 TO 2014


WEATHER ITEM   OBSERVED TIME   RECORD YEAR NORMAL DEPARTURE LAST
                VALUE   (LST)  VALUE       VALUE  FROM      YEAR
                                                  NORMAL
..................................................................
TEMPERATURE (F)
 YESTERDAY
  MAXIMUM         77    306 PM  90    2010  76      1       76
                                      1979
  MINIMUM         57   1159 PM  34    1917  53      4       44
  AVERAGE         67                        64      3       60

PRECIPITATION (IN)
  YESTERDAY        0.01          0.86 1904   0.03  -0.02
  MONTH TO DATE    0.73                      1.04  -0.31
  SINCE SEP 1      0.73                      1.04  -0.31
  SINCE JAN 1      6.79                      7.32  -0.53

SNOWFALL (IN)
  YESTERDAY        0.0
  MONTH TO DATE    0.0
  SINCE SEP 1      0.0
  SINCE JUL 1      0.0
  SNOW DEPTH       0

DEGREE DAYS
 HEATING
  YESTERDAY        0                         3     -3        5
  MONTH TO DATE    5                        23    -18       23
  SINCE SEP 1      5                        23    -18       23
  SINCE JUL 1      5                        23    -18       23

 COOLING
  YESTERDAY        2                         2      0        0
  MONTH TO DATE  211                       155     56      189
  SINCE SEP 1    211                       155     56      189
  SINCE JAN 1   1441                      1312    129     1564
..................................................................


WIND (MPH)
  HIGHEST WIND SPEED    47   HIGHEST WIND DIRECTION     S (190)
  HIGHEST GUST SPEED    62   HIGHEST GUST DIRECTION     S (190)
  AVERAGE WIND SPEED    11.6


SKY COVER
  POSSIBLE SUNSHINE  MM
  AVERAGE SKY COVER 0.4


WEATHER CONDITIONS
 THE FOLLOWING WEATHER WAS RECORDED YESTERDAY.
  THUNDERSTORM
  LIGHT RAIN


RELATIVE HUMIDITY (PERCENT)
 HIGHEST    78           700 AM
 LOWEST     20           600 PM
 AVERAGE    49

..........................................................


THE ALBUQUERQUE  NM CLIMATE NORMALS FOR TODAY
                         NORMAL    RECORD    YEAR
 MAXIMUM TEMPERATURE (F)   75        91      1979
 MINIMUM TEMPERATURE (F)   52        35      1928


SUNRISE AND SUNSET
SEPTEMBER 30 2014.....SUNRISE   700 AM MDT   SUNSET   652 PM MDT
OCTOBER  1 2014.......SUNRISE   701 AM MDT   SUNSET   650 PM MDT


-  INDICATES NEGATIVE NUMBERS.
R  INDICATES RECORD WAS SET OR TIED.
MM INDICATES DATA IS MISSING.
T  INDICATES TRACE AMOUNT.




$$
