000
CDUS45 KABQ 310831
CLIABQ


CLIMATE REPORT
NATIONAL WEATHER SERVICE ALBUQUERQUE NM
227 AM MDT TUE MAY 31 2016


...................................

...THE ALBUQUERQUE  NM CLIMATE SUMMARY FOR MAY 30 2016...

CLIMATE NORMAL PERIOD 1981 TO 2010
CLIMATE RECORD PERIOD 1891 TO 2016


WEATHER ITEM   OBSERVED TIME   RECORD YEAR NORMAL DEPARTURE LAST
                VALUE   (LST)  VALUE       VALUE  FROM      YEAR
                                                  NORMAL
..................................................................
TEMPERATURE (F)
 YESTERDAY
  MAXIMUM         84    317 PM  97    2000  84      0       82
                                      1910
  MINIMUM         56    521 AM  35    1909  57     -1       59
  AVERAGE         70                        70      0       71

PRECIPITATION (IN)
  YESTERDAY        0.00          0.42 1894   0.01  -0.01
  MONTH TO DATE    0.11                      0.48  -0.37
  SINCE MAR 1      0.77                      1.66  -0.89
  SINCE JAN 1      1.19                      2.52  -1.33

SNOWFALL (IN)
  YESTERDAY        0.0
  MONTH TO DATE    T
  SINCE MAR 1      T
  SINCE JUL 1      9.8
  SNOW DEPTH       0

DEGREE DAYS
 HEATING
  YESTERDAY        0                         1     -1        0
  MONTH TO DATE   90                        71     19      125
  SINCE MAR 1    774                       872    -98      730
  SINCE JUL 1   3784                      4175   -391     3651

 COOLING
  YESTERDAY        5                         6     -1        6
  MONTH TO DATE   61                        86    -25       24
  SINCE MAR 1     66                        93    -27       24
  SINCE JAN 1     66                        93    -27       24
..................................................................


WIND (MPH)
  HIGHEST WIND SPEED    30   HIGHEST WIND DIRECTION    SW (220)
  HIGHEST GUST SPEED    37   HIGHEST GUST DIRECTION    SW (220)
  AVERAGE WIND SPEED     7.1


SKY COVER
  POSSIBLE SUNSHINE  MM
  AVERAGE SKY COVER 0.7


WEATHER CONDITIONS
 THE FOLLOWING WEATHER WAS RECORDED YESTERDAY.
  NO SIGNIFICANT WEATHER WAS OBSERVED.


RELATIVE HUMIDITY (PERCENT)
 HIGHEST    62           600 AM
 LOWEST     10           100 PM
 AVERAGE    36

..........................................................


THE ALBUQUERQUE  NM CLIMATE NORMALS FOR TODAY
                         NORMAL    RECORD    YEAR
 MAXIMUM TEMPERATURE (F)   84        97      2002
                                             1956
 MINIMUM TEMPERATURE (F)   57        33      1909


SUNRISE AND SUNSET
MAY 31 2016...........SUNRISE   554 AM MDT   SUNSET   815 PM MDT
JUNE  1 2016..........SUNRISE   553 AM MDT   SUNSET   816 PM MDT


-  INDICATES NEGATIVE NUMBERS.
R  INDICATES RECORD WAS SET OR TIED.
MM INDICATES DATA IS MISSING.
T  INDICATES TRACE AMOUNT.

$$
