064
CDUS45 KABQ 220837
CLIABQ


CLIMATE REPORT
NATIONAL WEATHER SERVICE ALBUQUERQUE NM
237 AM MDT FRI MAY 22 2015


...................................

...THE ALBUQUERQUE  NM CLIMATE SUMMARY FOR MAY 21 2015...

CLIMATE NORMAL PERIOD 1981 TO 2010
CLIMATE RECORD PERIOD 1891 TO 2015


WEATHER ITEM   OBSERVED TIME   RECORD YEAR NORMAL DEPARTURE LAST
                VALUE   (LST)  VALUE       VALUE  FROM      YEAR
                                                  NORMAL
..................................................................
TEMPERATURE (F)
 YESTERDAY
  MAXIMUM         64   1157 AM  96    2005  80    -16       86
  MINIMUM         50    916 PM  36    1911  54     -4       57
  AVERAGE         57                        67    -10       72

PRECIPITATION (IN)
  YESTERDAY        0.13          0.97 1991   0.02   0.11
  MONTH TO DATE    1.63                      0.34   1.29
  SINCE MAR 1      2.10                      1.52   0.58
  SINCE JAN 1      3.41                      2.38   1.03

SNOWFALL (IN)
  YESTERDAY        0.0
  MONTH TO DATE    T
  SINCE MAR 1      T
  SINCE JUL 1     15.2
  SNOW DEPTH       0

DEGREE DAYS
 HEATING
  YESTERDAY        8                         1      7        0
  MONTH TO DATE  103                        62     41       94
  SINCE MAR 1    708                       863   -155      818
  SINCE JUL 1   3629                      4166   -537     3961

 COOLING
  YESTERDAY        0                         4     -4        7
  MONTH TO DATE    4                        43    -39       45
  SINCE MAR 1      4                        50    -46       51
  SINCE JAN 1      4                        50    -46       51
..................................................................


WIND (MPH)
  HIGHEST WIND SPEED    36   HIGHEST WIND DIRECTION     E (100)
  HIGHEST GUST SPEED    43   HIGHEST GUST DIRECTION     E (80)
  AVERAGE WIND SPEED    22.5


SKY COVER
  POSSIBLE SUNSHINE  MM
  AVERAGE SKY COVER 0.7


WEATHER CONDITIONS
 THE FOLLOWING WEATHER WAS RECORDED YESTERDAY.
  THUNDERSTORM
  HEAVY RAIN
  RAIN
  LIGHT RAIN
  FOG


RELATIVE HUMIDITY (PERCENT)
 HIGHEST    77          1100 PM
 LOWEST     48          1200 PM
 AVERAGE    63

..........................................................


THE ALBUQUERQUE  NM CLIMATE NORMALS FOR TODAY
                         NORMAL    RECORD    YEAR
 MAXIMUM TEMPERATURE (F)   81        96      1984
 MINIMUM TEMPERATURE (F)   54        35      1962
                                             1915


SUNRISE AND SUNSET
MAY 22 2015...........SUNRISE   558 AM MDT   SUNSET   808 PM MDT
MAY 23 2015...........SUNRISE   558 AM MDT   SUNSET   809 PM MDT


-  INDICATES NEGATIVE NUMBERS.
R  INDICATES RECORD WAS SET OR TIED.
MM INDICATES DATA IS MISSING.
T  INDICATES TRACE AMOUNT.




$$
