000
CDUS45 KABQ 300831
CLIABQ


CLIMATE REPORT
NATIONAL WEATHER SERVICE ALBUQUERQUE NM
130 AM MST FRI JAN 30 2015


...................................

...THE ALBUQUERQUE  NM CLIMATE SUMMARY FOR JANUARY 29 2015...

CLIMATE NORMAL PERIOD 1981 TO 2010
CLIMATE RECORD PERIOD 1897 TO 2015


WEATHER ITEM   OBSERVED TIME   RECORD YEAR NORMAL DEPARTURE LAST
                VALUE   (LST)  VALUE       VALUE  FROM      YEAR
                                                  NORMAL
..................................................................
TEMPERATURE (F)
 YESTERDAY
  MAXIMUM         53   1209 PM  70    1911  49      4       52
  MINIMUM         42   1159 PM   7    1949  27     15       22
                                      1948
                                      1918
  AVERAGE         48                        38     10       37

PRECIPITATION (IN)
  YESTERDAY        0.00          0.32 1941   0.01  -0.01
  MONTH TO DATE    0.42                      0.35   0.07
  SINCE DEC 1      1.56                      0.85   0.71
  SINCE JAN 1      0.42                      0.35   0.07

SNOWFALL (IN)
  YESTERDAY        0.0
  MONTH TO DATE    3.3
  SINCE DEC 1      4.5
  SINCE JUL 1      4.5
  SNOW DEPTH       0

DEGREE DAYS
 HEATING
  YESTERDAY       17                        27    -10       28
  MONTH TO DATE  795                       831    -36      772
  SINCE DEC 1   1582                      1721   -139     1676
  SINCE JUL 1   2265                      2588   -323     2566

 COOLING
  YESTERDAY        0                         0      0        0
  MONTH TO DATE    0                         0      0        0
  SINCE DEC 1      0                         0      0        0
  SINCE JAN 1      0                         0      0        0
..................................................................


WIND (MPH)
  HIGHEST WIND SPEED    33   HIGHEST WIND DIRECTION     E (110)
  HIGHEST GUST SPEED    39   HIGHEST GUST DIRECTION     E (110)
  AVERAGE WIND SPEED    19.7


SKY COVER
  POSSIBLE SUNSHINE  MM
  AVERAGE SKY COVER 0.9


WEATHER CONDITIONS
 THE FOLLOWING WEATHER WAS RECORDED YESTERDAY.
  NO SIGNIFICANT WEATHER WAS OBSERVED.


RELATIVE HUMIDITY (PERCENT)
 HIGHEST    62           400 AM
 LOWEST     35          1200 PM
 AVERAGE    49

..........................................................


THE ALBUQUERQUE  NM CLIMATE NORMALS FOR TODAY
                         NORMAL    RECORD    YEAR
 MAXIMUM TEMPERATURE (F)   49        68      1911
 MINIMUM TEMPERATURE (F)   27         3      1949


SUNRISE AND SUNSET
JANUARY 30 2015.......SUNRISE   707 AM MST   SUNSET   533 PM MST
JANUARY 31 2015.......SUNRISE   706 AM MST   SUNSET   534 PM MST


-  INDICATES NEGATIVE NUMBERS.
R  INDICATES RECORD WAS SET OR TIED.
MM INDICATES DATA IS MISSING.
T  INDICATES TRACE AMOUNT.




$$
