000
CDUS43 KABR 302229
CLIABR


CLIMATE REPORT
NATIONAL WEATHER SERVICE ABERDEEN SD
528 PM CDT WED JUL 30 2014


...................................

...THE ABERDEEN SD CLIMATE SUMMARY FOR JULY 30 2014...
VALID TODAY AS OF 0500 PM LOCAL TIME.

CLIMATE NORMAL PERIOD 1981 TO 2010
CLIMATE RECORD PERIOD 1893 TO 2014


WEATHER ITEM   OBSERVED TIME   RECORD YEAR NORMAL DEPARTURE LAST
                VALUE   (LST)  VALUE       VALUE  FROM      YEAR
                                                  NORMAL
..................................................................
TEMPERATURE (F)
 TODAY
  MAXIMUM         82    241 PM 106    2006  84     -2       74
  MINIMUM         47    532 AM  39    1971  59    -12       54
  AVERAGE         65                        72     -7       64

PRECIPITATION (IN)
  TODAY            0.00          2.12 1916   0.08  -0.08     0.05
  MONTH TO DATE    0.70                      2.94  -2.24     2.63
  SINCE JUN 1      4.01                      6.64  -2.63     4.83
  SINCE JAN 1      9.44                     13.78  -4.34    13.35

DEGREE DAYS
 COOLING
  TODAY            0                         7     -7        0
  MONTH TO DATE  112                       201    -89      192
  SINCE JUN 1    158                       293   -135      288
  SINCE JAN 1    200                       316   -116      309
..................................................................


WIND (MPH)
  HIGHEST WIND SPEED    14   HIGHEST WIND DIRECTION     N (20)
  HIGHEST GUST SPEED    19   HIGHEST GUST DIRECTION     N (350)
  AVERAGE WIND SPEED     3.9


SKY COVER
  POSSIBLE SUNSHINE  MM
  AVERAGE SKY COVER 0.1


WEATHER CONDITIONS
 THE FOLLOWING WEATHER WAS RECORDED TODAY.
  NO SIGNIFICANT WEATHER WAS OBSERVED.


RELATIVE HUMIDITY (PERCENT)
 HIGHEST   100          1200 AM
 LOWEST     39           300 PM
 AVERAGE    70

..........................................................


THE ABERDEEN SD CLIMATE NORMALS FOR TOMORROW
                         NORMAL    RECORD    YEAR
 MAXIMUM TEMPERATURE (F)   84       106      1987
 MINIMUM TEMPERATURE (F)   59        42      1903


SUNRISE AND SUNSET
JULY 30 2014..........SUNRISE   616 AM CDT   SUNSET   904 PM CDT
JULY 31 2014..........SUNRISE   617 AM CDT   SUNSET   903 PM CDT


-  INDICATES NEGATIVE NUMBERS.
R  INDICATES RECORD WAS SET OR TIED.
MM INDICATES DATA IS MISSING.
T  INDICATES TRACE AMOUNT.

&&

PEAK WIND WAS 19 MPH FROM THE NORTH AT 340 PM CDT.




$$
