000
CDUS43 KABR 251046
CLIABR


CLIMATE REPORT
NATIONAL WEATHER SERVICE ABERDEEN SD
545 AM CDT MON SEP 25 2017


...................................

...THE ABERDEEN SD CLIMATE SUMMARY FOR SEPTEMBER 24 2017...

CLIMATE NORMAL PERIOD 1981 TO 2010
CLIMATE RECORD PERIOD 1893 TO 2017


WEATHER ITEM   OBSERVED TIME   RECORD YEAR NORMAL DEPARTURE LAST
                VALUE   (LST)  VALUE       VALUE  FROM      YEAR
                                                  NORMAL
..................................................................
TEMPERATURE (F)
 YESTERDAY
  MAXIMUM         56    323 PM  90    1935  68    -12       82
  MINIMUM         50   1159 PM  23    2000  42      8       53
  AVERAGE         53                        55     -2       68

PRECIPITATION (IN)
  YESTERDAY        0.63          1.15 1934   0.07   0.56     0.00
  MONTH TO DATE    1.67                      1.76  -0.09     1.23
  SINCE SEP 1      1.67                      1.76  -0.09     1.23
  SINCE JAN 1     13.73                     18.05  -4.32    15.29

DEGREE DAYS
 HEATING
  YESTERDAY       12                        10      2        0
  MONTH TO DATE   94                       153    -59       65
  SINCE SEP 1     94                       153    -59       65
  SINCE JUL 1    113                       204    -91       96

 COOLING
  YESTERDAY        0                         0      0        3
  MONTH TO DATE   63                        39     24       54
  SINCE SEP 1     63                        39     24       54
  SINCE JAN 1    548                       522     26      715
..................................................................


WIND (MPH)
  HIGHEST WIND SPEED    18   HIGHEST WIND DIRECTION     N (350)
  HIGHEST GUST SPEED    22   HIGHEST GUST DIRECTION     N (340)
  AVERAGE WIND SPEED    10.0


SKY COVER
  POSSIBLE SUNSHINE  MM
  AVERAGE SKY COVER 1.0


WEATHER CONDITIONS
 THE FOLLOWING WEATHER WAS RECORDED YESTERDAY.
  HEAVY RAIN
  RAIN
  LIGHT RAIN
  FOG


RELATIVE HUMIDITY (PERCENT)
 HIGHEST   100          1200 AM
 LOWEST     83           700 PM
 AVERAGE    92

..........................................................


THE ABERDEEN SD CLIMATE NORMALS FOR TODAY
                         NORMAL    RECORD    YEAR
 MAXIMUM TEMPERATURE (F)   68        95      1938
 MINIMUM TEMPERATURE (F)   42        19      1926


SUNRISE AND SUNSET
SEPTEMBER 25 2017.....SUNRISE   725 AM CDT   SUNSET   725 PM CDT
SEPTEMBER 26 2017.....SUNRISE   726 AM CDT   SUNSET   723 PM CDT


-  INDICATES NEGATIVE NUMBERS.
R  INDICATES RECORD WAS SET OR TIED.
MM INDICATES DATA IS MISSING.
T  INDICATES TRACE AMOUNT.




$$
