000
CDUS43 KABR 031031
CLIABR


CLIMATE REPORT
NATIONAL WEATHER SERVICE ABERDEEN SD
530 AM CDT TUE MAY 3 2016


...................................

...THE ABERDEEN SD CLIMATE SUMMARY FOR MAY 2 2016...

CLIMATE NORMAL PERIOD 1981 TO 2010
CLIMATE RECORD PERIOD 1893 TO 2016


WEATHER ITEM   OBSERVED TIME   RECORD YEAR NORMAL DEPARTURE LAST
                VALUE   (LST)  VALUE       VALUE  FROM      YEAR
                                                  NORMAL
..................................................................
TEMPERATURE (F)
 YESTERDAY
  MAXIMUM         65   1202 PM  90    1955  65      0       88
  MINIMUM         33    253 AM  20    1909  39     -6       38
                                      1908
  AVERAGE         49                        52     -3       63

PRECIPITATION (IN)
  YESTERDAY        T             1.10 1899   0.10  -0.10     0.01
  MONTH TO DATE    T                         0.20  -0.20     0.05
  SINCE MAR 1      4.12                      3.21   0.91     0.83
  SINCE JAN 1      4.81                      4.23   0.58     1.88

DEGREE DAYS
 HEATING
  YESTERDAY       16                        13      3        2
  MONTH TO DATE   33                        27      6        6
  SINCE MAR 1   1355                      1735   -380     1419
  SINCE JUL 1   6592                      8198  -1606     7687

 COOLING
  YESTERDAY        0                         0      0        0
  MONTH TO DATE    0                         0      0        0
  SINCE MAR 1      1                         2     -1        0
  SINCE JAN 1      1                         2     -1        0
..................................................................


WIND (MPH)
  HIGHEST WIND SPEED    21   HIGHEST WIND DIRECTION    NW (320)
  HIGHEST GUST SPEED    26   HIGHEST GUST DIRECTION    NW (330)
  AVERAGE WIND SPEED     6.2


SKY COVER
  POSSIBLE SUNSHINE  MM
  AVERAGE SKY COVER 0.2


WEATHER CONDITIONS
 THE FOLLOWING WEATHER WAS RECORDED YESTERDAY.
  LIGHT RAIN


RELATIVE HUMIDITY (PERCENT)
 HIGHEST    89           500 AM
 LOWEST     28          1200 PM
 AVERAGE    59

..........................................................


THE ABERDEEN SD CLIMATE NORMALS FOR TODAY
                         NORMAL    RECORD    YEAR
 MAXIMUM TEMPERATURE (F)   65        90      1952
 MINIMUM TEMPERATURE (F)   39        13      2005


SUNRISE AND SUNSET
MAY  3 2016...........SUNRISE   618 AM CDT   SUNSET   844 PM CDT
MAY  4 2016...........SUNRISE   617 AM CDT   SUNSET   845 PM CDT


-  INDICATES NEGATIVE NUMBERS.
R  INDICATES RECORD WAS SET OR TIED.
MM INDICATES DATA IS MISSING.
T  INDICATES TRACE AMOUNT.




$$
