000
CDUS43 KABR 221037
CLIABR


CLIMATE REPORT
NATIONAL WEATHER SERVICE ABERDEEN SD
536 AM CDT MON SEP 22 2014


...................................

...THE ABERDEEN SD CLIMATE SUMMARY FOR SEPTEMBER 21 2014...

CLIMATE NORMAL PERIOD 1981 TO 2010
CLIMATE RECORD PERIOD 1893 TO 2014


WEATHER ITEM   OBSERVED TIME   RECORD YEAR NORMAL DEPARTURE LAST
                VALUE   (LST)  VALUE       VALUE  FROM      YEAR
                                                  NORMAL
..................................................................
TEMPERATURE (F)
 YESTERDAY
  MAXIMUM         72    401 PM  99    1937  70      2       72
                                      1936
  MINIMUM         41   1151 PM  22    1893  43     -2       33
  AVERAGE         57                        56      1       53

PRECIPITATION (IN)
  YESTERDAY        0.00          1.85 1959   0.07  -0.07     0.00
  MONTH TO DATE    0.23                      1.55  -1.32     1.50
  SINCE SEP 1      0.23                      1.55  -1.32     1.50
  SINCE JAN 1     15.86                     17.84  -1.98    15.26

DEGREE DAYS
 HEATING
  YESTERDAY        8                         9     -1       12
  MONTH TO DATE  167                       123     44       78
  SINCE SEP 1    167                       123     44       78
  SINCE JUL 1    229                       174     55      129

 COOLING
  YESTERDAY        0                         1     -1        0
  MONTH TO DATE   14                        37    -23       76
  SINCE SEP 1     14                        37    -23       76
  SINCE JAN 1    318                       520   -202      565
..................................................................


WIND (MPH)
  HIGHEST WIND SPEED    16   HIGHEST WIND DIRECTION     N (340)
  HIGHEST GUST SPEED    24   HIGHEST GUST DIRECTION     N (350)
  AVERAGE WIND SPEED     7.1


SKY COVER
  POSSIBLE SUNSHINE  MM
  AVERAGE SKY COVER 0.1


WEATHER CONDITIONS
 THE FOLLOWING WEATHER WAS RECORDED YESTERDAY.
  NO SIGNIFICANT WEATHER WAS OBSERVED.


RELATIVE HUMIDITY (PERCENT)
 HIGHEST    86           600 AM
 LOWEST     41           300 PM
 AVERAGE    64

..........................................................


THE ABERDEEN SD CLIMATE NORMALS FOR TODAY
                         NORMAL    RECORD    YEAR
 MAXIMUM TEMPERATURE (F)   69       103      1936
 MINIMUM TEMPERATURE (F)   43        20      1995


SUNRISE AND SUNSET
SEPTEMBER 22 2014.....SUNRISE   721 AM CDT   SUNSET   731 PM CDT
SEPTEMBER 23 2014.....SUNRISE   722 AM CDT   SUNSET   729 PM CDT


-  INDICATES NEGATIVE NUMBERS.
R  INDICATES RECORD WAS SET OR TIED.
MM INDICATES DATA IS MISSING.
T  INDICATES TRACE AMOUNT.




$$
