000
CDUS43 KABR 061031
CLIABR


CLIMATE REPORT
NATIONAL WEATHER SERVICE ABERDEEN SD
531 AM CDT MON JUL 6 2015


...................................

...THE ABERDEEN SD CLIMATE SUMMARY FOR JULY 5 2015...

CLIMATE NORMAL PERIOD 1981 TO 2010
CLIMATE RECORD PERIOD 1893 TO 2015


WEATHER ITEM   OBSERVED TIME   RECORD YEAR NORMAL DEPARTURE LAST
                VALUE   (LST)  VALUE       VALUE  FROM      YEAR
                                                  NORMAL
..................................................................
TEMPERATURE (F)
 YESTERDAY
  MAXIMUM         91    402 PM 108    1936  83      8       91
  MINIMUM         64    203 AM  35    1915  58      6       65
  AVERAGE         78                        70      8       78

PRECIPITATION (IN)
  YESTERDAY        1.42          2.98 1944   0.11   1.31     0.00
  MONTH TO DATE    2.88                      0.53   2.35     0.14
  SINCE JUN 1      4.98                      4.23   0.75     3.45
  SINCE JAN 1     13.20                     11.37   1.83     8.88

DEGREE DAYS
 HEATING
  YESTERDAY        0                         1     -1        0
  MONTH TO DATE    0                         5     -5       13
  SINCE JUN 1     14                        81    -67       96
  SINCE JUL 1      0                         5     -5       13

 COOLING
  YESTERDAY       13                         6      7       13
  MONTH TO DATE   38                        30      8       20
  SINCE JUN 1    177                       122     55       66
  SINCE JAN 1    191                       145     46      108
..................................................................


WIND (MPH)
  HIGHEST WIND SPEED    35   HIGHEST WIND DIRECTION     W (250)
  HIGHEST GUST SPEED    52   HIGHEST GUST DIRECTION     W (260)
  AVERAGE WIND SPEED    11.5


SKY COVER
  POSSIBLE SUNSHINE  MM
  AVERAGE SKY COVER 0.3


WEATHER CONDITIONS
 THE FOLLOWING WEATHER WAS RECORDED YESTERDAY.
  THUNDERSTORM
  HEAVY RAIN
  LIGHT RAIN
  FOG


RELATIVE HUMIDITY (PERCENT)
 HIGHEST    84           500 AM
 LOWEST     52           300 PM
 AVERAGE    68

..........................................................


THE ABERDEEN SD CLIMATE NORMALS FOR TODAY
                         NORMAL    RECORD    YEAR
 MAXIMUM TEMPERATURE (F)   83       115      1936
 MINIMUM TEMPERATURE (F)   58        42      1942


SUNRISE AND SUNSET
JULY  6 2015..........SUNRISE   552 AM CDT   SUNSET   924 PM CDT
JULY  7 2015..........SUNRISE   553 AM CDT   SUNSET   924 PM CDT


-  INDICATES NEGATIVE NUMBERS.
R  INDICATES RECORD WAS SET OR TIED.
MM INDICATES DATA IS MISSING.
T  INDICATES TRACE AMOUNT.




$$
