000
CDUS43 KABR 041029
CLIABR


CLIMATE REPORT
NATIONAL WEATHER SERVICE ABERDEEN SD
529 AM CDT TUE AUG 4 2015


...................................

...THE ABERDEEN SD CLIMATE SUMMARY FOR AUGUST 3 2015...

CLIMATE NORMAL PERIOD 1981 TO 2010
CLIMATE RECORD PERIOD 1893 TO 2015


WEATHER ITEM   OBSERVED TIME   RECORD YEAR NORMAL DEPARTURE LAST
                VALUE   (LST)  VALUE       VALUE  FROM      YEAR
                                                  NORMAL
..................................................................
TEMPERATURE (F)
 YESTERDAY
  MAXIMUM         83    530 PM 107    1947  84     -1       84
  MINIMUM         52    553 AM  39    1971  59     -7       57
  AVERAGE         68                        71     -3       71

PRECIPITATION (IN)
  YESTERDAY        0.00          1.81 1953   0.07  -0.07     0.44
  MONTH TO DATE    0.00                      0.23  -0.23     0.44
  SINCE JUN 1      6.16                      6.95  -0.79     4.45
  SINCE JAN 1     14.38                     14.09   0.29     9.88

DEGREE DAYS
 HEATING
  YESTERDAY        0                         0      0        0
  MONTH TO DATE    0                         0      0        0
  SINCE JUN 1     19                        90    -71      120
  SINCE JUL 1      5                        14     -9       37

 COOLING
  YESTERDAY        3                         7     -4        6
  MONTH TO DATE   18                        21     -3       17
  SINCE JUN 1    406                       321     85      177
  SINCE JAN 1    420                       344     76      219
..................................................................


WIND (MPH)
  HIGHEST WIND SPEED    15   HIGHEST WIND DIRECTION     N (340)
  HIGHEST GUST SPEED    20   HIGHEST GUST DIRECTION    NW (330)
  AVERAGE WIND SPEED     4.1


SKY COVER
  POSSIBLE SUNSHINE  MM
  AVERAGE SKY COVER 0.0


WEATHER CONDITIONS
 THE FOLLOWING WEATHER WAS RECORDED YESTERDAY.
  NO SIGNIFICANT WEATHER WAS OBSERVED.


RELATIVE HUMIDITY (PERCENT)
 HIGHEST    93           100 AM
 LOWEST     31           400 PM
 AVERAGE    62

..........................................................


THE ABERDEEN SD CLIMATE NORMALS FOR TODAY
                         NORMAL    RECORD    YEAR
 MAXIMUM TEMPERATURE (F)   84       107      1934
 MINIMUM TEMPERATURE (F)   59        42      1978


SUNRISE AND SUNSET
AUGUST  4 2015........SUNRISE   621 AM CDT   SUNSET   858 PM CDT
AUGUST  5 2015........SUNRISE   622 AM CDT   SUNSET   856 PM CDT


-  INDICATES NEGATIVE NUMBERS.
R  INDICATES RECORD WAS SET OR TIED.
MM INDICATES DATA IS MISSING.
T  INDICATES TRACE AMOUNT.




$$
