000
CDUS43 KABR 111030
CLIABR


CLIMATE REPORT
NATIONAL WEATHER SERVICE ABERDEEN SD
530 AM CDT FRI JUL 11 2014


...................................

...THE ABERDEEN SD CLIMATE SUMMARY FOR JULY 10 2014...

CLIMATE NORMAL PERIOD 1981 TO 2010
CLIMATE RECORD PERIOD 1893 TO 2014


WEATHER ITEM   OBSERVED TIME   RECORD YEAR NORMAL DEPARTURE LAST
                VALUE   (LST)  VALUE       VALUE  FROM      YEAR
                                                  NORMAL
..................................................................
TEMPERATURE (F)
 YESTERDAY
  MAXIMUM         82    541 PM 114    1936  83     -1       78
  MINIMUM         52    436 AM  42    1945  59     -7       52
  AVERAGE         67                        71     -4       65

PRECIPITATION (IN)
  YESTERDAY        0.01          1.40 1993   0.11  -0.10     0.00
  MONTH TO DATE    0.38                      1.07  -0.69     2.25
  SINCE JUN 1      3.69                      4.77  -1.08     4.45
  SINCE JAN 1      9.12                     11.91  -2.79    12.97

DEGREE DAYS
 HEATING
  YESTERDAY        0                         0      0        0
  MONTH TO DATE   13                         8      5        0
  SINCE JUN 1     96                        84     12       81
  SINCE JUL 1     13                         8      5        0

 COOLING
  YESTERDAY        2                         7     -5        0
  MONTH TO DATE   36                        61    -25       67
  SINCE JUN 1     82                       153    -71      163
  SINCE JAN 1    124                       176    -52      184
..................................................................


WIND (MPH)
  HIGHEST WIND SPEED    20   HIGHEST WIND DIRECTION     S (160)
  HIGHEST GUST SPEED    25   HIGHEST GUST DIRECTION     S (170)
  AVERAGE WIND SPEED     9.1


SKY COVER
  POSSIBLE SUNSHINE  MM
  AVERAGE SKY COVER 0.1


WEATHER CONDITIONS
 THE FOLLOWING WEATHER WAS RECORDED YESTERDAY.
  LIGHT RAIN


RELATIVE HUMIDITY (PERCENT)
 HIGHEST    93           100 AM
 LOWEST     60          1000 AM
 AVERAGE    77

..........................................................


THE ABERDEEN SD CLIMATE NORMALS FOR TODAY
                         NORMAL    RECORD    YEAR
 MAXIMUM TEMPERATURE (F)   83       110      1930
 MINIMUM TEMPERATURE (F)   59        45      1941


SUNRISE AND SUNSET
JULY 11 2014..........SUNRISE   556 AM CDT   SUNSET   922 PM CDT
JULY 12 2014..........SUNRISE   557 AM CDT   SUNSET   921 PM CDT


-  INDICATES NEGATIVE NUMBERS.
R  INDICATES RECORD WAS SET OR TIED.
MM INDICATES DATA IS MISSING.
T  INDICATES TRACE AMOUNT.




$$
