000
CDUS43 KABR 261442
CLIABR


CLIMATE REPORT
NATIONAL WEATHER SERVICE ABERDEEN SD
842 AM CST SUN FEB 26 2017


...................................

...THE ABERDEEN SD CLIMATE SUMMARY FOR FEBRUARY 25 2017...

CLIMATE NORMAL PERIOD 1981 TO 2010
CLIMATE RECORD PERIOD 1893 TO 2017


WEATHER ITEM   OBSERVED TIME   RECORD YEAR NORMAL DEPARTURE LAST
                VALUE   (LST)  VALUE       VALUE  FROM      YEAR
                                                  NORMAL
..................................................................
TEMPERATURE (F)
 YESTERDAY
  MAXIMUM         39    347 PM  70    1958  31      8       36
  MINIMUM         12    531 AM -29    1919  12      0       25
  AVERAGE         26                        21      5       31

PRECIPITATION (IN)
  YESTERDAY        T             0.93 1904   0.02  -0.02     0.00
  MONTH TO DATE    0.12                      0.47  -0.35     0.52
  SINCE DEC 1      2.41                      1.46   0.95     1.30
  SINCE JAN 1      0.63                      0.94  -0.31     0.66

SNOWFALL (IN)
  YESTERDAY        T             5.5  1904   0.3   -0.3      0.0
  MONTH TO DATE    0.7                       6.0   -5.3      8.3
  SINCE OCT 1     26.9                      27.0   -0.1     25.7
  SINCE JUL 1     26.9                      27.0   -0.1     25.7
  SNOW DEPTH       0

DEGREE DAYS
 HEATING
  YESTERDAY       39                        44     -5       34
  MONTH TO DATE  944                      1201   -257      944
  SINCE DEC 1   4152                      4372   -220     3715
  SINCE JUL 1   5502                      6335   -833     5127

 COOLING
  YESTERDAY        0                         0      0        0
  MONTH TO DATE    0                         0      0        0
  SINCE DEC 1      0                         0      0        0
  SINCE JAN 1      0                         0      0        0
..................................................................


WIND (MPH)
  HIGHEST WIND SPEED    18   HIGHEST WIND DIRECTION    SW (220)
  HIGHEST GUST SPEED    25   HIGHEST GUST DIRECTION    SW (240)
  AVERAGE WIND SPEED     7.8


SKY COVER
  POSSIBLE SUNSHINE  MM
  AVERAGE SKY COVER 0.4


WEATHER CONDITIONS
 THE FOLLOWING WEATHER WAS RECORDED YESTERDAY.
  LIGHT SNOW
  FOG


RELATIVE HUMIDITY (PERCENT)
 HIGHEST    92           900 PM
 LOWEST     40           200 PM
 AVERAGE    66

..........................................................


THE ABERDEEN SD CLIMATE NORMALS FOR TODAY
                         NORMAL    RECORD    YEAR
 MAXIMUM TEMPERATURE (F)   32        65      1896
 MINIMUM TEMPERATURE (F)   12       -20      1962
                                             1897


SUNRISE AND SUNSET
FEBRUARY 26 2017......SUNRISE   717 AM CST   SUNSET   617 PM CST
FEBRUARY 27 2017......SUNRISE   715 AM CST   SUNSET   618 PM CST


-  INDICATES NEGATIVE NUMBERS.
R  INDICATES RECORD WAS SET OR TIED.
MM INDICATES DATA IS MISSING.
T  INDICATES TRACE AMOUNT.




$$
