000
CDUS42 KTAE 110634
CLIABY


CLIMATE REPORT
NATIONAL WEATHER SERVICE TALLAHASSEE FL
132 AM EST MON DEC 11 2017

...................................

...THE ALBANY CLIMATE SUMMARY FOR DECEMBER 10 2017...

CLIMATE NORMAL PERIOD 1981 TO 2010
CLIMATE RECORD PERIOD 1930 TO 2017


WEATHER ITEM   OBSERVED TIME   RECORD YEAR NORMAL DEPARTURE LAST
                VALUE   (LST)  VALUE       VALUE  FROM      YEAR
                                                  NORMAL
..................................................................
TEMPERATURE (F)
 YESTERDAY
  MAXIMUM         53    421 PM  81    2007  63    -10       55
  MINIMUM         29    747 AM  21    1968  40    -11       29
  AVERAGE         41                        52    -11       42

PRECIPITATION (IN)
  YESTERDAY        0.00                      0.14  -0.14     0.00
  MONTH TO DATE    1.96                      1.45   0.51     7.78
  SINCE DEC 1      1.96                      1.45   0.51     7.78
  SINCE JAN 1     40.09                     46.27  -6.18    46.14

SNOWFALL (IN)
  YESTERDAY        0.0

DEGREE DAYS
 HEATING
  YESTERDAY       24                        14     10       23
  MONTH TO DATE  108                       125    -17      104
  SINCE DEC 1    108                       125    -17      104
  SINCE JUL 1    323                       395    -72      245

 COOLING
  YESTERDAY        0                         0      0        0
  MONTH TO DATE    5                         0      5        4
  SINCE DEC 1      5                         0      5        4
  SINCE JAN 1   2926                      2533    393     3019
..................................................................


WIND (MPH)
  HIGHEST WIND SPEED    13   HIGHEST WIND DIRECTION     W (280)
  HIGHEST GUST SPEED    16   HIGHEST GUST DIRECTION     W (280)
  AVERAGE WIND SPEED     4.6




RELATIVE HUMIDITY (PERCENT)
 HIGHEST    92
 LOWEST     30
 AVERAGE    61

..........................................................


THE ALBANY CLIMATE NORMALS FOR TODAY
                         NORMAL    RECORD    YEAR
 MAXIMUM TEMPERATURE (F)   63        82      2007
 MINIMUM TEMPERATURE (F)   40        20      1968


SUNRISE AND SUNSET
DECEMBER 11 2017......SUNRISE   726 AM EST   SUNSET   534 PM EST
DECEMBER 12 2017......SUNRISE   727 AM EST   SUNSET   534 PM EST


-  INDICATES NEGATIVE NUMBERS.
R  INDICATES RECORD WAS SET OR TIED.
MM INDICATES DATA IS MISSING.
T  INDICATES TRACE AMOUNT.

$$
