000
CDUS42 KTAE 060632
CLIABY


CLIMATE REPORT
NATIONAL WEATHER SERVICE TALLAHASSEE FL
232 AM EDT MON JUL 6 2015


...................................

...THE ALBANY CLIMATE SUMMARY FOR JULY 5 2015...

CLIMATE NORMAL PERIOD 1981 TO 2010
CLIMATE RECORD PERIOD 1930 TO 2015


WEATHER ITEM   OBSERVED TIME   RECORD YEAR NORMAL DEPARTURE LAST
                VALUE   (LST)  VALUE       VALUE  FROM      YEAR
                                                  NORMAL
..................................................................
TEMPERATURE (F)
 YESTERDAY
  MAXIMUM         82    953 AM 100    1979  93    -11       94
  MINIMUM         70    606 AM  62    1986  72     -2       69
  AVERAGE         76                        82     -6       82

PRECIPITATION (IN)
  YESTERDAY        0.64                      0.17   0.47     0.00
  MONTH TO DATE    1.12                      0.84   0.28     0.00
  SINCE JUN 1      6.49                      5.78   0.71     4.76
  SINCE JAN 1     22.35                     26.14  -3.79    23.82

SNOWFALL (IN)
  YESTERDAY        0.0

DEGREE DAYS
 HEATING
  YESTERDAY        0                         0      0        0
  MONTH TO DATE    0                         0      0        0
  SINCE JUN 1      0                         0      0        0
  SINCE JUL 1      0                         0      0        0

 COOLING
  YESTERDAY       11                        17     -6       17
  MONTH TO DATE   74                        85    -11       91
  SINCE JUN 1    556                       550      6      556
  SINCE JAN 1   1160                       990    170      950
..................................................................


WIND (MPH)
  HIGHEST WIND SPEED    21   HIGHEST WIND DIRECTION     N (340)
  HIGHEST GUST SPEED    25   HIGHEST GUST DIRECTION     N (340)
  AVERAGE WIND SPEED     4.3




RELATIVE HUMIDITY (PERCENT)
 HIGHEST   100
 LOWEST     74
 AVERAGE    87

..........................................................


THE ALBANY CLIMATE NORMALS FOR TODAY
                         NORMAL    RECORD    YEAR
 MAXIMUM TEMPERATURE (F)   93       102      1936
 MINIMUM TEMPERATURE (F)   72        59      1970


SUNRISE AND SUNSET
JULY  6 2015..........SUNRISE   638 AM EDT   SUNSET   845 PM EDT
JULY  7 2015..........SUNRISE   638 AM EDT   SUNSET   845 PM EDT


-  INDICATES NEGATIVE NUMBERS.
R  INDICATES RECORD WAS SET OR TIED.
MM INDICATES DATA IS MISSING.
T  INDICATES TRACE AMOUNT.




$$
