000
CDUS42 KTAE 280631
CLIABY


CLIMATE REPORT
NATIONAL WEATHER SERVICE TALLAHASSEE FL
231 AM EDT SUN MAY 28 2017


...................................

...THE ALBANY CLIMATE SUMMARY FOR MAY 27 2017...

CLIMATE NORMAL PERIOD 1981 TO 2010
CLIMATE RECORD PERIOD 1930 TO 2017


WEATHER ITEM   OBSERVED TIME   RECORD YEAR NORMAL DEPARTURE LAST
                VALUE   (LST)  VALUE       VALUE  FROM      YEAR
                                                  NORMAL
..................................................................
TEMPERATURE (F)
 YESTERDAY
  MAXIMUM         89    406 PM 100    1962  89      0       90
  MINIMUM         63    558 AM  47    1988  66     -3       63
  AVERAGE         76                        77     -1       77

PRECIPITATION (IN)
  YESTERDAY        0.00                      0.12  -0.12     0.00
  MONTH TO DATE    3.83                      2.13   1.70     0.78
  SINCE MAR 1      7.18                     10.82  -3.64    12.42
  SINCE JAN 1     19.00                     19.80  -0.80    22.73

SNOWFALL (IN)
  YESTERDAY        0.0

DEGREE DAYS
 HEATING
  YESTERDAY        0                         0      0        0
  MONTH TO DATE   10                         0     10        4
  SINCE MAR 1    199                       274    -75      155
  SINCE JUL 1   1002                      1834   -832     1290

 COOLING
  YESTERDAY       11                        12     -1       12
  MONTH TO DATE  245                       249     -4      241
  SINCE MAR 1    526                       380    146      425
  SINCE JAN 1    564                       389    175      428
..................................................................


WIND (MPH)
  HIGHEST WIND SPEED    14   HIGHEST WIND DIRECTION     W (270)
  HIGHEST GUST SPEED    17   HIGHEST GUST DIRECTION     W (250)
  AVERAGE WIND SPEED     4.7




RELATIVE HUMIDITY (PERCENT)
 HIGHEST    93
 LOWEST     43
 AVERAGE    68

..........................................................


THE ALBANY CLIMATE NORMALS FOR TODAY
                         NORMAL    RECORD    YEAR
 MAXIMUM TEMPERATURE (F)   89       101      1962
 MINIMUM TEMPERATURE (F)   66        46      1988


SUNRISE AND SUNSET
MAY 28 2017...........SUNRISE   634 AM EDT   SUNSET   835 PM EDT
MAY 29 2017...........SUNRISE   633 AM EDT   SUNSET   835 PM EDT


-  INDICATES NEGATIVE NUMBERS.
R  INDICATES RECORD WAS SET OR TIED.
MM INDICATES DATA IS MISSING.
T  INDICATES TRACE AMOUNT.




$$
