000
CDUS42 KTAE 282236
CLIABY


CLIMATE REPORT
NATIONAL WEATHER SERVICE TALLAHASSEE FL
531 PM EST SUN DEC 28 2014

...................................

...THE ALBANY CLIMATE SUMMARY FOR DECEMBER 28 2014...
VALID TODAY AS OF 0500 PM LOCAL TIME.

CLIMATE NORMAL PERIOD 1981 TO 2010
CLIMATE RECORD PERIOD 1930 TO 2014


WEATHER ITEM   OBSERVED TIME   RECORD YEAR NORMAL DEPARTURE LAST
                VALUE   (LST)  VALUE       VALUE  FROM      YEAR
                                                  NORMAL
..................................................................
TEMPERATURE (F)
 TODAY
  MAXIMUM         77    142 PM  80    2007  61     16       53
                                      1982
  MINIMUM         53    411 AM  19    2010  38     15       44
                                      1970
  AVERAGE         65                        49     16       49

PRECIPITATION (IN)
  TODAY            0.00                      0.07  -0.07     0.04
  MONTH TO DATE    6.30                      3.53   2.77     2.36
  SINCE DEC 1      6.30                      3.53   2.77     2.36
  SINCE JAN 1     50.22                     48.35   1.87    48.09

..................................................................

THE ALBANY CLIMATE NORMALS FOR TOMORROW
                         NORMAL    RECORD    YEAR
 MAXIMUM TEMPERATURE (F)   61        88      1984
 MINIMUM TEMPERATURE (F)   38        20      1977



-  INDICATES NEGATIVE NUMBERS.
R  INDICATES RECORD WAS SET OR TIED.
MM INDICATES DATA IS MISSING.
T  INDICATES TRACE AMOUNT.

$$
