000
CDUS42 KTAE 210631
CLIABY


CLIMATE REPORT
NATIONAL WEATHER SERVICE TALLAHASSEE FL
130 AM EST SAT JAN 21 2017


...................................

...THE ALBANY CLIMATE SUMMARY FOR JANUARY 20 2017...

CLIMATE NORMAL PERIOD 1981 TO 2010
CLIMATE RECORD PERIOD 1930 TO 2017


WEATHER ITEM   OBSERVED TIME   RECORD YEAR NORMAL DEPARTURE LAST
                VALUE   (LST)  VALUE       VALUE  FROM      YEAR
                                                  NORMAL
..................................................................
TEMPERATURE (F)
 YESTERDAY
  MAXIMUM         77    417 PM  80    1990  61     16       60
  MINIMUM         62    536 AM  10    1977  38     24       26
  AVERAGE         70                        49     21       43

PRECIPITATION (IN)
  YESTERDAY        0.61                      0.16   0.45     0.00
  MONTH TO DATE    3.91                      2.71   1.20     1.77
  SINCE DEC 1     14.59                      6.46   8.13     8.63
  SINCE JAN 1      3.91                      2.71   1.20     1.77

SNOWFALL (IN)
  YESTERDAY        0.0

DEGREE DAYS
 HEATING
  YESTERDAY        0                        16    -16       22
  MONTH TO DATE  159                       320   -161      348
  SINCE DEC 1    412                       763   -351      501
  SINCE JUL 1    553                      1033   -480      625

 COOLING
  YESTERDAY        5                         0      5        0
  MONTH TO DATE   16                         0     16        0
  SINCE DEC 1     39                         9     30       76
  SINCE JAN 1     16                         0     16        0
..................................................................


WIND (MPH)
  HIGHEST WIND SPEED    21   HIGHEST WIND DIRECTION    SE (150)
  HIGHEST GUST SPEED    25   HIGHEST GUST DIRECTION    SE (140)
  AVERAGE WIND SPEED     6.1




RELATIVE HUMIDITY (PERCENT)
 HIGHEST   100
 LOWEST     69
 AVERAGE    85

..........................................................


THE ALBANY CLIMATE NORMALS FOR TODAY
                         NORMAL    RECORD    YEAR
 MAXIMUM TEMPERATURE (F)   61        82      1990
 MINIMUM TEMPERATURE (F)   38         1      1985


SUNRISE AND SUNSET
JANUARY 21 2017.......SUNRISE   735 AM EST   SUNSET   602 PM EST
JANUARY 22 2017.......SUNRISE   734 AM EST   SUNSET   603 PM EST


-  INDICATES NEGATIVE NUMBERS.
R  INDICATES RECORD WAS SET OR TIED.
MM INDICATES DATA IS MISSING.
T  INDICATES TRACE AMOUNT.




$$
