000
CDUS42 KTAE 220633
CLIABY


CLIMATE REPORT
NATIONAL WEATHER SERVICE TALLAHASSEE FL
132 AM EST THU FEB 22 2018


...................................

...THE ALBANY CLIMATE SUMMARY FOR FEBRUARY 21 2018...

CLIMATE NORMAL PERIOD 1981 TO 2010
CLIMATE RECORD PERIOD 1930 TO 2018


WEATHER ITEM   OBSERVED TIME   RECORD YEAR NORMAL DEPARTURE LAST
                VALUE   (LST)  VALUE       VALUE  FROM      YEAR
                                                  NORMAL
..................................................................
TEMPERATURE (F)
 YESTERDAY
  MAXIMUM         85R   416 PM  84    1991  66     19       75
  MINIMUM         66   1156 PM  21    1958  41     25       55
  AVERAGE         76                        54     22       65

PRECIPITATION (IN)
  YESTERDAY        0.00                      0.15  -0.15     0.15
  MONTH TO DATE    4.70                      3.01   1.69     2.26
  SINCE DEC 1     10.69                     11.58  -0.89    21.72
  SINCE JAN 1      7.57                      7.83  -0.26    11.04

SNOWFALL (IN)
  YESTERDAY        0.0
  MONTH TO DATE    0.0
  SINCE DEC 1      0.1
  SINCE JUL 1      0.1

DEGREE DAYS
 HEATING
  YESTERDAY        0                        12    -12        0
  MONTH TO DATE  101                       281   -180      122
  SINCE DEC 1   1024                      1215   -191      645
  SINCE JUL 1   1239                      1485   -246      786

 COOLING
  YESTERDAY       11                         0     11        0
  MONTH TO DATE   47                         0     47        6
  SINCE DEC 1     65                        13     52       49
  SINCE JAN 1     52                         4     48       26
..................................................................


WIND (MPH)
  HIGHEST WIND SPEED    15   HIGHEST WIND DIRECTION     S (190)
  HIGHEST GUST SPEED    20   HIGHEST GUST DIRECTION     S (190)
  AVERAGE WIND SPEED     6.6




RELATIVE HUMIDITY (PERCENT)
 HIGHEST   100
 LOWEST     51
 AVERAGE    76

..........................................................


THE ALBANY CLIMATE NORMALS FOR TODAY
                         NORMAL    RECORD    YEAR
 MAXIMUM TEMPERATURE (F)   66        83      2005
                                             1991
 MINIMUM TEMPERATURE (F)   42        21      1963


SUNRISE AND SUNSET
FEBRUARY 22 2018......SUNRISE   711 AM EST   SUNSET   629 PM EST
FEBRUARY 23 2018......SUNRISE   710 AM EST   SUNSET   630 PM EST


-  INDICATES NEGATIVE NUMBERS.
R  INDICATES RECORD WAS SET OR TIED.
MM INDICATES DATA IS MISSING.
T  INDICATES TRACE AMOUNT.




$$
