000
CDUS44 KFWD 250653
CLIACT

CLIMATE REPORT
NATIONAL WEATHER SERVICE FORT WORTH TX
1252 AM CST THU DEC 25 2014

...................................

...THE WACO CLIMATE SUMMARY FOR DECEMBER 24 2014...

CLIMATE NORMAL PERIOD 1981 TO 2010
CLIMATE RECORD PERIOD 1901 TO 2014

WEATHER ITEM   OBSERVED TIME   RECORD YEAR NORMAL DEPARTURE LAST
                VALUE   (LST)  VALUE       VALUE  FROM      YEAR
                                                  NORMAL
..................................................................
TEMPERATURE (F)
 YESTERDAY
  MAXIMUM         55    326 PM  91    1955  58     -3       53
  MINIMUM         31   1031 PM  12    1983  36     -5       25
  AVERAGE         43                        47     -4       39

PRECIPITATION (IN)
  YESTERDAY        0.00          2.20 1909   0.10  -0.10     0.00
  MONTH TO DATE    0.51                      2.16  -1.65     1.34
  SINCE DEC 1      0.51                      2.16  -1.65     1.34
  SINCE JAN 1     30.06                     34.10  -4.04    37.89

SNOWFALL (IN)
  YESTERDAY        0.0           0.1  2009   0.0    0.0      0.0
  MONTH TO DATE    0.0                       0.0    0.0       T
  SINCE DEC 1      0.0                       0.0    0.0       T
  SINCE JUL 1      0.0                       0.1   -0.1       T
  SNOW DEPTH       0

DEGREE DAYS
 HEATING
  YESTERDAY       22                        18      4       26
  MONTH TO DATE  291                       394   -103      492
  SINCE DEC 1    291                       394   -103      492
  SINCE JUL 1    673                       722    -49      906

 COOLING
  YESTERDAY        0                         0      0        0
  MONTH TO DATE    4                         0      4        0
  SINCE DEC 1      4                         0      4        0
  SINCE JAN 1   2754                      2792    -38     2870
..................................................................

WIND (MPH)
  HIGHEST WIND SPEED    22   HIGHEST WIND DIRECTION    NW (320)
  HIGHEST GUST SPEED    29   HIGHEST GUST DIRECTION    NW (320)
  AVERAGE WIND SPEED    11.7


SKY COVER
  POSSIBLE SUNSHINE  MM
  AVERAGE SKY COVER 0.2


WEATHER CONDITIONS
 THE FOLLOWING WEATHER WAS RECORDED YESTERDAY.
  NO SIGNIFICANT WEATHER WAS OBSERVED.


RELATIVE HUMIDITY (PERCENT)
 HIGHEST    89          1000 PM
 LOWEST     41           400 PM
 AVERAGE    65

..........................................................

THE WACO CLIMATE NORMALS FOR TODAY
                         NORMAL    RECORD    YEAR
 MAXIMUM TEMPERATURE (F)   58        78      1964
                                             1955
                                             1951
 MINIMUM TEMPERATURE (F)   36         7      1983


SUNRISE AND SUNSET
DECEMBER 25 2014......SUNRISE   726 AM CST   SUNSET   532 PM CST
DECEMBER 26 2014......SUNRISE   727 AM CST   SUNSET   532 PM CST


-  INDICATES NEGATIVE NUMBERS.
R  INDICATES RECORD WAS SET OR TIED.
MM INDICATES DATA IS MISSING.
T  INDICATES TRACE AMOUNT.

$$
