000
CDUS44 KFWD 310652
CLIACT


CLIMATE REPORT
NATIONAL WEATHER SERVICE FORT WORTH TX
151 AM CDT TUE MAY 31 2016


...................................

...THE WACO CLIMATE SUMMARY FOR MAY 30 2016...

CLIMATE NORMAL PERIOD 1981 TO 2010
CLIMATE RECORD PERIOD 1901 TO 2016


WEATHER ITEM   OBSERVED TIME   RECORD YEAR NORMAL DEPARTURE LAST
                VALUE   (LST)  VALUE       VALUE  FROM      YEAR
                                                  NORMAL
..................................................................
TEMPERATURE (F)
 YESTERDAY
  MAXIMUM         87    428 PM 100    1985  88     -1       84
  MINIMUM         68    422 AM  50    1984  68      0       65
  AVERAGE         78                        78      0       75

PRECIPITATION (IN)
  YESTERDAY        0.24          2.47 1986   0.15   0.09     0.20
  MONTH TO DATE    7.72                      4.16   3.56     9.27
  SINCE MAR 1     19.60                     10.00   9.60    16.61
  SINCE JAN 1     22.05                     14.75   7.30    21.34

DEGREE DAYS
 HEATING
  YESTERDAY        0                         0      0        0
  MONTH TO DATE   11                         4      7        2
  SINCE MAR 1    214                       328   -114      352
  SINCE JUL 1   1691                      2140   -449     2306

 COOLING
  YESTERDAY       13                        13      0       10
  MONTH TO DATE  233                       285    -52      265
  SINCE MAR 1    369                       430    -61      426
  SINCE JAN 1    377                       439    -62      426
..................................................................


WIND (MPH)
  HIGHEST WIND SPEED    30   HIGHEST WIND DIRECTION     S (170)
  HIGHEST GUST SPEED    38   HIGHEST GUST DIRECTION     S (160)
  AVERAGE WIND SPEED    10.2


SKY COVER
  POSSIBLE SUNSHINE  MM
  AVERAGE SKY COVER 0.1


WEATHER CONDITIONS
 THE FOLLOWING WEATHER WAS RECORDED YESTERDAY.
  THUNDERSTORM
  RAIN
  LIGHT RAIN
  FOG


RELATIVE HUMIDITY (PERCENT)
 HIGHEST    82           100 AM
 LOWEST     48           300 PM
 AVERAGE    65

..........................................................


THE WACO CLIMATE NORMALS FOR TODAY
                         NORMAL    RECORD    YEAR
 MAXIMUM TEMPERATURE (F)   89       102      1985
 MINIMUM TEMPERATURE (F)   68        55      1984
                                             1975


SUNRISE AND SUNSET
MAY 31 2016...........SUNRISE   625 AM CDT   SUNSET   829 PM CDT
JUNE  1 2016..........SUNRISE   624 AM CDT   SUNSET   829 PM CDT


-  INDICATES NEGATIVE NUMBERS.
R  INDICATES RECORD WAS SET OR TIED.
MM INDICATES DATA IS MISSING.
T  INDICATES TRACE AMOUNT.




$$
