000
CDUS44 KFWD 300645
CLIACT


CLIMATE REPORT
NATIONAL WEATHER SERVICE FORT WORTH TX
145 AM CDT THU JUL 30 2015

...................................

...THE WACO CLIMATE SUMMARY FOR JULY 29 2015...

CLIMATE NORMAL PERIOD 1981 TO 2010
CLIMATE RECORD PERIOD 1901 TO 2015


WEATHER ITEM   OBSERVED TIME   RECORD YEAR NORMAL DEPARTURE LAST
                VALUE   (LST)  VALUE       VALUE  FROM      YEAR
                                                  NORMAL
..................................................................
TEMPERATURE (F)
 YESTERDAY
  MAXIMUM        100    413 PM 106    1986  98      2       93
                                      1974
                                      1912
  MINIMUM         76    619 AM  65    1994  75      1       73
  AVERAGE         88                        86      2       83

PRECIPITATION (IN)
  YESTERDAY        0.00          4.93 2004   0.05  -0.05     0.00
  MONTH TO DATE    0.00                      1.67  -1.67     0.15
  SINCE JUN 1      5.97                      5.10   0.87     8.46
  SINCE JAN 1     27.31                     19.99   7.32    19.60

DEGREE DAYS
 HEATING
  YESTERDAY        0                         0      0        0
  MONTH TO DATE    0                         0      0        0
  SINCE JUN 1      0                         0      0        0
  SINCE JUL 1      0                         0      0        0

 COOLING
  YESTERDAY       23                        21      2       18
  MONTH TO DATE  601                       584     17      528
  SINCE JUN 1   1105                      1072     33     1009
  SINCE JAN 1   1540                      1524     16     1396
..................................................................


WIND (MPH)
  HIGHEST WIND SPEED    17   HIGHEST WIND DIRECTION     S (180)
  HIGHEST GUST SPEED    21   HIGHEST GUST DIRECTION     S (180)
  AVERAGE WIND SPEED     8.7


SKY COVER
  POSSIBLE SUNSHINE  MM
  AVERAGE SKY COVER 0.0


WEATHER CONDITIONS
 THE FOLLOWING WEATHER WAS RECORDED YESTERDAY.
  NO SIGNIFICANT WEATHER WAS OBSERVED.


RELATIVE HUMIDITY (PERCENT)
 HIGHEST    87           600 AM
 LOWEST     31           200 PM
 AVERAGE    59

..........................................................


THE WACO CLIMATE NORMALS FOR TODAY
                         NORMAL    RECORD    YEAR
 MAXIMUM TEMPERATURE (F)   98       108      1957
 MINIMUM TEMPERATURE (F)   75        63      1984


SUNRISE AND SUNSET
JULY 30 2015..........SUNRISE   644 AM CDT   SUNSET   827 PM CDT
JULY 31 2015..........SUNRISE   644 AM CDT   SUNSET   826 PM CDT


-  INDICATES NEGATIVE NUMBERS.
R  INDICATES RECORD WAS SET OR TIED.
MM INDICATES DATA IS MISSING.
T  INDICATES TRACE AMOUNT.

$$
