000
CDUS44 KFWD 182126
CLIACT


CLIMATE REPORT
NATIONAL WEATHER SERVICE FORT WORTH TX
425 PM CDT WED OCT 18 2017


...................................

...THE WACO CLIMATE SUMMARY FOR OCTOBER 18 2017...
VALID AS OF 0400 PM LOCAL TIME.

CLIMATE NORMAL PERIOD 1981 TO 2010
CLIMATE RECORD PERIOD 1901 TO 2017


WEATHER ITEM   OBSERVED TIME   RECORD YEAR NORMAL DEPARTURE LAST
                VALUE   (LST)  VALUE       VALUE  FROM      YEAR
                                                  NORMAL
..................................................................
TEMPERATURE (F)
 TODAY
  MAXIMUM         84    259 PM  96    1947  79      5       92
  MINIMUM         41    646 AM  34    1948  56    -15       74
  AVERAGE         63

PRECIPITATION (IN)
  TODAY            0.00          2.86 1960   0.14  -0.14     0.00
  MONTH TO DATE    0.12                      2.28  -2.16     0.18
  SINCE SEP 1      0.63                      5.34  -4.71     0.90
  SINCE JAN 1     29.34                     27.50   1.84    32.88

SNOWFALL (IN)
  TODAY            0.0           0.0    MM   0.0    0.0      0.0
  MONTH TO DATE    0.0                       0.0    0.0      0.0
  SINCE SEP 1      0.0                       0.0    0.0      0.0
  SINCE JUL 1      0.0                       0.0    0.0      0.0
  SNOW DEPTH       0

..................................................................


WIND (MPH)
  HIGHEST WIND SPEED    13   HIGHEST WIND DIRECTION     S (180)
  HIGHEST GUST SPEED    17   HIGHEST GUST DIRECTION     S (160)
  AVERAGE WIND SPEED     6.0




..........................................................


THE WACO CLIMATE NORMALS FOR TOMORROW
                         NORMAL    RECORD    YEAR
 MAXIMUM TEMPERATURE (F)   79        94      2004
 MINIMUM TEMPERATURE (F)   56        37      1989


SUNRISE AND SUNSET
OCTOBER 18 2017.......SUNRISE   734 AM CDT   SUNSET   653 PM CDT
OCTOBER 19 2017.......SUNRISE   735 AM CDT   SUNSET   652 PM CDT


-  INDICATES NEGATIVE NUMBERS.
R  INDICATES RECORD WAS SET OR TIED.
MM INDICATES DATA IS MISSING.
T  INDICATES TRACE AMOUNT.




$$
