000
CDUS44 KFWD 212123
CLIACT

CLIMATE REPORT
NATIONAL WEATHER SERVICE FORT WORTH TX
422 PM CDT SUN SEP 21 2014


...................................

...THE WACO CLIMATE SUMMARY FOR SEPTEMBER 21 2014...
VALID AS OF 0400 PM LOCAL TIME.

CLIMATE NORMAL PERIOD 1981 TO 2010
CLIMATE RECORD PERIOD 1901 TO 2014


WEATHER ITEM   OBSERVED TIME   RECORD YEAR NORMAL DEPARTURE LAST
                VALUE   (LST)  VALUE       VALUE  FROM      YEAR
                                                  NORMAL
..................................................................
TEMPERATURE (F)
 TODAY
  MAXIMUM         93    305 PM 101    1933  88      5       85
  MINIMUM         67    630 AM  45    1938  64      3       62
  AVERAGE         80

PRECIPITATION (IN)
  TODAY            0.00          2.25 1995   0.09  -0.09     0.00
  MONTH TO DATE    1.28                      2.11  -0.83     3.64
  SINCE SEP 1      1.28                      2.11  -0.83     3.64
  SINCE JAN 1     21.86                     24.27  -2.41    25.07

..................................................................


WIND (MPH)
  HIGHEST WIND SPEED    12   HIGHEST WIND DIRECTION     E (70)
  HIGHEST GUST SPEED    17   HIGHEST GUST DIRECTION     E (70)
  AVERAGE WIND SPEED     2.8




..........................................................


THE WACO CLIMATE NORMALS FOR TOMORROW
                         NORMAL    RECORD    YEAR
 MAXIMUM TEMPERATURE (F)   88       100      2005
 MINIMUM TEMPERATURE (F)   64        40      1983


SUNRISE AND SUNSET
SEPTEMBER 21 2014.....SUNRISE   716 AM CDT   SUNSET   727 PM CDT
SEPTEMBER 22 2014.....SUNRISE   717 AM CDT   SUNSET   725 PM CDT


-  INDICATES NEGATIVE NUMBERS.
R  INDICATES RECORD WAS SET OR TIED.
MM INDICATES DATA IS MISSING.
T  INDICATES TRACE AMOUNT.




$$
