000
CDUS44 KFWD 050646
CLIACT


CLIMATE REPORT
NATIONAL WEATHER SERVICE FORT WORTH TX
1246 AM CST MON DEC 5 2016

...THE WACO CLIMATE SUMMARY FOR DECEMBER 4 2016...

CLIMATE NORMAL PERIOD 1981 TO 2010
CLIMATE RECORD PERIOD 1901 TO 2016


WEATHER ITEM   OBSERVED TIME   RECORD YEAR NORMAL DEPARTURE LAST
                VALUE   (LST)  VALUE       VALUE  FROM      YEAR
                                                  NORMAL
..................................................................
TEMPERATURE (F)
 YESTERDAY
  MAXIMUM         52    356 PM  85    1977  61     -9       60
                                      1954
  MINIMUM         48    846 AM  19    2006  40      8       32
  AVERAGE         50                        51     -1       46

PRECIPITATION (IN)
  YESTERDAY        0.07          5.40 1913   0.09  -0.02     0.00
  MONTH TO DATE    0.92                      0.34   0.58     0.00
  SINCE DEC 1      0.92                      0.34   0.58     0.00
  SINCE JAN 1     38.20                     32.28   5.92    50.12

SNOWFALL (IN)
  YESTERDAY       MM             T    2009   0.0   MM        0.0
                                      1964
  MONTH TO DATE    0.0                       0.0    0.0      0.0
  SINCE DEC 1      0.0                       0.0    0.0      0.0
  SINCE JUL 1      0.0                       0.1   -0.1      0.0
  SNOW DEPTH       0

DEGREE DAYS
 HEATING
  YESTERDAY       15                        15      0       19
  MONTH TO DATE   57                        57      0       74
  SINCE DEC 1     57                        57      0       74
  SINCE JUL 1    200                       385   -185      309

 COOLING
  YESTERDAY        0                         0      0        0
  MONTH TO DATE    0                         0      0        0
  SINCE DEC 1      0                         0      0        0
  SINCE JAN 1   3041                      2792    249     3050
..................................................................


WIND (MPH)
  HIGHEST WIND SPEED    20   HIGHEST WIND DIRECTION     N (10)
  HIGHEST GUST SPEED    23   HIGHEST GUST DIRECTION     N (20)
  AVERAGE WIND SPEED     9.9


SKY COVER
  POSSIBLE SUNSHINE  MM
  AVERAGE SKY COVER 1.0


WEATHER CONDITIONS
 THE FOLLOWING WEATHER WAS RECORDED YESTERDAY.
  LIGHT RAIN
  FOG


RELATIVE HUMIDITY (PERCENT)
 HIGHEST   100          1200 AM
 LOWEST     80           600 PM
 AVERAGE    90

..........................................................


THE WACO CLIMATE NORMALS FOR TODAY
                         NORMAL    RECORD    YEAR
 MAXIMUM TEMPERATURE (F)   61        81      2007
 MINIMUM TEMPERATURE (F)   39        22      1950


SUNRISE AND SUNSET
DECEMBER  5 2016......SUNRISE   714 AM CST   SUNSET   525 PM CST
DECEMBER  6 2016......SUNRISE   715 AM CST   SUNSET   525 PM CST


-  INDICATES NEGATIVE NUMBERS.
R  INDICATES RECORD WAS SET OR TIED.
MM INDICATES DATA IS MISSING.
T  INDICATES TRACE AMOUNT.




$$
