000
CDUS44 KFWD 300648
CLIACT

CLIMATE REPORT
NATIONAL WEATHER SERVICE FORT WORTH TX
148 AM CDT TUE SEP 30 2014

...................................

...THE WACO CLIMATE SUMMARY FOR SEPTEMBER 29 2014...

CLIMATE NORMAL PERIOD 1981 TO 2010
CLIMATE RECORD PERIOD 1901 TO 2014


WEATHER ITEM   OBSERVED TIME   RECORD YEAR NORMAL DEPARTURE LAST
                VALUE   (LST)  VALUE       VALUE  FROM      YEAR
                                                  NORMAL
..................................................................
TEMPERATURE (F)
 YESTERDAY
  MAXIMUM         91    205 PM 101    2011  85      6       80
  MINIMUM         63    649 AM  45    1909  62      1       63
                                      1908
  AVERAGE         77                        74      3       72

PRECIPITATION (IN)
  YESTERDAY        0.00          3.25 1988   0.10  -0.10     0.06
  MONTH TO DATE    1.28                      2.96  -1.68     5.43
  SINCE SEP 1      1.28                      2.96  -1.68     5.43
  SINCE JAN 1     21.86                     25.12  -3.26    26.86

DEGREE DAYS
 HEATING
  YESTERDAY        0                         1     -1        0
  MONTH TO DATE    0                         2     -2        0
  SINCE SEP 1      0                         2     -2        0
  SINCE JUL 1      0                         2     -2        0

 COOLING
  YESTERDAY       12                         9      3        7
  MONTH TO DATE  426                       389     37      490
  SINCE SEP 1    426                       389     37      490
  SINCE JAN 1   2501                      2584    -83     2701
..................................................................

WIND (MPH)
  HIGHEST WIND SPEED    14   HIGHEST WIND DIRECTION    NE (30)
  HIGHEST GUST SPEED    20   HIGHEST GUST DIRECTION    NE (50)
  AVERAGE WIND SPEED     4.4


SKY COVER
  POSSIBLE SUNSHINE  MM
  AVERAGE SKY COVER 0.1


WEATHER CONDITIONS
 THE FOLLOWING WEATHER WAS RECORDED YESTERDAY.
  NO SIGNIFICANT WEATHER WAS OBSERVED.


RELATIVE HUMIDITY (PERCENT)
 HIGHEST    84           600 AM
 LOWEST     34           200 PM
 AVERAGE    59

..........................................................

THE WACO CLIMATE NORMALS FOR TODAY
                         NORMAL    RECORD    YEAR
 MAXIMUM TEMPERATURE (F)   85       100      1977
 MINIMUM TEMPERATURE (F)   61        44      1984
                                             1916


SUNRISE AND SUNSET
SEPTEMBER 30 2014.....SUNRISE   722 AM CDT   SUNSET   715 PM CDT
OCTOBER  1 2014.......SUNRISE   723 AM CDT   SUNSET   714 PM CDT


-  INDICATES NEGATIVE NUMBERS.
R  INDICATES RECORD WAS SET OR TIED.
MM INDICATES DATA IS MISSING.
T  INDICATES TRACE AMOUNT.

$$
