000
CDUS44 KFWD 240646
CLIACT


CLIMATE REPORT
NATIONAL WEATHER SERVICE FORT WORTH TX
146 AM CDT SUN MAY 24 2015

...THE WACO CLIMATE SUMMARY FOR MAY 23 2015...

CLIMATE NORMAL PERIOD 1981 TO 2010
CLIMATE RECORD PERIOD 1901 TO 2015


WEATHER ITEM   OBSERVED TIME   RECORD YEAR NORMAL DEPARTURE LAST
                VALUE   (LST)  VALUE       VALUE  FROM      YEAR
                                                  NORMAL
..................................................................
TEMPERATURE (F)
 YESTERDAY
  MAXIMUM         86    110 PM  98    1996  87     -1       85
  MINIMUM         67   1148 PM  54    2001  66      1       68
                                      1963
                                      1917
  AVERAGE         77                        76      1       77

PRECIPITATION (IN)
  YESTERDAY        1.04          4.37 1975   0.14   0.90      T
  MONTH TO DATE    4.45                      3.15   1.30     5.16
  SINCE MAR 1     11.79                      8.99   2.80     7.79
  SINCE JAN 1     16.52                     13.74   2.78     8.55

DEGREE DAYS
 HEATING
  YESTERDAY        0                         0      0        0
  MONTH TO DATE    2                         4     -2       18
  SINCE MAR 1    352                       328     24      468
  SINCE JUL 1   2306                      2140    166     2611

 COOLING
  YESTERDAY       12                        11      1       12
  MONTH TO DATE  193                       198     -5      174
  SINCE MAR 1    354                       343     11      303
  SINCE JAN 1    354                       352      2      303
..................................................................


WIND (MPH)
  HIGHEST WIND SPEED    44   HIGHEST WIND DIRECTION     S (160)
  HIGHEST GUST SPEED    54   HIGHEST GUST DIRECTION     S (160)
  AVERAGE WIND SPEED    11.1


SKY COVER
  POSSIBLE SUNSHINE  MM
  AVERAGE SKY COVER 0.9


WEATHER CONDITIONS
 THE FOLLOWING WEATHER WAS RECORDED YESTERDAY.
  THUNDERSTORM
  HEAVY RAIN
  RAIN
  LIGHT RAIN
  FOG
  HAZE


RELATIVE HUMIDITY (PERCENT)
 HIGHEST   100           700 PM
 LOWEST     70           100 PM
 AVERAGE    85

..........................................................


THE WACO CLIMATE NORMALS FOR TODAY
                         NORMAL    RECORD    YEAR
 MAXIMUM TEMPERATURE (F)   87        97      1996
 MINIMUM TEMPERATURE (F)   66        51      1940


SUNRISE AND SUNSET
MAY 24 2015...........SUNRISE   627 AM CDT   SUNSET   824 PM CDT
MAY 25 2015...........SUNRISE   627 AM CDT   SUNSET   825 PM CDT


-  INDICATES NEGATIVE NUMBERS.
R  INDICATES RECORD WAS SET OR TIED.
MM INDICATES DATA IS MISSING.
T  INDICATES TRACE AMOUNT.




$$
