000
CDUS44 KFWD 250642
CLIACT


CLIMATE REPORT
NATIONAL WEATHER SERVICE FORT WORTH TX
142 AM CDT SUN JUN 25 2017


...................................

...THE WACO CLIMATE SUMMARY FOR JUNE 24 2017...

CLIMATE NORMAL PERIOD 1981 TO 2010
CLIMATE RECORD PERIOD 1901 TO 2017


WEATHER ITEM   OBSERVED TIME   RECORD YEAR NORMAL DEPARTURE LAST
                VALUE   (LST)  VALUE       VALUE  FROM      YEAR
                                                  NORMAL
..................................................................
TEMPERATURE (F)
 YESTERDAY
  MAXIMUM         85   1224 AM 106    2009  93     -8       94
  MINIMUM         69    351 AM  63    1974  72     -3       75
  AVERAGE         77                        83     -6       85

PRECIPITATION (IN)
  YESTERDAY        3.31R         1.55 1976   0.09   3.22     0.00
  MONTH TO DATE    4.72                      2.97   1.75     4.59
  SINCE JUN 1      4.72                      2.97   1.75     4.59
  SINCE JAN 1     24.03                     17.86   6.17    27.23

DEGREE DAYS
 HEATING
  YESTERDAY        0                         0      0        0
  MONTH TO DATE    0                         0      0        0
  SINCE JUN 1      0                         0      0        0
  SINCE JUL 1   1335                      2142   -807     1691

 COOLING
  YESTERDAY       12                        18     -6       20
  MONTH TO DATE  411                       378     33      410
  SINCE JUN 1    411                       378     33      410
  SINCE JAN 1    980                       830    150      801
..................................................................


WIND (MPH)
  HIGHEST WIND SPEED    35   HIGHEST WIND DIRECTION    NE (30)
  HIGHEST GUST SPEED    43   HIGHEST GUST DIRECTION     N (20)
  AVERAGE WIND SPEED     8.8


SKY COVER
  POSSIBLE SUNSHINE  MM
  AVERAGE SKY COVER 0.3


WEATHER CONDITIONS
 THE FOLLOWING WEATHER WAS RECORDED YESTERDAY.
  THUNDERSTORM
  HEAVY RAIN
  RAIN
  LIGHT RAIN
  FOG


RELATIVE HUMIDITY (PERCENT)
 HIGHEST   100           900 AM
 LOWEST     69           400 PM
 AVERAGE    85

..........................................................


THE WACO CLIMATE NORMALS FOR TODAY
                         NORMAL    RECORD    YEAR
 MAXIMUM TEMPERATURE (F)   94       105      2009
                                             1980
 MINIMUM TEMPERATURE (F)   72        57      1974


SUNRISE AND SUNSET
JUNE 25 2017..........SUNRISE   625 AM CDT   SUNSET   838 PM CDT
JUNE 26 2017..........SUNRISE   626 AM CDT   SUNSET   838 PM CDT


-  INDICATES NEGATIVE NUMBERS.
R  INDICATES RECORD WAS SET OR TIED.
MM INDICATES DATA IS MISSING.
T  INDICATES TRACE AMOUNT.




$$
