000
CDUS44 KFWD 280654
CLIACT


CLIMATE REPORT
NATIONAL WEATHER SERVICE FORT WORTH TX
154 AM CDT WED SEP 28 2016


...................................

...THE WACO CLIMATE SUMMARY FOR SEPTEMBER 27 2016...

CLIMATE NORMAL PERIOD 1981 TO 2010
CLIMATE RECORD PERIOD 1901 TO 2016


WEATHER ITEM   OBSERVED TIME   RECORD YEAR NORMAL DEPARTURE LAST
                VALUE   (LST)  VALUE       VALUE  FROM      YEAR
                                                  NORMAL
..................................................................
TEMPERATURE (F)
 YESTERDAY
  MAXIMUM         82    341 PM 106    1977  86     -4       93
  MINIMUM         59   1159 PM  39    1942  62     -3       61
  AVERAGE         71                        74     -3       77

PRECIPITATION (IN)
  YESTERDAY        0.00          6.03 1936   0.10  -0.10     0.00
  MONTH TO DATE    0.72                      2.75  -2.03     0.33
  SINCE SEP 1      0.72                      2.75  -2.03     0.33
  SINCE JAN 1     32.70                     24.91   7.79    28.50

DEGREE DAYS
 HEATING
  YESTERDAY        0                         0      0        0
  MONTH TO DATE    0                         0      0        0
  SINCE SEP 1      0                         0      0        0
  SINCE JUL 1      0                         0      0        0

 COOLING
  YESTERDAY        6                        10     -4       12
  MONTH TO DATE  457                       371     86      488
  SINCE SEP 1    457                       371     86      488
  SINCE JAN 1   2697                      2566    131     2743
..................................................................


WIND (MPH)
  HIGHEST WIND SPEED    14   HIGHEST WIND DIRECTION     N (10)
  HIGHEST GUST SPEED    18   HIGHEST GUST DIRECTION     N (360)
  AVERAGE WIND SPEED     6.7


SKY COVER
  POSSIBLE SUNSHINE  MM
  AVERAGE SKY COVER 0.6


WEATHER CONDITIONS
 THE FOLLOWING WEATHER WAS RECORDED YESTERDAY.
  NO SIGNIFICANT WEATHER WAS OBSERVED.


RELATIVE HUMIDITY (PERCENT)
 HIGHEST    90          1000 PM
 LOWEST     39           400 PM
 AVERAGE    65

..........................................................


THE WACO CLIMATE NORMALS FOR TODAY
                         NORMAL    RECORD    YEAR
 MAXIMUM TEMPERATURE (F)   86       103      2005
 MINIMUM TEMPERATURE (F)   62        44      1996
                                             1909


SUNRISE AND SUNSET
SEPTEMBER 28 2016.....SUNRISE   721 AM CDT   SUNSET   717 PM CDT
SEPTEMBER 29 2016.....SUNRISE   722 AM CDT   SUNSET   716 PM CDT


-  INDICATES NEGATIVE NUMBERS.
R  INDICATES RECORD WAS SET OR TIED.
MM INDICATES DATA IS MISSING.
T  INDICATES TRACE AMOUNT.




$$
