000
CDUS44 KFWD 170640
CLIACT


CLIMATE REPORT
NATIONAL WEATHER SERVICE FORT WORTH TX
1240 AM CST TUE JAN 17 2017


...................................

...THE WACO CLIMATE SUMMARY FOR JANUARY 16 2017...

CLIMATE NORMAL PERIOD 1981 TO 2010
CLIMATE RECORD PERIOD 1901 TO 2017


WEATHER ITEM   OBSERVED TIME   RECORD YEAR NORMAL DEPARTURE LAST
                VALUE   (LST)  VALUE       VALUE  FROM      YEAR
                                                  NORMAL
..................................................................
TEMPERATURE (F)
 YESTERDAY
  MAXIMUM         72    228 PM  84    1943  58     14       53
  MINIMUM         49    659 AM  15    1930  36     13       31
  AVERAGE         61                        47     14       42

PRECIPITATION (IN)
  YESTERDAY        0.90          3.21 2004   0.06   0.84      T
  MONTH TO DATE    1.64                      1.02   0.62     0.22
  SINCE DEC 1      2.91                      3.77  -0.86     3.84
  SINCE JAN 1      1.64                      1.02   0.62     0.22

SNOWFALL (IN)
  YESTERDAY        0.0           4.6  1964   0.0    0.0      0.0
  MONTH TO DATE    0.0                       0.1   -0.1      0.0
  SINCE DEC 1      T                         0.1   -0.1      0.0
  SINCE JUL 1      T                         0.2   -0.2      0.0
  SNOW DEPTH       0

DEGREE DAYS
 HEATING
  YESTERDAY        4                        18    -14       23
  MONTH TO DATE  249                       293    -44      303
  SINCE DEC 1    689                       817   -128      687
  SINCE JUL 1    832                      1145   -313      922

 COOLING
  YESTERDAY        0                         0      0        0
  MONTH TO DATE    9                         0      9        0
  SINCE DEC 1     32                         5     27        5
  SINCE JAN 1      9                         0      9        0
..................................................................


WIND (MPH)
  HIGHEST WIND SPEED    16   HIGHEST WIND DIRECTION     S (190)
  HIGHEST GUST SPEED    23   HIGHEST GUST DIRECTION     W (270)
  AVERAGE WIND SPEED     4.8


SKY COVER
  POSSIBLE SUNSHINE  MM
  AVERAGE SKY COVER 0.8


WEATHER CONDITIONS
 THE FOLLOWING WEATHER WAS RECORDED YESTERDAY.
  THUNDERSTORM
  HEAVY RAIN
  RAIN
  LIGHT RAIN
  FOG
  FOG W/VISIBILITY <= 1/4 MILE


RELATIVE HUMIDITY (PERCENT)
 HIGHEST   100          1200 AM
 LOWEST     44           200 PM
 AVERAGE    72

..........................................................


THE WACO CLIMATE NORMALS FOR TODAY
                         NORMAL    RECORD    YEAR
 MAXIMUM TEMPERATURE (F)   58        79      1952
                                             1907
 MINIMUM TEMPERATURE (F)   36        11      1930


SUNRISE AND SUNSET
JANUARY 17 2017.......SUNRISE   728 AM CST   SUNSET   550 PM CST
JANUARY 18 2017.......SUNRISE   728 AM CST   SUNSET   551 PM CST


-  INDICATES NEGATIVE NUMBERS.
R  INDICATES RECORD WAS SET OR TIED.
MM INDICATES DATA IS MISSING.
T  INDICATES TRACE AMOUNT.




$$
