000
CDUS41 KPHI 032133
CLIACY


CLIMATE REPORT
NATIONAL WEATHER SERVICE MOUNT HOLLY NJ
433 PM EST TUE MAR 3 2015


...................................

...THE ATLANTIC CITY NJ CLIMATE SUMMARY FOR MARCH 3 2015...
VALID TODAY AS OF 0400 PM LOCAL TIME.

CLIMATE NORMAL PERIOD 1981 TO 2010
CLIMATE RECORD PERIOD 1874 TO 2015


WEATHER ITEM   OBSERVED TIME   RECORD YEAR NORMAL DEPARTURE LAST
                VALUE   (LST)  VALUE       VALUE  FROM      YEAR
                                                  NORMAL
..................................................................
TEMPERATURE (F)
 TODAY
  MAXIMUM         34   1152 AM  73    1923  48    -14       34
  MINIMUM         18    616 AM   2    2014  29    -11        2
  AVERAGE         26                        39    -13       18

PRECIPITATION (IN)
  TODAY            0.01          1.43 1994   0.12  -0.11     0.56
  MONTH TO DATE    0.66                      0.37   0.29     0.65
  SINCE MAR 1      0.66                      0.37   0.29     0.65
  SINCE JAN 1      8.72                      6.46   2.26     9.20

SNOWFALL (IN)
  TODAY            T             9.2  1960   0.1   -0.1      5.5
  MONTH TO DATE    0.1                       0.3   -0.2      5.5
  SINCE MAR 1      0.1                       0.3   -0.2      5.5
  SINCE JUL 1     15.1                      15.4   -0.3     33.7
  SNOW DEPTH       0

DEGREE DAYS
 HEATING
  TODAY           39                        26     13       47
  MONTH TO DATE  111                        80     31      111
  SINCE MAR 1    111                        80     31      111
  SINCE JUL 1   3986                      3671    315     3974

 COOLING
  TODAY            0                         0      0        0
  MONTH TO DATE    0                         0      0        0
  SINCE MAR 1      0                         0      0        0
  SINCE JAN 1      0                         0      0        0
..................................................................


WIND (MPH)
  HIGHEST WIND SPEED    13   HIGHEST WIND DIRECTION    SE (150)
  HIGHEST GUST SPEED    17   HIGHEST GUST DIRECTION     S (190)
  AVERAGE WIND SPEED     5.3


SKY COVER
  POSSIBLE SUNSHINE  MM
  AVERAGE SKY COVER 0.3


WEATHER CONDITIONS
 THE FOLLOWING WEATHER WAS RECORDED TODAY.
  LIGHT SNOW
  HAZE


RELATIVE HUMIDITY (PERCENT)
 HIGHEST    78           400 PM
 LOWEST     49          1100 AM
 AVERAGE    64

..........................................................


THE ATLANTIC CITY NJ CLIMATE NORMALS FOR TOMORROW
                         NORMAL    RECORD    YEAR
 MAXIMUM TEMPERATURE (F)   48        76      1974
 MINIMUM TEMPERATURE (F)   29         3      2009


SUNRISE AND SUNSET
MARCH  3 2015.........SUNRISE   629 AM EST   SUNSET   552 PM EST
MARCH  4 2015.........SUNRISE   627 AM EST   SUNSET   553 PM EST


-  INDICATES NEGATIVE NUMBERS.
R  INDICATES RECORD WAS SET OR TIED.
MM INDICATES DATA IS MISSING.
T  INDICATES TRACE AMOUNT.




$$
