000
CDUS41 KPHI 270626
CLIACY


CLIMATE REPORT
NATIONAL WEATHER SERVICE MOUNT HOLLY NJ
226 AM EDT FRI MAR 27 2015


...................................

...THE ATLANTIC CITY NJ CLIMATE SUMMARY FOR MARCH 26 2015...

CLIMATE NORMAL PERIOD 1981 TO 2010
CLIMATE RECORD PERIOD 1874 TO 2015


WEATHER ITEM   OBSERVED TIME   RECORD YEAR NORMAL DEPARTURE LAST
                VALUE   (LST)  VALUE       VALUE  FROM      YEAR
                                                  NORMAL
..................................................................
TEMPERATURE (F)
 YESTERDAY
  MAXIMUM         62    233 PM  72    1929  55      7       35
  MINIMUM         45   1201 AM  16    1981  36      9       21
  AVERAGE         54                        45      9       28

PRECIPITATION (IN)
  YESTERDAY        0.19          1.72 1988   0.15   0.04     0.02
  MONTH TO DATE    6.43                      3.51   2.92     2.34
  SINCE MAR 1      6.43                      3.51   2.92     2.34
  SINCE JAN 1     14.49                      9.60   4.89    10.89

SNOWFALL (IN)
  YESTERDAY        0.0           0.3  2014   0.0    0.0      0.3
  MONTH TO DATE    7.4                       1.0    6.4     15.6
  SINCE MAR 1      7.4                       1.0    6.4     15.6
  SINCE JUL 1     22.4                      16.1    6.3     43.8
  SNOW DEPTH       0

DEGREE DAYS
 HEATING
  YESTERDAY       11                        20     -9       37
  MONTH TO DATE  710                       611     99      757
  SINCE MAR 1    710                       611     99      757
  SINCE JUL 1   4585                      4202    383     4620

 COOLING
  YESTERDAY        0                         0      0        0
  MONTH TO DATE    0                         0      0        0
  SINCE MAR 1      0                         0      0        0
  SINCE JAN 1      0                         0      0        0
..................................................................


WIND (MPH)
  HIGHEST WIND SPEED    26   HIGHEST WIND DIRECTION     S (200)
  HIGHEST GUST SPEED    37   HIGHEST GUST DIRECTION     S (200)
  AVERAGE WIND SPEED    12.2


SKY COVER
  POSSIBLE SUNSHINE  MM
  AVERAGE SKY COVER 1.0


WEATHER CONDITIONS
 THE FOLLOWING WEATHER WAS RECORDED YESTERDAY.
  RAIN
  LIGHT RAIN
  FOG
  FOG W/VISIBILITY <= 1/4 MILE


RELATIVE HUMIDITY (PERCENT)
 HIGHEST   100          1200 AM
 LOWEST     80           100 PM
 AVERAGE    90

..........................................................


THE ATLANTIC CITY NJ CLIMATE NORMALS FOR TODAY
                         NORMAL    RECORD    YEAR
 MAXIMUM TEMPERATURE (F)   55        83      2007
 MINIMUM TEMPERATURE (F)   36        12      2014


SUNRISE AND SUNSET
MARCH 27 2015.........SUNRISE   651 AM EDT   SUNSET   717 PM EDT
MARCH 28 2015.........SUNRISE   649 AM EDT   SUNSET   718 PM EDT


-  INDICATES NEGATIVE NUMBERS.
R  INDICATES RECORD WAS SET OR TIED.
MM INDICATES DATA IS MISSING.
T  INDICATES TRACE AMOUNT.




$$
