000
CDUS41 KPHI 180600
CLIACY


CLIMATE REPORT
NATIONAL WEATHER SERVICE MOUNT HOLLY NJ
1257 AM EST THU JAN 18 2018


...................................

...THE ATLANTIC CITY NJ CLIMATE SUMMARY FOR JANUARY 17 2018...

CLIMATE NORMAL PERIOD 1981 TO 2010
CLIMATE RECORD PERIOD 1874 TO 2018


WEATHER ITEM   OBSERVED TIME   RECORD YEAR NORMAL DEPARTURE LAST
                VALUE   (LST)  VALUE       VALUE  FROM      YEAR
                                                  NORMAL
..................................................................
TEMPERATURE (F)
 YESTERDAY
  MAXIMUM         39    314 AM  63    1990  41     -2       47
                                      1973
  MINIMUM         23   1159 PM -10    1977  24     -1       37
  AVERAGE         31                        33     -2       42

PRECIPITATION (IN)
  YESTERDAY        0.14          1.16 1978   0.10   0.04     0.14
  MONTH TO DATE    1.44                      1.80  -0.36     2.24
  SINCE DEC 1      2.99                      5.49  -2.50     5.53
  SINCE JAN 1      1.44                      1.80  -0.36     2.24

SNOWFALL (IN)
  YESTERDAY        T             4.0  1907   0.2   -0.2      0.0
  MONTH TO DATE   14.2                       2.1   12.1      7.0
  SINCE DEC 1     24.2                       5.8   18.4      7.0
  SINCE JUL 1     24.2                       6.0   18.2      7.0
  SNOW DEPTH       0

DEGREE DAYS
 HEATING
  YESTERDAY       34                        32      2       23
  MONTH TO DATE  644                       542    102      486
  SINCE DEC 1   1555                      1404    151     1300
  SINCE JUL 1   2258                      2311    -53     2047

 COOLING
  YESTERDAY        0                         0      0        0
  MONTH TO DATE    0                         0      0        0
  SINCE DEC 1      0                         0      0        0
  SINCE JAN 1      0                         0      0        0
..................................................................


WIND (MPH)
  HIGHEST WIND SPEED    20   HIGHEST WIND DIRECTION    NW (330)
  HIGHEST GUST SPEED    26   HIGHEST GUST DIRECTION    NW (310)
  AVERAGE WIND SPEED    12.2


SKY COVER
  POSSIBLE SUNSHINE  MM
  AVERAGE SKY COVER 0.8


WEATHER CONDITIONS
 THE FOLLOWING WEATHER WAS RECORDED YESTERDAY.
  RAIN
  LIGHT RAIN
  LIGHT SNOW
  FOG


RELATIVE HUMIDITY (PERCENT)
 HIGHEST   100           400 AM
 LOWEST     60          1100 PM
 AVERAGE    80

..........................................................


THE ATLANTIC CITY NJ CLIMATE NORMALS FOR TODAY
                         NORMAL    RECORD    YEAR
 MAXIMUM TEMPERATURE (F)   41        67      1990
                                             1986
 MINIMUM TEMPERATURE (F)   24        -9      1977


SUNRISE AND SUNSET
JANUARY 18 2018.......SUNRISE   715 AM EST   SUNSET   502 PM EST
JANUARY 19 2018.......SUNRISE   715 AM EST   SUNSET   503 PM EST


-  INDICATES NEGATIVE NUMBERS.
R  INDICATES RECORD WAS SET OR TIED.
MM INDICATES DATA IS MISSING.
T  INDICATES TRACE AMOUNT.




$$
