000
CDUS41 KPHI 200549
CLIACY


CLIMATE REPORT
NATIONAL WEATHER SERVICE MOUNT HOLLY NJ
147 AM EDT WED SEP 20 2017


...................................

...THE ATLANTIC CITY NJ CLIMATE SUMMARY FOR SEPTEMBER 19 2017...

CLIMATE NORMAL PERIOD 1981 TO 2010
CLIMATE RECORD PERIOD 1874 TO 2017


WEATHER ITEM   OBSERVED TIME   RECORD YEAR NORMAL DEPARTURE LAST
                VALUE   (LST)  VALUE       VALUE  FROM      YEAR
                                                  NORMAL
..................................................................
TEMPERATURE (F)
 YESTERDAY
  MAXIMUM         73    910 AM  91    1983  76     -3       76
                                      1965
  MINIMUM         69   1159 PM  40    1990  56     13       69
                                      1959
  AVERAGE         71                        66      5       73

PRECIPITATION (IN)
  YESTERDAY        0.24          4.34 1928   0.11   0.13     2.46
  MONTH TO DATE    4.04                      1.89   2.15     2.74
  SINCE SEP 1      4.04                      1.89   2.15     2.74
  SINCE JAN 1     42.61                     30.11  12.50    35.04

SNOWFALL (IN)
  YESTERDAY        0.0           0.0    MM   0.0    0.0      0.0
  MONTH TO DATE    0.0                       0.0    0.0      0.0
  SINCE SEP 1      0.0                       0.0    0.0      0.0
  SINCE JUL 1      0.0                       0.0    0.0      0.0
  SNOW DEPTH       0

DEGREE DAYS
 HEATING
  YESTERDAY        0                         2     -2        0
  MONTH TO DATE   10                        21    -11        2
  SINCE SEP 1     10                        21    -11        2
  SINCE JUL 1     10                        24    -14        2

 COOLING
  YESTERDAY        6                         3      3        8
  MONTH TO DATE   89                       101    -12      171
  SINCE SEP 1     89                       101    -12      171
  SINCE JAN 1   1106                      1010     96     1274
..................................................................


WIND (MPH)
  HIGHEST WIND SPEED    26   HIGHEST WIND DIRECTION     N (20)
  HIGHEST GUST SPEED    39   HIGHEST GUST DIRECTION    NE (30)
  AVERAGE WIND SPEED    15.1


SKY COVER
  POSSIBLE SUNSHINE  MM
  AVERAGE SKY COVER 1.0


WEATHER CONDITIONS
 THE FOLLOWING WEATHER WAS RECORDED YESTERDAY.
  HEAVY RAIN
  RAIN
  LIGHT RAIN
  FOG


RELATIVE HUMIDITY (PERCENT)
 HIGHEST    97           800 PM
 LOWEST     90           400 AM
 AVERAGE    94

..........................................................


THE ATLANTIC CITY NJ CLIMATE NORMALS FOR TODAY
                         NORMAL    RECORD    YEAR
 MAXIMUM TEMPERATURE (F)   76        89      1983
 MINIMUM TEMPERATURE (F)   56        34      1979


SUNRISE AND SUNSET
SEPTEMBER 20 2017.....SUNRISE   644 AM EDT   SUNSET   658 PM EDT
SEPTEMBER 21 2017.....SUNRISE   645 AM EDT   SUNSET   657 PM EDT


-  INDICATES NEGATIVE NUMBERS.
R  INDICATES RECORD WAS SET OR TIED.
MM INDICATES DATA IS MISSING.
T  INDICATES TRACE AMOUNT.




$$
