000
CDUS41 KPHI 290632
CLIACY


CLIMATE REPORT
NATIONAL WEATHER SERVICE MOUNT HOLLY NJ
232 AM EDT WED MAR 29 2017


...................................

...THE ATLANTIC CITY NJ CLIMATE SUMMARY FOR MARCH 28 2017...

CLIMATE NORMAL PERIOD 1981 TO 2010
CLIMATE RECORD PERIOD 1874 TO 2017


WEATHER ITEM   OBSERVED TIME   RECORD YEAR NORMAL DEPARTURE LAST
                VALUE   (LST)  VALUE       VALUE  FROM      YEAR
                                                  NORMAL
..................................................................
TEMPERATURE (F)
 YESTERDAY
  MAXIMUM         57   1205 PM  81    1989  55      2       69
  MINIMUM         46   1114 PM  18    1990  36     10       47
                                      1966
  AVERAGE         52                        46      6       58

PRECIPITATION (IN)
  YESTERDAY        0.31          1.82 1993   0.14   0.17     0.58
  MONTH TO DATE    4.16                      3.79   0.37     3.12
  SINCE MAR 1      4.16                      3.79   0.37     3.12
  SINCE JAN 1      9.71                      9.88  -0.17    10.47

SNOWFALL (IN)
  YESTERDAY        0.0           0.1  1919   0.0    0.0      0.0
                                      1947
  MONTH TO DATE    0.2                       1.1   -0.9      5.1
  SINCE MAR 1      0.2                       1.1   -0.9      5.1
  SINCE JUL 1      7.7                      16.2   -8.5     25.7
  SNOW DEPTH       0

DEGREE DAYS
 HEATING
  YESTERDAY       13                        19     -6        7
  MONTH TO DATE  664                       650     14      485
  SINCE MAR 1    664                       650     14      485
  SINCE JUL 1   3660                      4241   -581     3366

 COOLING
  YESTERDAY        0                         0      0        0
  MONTH TO DATE    0                         0      0        3
  SINCE MAR 1      0                         0      0        3
  SINCE JAN 1      0                         0      0        3
..................................................................


WIND (MPH)
  HIGHEST WIND SPEED    15   HIGHEST WIND DIRECTION     N (350)
  HIGHEST GUST SPEED    18   HIGHEST GUST DIRECTION     N (350)
  AVERAGE WIND SPEED     5.6


SKY COVER
  POSSIBLE SUNSHINE  MM
  AVERAGE SKY COVER 1.0


WEATHER CONDITIONS
 THE FOLLOWING WEATHER WAS RECORDED YESTERDAY.
  THUNDERSTORM
  HEAVY RAIN
  RAIN
  LIGHT RAIN
  FOG


RELATIVE HUMIDITY (PERCENT)
 HIGHEST    93           600 PM
 LOWEST     83           200 AM
 AVERAGE    88

..........................................................


THE ATLANTIC CITY NJ CLIMATE NORMALS FOR TODAY
                         NORMAL    RECORD    YEAR
 MAXIMUM TEMPERATURE (F)   56        83      1998
 MINIMUM TEMPERATURE (F)   37        15      1923


SUNRISE AND SUNSET
MARCH 29 2017.........SUNRISE   647 AM EDT   SUNSET   719 PM EDT
MARCH 30 2017.........SUNRISE   645 AM EDT   SUNSET   720 PM EDT


-  INDICATES NEGATIVE NUMBERS.
R  INDICATES RECORD WAS SET OR TIED.
MM INDICATES DATA IS MISSING.
T  INDICATES TRACE AMOUNT.




$$
