000
CDUS41 KPHI 252128
CLIACY


CLIMATE REPORT
NATIONAL WEATHER SERVICE MOUNT HOLLY NJ
526 PM EDT SAT OCT 25 2014


...................................

...THE ATLANTIC CITY NJ CLIMATE SUMMARY FOR OCTOBER 25 2014...
VALID TODAY AS OF 0500 PM LOCAL TIME.

CLIMATE NORMAL PERIOD 1981 TO 2010
CLIMATE RECORD PERIOD 1874 TO 2014


WEATHER ITEM   OBSERVED TIME   RECORD YEAR NORMAL DEPARTURE LAST
                VALUE   (LST)  VALUE       VALUE  FROM      YEAR
                                                  NORMAL
..................................................................
TEMPERATURE (F)
 TODAY
  MAXIMUM         69    212 PM  79    2001  64      5       55
  MINIMUM         40    619 AM  29    1978  43     -3       33
                                      1879
  AVERAGE         55                        53      2       44

PRECIPITATION (IN)
  TODAY            0.00          2.49 1958   0.12  -0.12     0.00
  MONTH TO DATE    3.22                      2.74   0.48     4.80
  SINCE SEP 1      6.74                      5.89   0.85     5.98
  SINCE JAN 1     43.46                     34.11   9.35    37.40

SNOWFALL (IN)
  TODAY            0.0           0.0  1903   0.0    0.0      0.0
  MONTH TO DATE    0.0                       0.0    0.0      0.0
  SINCE SEP 1      0.0                       0.0    0.0      0.0
  SINCE JUL 1      0.0                       0.0    0.0      0.0
  SNOW DEPTH       0

DEGREE DAYS
 HEATING
  TODAY           10                        12     -2       21
  MONTH TO DATE  169                       218    -49      168
  SINCE SEP 1    207                       277    -70      270
  SINCE JUL 1    207                       280    -73      270

 COOLING
  TODAY            0                         0      0        0
  MONTH TO DATE   15                        16     -1       36
  SINCE SEP 1    145                       141      4      132
  SINCE JAN 1    857                      1050   -193     1088
..................................................................


WIND (MPH)
  HIGHEST WIND SPEED    18   HIGHEST WIND DIRECTION     W (260)
  HIGHEST GUST SPEED    24   HIGHEST GUST DIRECTION     W (260)
  AVERAGE WIND SPEED     8.2


SKY COVER
  POSSIBLE SUNSHINE  MM
  AVERAGE SKY COVER 0.0


WEATHER CONDITIONS
 THE FOLLOWING WEATHER WAS RECORDED TODAY.
  NO SIGNIFICANT WEATHER WAS OBSERVED.


RELATIVE HUMIDITY (PERCENT)
 HIGHEST    92           600 AM
 LOWEST     40           200 PM
 AVERAGE    66

..........................................................


THE ATLANTIC CITY NJ CLIMATE NORMALS FOR TOMORROW
                         NORMAL    RECORD    YEAR
 MAXIMUM TEMPERATURE (F)   63        80      1963
 MINIMUM TEMPERATURE (F)   42        26      1987


SUNRISE AND SUNSET
OCTOBER 25 2014.......SUNRISE   719 AM EDT   SUNSET   605 PM EDT
OCTOBER 26 2014.......SUNRISE   720 AM EDT   SUNSET   604 PM EDT


-  INDICATES NEGATIVE NUMBERS.
R  INDICATES RECORD WAS SET OR TIED.
MM INDICATES DATA IS MISSING.
T  INDICATES TRACE AMOUNT.




$$
