000
CDUS41 KPHI 180628
CLIACY


CLIMATE REPORT
NATIONAL WEATHER SERVICE MOUNT HOLLY NJ
128 AM EST WED JAN 18 2017


...................................

...THE ATLANTIC CITY NJ CLIMATE SUMMARY FOR JANUARY 17 2017...

CLIMATE NORMAL PERIOD 1981 TO 2010
CLIMATE RECORD PERIOD 1874 TO 2017


WEATHER ITEM   OBSERVED TIME   RECORD YEAR NORMAL DEPARTURE LAST
                VALUE   (LST)  VALUE       VALUE  FROM      YEAR
                                                  NORMAL
..................................................................
TEMPERATURE (F)
 YESTERDAY
  MAXIMUM         47    907 PM  63    1990  41      6       39
                                      1973
  MINIMUM         37    727 AM -10    1977  24     13       25
  AVERAGE         42                        33      9       32

PRECIPITATION (IN)
  YESTERDAY        0.14          1.16 1978   0.10   0.04     0.15
  MONTH TO DATE    2.24                      1.80   0.44     1.63
  SINCE DEC 1      5.53                      5.49   0.04     7.07
  SINCE JAN 1      2.24                      1.80   0.44     1.63

SNOWFALL (IN)
  YESTERDAY        0.0           4.0  1907   0.2   -0.2      2.8
  MONTH TO DATE    7.0                       2.1    4.9      2.8
  SINCE DEC 1      7.0                       5.8    1.2      2.8
  SINCE JUL 1      7.0                       6.0    1.0      2.8
  SNOW DEPTH       0

DEGREE DAYS
 HEATING
  YESTERDAY       23                        32     -9       33
  MONTH TO DATE  486                       542    -56      507
  SINCE DEC 1   1300                      1404   -104      948
  SINCE JUL 1   2047                      2311   -264     1643

 COOLING
  YESTERDAY        0                         0      0        0
  MONTH TO DATE    0                         0      0        0
  SINCE DEC 1      0                         0      0        3
  SINCE JAN 1      0                         0      0        0
..................................................................


WIND (MPH)
  HIGHEST WIND SPEED    12   HIGHEST WIND DIRECTION    SE (120)
  HIGHEST GUST SPEED    15   HIGHEST GUST DIRECTION    SE (140)
  AVERAGE WIND SPEED     4.1


SKY COVER
  POSSIBLE SUNSHINE  MM
  AVERAGE SKY COVER 1.0


WEATHER CONDITIONS
 THE FOLLOWING WEATHER WAS RECORDED YESTERDAY.
  RAIN
  LIGHT RAIN
  FOG
  HAZE


RELATIVE HUMIDITY (PERCENT)
 HIGHEST    93           700 PM
 LOWEST     50          1200 AM
 AVERAGE    72

..........................................................


THE ATLANTIC CITY NJ CLIMATE NORMALS FOR TODAY
                         NORMAL    RECORD    YEAR
 MAXIMUM TEMPERATURE (F)   41        67      1990
                                             1986
 MINIMUM TEMPERATURE (F)   24        -9      1977


SUNRISE AND SUNSET
JANUARY 18 2017.......SUNRISE   715 AM EST   SUNSET   503 PM EST
JANUARY 19 2017.......SUNRISE   715 AM EST   SUNSET   504 PM EST


-  INDICATES NEGATIVE NUMBERS.
R  INDICATES RECORD WAS SET OR TIED.
MM INDICATES DATA IS MISSING.
T  INDICATES TRACE AMOUNT.




$$
