007
CDUS41 KPHI 280627
CLIACY


CLIMATE REPORT
NATIONAL WEATHER SERVICE MOUNT HOLLY NJ
227 AM EDT THU JUL 28 2016


...................................

...THE ATLANTIC CITY NJ CLIMATE SUMMARY FOR JULY 27 2016...

CLIMATE NORMAL PERIOD 1981 TO 2010
CLIMATE RECORD PERIOD 1874 TO 2016


WEATHER ITEM   OBSERVED TIME   RECORD YEAR NORMAL DEPARTURE LAST
                VALUE   (LST)  VALUE       VALUE  FROM      YEAR
                                                  NORMAL
..................................................................
TEMPERATURE (F)
 YESTERDAY
  MAXIMUM         87   1218 PM  99    2005  86      1       85
  MINIMUM         74    518 AM  54    1977  67      7       70
                                      1975
                                      1920
  AVERAGE         81                        76      5       78

PRECIPITATION (IN)
  YESTERDAY        0.31          3.63 1958   0.13   0.18     0.51
  MONTH TO DATE    7.17                      3.22   3.95     6.33
  SINCE JUN 1      9.48                      6.33   3.15    14.69
  SINCE JAN 1     29.54                     23.61   5.93    30.94

SNOWFALL (IN)
  YESTERDAY        0.0           0.0  1903   0.0    0.0      0.0
  MONTH TO DATE    0.0                       0.0    0.0      0.0
  SINCE JUN 1      0.0                       0.0    0.0      0.0
  SINCE JUL 1      0.0                       0.0    0.0      0.0
  SNOW DEPTH       0

DEGREE DAYS
 HEATING
  YESTERDAY        0                         0      0        0
  MONTH TO DATE    0                         0      0        0
  SINCE JUN 1      4                        27    -23       26
  SINCE JUL 1      0                         0      0        0

 COOLING
  YESTERDAY       16                        11      5       13
  MONTH TO DATE  357                       302     55      296
  SINCE JUN 1    549                       505     44      541
  SINCE JAN 1    628                       569     59      675
..................................................................


WIND (MPH)
  HIGHEST WIND SPEED    12   HIGHEST WIND DIRECTION     S (160)
  HIGHEST GUST SPEED    17   HIGHEST GUST DIRECTION    NE (60)
  AVERAGE WIND SPEED     4.6


SKY COVER
  POSSIBLE SUNSHINE  MM
  AVERAGE SKY COVER 0.1


WEATHER CONDITIONS
 THE FOLLOWING WEATHER WAS RECORDED YESTERDAY.
  THUNDERSTORM
  HEAVY RAIN
  LIGHT RAIN
  FOG


RELATIVE HUMIDITY (PERCENT)
 HIGHEST    93           500 AM
 LOWEST     58           900 AM
 AVERAGE    76

..........................................................


THE ATLANTIC CITY NJ CLIMATE NORMALS FOR TODAY
                         NORMAL    RECORD    YEAR
 MAXIMUM TEMPERATURE (F)   85        98      1999
 MINIMUM TEMPERATURE (F)   67        50      1977


SUNRISE AND SUNSET
JULY 28 2016..........SUNRISE   555 AM EDT   SUNSET   814 PM EDT
JULY 29 2016..........SUNRISE   556 AM EDT   SUNSET   813 PM EDT


-  INDICATES NEGATIVE NUMBERS.
R  INDICATES RECORD WAS SET OR TIED.
MM INDICATES DATA IS MISSING.
T  INDICATES TRACE AMOUNT.




$$
