000
CDUS41 KPHI 240633
CLIACY


CLIMATE REPORT
NATIONAL WEATHER SERVICE MOUNT HOLLY NJ
231 AM EDT SUN MAY 24 2015


...................................

...THE ATLANTIC CITY NJ CLIMATE SUMMARY FOR MAY 23 2015...

CLIMATE NORMAL PERIOD 1981 TO 2010
CLIMATE RECORD PERIOD 1874 TO 2015


WEATHER ITEM   OBSERVED TIME   RECORD YEAR NORMAL DEPARTURE LAST
                VALUE   (LST)  VALUE       VALUE  FROM      YEAR
                                                  NORMAL
..................................................................
TEMPERATURE (F)
 YESTERDAY
  MAXIMUM         69    215 PM  95    1925  73     -4       75
  MINIMUM         43    512 AM  39    1981  53    -10       55
  AVERAGE         56                        63     -7       65

PRECIPITATION (IN)
  YESTERDAY        0.00          0.87 1985   0.12  -0.12     0.00
  MONTH TO DATE    0.71                      2.42  -1.71     1.66
  SINCE MAR 1      9.90                     10.26  -0.36    11.03
  SINCE JAN 1     17.96                     16.35   1.61    19.58

SNOWFALL (IN)
  YESTERDAY        0.0           0.0  1903   0.0    0.0      0.0
  MONTH TO DATE    0.0                       0.0    0.0      0.0
  SINCE MAR 1      7.4                       1.4    6.0     15.6
  SINCE JUL 1     22.4                      16.5    5.9     43.8
  SNOW DEPTH       0

DEGREE DAYS
 HEATING
  YESTERDAY        9                         4      5        0
  MONTH TO DATE   78                       149    -71       98
  SINCE MAR 1   1277                      1262     15     1411
  SINCE JUL 1   5152                      4853    299     5274

 COOLING
  YESTERDAY        0                         2     -2        0
  MONTH TO DATE   72                        32     40       14
  SINCE MAR 1     72                        41     31       14
  SINCE JAN 1     72                        41     31       14
..................................................................


WIND (MPH)
  HIGHEST WIND SPEED    17   HIGHEST WIND DIRECTION    NW (330)
  HIGHEST GUST SPEED    22   HIGHEST GUST DIRECTION    NW (330)
  AVERAGE WIND SPEED     7.1


SKY COVER
  POSSIBLE SUNSHINE  MM
  AVERAGE SKY COVER 0.0


WEATHER CONDITIONS
 THE FOLLOWING WEATHER WAS RECORDED YESTERDAY.
  NO SIGNIFICANT WEATHER WAS OBSERVED.


RELATIVE HUMIDITY (PERCENT)
 HIGHEST    77          1000 PM
 LOWEST     22           100 PM
 AVERAGE    50

..........................................................


THE ATLANTIC CITY NJ CLIMATE NORMALS FOR TODAY
                         NORMAL    RECORD    YEAR
 MAXIMUM TEMPERATURE (F)   74        94      1964
 MINIMUM TEMPERATURE (F)   54        38      1963


SUNRISE AND SUNSET
MAY 24 2015...........SUNRISE   538 AM EDT   SUNSET   813 PM EDT
MAY 25 2015...........SUNRISE   537 AM EDT   SUNSET   814 PM EDT


-  INDICATES NEGATIVE NUMBERS.
R  INDICATES RECORD WAS SET OR TIED.
MM INDICATES DATA IS MISSING.
T  INDICATES TRACE AMOUNT.




$$
