000
CDAK48 PADQ 260934
CLIADQ


CLIMATE REPORT
NATIONAL WEATHER SERVICE ANCHORAGE, AK
134 AM AKDT MON JUN 26 2017


...................................

...THE KODIAK CLIMATE SUMMARY FOR JUNE 25 2017...

CLIMATE NORMAL PERIOD 1981 TO 2010
CLIMATE RECORD PERIOD 1913 TO 2017


WEATHER ITEM   OBSERVED TIME   RECORD YEAR NORMAL DEPARTURE LAST
                VALUE   (LST)  VALUE       VALUE  FROM      YEAR
                                                  NORMAL
..................................................................
TEMPERATURE (F)
 YESTERDAY
  MAXIMUM         66        MM  82    1953  56     10       MM
  MINIMUM         47        MM  39    2009  46      1       MM
  AVERAGE         57                        51      6       MM

PRECIPITATION (IN)
  YESTERDAY        0.12          1.60 2002   0.18  -0.06     0.31
  MONTH TO DATE    3.23                      5.05  -1.82     2.25
  SINCE JUN 1      3.23                      5.05  -1.82     2.25
  SINCE JAN 1     23.99                     36.44 -12.45    44.34

SNOWFALL (IN)
  YESTERDAY        0.0          MM      MM   0.0    0.0     MM
  MONTH TO DATE    0.0                       0.0    0.0      0.0
  SINCE JUN 1      0.0                       0.0    0.0      0.0
  SINCE JUL 1     28.4                      68.9  -40.5     20.6
  SNOW DEPTH       0

DEGREE DAYS
 HEATING
  YESTERDAY        8                        14     -6       MM
  MONTH TO DATE  349                       396    -47      246
  SINCE JUN 1    349                       396    -47      246
  SINCE JUL 1   8157                      8730   -573     6361

 COOLING
  YESTERDAY        0                         0      0       MM
  MONTH TO DATE    0                         0      0        0
  SINCE JUN 1      0                         0      0        0
  SINCE JAN 1      0                         0      0        0
..................................................................


WIND (MPH)
  RESULTANT WIND SPEED   1   RESULTANT WIND DIRECTION   W (290)
  HIGHEST WIND SPEED    15   HIGHEST WIND DIRECTION    SW (220)
  HIGHEST GUST SPEED    MM   HIGHEST GUST DIRECTION    MM
  AVERAGE WIND SPEED     7.2



WEATHER CONDITIONS
 THE FOLLOWING WEATHER WAS RECORDED YESTERDAY.
  LIGHT RAIN


RELATIVE HUMIDITY (PERCENT)
 HIGHEST    80
 LOWEST     52
 AVERAGE    66

..........................................................


THE KODIAK CLIMATE NORMALS FOR TODAY
                         NORMAL    RECORD    YEAR
 MAXIMUM TEMPERATURE (F)   57        81      2013
 MINIMUM TEMPERATURE (F)   47        34      1947


SUNRISE AND SUNSET
JUNE 26 2017..........SUNRISE   511 AM AKDT  SUNSET  1115 PM AKDT
JUNE 27 2017..........SUNRISE   512 AM AKDT  SUNSET  1115 PM AKDT


-  INDICATES NEGATIVE NUMBERS.
R  INDICATES RECORD WAS SET OR TIED.
MM INDICATES DATA IS MISSING.
T  INDICATES TRACE AMOUNT.




$$
