000
CDAK48 PADQ 021206
CLIADQ

CLIMATE REPORT
NATIONAL WEATHER SERVICE KODIAK, AK
406 AM AKDT WED SEP 2 2015

...................................
...THE KODIAK AP CLIMATE SUMMARY FOR SEPTEMBER 1 2015...

CLIMATE NORMAL PERIOD  1981 TO  2010
CLIMATE RECORD PERIOD  1913 TO  2015

WEATHER ITEM   OBSERVED TIME    RECORD YEAR NORMAL DEPARTURE LAST
               VALUE    (LST)   VALUE       VALUE  FROM      YEAR
                                                   NORMAL
...................................................................
TEMPERATURE
YESTERDAY
 MAXIMUM            66  0510 PM    76  1942     60       6     65
 MINIMUM            42  1159 PM    37  1988     47      -5     43
 AVERAGE            54                          53       1     54

PRECIPITATION
(INCHES)
 YESTERDAY        0.00           2.30  1957   0.18   -0.18   0.00
 MONTH TO DATE    0.00                        0.18   -0.18   0.00
 SINCE SEP 1      0.00                        0.18   -0.18   0.00
 SINCE JAN 1     47.53                       46.97    0.56  49.23

SNOWFALL
(INCHES)
 YESTERDAY         0.0            0.0  2015    0.0     0.0    0.0
 MONTH TO DATE     0.0                         0.0     0.0    0.0
 SINCE SEP 1       0.0                         0.0     0.0    0.0
 SINCE JUL 1       0.0                         0.0     0.0    0.0
 SNOW DEPTH (IN)     0                                          0

DEGREE DAYS
 HEATING
  YESTERDAY         11                          12      -1     11
  MONTH TO DATE     11                          12      -1     11
  SINCE SEP 1       11                          12      -1     11
  SINCE JUL 1      425                         642    -217    512

 COOLING
  YESTERDAY          0                           0       0      0
  MONTH TO DATE      0                           0       0      0
  SINCE SEP 1        0                           0       0      0
  SINCE JAN 1        1                           0       1      4
...................................................................

WIND (MPH)
 HIGHEST WIND SPEED    18     HIGHEST WIND DIRECTION    310
 HIGHEST GUST SPEED    26     HIGHEST GUST DIRECTION    310
 AVERAGE WIND SPEED   8.3

SKY COVER
  POSSIBLE SUNSHINE    MM          AVERAGE SKY COVER     MM

WEATHER CONDITIONS
 THE FOLLOWING WEATHER WAS RECORDED YESTERDAY.
  NO SIGNIFICANT WEATHER WAS OBSERVED.

RELATIVE HUMIDITY
 HIGHEST RH     MM PERCENT       MM
 LOWEST  RH     MM PERCENT       MM
 AVERAGE RH     MM PERCENT       MM
...................................................................

THE KODIAK CLIMATE NORMALS FOR TODAY
                           NORMAL    RECORD   YEAR
 MAXIMUM TEMPERATURE (F)     59        76     1929
 MINIMUM TEMPERATURE (F)     47        35     2005

SUNRISE AND SUNSET
 SEP 2 2015..........SUNRISE  7:13 AM      SUNSET  9:06 PM
 SEP 3 2015..........SUNRISE  7:15 AM      SUNSET  9:03 PM

-  INDICATES NEGATIVE NUMBERS.
R  INDICATES RECORD HAS BEEN SET OR TIED.
MM INDICATES DATA IS MISSING.
T  INDICATES TRACE OF PRECIPITATION.

&&
-------------------------------------------------------------------

AMOUNT OF DAYLIGHT TODAY  (HOUR:MIN)........13 HOURS 53 MINUTES
GAIN/LOSS SINCE YESTERDAY (HOUR:MIN:SEC)....-0:04:52

$$
LRM SEP 15
