695
CDAK48 PADQ 111240
CLIADQ

CLIMATE REPORT
NATIONAL WEATHER SERVICE KODIAK, AK
340 AM AKST THU FEB 11 2016

...................................
...THE KODIAK AP CLIMATE SUMMARY FOR FEBRUARY 10 2016...

CLIMATE NORMAL PERIOD  1981 TO  2010
CLIMATE RECORD PERIOD  1913 TO  2016

WEATHER ITEM   OBSERVED TIME    RECORD YEAR NORMAL DEPARTURE LAST
               VALUE    (LST)   VALUE       VALUE  FROM      YEAR
                                                   NORMAL
...................................................................
TEMPERATURE
YESTERDAY
 MAXIMUM            39  0421 PM    47  1947     35       4     41
 MINIMUM            35  0328 AM     2  1990     26       9     39
 AVERAGE            37                          31       6     40

PRECIPITATION
(INCHES)
 YESTERDAY        0.58           3.00  1980   0.24    0.34   1.33
 MONTH TO DATE    3.66                        2.35    1.31   2.49
 SINCE DEC 1     26.35                       19.37    6.98  26.41
 SINCE JAN 1     14.07                       10.64    3.43  12.62

SNOWFALL
(INCHES)
 YESTERDAY         0.0            8.1  1972    0.6    -0.6    0.0
 MONTH TO DATE       T                         5.3    -5.3   10.2
 SINCE DEC 1      15.0                        32.1   -17.1   14.7
 SINCE JUL 1        MM                        39.6      MM   15.4
 SNOW DEPTH (IN)     0                                          0

DEGREE DAYS
 HEATING
  YESTERDAY         28                          34      -6     25
  MONTH TO DATE    299                         349     -50    326
  SINCE DEC 1     2105                        2471    -366   2029
  SINCE JUL 1     4401                        5263    -862   4425

 COOLING
  YESTERDAY          0                           0       0      0
  MONTH TO DATE      0                           0       0      0
  SINCE DEC 1        0                           0       0      0
  SINCE JAN 1        0                           0       0      0
...................................................................

WIND (MPH)
 HIGHEST WIND SPEED    36     HIGHEST WIND DIRECTION     40
 HIGHEST GUST SPEED    45     HIGHEST GUST DIRECTION     40
 AVERAGE WIND SPEED  17.7

SKY COVER
  POSSIBLE SUNSHINE    MM          AVERAGE SKY COVER     MM

WEATHER CONDITIONS
 THE FOLLOWING WEATHER WAS RECORDED YESTERDAY.
  FOG
RAIN


RELATIVE HUMIDITY
 HIGHEST RH     MM PERCENT       MM
 LOWEST  RH     MM PERCENT       MM
 AVERAGE RH     MM PERCENT       MM
...................................................................

THE KODIAK CLIMATE NORMALS FOR TODAY
                           NORMAL    RECORD   YEAR
 MAXIMUM TEMPERATURE (F)     35        60     1923
 MINIMUM TEMPERATURE (F)     26        03     1921

SUNRISE AND SUNSET
 FEB 11 2016..........SUNRISE  8:51 AM      SUNSET  5:59 PM
 FEB 12 2016..........SUNRISE  8:49 AM      SUNSET  6:02 PM

-  INDICATES NEGATIVE NUMBERS.
R  INDICATES RECORD HAS BEEN SET OR TIED.
MM INDICATES DATA IS MISSING.
T  INDICATES TRACE OF PRECIPITATION.

&&
-------------------------------------------------------------------

AMOUNT OF DAYLIGHT TODAY  (HOUR:MIN)........9 HOURS 8 MINUTES
GAIN/LOSS SINCE YESTERDAY (HOUR:MIN:SEC)....+0:04:43

$$
CSB FEB 16
