034
CDAK48 PAFC 200057
CLIADQ


CLIMATE REPORT
NATIONAL WEATHER SERVICE ANCHORAGE, AK
456 PM AKDT THU OCT 19 2017


...................................

...THE KODIAK CLIMATE SUMMARY FOR OCTOBER 19 2017...
VALID TODAY AS OF 0400 PM LOCAL TIME.

CLIMATE NORMAL PERIOD 1981 TO 2010
CLIMATE RECORD PERIOD 1913 TO 2017


WEATHER ITEM   OBSERVED TIME   RECORD YEAR NORMAL DEPARTURE LAST
                VALUE   (LST)  VALUE       VALUE  FROM      YEAR
                                                  NORMAL
..................................................................
TEMPERATURE (F)
 TODAY
  MAXIMUM         41        MM  55    1991  46     -5       49
                                      1949
  MINIMUM         36        MM  22    1974  34      2       42
                                      1966
  AVERAGE         39                        40     -1       46

PRECIPITATION (IN)
  TODAY            0.00          1.57 1994   0.27  -0.27     0.96
  MONTH TO DATE    2.47                      5.20  -2.73     8.78
  SINCE SEP 1      9.53                     12.55  -3.02    13.77
  SINCE JAN 1     50.05                     59.34  -9.29    65.07

SNOWFALL (IN)
  TODAY            0.0           1.9  1996   0.1   -0.1      0.0
  MONTH TO DATE    0.0                       0.4   -0.4      0.2
  SINCE SEP 1      0.0                       0.4   -0.4      0.2
  SINCE JUL 1      0.0                       0.4   -0.4      0.2
  SNOW DEPTH       0

DEGREE DAYS
 HEATING
  TODAY           26                        25      1       19
  MONTH TO DATE  362                       436    -74      360
  SINCE SEP 1    802                       904   -102      751
  SINCE JUL 1   1407                      1537   -130     1092

 COOLING
  TODAY            0                         0      0        0
  MONTH TO DATE    0                         0      0        0
  SINCE SEP 1      0                         0      0        0
  SINCE JAN 1      0                         1     -1       29
..................................................................


WIND (MPH)
  RESULTANT WIND SPEED  23   RESULTANT WIND DIRECTION   W (280)
  HIGHEST WIND SPEED    32   HIGHEST WIND DIRECTION     W (290)
  HIGHEST GUST SPEED    51   HIGHEST GUST DIRECTION    NW (310)
  AVERAGE WIND SPEED    23.4



WEATHER CONDITIONS
 THE FOLLOWING WEATHER WAS RECORDED TODAY.
  NO SIGNIFICANT WEATHER WAS OBSERVED.


RELATIVE HUMIDITY (PERCENT)
 HIGHEST    52
 LOWEST     34
 AVERAGE    43

..........................................................


THE KODIAK CLIMATE NORMALS FOR TOMORROW
                         NORMAL    RECORD    YEAR
 MAXIMUM TEMPERATURE (F)   45        54      1936
 MINIMUM TEMPERATURE (F)   33        16      1974


SUNRISE AND SUNSET
OCTOBER 19 2017.......SUNRISE   855 AM AKDT  SUNSET   654 PM AKDT
OCTOBER 20 2017.......SUNRISE   857 AM AKDT  SUNSET   651 PM AKDT


-  INDICATES NEGATIVE NUMBERS.
R  INDICATES RECORD WAS SET OR TIED.
MM INDICATES DATA IS MISSING.
T  INDICATES TRACE AMOUNT.




$$
