014
CDUS44 KLCH 212207
CLIAEX


CLIMATE REPORT
NATIONAL WEATHER SERVICE LAKE CHARLES, LA
507 PM CDT SAT OCT 21 2017


...................................

...THE ALEXANDRIA CLIMATE SUMMARY FOR OCTOBER 21 2017...
VALID TODAY AS OF 0500 PM LOCAL TIME.

CLIMATE NORMAL PERIOD 1981 TO 2010
CLIMATE RECORD PERIOD 1892 TO 2017


WEATHER ITEM   OBSERVED TIME   RECORD YEAR NORMAL DEPARTURE LAST
                VALUE   (LST)  VALUE       VALUE  FROM      YEAR
                                                  NORMAL
..................................................................
TEMPERATURE (F)
 TODAY
  MAXIMUM         90    211 PM  91    1899  78     12       73
  MINIMUM         69   1217 AM  31    1989  53     16       48
  AVERAGE         80                        66     14       61

PRECIPITATION (IN)
  TODAY            T             5.55 1984   0.17  -0.17     0.00
  MONTH TO DATE    0.03                      4.16  -4.13     0.23
  SINCE SEP 1      0.12                      7.06  -6.94     3.69
  SINCE JAN 1     43.35                     43.29   0.06    44.43

SNOWFALL (IN)
  TODAY            0.0           0.0    MM  MM     MM        0.0
  MONTH TO DATE    0.0                      MM     MM        0.0
  SINCE SEP 1      0.0                      MM     MM        0.0
  SINCE JUL 1      0.0                      MM     MM        0.0
  SNOW DEPTH       0

DEGREE DAYS
 HEATING
  TODAY            0                         3     -3        4
  MONTH TO DATE    8                        33    -25        4
  SINCE SEP 1      8                        36    -28        4
  SINCE JUL 1      8                        36    -28        4

 COOLING
  TODAY           15                         4     11        0
  MONTH TO DATE  216                       109    107      189
  SINCE SEP 1    591                       472    119      661
  SINCE JAN 1   2620                      2459    161     2764
..................................................................


WIND (MPH)
  HIGHEST WIND SPEED    21   HIGHEST WIND DIRECTION    SE (130)
  HIGHEST GUST SPEED    28   HIGHEST GUST DIRECTION    SE (140)
  AVERAGE WIND SPEED    10.4


SKY COVER
  POSSIBLE SUNSHINE  MM
  AVERAGE SKY COVER 0.9


WEATHER CONDITIONS
 THE FOLLOWING WEATHER WAS RECORDED TODAY.
  THUNDERSTORM
  FOG


RELATIVE HUMIDITY (PERCENT)
 HIGHEST    93           300 AM
 LOWEST     55           200 PM
 AVERAGE    74

..........................................................


THE ALEXANDRIA CLIMATE NORMALS FOR TOMORROW
                         NORMAL    RECORD    YEAR
 MAXIMUM TEMPERATURE (F)   78        93      1939
 MINIMUM TEMPERATURE (F)   53        34      1976
                                             1898


SUNRISE AND SUNSET
OCTOBER 21 2017.......SUNRISE   718 AM CDT   SUNSET   631 PM CDT
OCTOBER 22 2017.......SUNRISE   718 AM CDT   SUNSET   630 PM CDT


-  INDICATES NEGATIVE NUMBERS.
R  INDICATES RECORD WAS SET OR TIED.
MM INDICATES DATA IS MISSING.
T  INDICATES TRACE AMOUNT.




$$
