000
CDUS44 KLCH 242245
CLIAEX


CLIMATE REPORT
NATIONAL WEATHER SERVICE LAKE CHARLES, LA
545 PM CDT SAT SEP 24 2016


...................................

...THE ALEXANDRIA CLIMATE SUMMARY FOR SEPTEMBER 24 2016...
VALID TODAY AS OF 0500 PM LOCAL TIME.

CLIMATE NORMAL PERIOD 1981 TO 2010
CLIMATE RECORD PERIOD 1892 TO 2016


WEATHER ITEM   OBSERVED TIME   RECORD YEAR NORMAL DEPARTURE LAST
                VALUE   (LST)  VALUE       VALUE  FROM      YEAR
                                                  NORMAL
..................................................................
TEMPERATURE (F)
 TODAY
  MAXIMUM         93    200 PM  98    1931  86      7       91
  MINIMUM         70    539 AM  44    1896  63      7       67
  AVERAGE         82                        74      8       79

PRECIPITATION (IN)
  TODAY            0.00          1.66 2013   0.11  -0.11      T
  MONTH TO DATE    3.46                      2.05   1.41     1.82
  SINCE SEP 1      3.46                      2.05   1.41     1.82
  SINCE JAN 1     44.20                     38.28   5.92    36.38

DEGREE DAYS
 HEATING
  TODAY            0                         0      0        0
  MONTH TO DATE    0                         0      0        0
  SINCE SEP 1      0                         0      0        0
  SINCE JUL 1      0                         0      0        0

 COOLING
  TODAY           17                         9      8       14
  MONTH TO DATE  415                       311    104      355
  SINCE SEP 1    415                       311    104      355
  SINCE JAN 1   2518                      2298    220     2530
..................................................................


WIND (MPH)
  HIGHEST WIND SPEED    15   HIGHEST WIND DIRECTION    SE (150)
  HIGHEST GUST SPEED    20   HIGHEST GUST DIRECTION     E (90)
  AVERAGE WIND SPEED     4.9


SKY COVER
  POSSIBLE SUNSHINE  MM
  AVERAGE SKY COVER 0.1


WEATHER CONDITIONS
 THE FOLLOWING WEATHER WAS RECORDED TODAY.
  FOG
  HAZE


RELATIVE HUMIDITY (PERCENT)
 HIGHEST   100          1200 AM
 LOWEST     44           400 PM
 AVERAGE    72

..........................................................


THE ALEXANDRIA CLIMATE NORMALS FOR TOMORROW
                         NORMAL    RECORD    YEAR
 MAXIMUM TEMPERATURE (F)   85        99      1905
 MINIMUM TEMPERATURE (F)   63        48      1897


SUNRISE AND SUNSET
SEPTEMBER 24 2016.....SUNRISE   700 AM CDT   SUNSET   703 PM CDT
SEPTEMBER 25 2016.....SUNRISE   701 AM CDT   SUNSET   702 PM CDT


-  INDICATES NEGATIVE NUMBERS.
R  INDICATES RECORD WAS SET OR TIED.
MM INDICATES DATA IS MISSING.
T  INDICATES TRACE AMOUNT.




$$
