000
CDUS44 KLCH 292242
CLIAEX


CLIMATE REPORT
NATIONAL WEATHER SERVICE LAKE CHARLES, LA
532 PM CDT SAT AUG 29 2015


...................................

...THE ALEXANDRIA CLIMATE SUMMARY FOR AUGUST 29 2015...
VALID TODAY AS OF 0500 PM LOCAL TIME.

CLIMATE NORMAL PERIOD 1981 TO 2010
CLIMATE RECORD PERIOD 1892 TO 2015


WEATHER ITEM   OBSERVED TIME   RECORD YEAR NORMAL DEPARTURE LAST
                VALUE   (LST)  VALUE       VALUE  FROM      YEAR
                                                  NORMAL
..................................................................
TEMPERATURE (F)
 TODAY
  MAXIMUM         94    221 PM 103    1954  93      1       92
  MINIMUM         61    545 AM  55    1896  70     -9       74
  AVERAGE         78                        82     -4       83

PRECIPITATION (IN)
  TODAY            0.00          5.30 2010   0.11  -0.11      T
  MONTH TO DATE    0.97                      3.27  -2.30     2.54
  SINCE JUN 1      9.31                     12.00  -2.69    10.57
  SINCE JAN 1     34.56                     36.00  -1.44    28.79

DEGREE DAYS
 COOLING
  TODAY           13                        17     -4       18
  MONTH TO DATE  530                       513     17      502
  SINCE JUN 1   1623                      1505    118     1470
  SINCE JAN 1   2145                      1959    186     1881
..................................................................


WIND (MPH)
  HIGHEST WIND SPEED    12   HIGHEST WIND DIRECTION     E (100)
  HIGHEST GUST SPEED    15   HIGHEST GUST DIRECTION    SE (140)
  AVERAGE WIND SPEED     3.0


SKY COVER
  POSSIBLE SUNSHINE  MM
  AVERAGE SKY COVER 0.1


WEATHER CONDITIONS
 THE FOLLOWING WEATHER WAS RECORDED TODAY.
  NO SIGNIFICANT WEATHER WAS OBSERVED.


RELATIVE HUMIDITY (PERCENT)
 HIGHEST   100           500 AM
 LOWEST     33          1200 PM
 AVERAGE    67

..........................................................


THE ALEXANDRIA CLIMATE NORMALS FOR TOMORROW
                         NORMAL    RECORD    YEAR
 MAXIMUM TEMPERATURE (F)   93       105      1954
 MINIMUM TEMPERATURE (F)   70        57      1986
                                             1906
                                             1893


SUNRISE AND SUNSET
AUGUST 29 2015........SUNRISE   644 AM CDT   SUNSET   738 PM CDT
AUGUST 30 2015........SUNRISE   645 AM CDT   SUNSET   736 PM CDT


-  INDICATES NEGATIVE NUMBERS.
R  INDICATES RECORD WAS SET OR TIED.
MM INDICATES DATA IS MISSING.
T  INDICATES TRACE AMOUNT.




$$
