000
CDUS44 KLCH 280826
CLIAEX


CLIMATE REPORT
NATIONAL WEATHER SERVICE LAKE CHARLES, LA
325 AM CDT THU AUG 28 2014


...................................

...THE ALEXANDRIA CLIMATE SUMMARY FOR AUGUST 27 2014...

CLIMATE NORMAL PERIOD 1981 TO 2010
CLIMATE RECORD PERIOD 1892 TO 2014


WEATHER ITEM   OBSERVED TIME   RECORD YEAR NORMAL DEPARTURE LAST
                VALUE   (LST)  VALUE       VALUE  FROM      YEAR
                                                  NORMAL
..................................................................
TEMPERATURE (F)
 YESTERDAY
  MAXIMUM         93    407 PM 104    1999  93      0       93
                                      1943
                                      1902
  MINIMUM         68    613 AM  64    1930  71     -3       71
                                      1927
                                      1917
  AVERAGE         81                        82     -1       82

PRECIPITATION (IN)
  YESTERDAY        0.00          3.10 1900   0.12  -0.12     0.00
  MONTH TO DATE    2.54                      3.05  -0.51     4.68
  SINCE JUN 1     10.57                     11.78  -1.21    12.33
  SINCE JAN 1     28.79                     35.78  -6.99    37.59

DEGREE DAYS
 COOLING
  YESTERDAY       16                        17     -1       17
  MONTH TO DATE  466                       479    -13      494
  SINCE JUN 1   1434                      1471    -37     1502
  SINCE JAN 1   1845                      1925    -80     1895
..................................................................


WIND (MPH)
  HIGHEST WIND SPEED    12   HIGHEST WIND DIRECTION     E (70)
  HIGHEST GUST SPEED    15   HIGHEST GUST DIRECTION    SE (120)
  AVERAGE WIND SPEED     3.1


SKY COVER
  POSSIBLE SUNSHINE  MM
  AVERAGE SKY COVER 0.3


WEATHER CONDITIONS
 THE FOLLOWING WEATHER WAS RECORDED YESTERDAY.
  NO SIGNIFICANT WEATHER WAS OBSERVED.


RELATIVE HUMIDITY (PERCENT)
 HIGHEST    97           200 AM
 LOWEST     47          1200 PM
 AVERAGE    72

..........................................................


THE ALEXANDRIA CLIMATE NORMALS FOR TODAY
                         NORMAL    RECORD    YEAR
 MAXIMUM TEMPERATURE (F)   93       105      1943
 MINIMUM TEMPERATURE (F)   71        56      1896


SUNRISE AND SUNSET
AUGUST 28 2014........SUNRISE   644 AM CDT   SUNSET   738 PM CDT
AUGUST 29 2014........SUNRISE   644 AM CDT   SUNSET   737 PM CDT


-  INDICATES NEGATIVE NUMBERS.
R  INDICATES RECORD WAS SET OR TIED.
MM INDICATES DATA IS MISSING.
T  INDICATES TRACE AMOUNT.




$$
