000
CDUS44 KLCH 030942
CLIAEX


CLIMATE REPORT
NATIONAL WEATHER SERVICE LAKE CHARLES, LA
441 AM CDT MON AUG 3 2015


...................................

...THE ALEXANDRIA CLIMATE SUMMARY FOR AUGUST 2 2015...

CLIMATE NORMAL PERIOD 1981 TO 2010
CLIMATE RECORD PERIOD 1892 TO 2015


WEATHER ITEM   OBSERVED TIME   RECORD YEAR NORMAL DEPARTURE LAST
                VALUE   (LST)  VALUE       VALUE  FROM      YEAR
                                                  NORMAL
..................................................................
TEMPERATURE (F)
 YESTERDAY
  MAXIMUM         98    404 PM 107    1998  93      5       85
  MINIMUM         66    556 AM  63    1965  73     -7       72
  AVERAGE         82                        83     -1       79

PRECIPITATION (IN)
  YESTERDAY        0.00          2.00 1912   0.11  -0.11     0.01
  MONTH TO DATE    0.00                      0.22  -0.22     1.32
  SINCE JUN 1      8.34                      8.95  -0.61     9.35
  SINCE JAN 1     33.59                     32.95   0.64    27.57

DEGREE DAYS
 COOLING
  YESTERDAY       17                        18     -1       14
  MONTH TO DATE   35                        36     -1       27
  SINCE JUN 1   1128                      1028    100      995
  SINCE JAN 1   1650                      1482    168     1406
..................................................................


WIND (MPH)
  HIGHEST WIND SPEED    12   HIGHEST WIND DIRECTION     E (80)
  HIGHEST GUST SPEED    17   HIGHEST GUST DIRECTION     N (10)
  AVERAGE WIND SPEED     2.8


SKY COVER
  POSSIBLE SUNSHINE  MM
  AVERAGE SKY COVER 0.0


WEATHER CONDITIONS
 THE FOLLOWING WEATHER WAS RECORDED YESTERDAY.
  NO SIGNIFICANT WEATHER WAS OBSERVED.


RELATIVE HUMIDITY (PERCENT)
 HIGHEST   100           200 AM
 LOWEST     29           300 PM
 AVERAGE    65

..........................................................


THE ALEXANDRIA CLIMATE NORMALS FOR TODAY
                         NORMAL    RECORD    YEAR
 MAXIMUM TEMPERATURE (F)   93       106      1998
 MINIMUM TEMPERATURE (F)   73        66      1976
                                             1965
                                             1911


SUNRISE AND SUNSET
AUGUST  3 2015........SUNRISE   628 AM CDT   SUNSET   804 PM CDT
AUGUST  4 2015........SUNRISE   629 AM CDT   SUNSET   804 PM CDT


-  INDICATES NEGATIVE NUMBERS.
R  INDICATES RECORD WAS SET OR TIED.
MM INDICATES DATA IS MISSING.
T  INDICATES TRACE AMOUNT.




$$
