000
CDUS44 KLCH 010849
CLIAEX


CLIMATE REPORT
NATIONAL WEATHER SERVICE LAKE CHARLES, LA
349 AM CDT WED OCT 1 2014


...................................

...THE ALEXANDRIA CLIMATE SUMMARY FOR SEPTEMBER 30 2014...

CLIMATE NORMAL PERIOD 1981 TO 2010
CLIMATE RECORD PERIOD 1892 TO 2014


WEATHER ITEM   OBSERVED TIME   RECORD YEAR NORMAL DEPARTURE LAST
                VALUE   (LST)  VALUE       VALUE  FROM      YEAR
                                                  NORMAL
..................................................................
TEMPERATURE (F)
 YESTERDAY
  MAXIMUM         91    344 PM  96    1953  84      7       81
  MINIMUM         67    446 AM  42    1909  61      6       70
  AVERAGE         79                        72      7       76

PRECIPITATION (IN)
  YESTERDAY        0.00          2.51 1898   0.16  -0.16     0.38
  MONTH TO DATE    0.87                      2.90  -2.03     5.39
  SINCE SEP 1      0.87                      2.90  -2.03     5.39
  SINCE JAN 1     32.22                     39.13  -6.91    42.98

DEGREE DAYS
 HEATING
  YESTERDAY        0                         1     -1        0
  MONTH TO DATE    0                         1     -1        0
  SINCE SEP 1      0                         3     -3        0
  SINCE JUL 1      0                         3     -3        0

 COOLING
  YESTERDAY       14                         8      6       11
  MONTH TO DATE  391                       363     28      461
  SINCE SEP 1    391                       363     28      461
  SINCE JAN 1   2299                      2350    -51     2426
..................................................................


WIND (MPH)
  HIGHEST WIND SPEED    12   HIGHEST WIND DIRECTION    SE (150)
  HIGHEST GUST SPEED    15   HIGHEST GUST DIRECTION    SE (150)
  AVERAGE WIND SPEED     2.9


SKY COVER
  POSSIBLE SUNSHINE  MM
  AVERAGE SKY COVER 0.2


WEATHER CONDITIONS
 THE FOLLOWING WEATHER WAS RECORDED YESTERDAY.
  FOG


RELATIVE HUMIDITY (PERCENT)
 HIGHEST   100           100 AM
 LOWEST     47           200 PM
 AVERAGE    74

..........................................................


THE ALEXANDRIA CLIMATE NORMALS FOR TODAY
                         NORMAL    RECORD    YEAR
 MAXIMUM TEMPERATURE (F)   83        97      1900
 MINIMUM TEMPERATURE (F)   60        41      1984


SUNRISE AND SUNSET
OCTOBER  1 2014.......SUNRISE   704 AM CDT   SUNSET   655 PM CDT
OCTOBER  2 2014.......SUNRISE   705 AM CDT   SUNSET   654 PM CDT


-  INDICATES NEGATIVE NUMBERS.
R  INDICATES RECORD WAS SET OR TIED.
MM INDICATES DATA IS MISSING.
T  INDICATES TRACE AMOUNT.




$$
