000
CDUS44 KLCH 131245
CLIAEX


CLIMATE REPORT
NATIONAL WEATHER SERVICE LAKE CHARLES, LA
645 AM CST SAT FEB 13 2016


...................................

...THE ALEXANDRIA CLIMATE SUMMARY FOR FEBRUARY 12 2016...

CLIMATE NORMAL PERIOD 1981 TO 2010
CLIMATE RECORD PERIOD 1892 TO 2016


WEATHER ITEM   OBSERVED TIME   RECORD YEAR NORMAL DEPARTURE LAST
                VALUE   (LST)  VALUE       VALUE  FROM      YEAR
                                                  NORMAL
..................................................................
TEMPERATURE (F)
 YESTERDAY
  MAXIMUM         74    334 PM  83    1922  62     12       61
  MINIMUM         51   1037 PM   5    1899  40     11       38
  AVERAGE         63                        51     12       50

PRECIPITATION (IN)
  YESTERDAY        0.00          4.03 1984   0.17  -0.17     0.00
  MONTH TO DATE    0.42                      1.85  -1.43     0.07
  SINCE DEC 1     12.26                     13.19  -0.93     6.17
  SINCE JAN 1      4.20                      7.07  -2.87     3.78

SNOWFALL (IN)
  YESTERDAY        0.0           1.0  1899  MM     MM        0.0
  MONTH TO DATE    0.0                      MM     MM        0.0
  SINCE DEC 1      0.0                      MM     MM        0.0
  SINCE JUL 1      0.0                      MM     MM        0.0
  SNOW DEPTH       0

DEGREE DAYS
 HEATING
  YESTERDAY        2                        14    -12       15
  MONTH TO DATE  159                       179    -20      175
  SINCE DEC 1    912                      1145   -233     1136
  SINCE JUL 1   1063                      1470   -407     1529
..................................................................


WIND (MPH)
  HIGHEST WIND SPEED    20   HIGHEST WIND DIRECTION     W (270)
  HIGHEST GUST SPEED    24   HIGHEST GUST DIRECTION     W (280)
  AVERAGE WIND SPEED     7.2


SKY COVER
  POSSIBLE SUNSHINE  MM
  AVERAGE SKY COVER 0.3


WEATHER CONDITIONS
 THE FOLLOWING WEATHER WAS RECORDED YESTERDAY.
  HAZE


RELATIVE HUMIDITY (PERCENT)
 HIGHEST   100           400 AM
 LOWEST     42           700 PM
 AVERAGE    71

..........................................................


THE ALEXANDRIA CLIMATE NORMALS FOR TODAY
                         NORMAL    RECORD    YEAR
 MAXIMUM TEMPERATURE (F)   62        83      1907
 MINIMUM TEMPERATURE (F)   41         3      1899


SUNRISE AND SUNSET
FEBRUARY 13 2016......SUNRISE   654 AM CST   SUNSET   555 PM CST
FEBRUARY 14 2016......SUNRISE   653 AM CST   SUNSET   556 PM CST


-  INDICATES NEGATIVE NUMBERS.
R  INDICATES RECORD WAS SET OR TIED.
MM INDICATES DATA IS MISSING.
T  INDICATES TRACE AMOUNT.




$$
