000
CDUS44 KLCH 210837
CLIAEX


CLIMATE REPORT
NATIONAL WEATHER SERVICE LAKE CHARLES, LA
236 AM CST SUN DEC 21 2014


...................................

...THE ALEXANDRIA CLIMATE SUMMARY FOR DECEMBER 20 2014...

CLIMATE NORMAL PERIOD 1981 TO 2010
CLIMATE RECORD PERIOD 1892 TO 2014


WEATHER ITEM   OBSERVED TIME   RECORD YEAR NORMAL DEPARTURE LAST
                VALUE   (LST)  VALUE       VALUE  FROM      YEAR
                                                  NORMAL
..................................................................
TEMPERATURE (F)
 YESTERDAY
  MAXIMUM         56    419 PM  78    1978  60     -4       77
                                      1977
                                      1951
  MINIMUM         40   1159 PM  18    1901  40      0       64
  AVERAGE         48                        50     -2       71

PRECIPITATION (IN)
  YESTERDAY        T             3.55 1923   0.17  -0.17     0.00
  MONTH TO DATE    1.29                      4.45  -3.16     1.02
  SINCE DEC 1      1.29                      4.45  -3.16     1.02
  SINCE JAN 1     41.76                     54.25 -12.49    53.51

SNOWFALL (IN)
  YESTERDAY       MM             0.0    MM  MM     MM        0.0
  MONTH TO DATE    0.0                      MM     MM        0.0
  SINCE DEC 1      0.0                      MM     MM        0.0
  SINCE JUL 1      0.0                      MM     MM        0.0
  SNOW DEPTH       0

DEGREE DAYS
 HEATING
  YESTERDAY       17                        15      2        0
  MONTH TO DATE  215                       289    -74      301
  SINCE DEC 1    215                       289    -74      301
  SINCE JUL 1    608                       614     -6      677
..................................................................


WIND (MPH)
  HIGHEST WIND SPEED    13   HIGHEST WIND DIRECTION    NE (40)
  HIGHEST GUST SPEED    18   HIGHEST GUST DIRECTION     N (340)
  AVERAGE WIND SPEED     6.7


SKY COVER
  POSSIBLE SUNSHINE  MM
  AVERAGE SKY COVER 0.6


WEATHER CONDITIONS
 THE FOLLOWING WEATHER WAS RECORDED YESTERDAY.
  LIGHT RAIN
  FOG


RELATIVE HUMIDITY (PERCENT)
 HIGHEST   100           100 AM
 LOWEST     66           300 PM
 AVERAGE    83

..........................................................


THE ALEXANDRIA CLIMATE NORMALS FOR TODAY
                         NORMAL    RECORD    YEAR
 MAXIMUM TEMPERATURE (F)   60        79      2010
                                             1978
                                             1948
 MINIMUM TEMPERATURE (F)   40        18      1901


SUNRISE AND SUNSET
DECEMBER 21 2014......SUNRISE   705 AM CST   SUNSET   512 PM CST
DECEMBER 22 2014......SUNRISE   705 AM CST   SUNSET   512 PM CST


-  INDICATES NEGATIVE NUMBERS.
R  INDICATES RECORD WAS SET OR TIED.
MM INDICATES DATA IS MISSING.
T  INDICATES TRACE AMOUNT.




$$
