741
CDUS42 KCAE 080624
CLIAGS


CLIMATE REPORT
NATIONAL WEATHER SERVICE COLUMBIA SC
123 AM EST MON FEB 8 2016


...................................

...THE AUGUSTA REGIONAL BUSH FIELD GA CLIMATE SUMMARY FOR FEBRUARY 7 2016...

CLIMATE NORMAL PERIOD 1981 TO 2010
CLIMATE RECORD PERIOD 1873 TO 2016


WEATHER ITEM   OBSERVED TIME   RECORD YEAR NORMAL DEPARTURE LAST
                VALUE   (LST)  VALUE       VALUE  FROM      YEAR
                                                  NORMAL
..................................................................
TEMPERATURE (F)
 YESTERDAY
  MAXIMUM         59    349 PM  80    1999  61     -2       65
  MINIMUM         40   1013 PM  13    1895  35      5       22
  AVERAGE         50                        48      2       44

PRECIPITATION (IN)
  YESTERDAY        0.00          3.10 2013   0.13  -0.13     0.00
  MONTH TO DATE    2.14                      0.92   1.22     0.23
  SINCE DEC 1     10.72                      8.22   2.50     6.54
  SINCE JAN 1      3.80                      4.83  -1.03     2.33

SNOWFALL (IN)
  YESTERDAY        0.0          MM      MM   0.0             0.0
  MONTH TO DATE    0.0                       0.1             0.0
  SINCE DEC 1      0.5                       0.6             0.0
  SINCE JUL 1      0.5                       0.6             0.0

DEGREE DAYS
 HEATING
  YESTERDAY       15                        17     -2       21
  MONTH TO DATE   81                       125    -44      148
  SINCE DEC 1    935                      1288   -353     1255
  SINCE JUL 1   1222                      1710   -488     1819

 COOLING
  YESTERDAY        0                         0      0        0
  MONTH TO DATE    3                         0      3        0
  SINCE DEC 1     50                         4     46        0
  SINCE JAN 1      3                         1      2        0
..................................................................


WIND (MPH)
  HIGHEST WIND SPEED    24   HIGHEST WIND DIRECTION     N (10)
  HIGHEST GUST SPEED    30   HIGHEST GUST DIRECTION     N (10)
  AVERAGE WIND SPEED     9.9


SKY COVER
  AVERAGE SKY COVER 0.3


WEATHER CONDITIONS
 THE FOLLOWING WEATHER WAS RECORDED YESTERDAY.
  NO SIGNIFICANT WEATHER WAS OBSERVED.


RELATIVE HUMIDITY (PERCENT)
 HIGHEST    82          1200 AM
 LOWEST     28           200 PM
 AVERAGE    55

..........................................................


THE AUGUSTA REGIONAL BUSH FIELD GA CLIMATE NORMALS FOR TODAY
                         NORMAL    RECORD    YEAR
 MAXIMUM TEMPERATURE (F)   61        81      1957
 MINIMUM TEMPERATURE (F)   35         8      1895


SUNRISE AND SUNSET
FEBRUARY  8 2016......SUNRISE   719 AM EST   SUNSET   606 PM EST
FEBRUARY  9 2016......SUNRISE   718 AM EST   SUNSET   607 PM EST


-  INDICATES NEGATIVE NUMBERS.
R  INDICATES RECORD WAS SET OR TIED.
MM INDICATES DATA IS MISSING.
T  INDICATES TRACE AMOUNT.




$$
