000
CDUS42 KCAE 260545
CLIAGS


CLIMATE REPORT
NATIONAL WEATHER SERVICE COLUMBIA SC
144 AM EDT THU MAY 26 2016


...................................

...THE AUGUSTA REGIONAL BUSH FIELD GA CLIMATE SUMMARY FOR MAY 25 2016...

CLIMATE NORMAL PERIOD 1981 TO 2010
CLIMATE RECORD PERIOD 1873 TO 2016


WEATHER ITEM   OBSERVED TIME   RECORD YEAR NORMAL DEPARTURE LAST
                VALUE   (LST)  VALUE       VALUE  FROM      YEAR
                                                  NORMAL
..................................................................
TEMPERATURE (F)
 YESTERDAY
  MAXIMUM         89    347 PM  99    2000  87      2       88
                                      1878
  MINIMUM         56    429 AM  43    1951  60     -4       59
  AVERAGE         73                        74     -1       74

PRECIPITATION (IN)
  YESTERDAY        0.00          2.08 1938   0.10  -0.10     0.00
  MONTH TO DATE    3.02                      1.97   1.05     0.49
  SINCE MAR 1     10.62                      8.99   1.63     8.39
  SINCE JAN 1     16.04                     16.82  -0.78    15.19

SNOWFALL (IN)
  YESTERDAY        0.0          MM      MM   0.0             0.0
  MONTH TO DATE    0.0                       0.0             0.0
  SINCE MAR 1      0.0                       0.0             0.0
  SINCE JUL 1      0.5                       0.9              T

DEGREE DAYS
 HEATING
  YESTERDAY        0                         0      0        0
  MONTH TO DATE   13                        18     -5       10
  SINCE MAR 1    279                       438   -159      277
  SINCE JUL 1   1856                      2470   -614     2563

 COOLING
  YESTERDAY        8                         9     -1        9
  MONTH TO DATE  141                       151    -10      174
  SINCE MAR 1    256                       221     35      288
  SINCE JAN 1    259                       224     35      288
..................................................................


WIND (MPH)
  HIGHEST WIND SPEED    10   HIGHEST WIND DIRECTION     W (260)
  HIGHEST GUST SPEED    13   HIGHEST GUST DIRECTION     W (260)
  AVERAGE WIND SPEED     2.3


SKY COVER
  AVERAGE SKY COVER 0.0


WEATHER CONDITIONS
 THE FOLLOWING WEATHER WAS RECORDED YESTERDAY.
  FOG
  FOG W/VISIBILITY <= 1/4 MILE


RELATIVE HUMIDITY (PERCENT)
 HIGHEST   100          1200 AM
 LOWEST     29           500 PM
 AVERAGE    65

..........................................................


THE AUGUSTA REGIONAL BUSH FIELD GA CLIMATE NORMALS FOR TODAY
                         NORMAL    RECORD    YEAR
 MAXIMUM TEMPERATURE (F)   88       100      1926
                                             1878
 MINIMUM TEMPERATURE (F)   61        44      1979


SUNRISE AND SUNSET
MAY 26 2016...........SUNRISE   621 AM EDT   SUNSET   829 PM EDT
MAY 27 2016...........SUNRISE   621 AM EDT   SUNSET   830 PM EDT


-  INDICATES NEGATIVE NUMBERS.
R  INDICATES RECORD WAS SET OR TIED.
MM INDICATES DATA IS MISSING.
T  INDICATES TRACE AMOUNT.




$$
