000
CDUS42 KCAE 210600
CLIAGS


CLIMATE REPORT
NATIONAL WEATHER SERVICE COLUMBIA SC
1259 AM EST SUN DEC 21 2014


...................................

...THE AUGUSTA REGIONAL BUSH FIELD GA CLIMATE SUMMARY FOR DECEMBER 20 2014...

CLIMATE NORMAL PERIOD 1981 TO 2010
CLIMATE RECORD PERIOD 1873 TO 2014


WEATHER ITEM   OBSERVED TIME   RECORD YEAR NORMAL DEPARTURE LAST
                VALUE   (LST)  VALUE       VALUE  FROM      YEAR
                                                  NORMAL
..................................................................
TEMPERATURE (F)
 YESTERDAY
  MAXIMUM         55    147 PM  81    1967  59     -4       71
  MINIMUM         47   1159 PM   9    1981  34     13       34
  AVERAGE         51                        46      5       53

PRECIPITATION (IN)
  YESTERDAY        0.08          1.97 1905   0.12  -0.04     0.00
  MONTH TO DATE    0.18                      2.13  -1.95     3.11
  SINCE DEC 1      0.18                      2.13  -1.95     3.11
  SINCE JAN 1     34.66                     42.31  -7.65    51.73

SNOWFALL (IN)
  YESTERDAY        0.0          MM      MM   0.0             0.0
  MONTH TO DATE    0.0                       0.0             0.0
  SINCE DEC 1      0.0                       0.0             0.0
  SINCE JUL 1      0.0                       0.0             0.0

DEGREE DAYS
 HEATING
  YESTERDAY       14                        19     -5       12
  MONTH TO DATE  302                       339    -37      289
  SINCE DEC 1    302                       339    -37      289
  SINCE JUL 1    866                       761    105      748

 COOLING
  YESTERDAY        0                         0      0        0
  MONTH TO DATE    0                         0      0        4
  SINCE DEC 1      0                         0      0        4
  SINCE JAN 1   2099                      2086     13     1869
..................................................................


WIND (MPH)
  HIGHEST WIND SPEED    10   HIGHEST WIND DIRECTION    NE (40)
  HIGHEST GUST SPEED    12   HIGHEST GUST DIRECTION    NE (30)
  AVERAGE WIND SPEED     3.6


SKY COVER
  AVERAGE SKY COVER 1.0


WEATHER CONDITIONS
 THE FOLLOWING WEATHER WAS RECORDED YESTERDAY.
  LIGHT RAIN
  FOG
  HAZE


RELATIVE HUMIDITY (PERCENT)
 HIGHEST   100           400 AM
 LOWEST     80          1200 AM
 AVERAGE    90

..........................................................


THE AUGUSTA REGIONAL BUSH FIELD GA CLIMATE NORMALS FOR TODAY
                         NORMAL    RECORD    YEAR
 MAXIMUM TEMPERATURE (F)   59        83      2013
 MINIMUM TEMPERATURE (F)   34         5      1981


SUNRISE AND SUNSET
DECEMBER 21 2014......SUNRISE   728 AM EST   SUNSET   524 PM EST
DECEMBER 22 2014......SUNRISE   728 AM EST   SUNSET   525 PM EST


-  INDICATES NEGATIVE NUMBERS.
R  INDICATES RECORD WAS SET OR TIED.
MM INDICATES DATA IS MISSING.
T  INDICATES TRACE AMOUNT.




$$
