000
CDUS42 KCAE 012213
CLIAGS


CLIMATE REPORT
NATIONAL WEATHER SERVICE COLUMBIA SC
511 PM EST SUN FEB 1 2015


...................................

...THE AUGUSTA BUSH FIELD GA CLIMATE SUMMARY FOR FEBRUARY 1 2015...
VALID TODAY AS OF 0500 PM LOCAL TIME.

CLIMATE NORMAL PERIOD 1981 TO 2010
CLIMATE RECORD PERIOD 1873 TO 2015


WEATHER ITEM   OBSERVED TIME   RECORD YEAR NORMAL DEPARTURE LAST
                VALUE   (LST)  VALUE       VALUE  FROM      YEAR
                                                  NORMAL
..................................................................
TEMPERATURE (F)
 TODAY
  MAXIMUM         70    301 PM  80    1957  60     10       48
                                      1950
  MINIMUM         33    546 AM  17    1936  34     -1       24
  AVERAGE         52                        47      5       36

PRECIPITATION (IN)
  TODAY            0.00          1.94 1902   0.13  -0.13     0.02
  MONTH TO DATE    0.00                      0.13  -0.13     0.02
  SINCE DEC 1      6.31                      7.43  -1.12     9.40
  SINCE JAN 1      2.10                      4.04  -1.94     2.50

SNOWFALL (IN)
  TODAY           MM            MM      MM   0.0             0.0
  MONTH TO DATE   MM                         0.0             0.0
  SINCE DEC 1      0.0                       0.5             2.0
  SINCE JUL 1      0.0                       0.5             2.0

DEGREE DAYS
 HEATING
  TODAY           13                        18     -5       29
  MONTH TO DATE   13                        18     -5       29
  SINCE DEC 1   1120                      1181    -61     1271
  SINCE JUL 1   1684                      1603     81     1730

 COOLING
  TODAY            0                         0      0        0
  MONTH TO DATE    0                         0      0        0
  SINCE DEC 1      0                         4     -4       11
  SINCE JAN 1      0                         1     -1        0
..................................................................


WIND (MPH)
  HIGHEST WIND SPEED    22   HIGHEST WIND DIRECTION     S (170)
  HIGHEST GUST SPEED    29   HIGHEST GUST DIRECTION     S (170)
  AVERAGE WIND SPEED     4.9


SKY COVER
  AVERAGE SKY COVER 0.2


WEATHER CONDITIONS
 THE FOLLOWING WEATHER WAS RECORDED TODAY.
  NO SIGNIFICANT WEATHER WAS OBSERVED.


RELATIVE HUMIDITY (PERCENT)
 HIGHEST    82           600 AM
 LOWEST     37           100 AM
 AVERAGE    60

..........................................................


THE AUGUSTA BUSH FIELD GA CLIMATE NORMALS FOR TOMORROW
                         NORMAL    RECORD    YEAR
 MAXIMUM TEMPERATURE (F)   60        79      1990
 MINIMUM TEMPERATURE (F)   34        11      1917


SUNRISE AND SUNSET
FEBRUARY  1 2015......SUNRISE   724 AM EST   SUNSET   559 PM EST
FEBRUARY  2 2015......SUNRISE   723 AM EST   SUNSET   600 PM EST


-  INDICATES NEGATIVE NUMBERS.
R  INDICATES RECORD WAS SET OR TIED.
MM INDICATES DATA IS MISSING.
T  INDICATES TRACE AMOUNT.




$$
