000
CDUS42 KCAE 052123
CLIAGS


CLIMATE REPORT
NATIONAL WEATHER SERVICE COLUMBIA SC
522 PM EDT SUN JUL 5 2015


...................................

...THE AUGUSTA BUSH FIELD GA CLIMATE SUMMARY FOR JULY 5 2015...
VALID TODAY AS OF 0500 PM LOCAL TIME.

CLIMATE NORMAL PERIOD 1981 TO 2010
CLIMATE RECORD PERIOD 1873 TO 2015


WEATHER ITEM   OBSERVED TIME   RECORD YEAR NORMAL DEPARTURE LAST
                VALUE   (LST)  VALUE       VALUE  FROM      YEAR
                                                  NORMAL
..................................................................
TEMPERATURE (F)
 TODAY
  MAXIMUM         91    305 PM 102    2012  93     -2       89
  MINIMUM         71    549 AM  60    2010  69      2       66
                                      2007
  AVERAGE         81                        81      0       78

PRECIPITATION (IN)
  TODAY            T             2.26 1996   0.14  -0.14     0.00
  MONTH TO DATE    1.62                      0.68   0.94      T
  SINCE JUN 1      5.12                      5.40  -0.28     2.27
  SINCE JAN 1     20.75                     22.90  -2.15    21.13

SNOWFALL (IN)
  TODAY            0.0          MM      MM   0.0             0.0
  MONTH TO DATE    0.0                       0.0             0.0
  SINCE JUN 1      0.0                       0.0             0.0
  SINCE JUL 1      0.0                       0.0             0.0

DEGREE DAYS
 HEATING
  TODAY            0                         0      0        0
  MONTH TO DATE    0                         0      0        0
  SINCE JUN 1      0                         0      0        0
  SINCE JUL 1      0                         0      0        0

 COOLING
  TODAY           16                        16      0       13
  MONTH TO DATE   74                        80     -6       80
  SINCE JUN 1    553                       488     65      504
  SINCE JAN 1    914                       771    143      788
..................................................................


WIND (MPH)
  HIGHEST WIND SPEED    18   HIGHEST WIND DIRECTION    SW (220)
  HIGHEST GUST SPEED    24   HIGHEST GUST DIRECTION    SW (210)
  AVERAGE WIND SPEED     6.4


SKY COVER
  AVERAGE SKY COVER 0.2


WEATHER CONDITIONS
 THE FOLLOWING WEATHER WAS RECORDED TODAY.
  LIGHT RAIN


RELATIVE HUMIDITY (PERCENT)
 HIGHEST   100          1200 AM
 LOWEST     47           200 PM
 AVERAGE    74

..........................................................


THE AUGUSTA BUSH FIELD GA CLIMATE NORMALS FOR TOMORROW
                         NORMAL    RECORD    YEAR
 MAXIMUM TEMPERATURE (F)   93       104      1990
 MINIMUM TEMPERATURE (F)   69        60      1964


SUNRISE AND SUNSET
JULY  5 2015..........SUNRISE   624 AM EDT   SUNSET   841 PM EDT
JULY  6 2015..........SUNRISE   624 AM EDT   SUNSET   841 PM EDT


-  INDICATES NEGATIVE NUMBERS.
R  INDICATES RECORD WAS SET OR TIED.
MM INDICATES DATA IS MISSING.
T  INDICATES TRACE AMOUNT.




$$
