748
CDUS42 KCAE 170638
CLIAGS


CLIMATE REPORT
NATIONAL WEATHER SERVICE COLUMBIA SC
138 AM EST SUN DEC 17 2017


...................................

...THE AUGUSTA REGIONAL BUSH FIELD GA CLIMATE SUMMARY FOR DECEMBER 16 2017...

CLIMATE NORMAL PERIOD 1981 TO 2010
CLIMATE RECORD PERIOD 1873 TO 2017


WEATHER ITEM   OBSERVED TIME   RECORD YEAR NORMAL DEPARTURE LAST
                VALUE   (LST)  VALUE       VALUE  FROM      YEAR
                                                  NORMAL
..................................................................
TEMPERATURE (F)
 YESTERDAY
  MAXIMUM         54    422 PM  81    1971  60     -6       43
  MINIMUM         23    708 AM  17    2004  34    -11       MM
                                      1955
  AVERAGE         39                        47     -8       MM

PRECIPITATION (IN)
  YESTERDAY        0.00          2.89 1970   0.11  -0.11     0.00
  MONTH TO DATE    2.43                      1.68   0.75     3.63
  SINCE DEC 1      2.43                      1.68   0.75     3.63
  SINCE JAN 1     43.28                     41.86   1.42    37.49

SNOWFALL (IN)
  YESTERDAY        0.0          MM      MM   0.0             0.0
  MONTH TO DATE    0.0                       0.0             0.0
  SINCE DEC 1      0.0                       0.0             0.0
  SINCE JUL 1      0.0                       0.0             0.0

DEGREE DAYS
 HEATING
  YESTERDAY       26                        18      8       MM
  MONTH TO DATE  248                       264    -16      201
  SINCE DEC 1    248                       264    -16      201
  SINCE JUL 1    613                       686    -73      472

 COOLING
  YESTERDAY        0                         0      0       MM
  MONTH TO DATE    0                         0      0        0
  SINCE DEC 1      0                         0      0        0
  SINCE JAN 1   2703                      2086    617     2509
..................................................................


WIND (MPH)
  HIGHEST WIND SPEED     8   HIGHEST WIND DIRECTION    NW (330)
  HIGHEST GUST SPEED    10   HIGHEST GUST DIRECTION    NW (310)
  AVERAGE WIND SPEED     1.0


SKY COVER
  AVERAGE SKY COVER 0.0


WEATHER CONDITIONS
 THE FOLLOWING WEATHER WAS RECORDED YESTERDAY.
  FOG


RELATIVE HUMIDITY (PERCENT)
 HIGHEST    92           700 AM
 LOWEST     35           300 PM
 AVERAGE    64

..........................................................


THE AUGUSTA REGIONAL BUSH FIELD GA CLIMATE NORMALS FOR TODAY
                         NORMAL    RECORD    YEAR
 MAXIMUM TEMPERATURE (F)   59        79      1933
 MINIMUM TEMPERATURE (F)   34        15      1955


SUNRISE AND SUNSET
DECEMBER 17 2017......SUNRISE   726 AM EST   SUNSET   523 PM EST
DECEMBER 18 2017......SUNRISE   726 AM EST   SUNSET   523 PM EST


-  INDICATES NEGATIVE NUMBERS.
R  INDICATES RECORD WAS SET OR TIED.
MM INDICATES DATA IS MISSING.
T  INDICATES TRACE AMOUNT.




$$
