682
CDUS42 KCAE 270636
CLIAGS


CLIMATE REPORT
NATIONAL WEATHER SERVICE COLUMBIA SC
236 AM EDT MON MAR 27 2017


...................................

...THE AUGUSTA REGIONAL BUSH FIELD GA CLIMATE SUMMARY FOR MARCH 26 2017...

CLIMATE NORMAL PERIOD 1981 TO 2010
CLIMATE RECORD PERIOD 1873 TO 2017


WEATHER ITEM   OBSERVED TIME   RECORD YEAR NORMAL DEPARTURE LAST
                VALUE   (LST)  VALUE       VALUE  FROM      YEAR
                                                  NORMAL
..................................................................
TEMPERATURE (F)
 YESTERDAY
  MAXIMUM         83    339 PM  89    1929  73     10       70
  MINIMUM         55    259 AM  27    2014  44     11       59
                                      2006
  AVERAGE         69                        58     11       65

PRECIPITATION (IN)
  YESTERDAY        T             2.60 1901   0.13  -0.13     0.15
  MONTH TO DATE    1.48                      3.55  -2.07     1.63
  SINCE MAR 1      1.48                      3.55  -2.07     1.63
  SINCE JAN 1     13.72                     11.38   2.34     7.05

SNOWFALL (IN)
  YESTERDAY        0.0          MM      MM   0.0             0.0
  MONTH TO DATE    0.0                       0.0             0.0
  SINCE MAR 1      0.0                       0.0             0.0
  SINCE JUL 1      T                         0.9             0.5

DEGREE DAYS
 HEATING
  YESTERDAY        0                         7     -7        0
  MONTH TO DATE  238                       262    -24      158
  SINCE MAR 1    238                       262    -24      158
  SINCE JUL 1   1373                      2294   -921     1735

 COOLING
  YESTERDAY        4                         1      3        0
  MONTH TO DATE   17                        12      5       39
  SINCE MAR 1     17                        12      5       39
  SINCE JAN 1     47                        15     32       42
..................................................................


WIND (MPH)
  HIGHEST WIND SPEED    16   HIGHEST WIND DIRECTION     S (200)
  HIGHEST GUST SPEED    22   HIGHEST GUST DIRECTION    SW (220)
  AVERAGE WIND SPEED     6.8


SKY COVER
  AVERAGE SKY COVER 0.5


WEATHER CONDITIONS
 THE FOLLOWING WEATHER WAS RECORDED YESTERDAY.
  LIGHT RAIN


RELATIVE HUMIDITY (PERCENT)
 HIGHEST    93           300 AM
 LOWEST     40           400 PM
 AVERAGE    67

..........................................................


THE AUGUSTA REGIONAL BUSH FIELD GA CLIMATE NORMALS FOR TODAY
                         NORMAL    RECORD    YEAR
 MAXIMUM TEMPERATURE (F)   73        88      1994
                                             1921
 MINIMUM TEMPERATURE (F)   44        22      1955


SUNRISE AND SUNSET
MARCH 27 2017.........SUNRISE   722 AM EDT   SUNSET   745 PM EDT
MARCH 28 2017.........SUNRISE   721 AM EDT   SUNSET   746 PM EDT


-  INDICATES NEGATIVE NUMBERS.
R  INDICATES RECORD WAS SET OR TIED.
MM INDICATES DATA IS MISSING.
T  INDICATES TRACE AMOUNT.




$$
