000
CDUS42 KCAE 222229
CLIAGS


CLIMATE REPORT
NATIONAL WEATHER SERVICE COLUMBIA SC
528 PM EST SUN JAN 22 2017


...................................

...THE AUGUSTA BUSH FIELD GA CLIMATE SUMMARY FOR JANUARY 22 2017...
VALID TODAY AS OF 0500 PM LOCAL TIME.

CLIMATE NORMAL PERIOD 1981 TO 2010
CLIMATE RECORD PERIOD 1873 TO 2017


WEATHER ITEM   OBSERVED TIME   RECORD YEAR NORMAL DEPARTURE LAST
                VALUE   (LST)  VALUE       VALUE  FROM      YEAR
                                                  NORMAL
..................................................................
TEMPERATURE (F)
 TODAY
  MAXIMUM         66   1253 PM  79    1937  58      8       45
                                      1929
  MINIMUM         61    705 AM  10    1961  33     28       32
  AVERAGE         64                        46     18       39

PRECIPITATION (IN)
  TODAY            1.53          1.74 1998   0.13   1.40     0.40
  MONTH TO DATE    8.87                      2.73   6.14     1.34
  SINCE DEC 1     13.28                      6.12   7.16     8.26
  SINCE JAN 1      8.87                      2.73   6.14     1.34

SNOWFALL (IN)
  TODAY            0.0          MM      MM   0.0             0.0
  MONTH TO DATE    T                         0.3             0.0
  SINCE DEC 1      T                         0.4             0.0
  SINCE JUL 1      T                         0.4             0.0

DEGREE DAYS
 HEATING
  TODAY            1                        19    -18       26
  MONTH TO DATE  187                       439   -252      462
  SINCE DEC 1    553                       992   -439      679
  SINCE JUL 1    824                      1414   -590      966

 COOLING
  TODAY            0                         0      0        0
  MONTH TO DATE   14                         0     14        0
  SINCE DEC 1     21                         3     18       47
  SINCE JAN 1     14                         0     14        0
..................................................................


WIND (MPH)
  HIGHEST WIND SPEED    20   HIGHEST WIND DIRECTION     E (80)
  HIGHEST GUST SPEED    24   HIGHEST GUST DIRECTION    SE (120)
  AVERAGE WIND SPEED     7.6


SKY COVER
  AVERAGE SKY COVER 0.9


WEATHER CONDITIONS
 THE FOLLOWING WEATHER WAS RECORDED TODAY.
  THUNDERSTORM
  HEAVY RAIN
  RAIN
  LIGHT RAIN
  FOG


RELATIVE HUMIDITY (PERCENT)
 HIGHEST    97           500 AM
 LOWEST     81           100 PM
 AVERAGE    89

..........................................................


THE AUGUSTA BUSH FIELD GA CLIMATE NORMALS FOR TOMORROW
                         NORMAL    RECORD    YEAR
 MAXIMUM TEMPERATURE (F)   58        78      1932
                                             1927
                                             1920
 MINIMUM TEMPERATURE (F)   33        16      1985
                                             1960


SUNRISE AND SUNSET
JANUARY 22 2017.......SUNRISE   729 AM EST   SUNSET   550 PM EST
JANUARY 23 2017.......SUNRISE   729 AM EST   SUNSET   551 PM EST


-  INDICATES NEGATIVE NUMBERS.
R  INDICATES RECORD WAS SET OR TIED.
MM INDICATES DATA IS MISSING.
T  INDICATES TRACE AMOUNT.




$$
