000
CDUS42 KFFC 270023
CLIAHN


CLIMATE REPORT
NATIONAL WEATHER SERVICE PEACHTREE CITY GA
823 PM EDT TUE JUL 26 2016


...................................

...THE ATHENS CLIMATE SUMMARY FOR JULY 26 2016...
VALID AS OF 0800 PM LOCAL TIME.

CLIMATE NORMAL PERIOD 1981 TO 2010
CLIMATE RECORD PERIOD 1898 TO 2016


WEATHER ITEM   OBSERVED TIME   RECORD YEAR NORMAL DEPARTURE LAST
                VALUE   (LST)  VALUE       VALUE  FROM      YEAR
                                                  NORMAL
..................................................................
TEMPERATURE (F)
 TODAY
  MAXIMUM        101    243 PM 103    2010  91     10       94
  MINIMUM         74    604 AM  56    1911  70      4       69
  AVERAGE         88                        81      7       82

PRECIPITATION (IN)
  TODAY            0.00          2.05 1984   0.14  -0.14     0.00
  MONTH TO DATE    0.35                      3.77  -3.42     5.08
  SINCE JUN 1      4.44                      7.95  -3.51     7.84
  SINCE JAN 1     19.62                     27.06  -7.44    28.24

SNOWFALL (IN)
  TODAY            0.0           0.0  2002   0.0    0.0      0.0
                                      2001
  MONTH TO DATE    0.0                       0.0    0.0      0.0
  SINCE JUN 1      0.0                       0.0    0.0      0.0
  SINCE JUL 1      0.0                       0.0    0.0      0.0
  SNOW DEPTH       0

DEGREE DAYS
 HEATING
  TODAY            0                         0      0        0
  MONTH TO DATE    0                         0      0        0
  SINCE JUN 1      0                         1     -1        0
  SINCE JUL 1      0                         0      0        0

 COOLING
  TODAY           23                        16      7       17
  MONTH TO DATE  496                       409     87      433
  SINCE JUN 1    976                       787    189      903
  SINCE JAN 1   1277                      1027    250     1228
..................................................................


WIND (MPH)
  HIGHEST WIND SPEED     9   HIGHEST WIND DIRECTION     S (170)
  HIGHEST GUST SPEED    16   HIGHEST GUST DIRECTION     S (170)
  AVERAGE WIND SPEED     3.7


SKY COVER
  AVERAGE SKY COVER 0.0


WEATHER CONDITIONS
 THE FOLLOWING WEATHER WAS RECORDED TODAY.
  NO SIGNIFICANT WEATHER WAS OBSERVED.


RELATIVE HUMIDITY (PERCENT)
 HIGHEST    93           600 AM
 LOWEST     31           300 PM

..........................................................


THE ATHENS CLIMATE NORMALS FOR TOMORROW
                         NORMAL    RECORD    YEAR
 MAXIMUM TEMPERATURE (F)   91       101      1993
                                             1936
                                             1925
 MINIMUM TEMPERATURE (F)   70        58      1911


SUNRISE AND SUNSET
JULY 26 2016..........SUNRISE   641 AM EDT   SUNSET   838 PM EDT
JULY 27 2016..........SUNRISE   642 AM EDT   SUNSET   838 PM EDT


-  INDICATES NEGATIVE NUMBERS.
R  INDICATES RECORD WAS SET OR TIED.
MM INDICATES DATA IS MISSING.
T  INDICATES TRACE AMOUNT.




$$
