307
CDUS42 KFFC 270022
CLIAHN


CLIMATE REPORT
NATIONAL WEATHER SERVICE PEACHTREE CITY GA
822 PM EDT SUN MAR 26 2017


...................................

...THE ATHENS CLIMATE SUMMARY FOR MARCH 26 2017...
VALID AS OF 0800 PM LOCAL TIME.

CLIMATE NORMAL PERIOD 1981 TO 2010
CLIMATE RECORD PERIOD 1898 TO 2017


WEATHER ITEM   OBSERVED TIME   RECORD YEAR NORMAL DEPARTURE LAST
                VALUE   (LST)  VALUE       VALUE  FROM      YEAR
                                                  NORMAL
..................................................................
TEMPERATURE (F)
 TODAY
  MAXIMUM         82    408 PM  86    1929  69     13       63
  MINIMUM         58    719 AM  22    1955  45     13       56
  AVERAGE         70                        57     13       60

PRECIPITATION (IN)
  TODAY            0.05          2.95 1891   0.15  -0.10     0.20
  MONTH TO DATE    3.57                      3.76  -0.19     1.57
  SINCE MAR 1      3.57                      3.76  -0.19     1.57
  SINCE JAN 1     11.27                     12.29  -1.02     9.74

SNOWFALL (IN)
  TODAY            0.0           0.0  2002   0.0    0.0      0.0
                                      2001
                                      2000
  MONTH TO DATE    0.0                       0.7   -0.7      0.0
  SINCE MAR 1      0.0                       0.7   -0.7      0.0
  SINCE JUL 1      0.0                       2.8   -2.8      0.1
  SNOW DEPTH       0

DEGREE DAYS
 HEATING
  TODAY            0                         9     -9        5
  MONTH TO DATE  281                       300    -19      167
  SINCE MAR 1    281                       300    -19      167
  SINCE JUL 1   1805                      2555   -750     2010

 COOLING
  TODAY            5                         0      5        0
  MONTH TO DATE   14                         0     14       34
  SINCE MAR 1     14                         0     14       34
  SINCE JAN 1     23                         1     22       34
..................................................................


WIND (MPH)
  HIGHEST WIND SPEED    12   HIGHEST WIND DIRECTION     S (190)
  HIGHEST GUST SPEED    18   HIGHEST GUST DIRECTION     S (190)
  AVERAGE WIND SPEED     5.3


SKY COVER
  AVERAGE SKY COVER 0.7


WEATHER CONDITIONS
 THE FOLLOWING WEATHER WAS RECORDED TODAY.
  LIGHT RAIN


RELATIVE HUMIDITY (PERCENT)
 HIGHEST   100           500 AM
 LOWEST     42           400 PM

..........................................................


THE ATHENS CLIMATE NORMALS FOR TOMORROW
                         NORMAL    RECORD    YEAR
 MAXIMUM TEMPERATURE (F)   69        87      1921
 MINIMUM TEMPERATURE (F)   45        18      1955


SUNRISE AND SUNSET
MARCH 26 2017.........SUNRISE   728 AM EDT   SUNSET   750 PM EDT
MARCH 27 2017.........SUNRISE   727 AM EDT   SUNSET   750 PM EDT


-  INDICATES NEGATIVE NUMBERS.
R  INDICATES RECORD WAS SET OR TIED.
MM INDICATES DATA IS MISSING.
T  INDICATES TRACE AMOUNT.




$$
