000
CDUS42 KFFC 290819
CLIAHN


CLIMATE REPORT
NATIONAL WEATHER SERVICE PEACHTREE CITY GA
418 AM EDT FRI MAY 29 2015


...................................

...THE ATHENS CLIMATE SUMMARY FOR MAY 28 2015...

CLIMATE NORMAL PERIOD 1981 TO 2010
CLIMATE RECORD PERIOD 1898 TO 2015


WEATHER ITEM   OBSERVED TIME   RECORD YEAR NORMAL DEPARTURE LAST
                VALUE   (LST)  VALUE       VALUE  FROM      YEAR
                                                  NORMAL
..................................................................
TEMPERATURE (F)
 YESTERDAY
  MAXIMUM         85   1101 AM  97    1914  85      0       89
  MINIMUM         65    518 AM  43    1925  62      3       65
  AVERAGE         75                        73      2       77

PRECIPITATION (IN)
  YESTERDAY        1.64          4.48 1973   0.10   1.54     0.00
  MONTH TO DATE    2.49                      2.70  -0.21     3.23
  SINCE MAR 1     13.29                     10.28   3.01    10.77
  SINCE JAN 1     20.26                     18.81   1.45    19.41

DEGREE DAYS
 COOLING
  YESTERDAY       10                         9      1       12
  MONTH TO DATE  213                       155     58      184
  SINCE MAR 1    292                       212     80      235
  SINCE JAN 1    292                       213     79      236
..................................................................


WIND (MPH)
  RESULTANT WIND SPEED   0   RESULTANT WIND DIRECTION  NW (320)
  HIGHEST WIND SPEED    26   HIGHEST WIND DIRECTION     E (100)
  HIGHEST GUST SPEED    44   HIGHEST GUST DIRECTION     E (110)
  AVERAGE WIND SPEED     3.0


SKY COVER
  POSSIBLE SUNSHINE  MM
  AVERAGE SKY COVER 0.4


WEATHER CONDITIONS
 THE FOLLOWING WEATHER WAS RECORDED YESTERDAY.
  HEAVY RAIN
  RAIN
  LIGHT RAIN
  FOG


RELATIVE HUMIDITY (PERCENT)
 HIGHEST   100           500 AM
 LOWEST     61          1100 AM
 AVERAGE    81

..........................................................


THE ATHENS CLIMATE NORMALS FOR TODAY
                         NORMAL    RECORD    YEAR
 MAXIMUM TEMPERATURE (F)   85        99      1941
 MINIMUM TEMPERATURE (F)   62        50      1968


SUNRISE AND SUNSET
MAY 29 2015...........SUNRISE   624 AM EDT   SUNSET   837 PM EDT
MAY 30 2015...........SUNRISE   624 AM EDT   SUNSET   838 PM EDT


-  INDICATES NEGATIVE NUMBERS.
R  INDICATES RECORD WAS SET OR TIED.
MM INDICATES DATA IS MISSING.
T  INDICATES TRACE AMOUNT.




$$
