000
CDUS42 KFFC 120922
CLIAHN


CLIMATE REPORT
NATIONAL WEATHER SERVICE PEACHTREE CITY GA
422 AM EST TUE DEC 12 2017


...................................

...THE ATHENS CLIMATE SUMMARY FOR DECEMBER 11 2017...

CLIMATE NORMAL PERIOD 1981 TO 2010
CLIMATE RECORD PERIOD 1898 TO 2017


WEATHER ITEM   OBSERVED TIME   RECORD YEAR NORMAL DEPARTURE LAST
                VALUE   (LST)  VALUE       VALUE  FROM      YEAR
                                                  NORMAL
..................................................................
TEMPERATURE (F)
 YESTERDAY
  MAXIMUM         63    305 PM  78    2007  57      6       45
                                      1923
  MINIMUM         MM        MM  15    1937  36     MM       25
                                      1917
  AVERAGE         MM                        46     MM       35

PRECIPITATION (IN)
  YESTERDAY        0.00          1.80 1963   0.12  -0.12      T
  MONTH TO DATE    0.95                      1.37  -0.42     1.87
  SINCE DEC 1      0.95                      1.37  -0.42     1.87
  SINCE JAN 1     54.06                     43.97  10.09    36.33

SNOWFALL (IN)
  YESTERDAY        0.0           0.0  2001   0.0    0.0     MM
  MONTH TO DATE    T                         0.0    0.0      0.0
  SINCE DEC 1      T                         0.0    0.0      0.0
  SINCE JUL 1      T                         0.0    0.0      0.0
  SNOW DEPTH       0

DEGREE DAYS
 HEATING
  YESTERDAY       MM                        19     MM       30
  MONTH TO DATE  158                       195    -37      224
  SINCE DEC 1    158                       195    -37      224
  SINCE JUL 1    616                       675    -59      510
..................................................................


WIND (MPH)
  RESULTANT WIND SPEED   3   RESULTANT WIND DIRECTION  SW (240)
  HIGHEST WIND SPEED    10   HIGHEST WIND DIRECTION    SW (240)
  HIGHEST GUST SPEED    17   HIGHEST GUST DIRECTION    SW (230)
  AVERAGE WIND SPEED     4.3


SKY COVER
  POSSIBLE SUNSHINE  MM
  AVERAGE SKY COVER 0.0


WEATHER CONDITIONS
 THE FOLLOWING WEATHER WAS RECORDED YESTERDAY.
  NO SIGNIFICANT WEATHER WAS OBSERVED.


RELATIVE HUMIDITY (PERCENT)
 HIGHEST    70          1000 PM
 LOWEST     30           300 PM
 AVERAGE    50

..........................................................


THE ATHENS CLIMATE NORMALS FOR TODAY
                         NORMAL    RECORD    YEAR
 MAXIMUM TEMPERATURE (F)   56        79      1931
                                             1923
 MINIMUM TEMPERATURE (F)   35         7      1962


SUNRISE AND SUNSET
DECEMBER 12 2017......SUNRISE   729 AM EST   SUNSET   525 PM EST
DECEMBER 13 2017......SUNRISE   730 AM EST   SUNSET   525 PM EST


-  INDICATES NEGATIVE NUMBERS.
R  INDICATES RECORD WAS SET OR TIED.
MM INDICATES DATA IS MISSING.
T  INDICATES TRACE AMOUNT.




$$
