307
CDUS42 KFFC 280817
CLIAHN


CLIMATE REPORT
NATIONAL WEATHER SERVICE PEACHTREE CITY GA
417 AM EDT FRI APR 28 2017


...................................

...THE ATHENS CLIMATE SUMMARY FOR APRIL 27 2017...

CLIMATE NORMAL PERIOD 1981 TO 2010
CLIMATE RECORD PERIOD 1898 TO 2017


WEATHER ITEM   OBSERVED TIME   RECORD YEAR NORMAL DEPARTURE LAST
                VALUE   (LST)  VALUE       VALUE  FROM      YEAR
                                                  NORMAL
..................................................................
TEMPERATURE (F)
 YESTERDAY
  MAXIMUM         79    501 PM  93    1986  77      2       86
                                      1942
  MINIMUM         58    336 AM  34    1919  52      6       57
  AVERAGE         69                        65      4       72

PRECIPITATION (IN)
  YESTERDAY        T             2.15 1964   0.10  -0.10     0.00
  MONTH TO DATE    6.86                      2.85   4.01     1.98
  SINCE MAR 1     11.17                      7.28   3.89     3.93
  SINCE JAN 1     18.87                     15.81   3.06    12.10

SNOWFALL (IN)
  YESTERDAY        0.0           0.0  2002   0.0    0.0      0.0
                                      2001
                                      2000
  MONTH TO DATE    0.0                       0.1   -0.1      0.0
  SINCE MAR 1      0.0                       0.9   -0.9      0.0
  SINCE JUL 1      0.0                       3.0   -3.0      0.1
  SNOW DEPTH       0

DEGREE DAYS
 HEATING
  YESTERDAY        0                         3     -3        0
  MONTH TO DATE   60                       139    -79      110
  SINCE MAR 1    341                       479   -138      297
  SINCE JUL 1   1865                      2734   -869     2140

 COOLING
  YESTERDAY        4                         2      2        7
  MONTH TO DATE   87                        38     49       40
  SINCE MAR 1    125                        48     77       77
  SINCE JAN 1    134                        49     85       77
..................................................................


WIND (MPH)
  RESULTANT WIND SPEED   3   RESULTANT WIND DIRECTION  SE (150)
  HIGHEST WIND SPEED    13   HIGHEST WIND DIRECTION     S (180)
  HIGHEST GUST SPEED    22   HIGHEST GUST DIRECTION     S (180)
  AVERAGE WIND SPEED     3.8


SKY COVER
  POSSIBLE SUNSHINE  MM
  AVERAGE SKY COVER 0.5


WEATHER CONDITIONS
 THE FOLLOWING WEATHER WAS RECORDED YESTERDAY.
  LIGHT RAIN


RELATIVE HUMIDITY (PERCENT)
 HIGHEST   100          1100 PM
 LOWEST     67           500 PM
 AVERAGE    84

..........................................................


THE ATHENS CLIMATE NORMALS FOR TODAY
                         NORMAL    RECORD    YEAR
 MAXIMUM TEMPERATURE (F)   77        92      1915
 MINIMUM TEMPERATURE (F)   53        38      1967
                                             1928


SUNRISE AND SUNSET
APRIL 28 2017.........SUNRISE   647 AM EDT   SUNSET   815 PM EDT
APRIL 29 2017.........SUNRISE   646 AM EDT   SUNSET   816 PM EDT


-  INDICATES NEGATIVE NUMBERS.
R  INDICATES RECORD WAS SET OR TIED.
MM INDICATES DATA IS MISSING.
T  INDICATES TRACE AMOUNT.




$$
