000
CDUS45 KCYS 300732
CLIAIA


CLIMATE REPORT
NATIONAL WEATHER SERVICE CHEYENNE WY
130 AM MDT SAT JUL 30 2016


...................................

...THE ALLIANCE NE AIRPORT CLIMATE SUMMARY FOR JULY 29 2016...

CLIMATE NORMAL PERIOD 1981 TO 2010
CLIMATE RECORD PERIOD 1896 TO 2016


WEATHER ITEM   OBSERVED TIME   RECORD YEAR NORMAL DEPARTURE LAST
                VALUE   (LST)  VALUE       VALUE  FROM      YEAR
                                                  NORMAL
..................................................................
TEMPERATURE (F)
 YESTERDAY
  MAXIMUM         82    122 PM 102    2006  89     -7       85
                                      1980
                                      1933
  MINIMUM         51    512 AM  41    2015  57     -6       41
  AVERAGE         67                        73     -6       63

PRECIPITATION (IN)
  YESTERDAY        0.02          1.15 1985   0.07  -0.05     0.00
  MONTH TO DATE    2.57                      2.19   0.38     2.40
  SINCE JAN 1     12.13                     10.58   1.55    17.60

DEGREE DAYS
 HEATING
  YESTERDAY        0                         0      0        2
  MONTH TO DATE    3                         5     -2       15
  SINCE JUN 1     26                        98    -72       24
  SINCE JUL 1      3                         5     -2       15

 COOLING
  YESTERDAY        2                         9     -7        0
  MONTH TO DATE  214                       220     -6      160
  SINCE JUN 1    388                       308     80      264
  SINCE JAN 1    388                       318     70      264
..................................................................


WIND (MPH)
  HIGHEST WIND SPEED    17   HIGHEST WIND DIRECTION     S (160)
  HIGHEST GUST SPEED    22   HIGHEST GUST DIRECTION    SE (140)
  AVERAGE WIND SPEED     6.6


SKY COVER
  AVERAGE SKY COVER 0.4


WEATHER CONDITIONS
 THE FOLLOWING WEATHER WAS RECORDED YESTERDAY.
  THUNDERSTORM
  LIGHT RAIN
  FOG
  FOG W/VISIBILITY <= 1/4 MILE


RELATIVE HUMIDITY (PERCENT)
 HIGHEST   100           300 AM
 LOWEST     45          1100 AM
 AVERAGE    73

..........................................................


THE ALLIANCE NE AIRPORT CLIMATE NORMALS FOR TODAY
                         NORMAL    RECORD    YEAR
 MAXIMUM TEMPERATURE (F)   89       103      2001
 MINIMUM TEMPERATURE (F)   57        40      2009


SUNRISE AND SUNSET
JULY 30 2016..........SUNRISE   543 AM MDT   SUNSET   812 PM MDT
JULY 31 2016..........SUNRISE   544 AM MDT   SUNSET   810 PM MDT


-  INDICATES NEGATIVE NUMBERS.
R  INDICATES RECORD WAS SET OR TIED.
MM INDICATES DATA IS MISSING.
T  INDICATES TRACE AMOUNT.




$$
