000
CDUS45 KCYS 250728
CLIAIA


CLIMATE REPORT
NATIONAL WEATHER SERVICE CHEYENNE WY
127 AM MDT SAT OCT 25 2014


...................................

...THE ALLIANCE NE AIRPORT CLIMATE SUMMARY FOR OCTOBER 24 2014...

CLIMATE NORMAL PERIOD 1981 TO 2010
CLIMATE RECORD PERIOD 1896 TO 2014


WEATHER ITEM   OBSERVED TIME   RECORD YEAR NORMAL DEPARTURE LAST
                VALUE   (LST)  VALUE       VALUE  FROM      YEAR
                                                  NORMAL
..................................................................
TEMPERATURE (F)
 YESTERDAY
  MAXIMUM         80    307 PM  82    1939  59     21       55
  MINIMUM         34   1159 PM  10    1926  27      7       27
  AVERAGE         57                        43     14       41

PRECIPITATION (IN)
  YESTERDAY        0.00          0.26 1957   0.03  -0.03     0.00
                                      1916
  MONTH TO DATE    0.15                      0.98  -0.83     1.23
  SINCE JAN 1     17.42                     14.78   2.64    13.17

DEGREE DAYS
 HEATING
  YESTERDAY        8                        22    -14       24
  MONTH TO DATE  331                       430    -99      492
  SINCE SEP 1    482                       638   -156      613
  SINCE JUL 1    519                       675   -156      621

 COOLING
  YESTERDAY        0                         0      0        0
  MONTH TO DATE    0                         0      0        0
  SINCE SEP 1     37                        40     -3      136
  SINCE JAN 1    499                       563    -64      795
..................................................................


WIND (MPH)
  HIGHEST WIND SPEED    21   HIGHEST WIND DIRECTION     W (290)
  HIGHEST GUST SPEED    26   HIGHEST GUST DIRECTION     W (280)
  AVERAGE WIND SPEED     8.7


SKY COVER
  AVERAGE SKY COVER 0.0


WEATHER CONDITIONS
 THE FOLLOWING WEATHER WAS RECORDED YESTERDAY.
  NO SIGNIFICANT WEATHER WAS OBSERVED.


RELATIVE HUMIDITY (PERCENT)
 HIGHEST    89          1100 PM
 LOWEST     20           200 PM
 AVERAGE    55

..........................................................


THE ALLIANCE NE AIRPORT CLIMATE NORMALS FOR TODAY
                         NORMAL    RECORD    YEAR
 MAXIMUM TEMPERATURE (F)   58        79      1959
                                             1901
 MINIMUM TEMPERATURE (F)   26        12      2003
                                             1997


SUNRISE AND SUNSET
OCTOBER 25 2014.......SUNRISE   715 AM MDT   SUNSET   554 PM MDT
OCTOBER 26 2014.......SUNRISE   717 AM MDT   SUNSET   553 PM MDT


-  INDICATES NEGATIVE NUMBERS.
R  INDICATES RECORD WAS SET OR TIED.
MM INDICATES DATA IS MISSING.
T  INDICATES TRACE AMOUNT.




$$
