000
CDAK48 PAKN 041123
CLIAKN

CLIMATE REPORT
NATIONAL WEATHER SERVICE KING SALMON, AK
323 AM AKDT TUE AUG 4 2015

...................................
...THE KING SALMON AP CLIMATE SUMMARY FOR AUGUST 3 2015...

CLIMATE NORMAL PERIOD  1981 TO  2010
CLIMATE RECORD PERIOD  1949 TO  2015

WEATHER ITEM   OBSERVED TIME    RECORD YEAR NORMAL DEPARTURE LAST
               VALUE    (LST)   VALUE       VALUE  FROM      YEAR
                                                   NORMAL
...................................................................
TEMPERATURE
YESTERDAY
 MAXIMUM            81R 0446 PM    78  2002     64      17     69
 MINIMUM            49  0552 AM    38  2009     48       1     50
 AVERAGE            65                          56       9     60

PRECIPITATION
(INCHES)
 YESTERDAY        0.00           1.59  1994   0.09   -0.09   0.05
 MONTH TO DATE       T                        0.27   -0.27   0.05
 SINCE JUN 1      3.95                        4.22   -0.27   5.68
 SINCE JAN 1     11.19                        8.92    2.27  10.81

SNOWFALL
(INCHES)
 YESTERDAY         0.0            0.0  2015    0.0     0.0    0.0
 MONTH TO DATE     0.0                         0.0     0.0    0.0
 SINCE JUN 1       0.0                         0.0     0.0    0.0
 SINCE JUL 1       0.0                         0.0     0.0    0.0
 SNOW DEPTH (IN)     0                                          0

DEGREE DAYS
 HEATING
  YESTERDAY          0                           9      -9      5
  MONTH TO DATE      2                          27     -25     12
  SINCE JUN 1      481                         724    -243    681
  SINCE JUL 1      232                         317     -85    250

 COOLING
  YESTERDAY          0                           0       0      0
  MONTH TO DATE      0                           0       0      0
  SINCE JUN 1        2                           0       2      0
  SINCE JAN 1        2                           0       2      0
...................................................................

WIND (MPH)
 HIGHEST WIND SPEED    15     HIGHEST WIND DIRECTION    100
 HIGHEST GUST SPEED    19     HIGHEST GUST DIRECTION     90
 AVERAGE WIND SPEED   4.4

SKY COVER
  POSSIBLE SUNSHINE    MM          AVERAGE SKY COVER     MM

WEATHER CONDITIONS
 THE FOLLOWING WEATHER WAS RECORDED YESTERDAY.
  FOG


RELATIVE HUMIDITY
 HIGHEST RH     MM PERCENT       MM
 LOWEST  RH     MM PERCENT       MM
 AVERAGE RH     MM PERCENT       MM
...................................................................

THE KING SALMON CLIMATE NORMALS FOR TODAY
                           NORMAL    RECORD   YEAR
 MAXIMUM TEMPERATURE (F)     64        78     1997
 MINIMUM TEMPERATURE (F)     48        37     2003

SUNRISE AND SUNSET
 AUG 4 2015..........SUNRISE  6:23 AM      SUNSET 10:42 PM
 AUG 5 2015..........SUNRISE  6:25 AM      SUNSET 10:40 PM

-  INDICATES NEGATIVE NUMBERS.
R  INDICATES RECORD HAS BEEN SET OR TIED.
MM INDICATES DATA IS MISSING.
T  INDICATES TRACE OF PRECIPITATION.

&&
-------------------------------------------------------------------

AMOUNT OF DAYLIGHT TODAY  (HOUR:MIN)........16 HOURS 19 MINUTES
LOSS SINCE YESTERDAY (HOUR:MIN:SEC).........-0:04:34

$$
AM AUG 15
