000
CDAK48 PAKN 290931
CLIAKN

CLIMATE REPORT
NATIONAL WEATHER SERVICE KING SALMON, AK
131 AM AKDT FRI AUG 29 2014

...................................
...THE KING SALMON AP CLIMATE SUMMARY FOR AUGUST 28 2014...

CLIMATE NORMAL PERIOD  1981 TO  2010
CLIMATE RECORD PERIOD  1949 TO  2014

WEATHER ITEM   OBSERVED TIME    RECORD YEAR NORMAL DEPARTURE LAST
               VALUE    (LST)   VALUE       VALUE  FROM      YEAR
                                                   NORMAL
...................................................................
TEMPERATURE
YESTERDAY
 MAXIMUM            64  0554 PM    78  1962     61       3     55
 MINIMUM            48  0610 AM    31  1960     45       3     47
 AVERAGE            56                          53       3     51

PRECIPITATION
(INCHES)
 YESTERDAY        0.01           1.45  1949   0.10   -0.09   0.08
 MONTH TO DATE    3.50                        2.65    0.85   5.29
 SINCE JUN 1      9.13                        6.60    2.53   7.64
 SINCE JAN 1     14.26                       11.30    2.96  14.00

SNOWFALL
(INCHES)
 YESTERDAY         0.0            0.0  2014    0.0     0.0    0.0
 MONTH TO DATE     0.0                         0.0     0.0    0.0
 SINCE JUN 1       0.0                         0.0     0.0    0.0
 SINCE JUL 1       0.0                         0.0     0.0    0.0
 SNOW DEPTH (IN)     0                                          0

DEGREE DAYS
 HEATING
  YESTERDAY          9                          12      -3     14
  MONTH TO DATE    186                         286    -100    250
  SINCE JUN 1      855                         983    -128    754
  SINCE JUL 1      424                         576    -152    472

 COOLING
  YESTERDAY          0                           0       0      0
  MONTH TO DATE      0                           0       0      0
  SINCE JUN 1        0                           0       0      4
  SINCE JAN 1        0                           0       0      4
...................................................................

WIND (MPH)
 HIGHEST WIND SPEED    16     HIGHEST WIND DIRECTION    280
 HIGHEST GUST SPEED    23     HIGHEST GUST DIRECTION    290
 AVERAGE WIND SPEED   9.4

SKY COVER
  POSSIBLE SUNSHINE    MM          AVERAGE SKY COVER     MM

WEATHER CONDITIONS
 THE FOLLOWING WEATHER WAS RECORDED YESTERDAY.
  RAIN


RELATIVE HUMIDITY
 HIGHEST RH     MM PERCENT       MM
 LOWEST  RH     MM PERCENT       MM
 AVERAGE RH     MM PERCENT       MM
...................................................................

THE KING SALMON CLIMATE NORMALS FOR TODAY
                           NORMAL    RECORD   YEAR
 MAXIMUM TEMPERATURE (F)     61        74     1987
 MINIMUM TEMPERATURE (F)     45        29     1994

SUNRISE AND SUNSET
 AUG 29 2014..........SUNRISE  7:19 AM      SUNSET  9:35 PM
 AUG 30 2014..........SUNRISE  7:21 AM      SUNSET  9:32 PM

-  INDICATES NEGATIVE NUMBERS.
R  INDICATES RECORD HAS BEEN SET OR TIED.
MM INDICATES DATA IS MISSING.
T  INDICATES TRACE OF PRECIPITATION.

&&
-------------------------------------------------------------------

AMOUNT OF DAYLIGHT TODAY  (HOUR:MIN)........14 HOURS 16 MINUTES
GAIN/LOSS SINCE YESTERDAY (HOUR:MIN:SEC)....-0:05:02

$$
DJH AUG 14
