000
CDAK48 PAKN 252333
CLIAKN

CLIMATE REPORT
NATIONAL WEATHER SERVICE KING SALMON, AK
333 PM AKDT SAT OCT 25 2014

...................................
...THE KING SALMON AP CLIMATE SUMMARY FOR OCTOBER 25 2014...
VALID TODAY AS OF 2:00 PM LOCAL TIME

CLIMATE NORMAL PERIOD  1981 TO  2010
CLIMATE RECORD PERIOD  1917 TO  2014

WEATHER ITEM   OBSERVED TIME    RECORD YEAR NORMAL DEPARTURE LAST
               VALUE    (LST)   VALUE       VALUE  FROM      YEAR
                                                   NORMAL
...................................................................
TEMPERATURE
TODAY
 MAXIMUM            39  0224 PM    58  1938     37       2     51
 MINIMUM            11  0822 AM   -12  1983     22     -11     30
 AVERAGE            25                          29      -4     41

PRECIPITATION
(INCHES)
 TODAY            0.00           0.91  2011   0.05   -0.05   0.00
 MONTH TO DATE    0.16                        1.76   -1.60   3.85
 SINCE SEP 1      3.53                        4.95   -1.42   5.93
 SINCE JAN 1     17.80                       16.55    1.25  20.02

SNOWFALL
(INCHES)
 TODAY             0.0            3.1  1998    0.1    -0.1    0.0
 MONTH TO DATE     0.5                         1.8    -1.3      T
 SINCE SEP 1       0.5                         1.9    -1.4    0.0
 SINCE JUL 1       0.5                         1.9    -1.4      T
 SNOW DEPTH (IN)     0                                          0

DEGREE DAYS
 HEATING
  TODAY             40                          36       4     24
  MONTH TO DATE    797                         754      43    529
  SINCE SEP 1     1211                        1277     -66   1063
  SINCE JUL 1     1685                        1889    -204   1566

 COOLING
  TODAY              0                           0       0      0
  MONTH TO DATE      0                           0       0      0
  SINCE SEP 1        0                           0       0      0
  SINCE JAN 1        0                           0       0      4
...................................................................

WIND (MPH)
 HIGHEST WIND SPEED     8     HIGHEST WIND DIRECTION     60
 HIGHEST GUST SPEED     8     HIGHEST GUST DIRECTION     60
 AVERAGE WIND SPEED    MM

SKY COVER
  POSSIBLE SUNSHINE  MM            AVERAGE SKY COVER MM

WEATHER CONDITIONS
 THE FOLLOWING WEATHER WAS RECORDED TODAY.


RELATIVE HUMIDITY
 HIGHEST RH     MM PERCENT       MM
 LOWEST  RH     MM PERCENT       MM
 AVERAGE RH     MM PERCENT       MM
...................................................................

THE KING SALMON CLIMATE NORMALS FOR TOMORROW
                        NORMAL    RECORD   YEAR
 MAXIMUM TEMPERATURE      37        59     1937
 MINIMUM TEMPERATURE      21        -9     1983

SUNRISE AND SUNSET
 OCT 25 2014..........SUNRISE  9:28 AM      SUNSET  6:54 PM
 OCT 26 2014..........SUNRISE  9:30 AM      SUNSET  6:51 PM

-  INDICATES NEGATIVE NUMBERS.
R  INDICATES RECORD HAS BEEN SET OR TIED.
MM INDICATES DATA IS MISSING.
T  INDICATES TRACE OF PRECIPITATION.

&&
-------------------------------------------------------------------

AMOUNT OF DAYLIGHT TODAY  (HOUR:MIN)........9 HOURS 26 MINUTES
LOSS SINCE YESTERDAY (HOUR:MIN:SEC).........-0:04:58

$$
AM OCT 14
