000
CDAK48 PAKN 230005
CLIAKN

CLIMATE REPORT
NATIONAL WEATHER SERVICE KING SALMON, AK
305 PM AKST MON DEC 22 2014

...................................
...THE KING SALMON AP CLIMATE SUMMARY FOR DECEMBER 22 2014...
VALID TODAY AS OF 2:00 PM LOCAL TIME

CLIMATE NORMAL PERIOD  1981 TO  2010
CLIMATE RECORD PERIOD  1917 TO  2014

WEATHER ITEM   OBSERVED TIME    RECORD YEAR NORMAL DEPARTURE LAST
               VALUE    (LST)   VALUE       VALUE  FROM      YEAR
                                                   NORMAL
...................................................................
TEMPERATURE
TODAY
 MAXIMUM            20  0304 PM    48  1962     26      -6     29
 MINIMUM            15  1247 AM   -32  1954     10       5      5
 AVERAGE            18                          18       0     17

PRECIPITATION
(INCHES)
 TODAY               T           0.44  1978   0.04   -0.04   0.02
 MONTH TO DATE    0.50                        0.94   -0.44   1.03
 SINCE DEC 1      0.50                        0.94   -0.44   1.03
 SINCE JAN 1     20.95                       19.20    1.75  24.44

SNOWFALL
(INCHES)
 TODAY               T            6.4  1960    0.2    -0.2      T
 MONTH TO DATE     1.0                         7.2    -6.2    2.7
 SINCE DEC 1       1.0                         7.2    -6.2    2.7
 SINCE JUL 1       4.5                        17.0   -12.5   14.3
 SNOW DEPTH (IN)     T                                          T

DEGREE DAYS
 HEATING
  TODAY             47                          47       0     48
  MONTH TO DATE    760                        1010    -250    975
  SINCE DEC 1      760                        1010    -250    972
  SINCE JUL 1     3511                        4385    -874   3876

 COOLING
  TODAY              0                           0       0      0
  MONTH TO DATE      0                           0       0      0
  SINCE DEC 1        0                           0       0      0
  SINCE JAN 1        0                           0       0      4
...................................................................

WIND (MPH)
 HIGHEST WIND SPEED    12     HIGHEST WIND DIRECTION    350
 HIGHEST GUST SPEED    14     HIGHEST GUST DIRECTION    350
 AVERAGE WIND SPEED    MM

SKY COVER
  POSSIBLE SUNSHINE  MM            AVERAGE SKY COVER MM

WEATHER CONDITIONS
 THE FOLLOWING WEATHER WAS RECORDED TODAY.
SNOW


RELATIVE HUMIDITY
 HIGHEST RH     MM PERCENT       MM
 LOWEST  RH     MM PERCENT       MM
 AVERAGE RH     MM PERCENT       MM
...................................................................

THE KING SALMON CLIMATE NORMALS FOR TOMORROW
                        NORMAL    RECORD   YEAR
 MAXIMUM TEMPERATURE      26        48     1970
 MINIMUM TEMPERATURE      10       -34     1954

SUNRISE AND SUNSET
 DEC 22 2014..........SUNRISE 10:18 AM      SUNSET  4:34 PM
 DEC 23 2014..........SUNRISE 10:18 AM      SUNSET  4:35 PM

-  INDICATES NEGATIVE NUMBERS.
R  INDICATES RECORD HAS BEEN SET OR TIED.
MM INDICATES DATA IS MISSING.
T  INDICATES TRACE OF PRECIPITATION.

&&
-------------------------------------------------------------------

AMOUNT OF DAYLIGHT TODAY  (HOUR:MIN)........6 HOURS 16 MINUTES
GAIN/LOSS SINCE YESTERDAY (HOUR:MIN:SEC)....+0:00:04

$$
FS DEC 14
