539
CDAK48 PAKN 290915
CLIAKN

CLIMATE REPORT
NATIONAL WEATHER SERVICE KING SALMON, AK
115 AM AKDT FRI JUL 29 2016

...................................
...THE KING SALMON AP CLIMATE SUMMARY FOR JULY 28 2016...

CLIMATE NORMAL PERIOD  1981 TO  2010
CLIMATE RECORD PERIOD  1917 TO  2016

WEATHER ITEM   OBSERVED TIME    RECORD YEAR NORMAL DEPARTURE LAST
               VALUE    (LST)   VALUE       VALUE  FROM      YEAR
                                                   NORMAL
...................................................................
TEMPERATURE
YESTERDAY
 MAXIMUM            72  0324 PM    78  1997     64       8     67
 MINIMUM            53  0349 AM    36  2008     48       5     53
 AVERAGE            63                          56       7     60

PRECIPITATION
(INCHES)
 YESTERDAY        0.00           0.50  1989   0.09   -0.09   0.15
 MONTH TO DATE    2.91                        2.04    0.87   2.99
 SINCE JUN 1      5.19                        3.69    1.50   3.83
 SINCE JAN 1     12.60                        8.39    4.21  11.07

SNOWFALL
(INCHES)
 YESTERDAY         0.0            0.0  2016    0.0     0.0    0.0
 MONTH TO DATE     0.0                         0.0     0.0    0.0
 SINCE JUN 1       0.0                         0.0     0.0    0.0
 SINCE JUL 1       0.0                         0.0     0.0    0.0
 SNOW DEPTH (IN)     0                                          0

DEGREE DAYS
 HEATING
  YESTERDAY          2                           9      -7      5
  MONTH TO DATE    159                         263    -104    216
  SINCE JUN 1      430                         670    -240    465
  SINCE JUL 1      159                         263    -104    216

 COOLING
  YESTERDAY          0                           0       0      0
  MONTH TO DATE      0                           0       0      0
  SINCE JUN 1        0                           0       0      2
  SINCE JAN 1        0                           0       0      2
...................................................................

WIND (MPH)
 HIGHEST WIND SPEED    20     HIGHEST WIND DIRECTION    240
 HIGHEST GUST SPEED    28     HIGHEST GUST DIRECTION    250
 AVERAGE WIND SPEED   7.6

SKY COVER
  POSSIBLE SUNSHINE    MM          AVERAGE SKY COVER     MM

WEATHER CONDITIONS
 THE FOLLOWING WEATHER WAS RECORDED YESTERDAY.
  FOG


RELATIVE HUMIDITY
 HIGHEST RH     MM PERCENT       MM
 LOWEST  RH     MM PERCENT       MM
 AVERAGE RH     MM PERCENT       MM
...................................................................

THE KING SALMON CLIMATE NORMALS FOR TODAY
                           NORMAL    RECORD   YEAR
 MAXIMUM TEMPERATURE (F)     64        79     1963
 MINIMUM TEMPERATURE (F)     48        38     2000

SUNRISE AND SUNSET
 JUL 29 2016..........SUNRISE  6:11 AM      SUNSET 10:54 PM
 JUL 30 2016..........SUNRISE  6:14 AM      SUNSET 10:52 PM

-  INDICATES NEGATIVE NUMBERS.
R  INDICATES RECORD HAS BEEN SET OR TIED.
MM INDICATES DATA IS MISSING.
T  INDICATES TRACE OF PRECIPITATION.

&&
-------------------------------------------------------------------

AMOUNT OF DAYLIGHT TODAY  (HOUR:MIN)........16 HOURS 43 MINUTES
GAIN/LOSS SINCE YESTERDAY (HOUR:MIN:SEC)....-0:04:21

$$
DJH JUL 16
