656
CDAK48 PAFC 240041
CLIAKN


CLIMATE REPORT
NATIONAL WEATHER SERVICE ANCHORAGE, AK
341 PM AKST THU FEB 23 2017


...................................

...THE KING SALMON CLIMATE SUMMARY FOR FEBRUARY 23 2017...
VALID TODAY AS OF 0300 PM LOCAL TIME.

CLIMATE NORMAL PERIOD 1981 TO 2010
CLIMATE RECORD PERIOD 1917 TO 2017


WEATHER ITEM   OBSERVED TIME   RECORD YEAR NORMAL DEPARTURE LAST
                VALUE   (LST)  VALUE       VALUE  FROM      YEAR
                                                  NORMAL
..................................................................
TEMPERATURE (F)
 TODAY
  MAXIMUM         42        MM  45    2014  29     13       41
                                      1993
                                      1945
  MINIMUM         31        MM -33    1976  12     19       30
  AVERAGE         37                        20     17       36

PRECIPITATION (IN)
  TODAY            0.00          0.30 1930   0.02  -0.02     0.00
  MONTH TO DATE    0.80                      0.63   0.17     0.94
  SINCE DEC 1      2.04                      2.88  -0.84     2.92
  SINCE JAN 1      0.95                      1.65  -0.70     1.42

SNOWFALL (IN)
  TODAY            0.0          MM      MM   0.2   -0.2      0.0
  MONTH TO DATE    8.8                       4.9    3.9      0.0
  SINCE DEC 1     17.3                      24.6   -7.3      0.0
  SINCE JUL 1     21.9                      34.4  -12.5     13.1
  SNOW DEPTH       4

DEGREE DAYS
 HEATING
  TODAY           28                        45    -17       29
  MONTH TO DATE 1189                      1071    118      710
  SINCE DEC 1   4227                      4022    205     2938
  SINCE JUL 1   6953                      7399   -446     5535

 COOLING
  TODAY            0                         0      0        0
  MONTH TO DATE    0                         0      0        0
  SINCE DEC 1      0                         0      0        0
  SINCE JAN 1      0                         0      0        0
..................................................................


WIND (MPH)
  RESULTANT WIND SPEED  17   RESULTANT WIND DIRECTION  SE (150)
  HIGHEST WIND SPEED    36   HIGHEST WIND DIRECTION     S (160)
  HIGHEST GUST SPEED    47   HIGHEST GUST DIRECTION     S (160)
  AVERAGE WIND SPEED    18.1



WEATHER CONDITIONS
 THE FOLLOWING WEATHER WAS RECORDED TODAY.
  NO SIGNIFICANT WEATHER WAS OBSERVED.


RELATIVE HUMIDITY (PERCENT)
 HIGHEST    82
 LOWEST     43
 AVERAGE    63

..........................................................


THE KING SALMON CLIMATE NORMALS FOR TOMORROW
                         NORMAL    RECORD    YEAR
 MAXIMUM TEMPERATURE (F)   29        47      2003
 MINIMUM TEMPERATURE (F)   12       -36      1976


SUNRISE AND SUNSET
FEBRUARY 23 2017......SUNRISE   837 AM AKST  SUNSET   643 PM AKST
FEBRUARY 24 2017......SUNRISE   835 AM AKST  SUNSET   646 PM AKST


-  INDICATES NEGATIVE NUMBERS.
R  INDICATES RECORD WAS SET OR TIED.
MM INDICATES DATA IS MISSING.
T  INDICATES TRACE AMOUNT.




$$
