000
CDUS45 KBOU 230725
CLIAKO


CLIMATE REPORT
NATIONAL WEATHER SERVICE DENVER/BOULDER CO
125 AM MDT FRI JUN 23 2017


...................................

...THE AKRON CO CLIMATE SUMMARY FOR JUNE 22 2017...

CLIMATE NORMAL PERIOD 1981 TO 2010
CLIMATE RECORD PERIOD 9999 TO 9999


WEATHER ITEM   OBSERVED TIME   RECORD YEAR NORMAL DEPARTURE LAST
                VALUE   (LST)  VALUE       VALUE  FROM      YEAR
                                                  NORMAL
..................................................................
TEMPERATURE (F)
 YESTERDAY
  MAXIMUM         86    156 PM  98    1937  84      2
  MINIMUM         61   1130 PM  38    1957  55      6
  AVERAGE         74                        70      4

PRECIPITATION (IN)
  YESTERDAY        T             1.36 1948   0.07  -0.07     0.00
  MONTH TO DATE    0.48                      1.93  -1.45     2.42
  SINCE JUN 1      0.48                      1.93  -1.45     2.42
  SINCE JAN 1      7.13                      8.11  -0.98     8.93

DEGREE DAYS
 HEATING
  YESTERDAY        0
  MONTH TO DATE    3

 COOLING
  YESTERDAY        9
  MONTH TO DATE  121
..................................................................


WIND (MPH)
  HIGHEST WIND SPEED    30   HIGHEST WIND DIRECTION    NW (330)
  HIGHEST GUST SPEED    37   HIGHEST GUST DIRECTION    NW (330)




RELATIVE HUMIDITY (PERCENT)
 HIGHEST    67
 LOWEST     23
 AVERAGE    45

..........................................................


THE AKRON CO CLIMATE NORMALS FOR TODAY
                         NORMAL    RECORD    YEAR
 MAXIMUM TEMPERATURE (F)   84       105      1954
 MINIMUM TEMPERATURE (F)   56        42      1947


SUNRISE AND SUNSET
JUNE 23 2017..........SUNRISE   524 AM MDT   SUNSET   826 PM MDT
JUNE 24 2017..........SUNRISE   525 AM MDT   SUNSET   826 PM MDT


-  INDICATES NEGATIVE NUMBERS.
R  INDICATES RECORD WAS SET OR TIED.
MM INDICATES DATA IS MISSING.
T  INDICATES TRACE AMOUNT.




$$
