000
CDUS45 KBOU 180750
CLIAKO


CLIMATE REPORT
NATIONAL WEATHER SERVICE DENVER/BOULDER CO
1250 AM MST THU JAN 18 2018


...................................

...THE AKRON CO CLIMATE SUMMARY FOR JANUARY 17 2018...

CLIMATE NORMAL PERIOD 1981 TO 2010
CLIMATE RECORD PERIOD 9999 TO 9999


WEATHER ITEM   OBSERVED TIME   RECORD YEAR NORMAL DEPARTURE LAST
                VALUE   (LST)  VALUE       VALUE  FROM      YEAR
                                                  NORMAL
..................................................................
TEMPERATURE (F)
 YESTERDAY
  MAXIMUM         48    320 PM  63    1950  40      8
  MINIMUM         11    716 AM -14    1984  17     -6
  AVERAGE         30                        29      1

PRECIPITATION (IN)
  YESTERDAY        0.00          0.22 1906   0.01  -0.01     0.00
  MONTH TO DATE    0.18                      0.14   0.04     0.11
  SINCE DEC 1      0.20                      0.54  -0.34     0.25
  SINCE JAN 1      0.18                      0.14   0.04     0.11

SNOWFALL (IN)
  YESTERDAY        0.0
  SNOW DEPTH       0

DEGREE DAYS
 HEATING
  YESTERDAY       35
  MONTH TO DATE  588

 COOLING
  YESTERDAY        0
  MONTH TO DATE    0
..................................................................


WIND (MPH)
  HIGHEST WIND SPEED    20   HIGHEST WIND DIRECTION     W (270)
  HIGHEST GUST SPEED    23   HIGHEST GUST DIRECTION     W (280)




RELATIVE HUMIDITY (PERCENT)
 HIGHEST    74
 LOWEST     28
 AVERAGE    51

..........................................................


THE AKRON CO CLIMATE NORMALS FOR TODAY
                         NORMAL    RECORD    YEAR
 MAXIMUM TEMPERATURE (F)   40        63      1975
 MINIMUM TEMPERATURE (F)   17       -19      1943


SUNRISE AND SUNSET
JANUARY 18 2018.......SUNRISE   712 AM MST   SUNSET   455 PM MST
JANUARY 19 2018.......SUNRISE   711 AM MST   SUNSET   456 PM MST


-  INDICATES NEGATIVE NUMBERS.
R  INDICATES RECORD WAS SET OR TIED.
MM INDICATES DATA IS MISSING.
T  INDICATES TRACE AMOUNT.




$$
