000
CDUS45 KBOU 140725
CLIAKO


CLIMATE REPORT
NATIONAL WEATHER SERVICE DENVER/BOULDER CO
1225 AM MST SUN FEB 14 2016


...................................

...THE AKRON CO CLIMATE SUMMARY FOR FEBRUARY 13 2016...

CLIMATE NORMAL PERIOD 1981 TO 2010
CLIMATE RECORD PERIOD 9999 TO 9999


WEATHER ITEM   OBSERVED TIME   RECORD YEAR NORMAL DEPARTURE LAST
                VALUE   (LST)  VALUE       VALUE  FROM      YEAR
                                                  NORMAL
..................................................................
TEMPERATURE (F)
 YESTERDAY
  MAXIMUM         47    413 PM  74    1954  43      4
  MINIMUM         28    755 AM  -9    1948  19      9
  AVERAGE         38                        31      7

PRECIPITATION (IN)
  YESTERDAY        0.00          0.18 1952   0.01  -0.01     0.00
  MONTH TO DATE    T                         0.18  -0.18     0.01
  SINCE DEC 1      0.11                      0.88  -0.77     0.44
  SINCE JAN 1      0.09                      0.48  -0.39     0.20

DEGREE DAYS
 HEATING
  YESTERDAY       27
  MONTH TO DATE  466

 COOLING
  YESTERDAY        0
  MONTH TO DATE    0
..................................................................


WIND (MPH)
  HIGHEST WIND SPEED    33   HIGHEST WIND DIRECTION     N (350)
  HIGHEST GUST SPEED    42   HIGHEST GUST DIRECTION     N (350)




RELATIVE HUMIDITY (PERCENT)
 HIGHEST   100
 LOWEST     65
 AVERAGE    83

..........................................................


THE AKRON CO CLIMATE NORMALS FOR TODAY
                         NORMAL    RECORD    YEAR
 MAXIMUM TEMPERATURE (F)   43        70      1999
 MINIMUM TEMPERATURE (F)   19       -14      1951


SUNRISE AND SUNSET
FEBRUARY 14 2016......SUNRISE   648 AM MST   SUNSET   527 PM MST
FEBRUARY 15 2016......SUNRISE   647 AM MST   SUNSET   528 PM MST


-  INDICATES NEGATIVE NUMBERS.
R  INDICATES RECORD WAS SET OR TIED.
MM INDICATES DATA IS MISSING.
T  INDICATES TRACE AMOUNT.




$$
