000
CDUS45 KBOU 290725
CLIAKO


CLIMATE REPORT
NATIONAL WEATHER SERVICE BOULDER, CO
125 AM MDT FRI AUG 29 2014


...................................

...THE AKRON CO CLIMATE SUMMARY FOR AUGUST 28 2014...

CLIMATE NORMAL PERIOD 1981 TO 2010
CLIMATE RECORD PERIOD 9999 TO 9999


WEATHER ITEM   OBSERVED TIME   RECORD YEAR NORMAL DEPARTURE LAST
                VALUE   (LST)  VALUE       VALUE  FROM      YEAR
                                                  NORMAL
..................................................................
TEMPERATURE (F)
 YESTERDAY
  MAXIMUM         72   1200 PM  97    2011  84    -12
  MINIMUM         54    544 AM  43    1964  56     -2
  AVERAGE         63                        70     -7

PRECIPITATION (IN)
  YESTERDAY        0.03          0.71 1991   0.06  -0.03     0.00
  MONTH TO DATE    4.81                      2.13   2.68     2.41
  SINCE JUN 1     10.90                      7.14   3.76     7.53
  SINCE JAN 1     15.60                     13.32   2.28    11.42

DEGREE DAYS
 HEATING
  YESTERDAY        2
  MONTH TO DATE    2

 COOLING
  YESTERDAY        0
  MONTH TO DATE  206
..................................................................


WIND (MPH)
  HIGHEST WIND SPEED    25   HIGHEST WIND DIRECTION    NW (330)
  HIGHEST GUST SPEED    31   HIGHEST GUST DIRECTION    NW (320)




RELATIVE HUMIDITY (PERCENT)
 HIGHEST    93
 LOWEST     53
 AVERAGE    73

..........................................................


THE AKRON CO CLIMATE NORMALS FOR TODAY
                         NORMAL    RECORD    YEAR
 MAXIMUM TEMPERATURE (F)   84        97      2013
                                             1943
 MINIMUM TEMPERATURE (F)   56        44      1978


SUNRISE AND SUNSET
AUGUST 29 2014........SUNRISE   618 AM MDT   SUNSET   729 PM MDT
AUGUST 30 2014........SUNRISE   619 AM MDT   SUNSET   728 PM MDT


-  INDICATES NEGATIVE NUMBERS.
R  INDICATES RECORD WAS SET OR TIED.
MM INDICATES DATA IS MISSING.
T  INDICATES TRACE AMOUNT.




$$
