000
CDUS41 KALY 282151
CLIALB


CLIMATE REPORT
NATIONAL WEATHER SERVICE ALBANY NY
451 PM EST SUN DEC 28 2014


...................................

...THE ALBANY NY CLIMATE SUMMARY FOR DECEMBER 28 2014...
VALID TODAY AS OF 0400 PM LOCAL TIME.

CLIMATE NORMAL PERIOD 1981 TO 2010
CLIMATE RECORD PERIOD 1874 TO 2014


WEATHER ITEM   OBSERVED TIME   RECORD YEAR NORMAL DEPARTURE LAST
                VALUE   (LST)  VALUE       VALUE  FROM      YEAR
                                                  NORMAL
..................................................................
TEMPERATURE (F)
 TODAY
  MAXIMUM         48    132 AM  61    1982  32     16       46
  MINIMUM         39    444 PM -14    1951  17     22       23
  AVERAGE         44                        24     20       35

PRECIPITATION (IN)
  TODAY            0.58          0.99 1968   0.08   0.50     0.00
  MONTH TO DATE    5.33                      2.68   2.65     2.47
  SINCE DEC 1      5.33                      2.68   2.65     2.47
  SINCE JAN 1     39.66                     39.10   0.56    42.92

SNOWFALL (IN)
  TODAY           MM             7.0  1967   0.6   MM        0.0
  MONTH TO DATE   12.2                      12.1    0.1     18.8
  SINCE DEC 1     12.2                      12.1    0.1     18.8
  SINCE JUL 1     24.5                      14.9    9.6     20.9
  SNOW DEPTH       0

DEGREE DAYS
 HEATING
  TODAY           21                        40    -19       30
  MONTH TO DATE  872                      1007   -135     1034
  SINCE DEC 1    872                      1007   -135     1034
  SINCE JUL 1   2147                      2411   -264     2404

 COOLING
  TODAY            0                         0      0        0
  MONTH TO DATE    0                         0      0        0
  SINCE DEC 1      0                         0      0        0
  SINCE JAN 1    659                       598     61      763
..................................................................


WIND (MPH)
  HIGHEST WIND SPEED    23   HIGHEST WIND DIRECTION     W (290)
  HIGHEST GUST SPEED    29   HIGHEST GUST DIRECTION     W (290)
  AVERAGE WIND SPEED    10.4


SKY COVER
  AVERAGE SKY COVER 1.0



RELATIVE HUMIDITY (PERCENT)
 HIGHEST    89           500 AM
 LOWEST     60          1200 AM
 AVERAGE    75

..........................................................


THE ALBANY NY CLIMATE NORMALS FOR TOMORROW
                         NORMAL    RECORD    YEAR
 MAXIMUM TEMPERATURE (F)   32        71      1984
 MINIMUM TEMPERATURE (F)   17       -18      1933


SUNRISE AND SUNSET
DECEMBER 28 2014......SUNRISE   725 AM EST   SUNSET   429 PM EST
DECEMBER 29 2014......SUNRISE   725 AM EST   SUNSET   429 PM EST


-  INDICATES NEGATIVE NUMBERS.
R  INDICATES RECORD WAS SET OR TIED.
MM INDICATES DATA IS MISSING.
T  INDICATES TRACE AMOUNT.




$$
