000
CDUS41 KALY 250622
CLIALB


CLIMATE REPORT
NATIONAL WEATHER SERVICE ALBANY NY
220 AM EDT SUN JUN 25 2017


...................................

...THE ALBANY NY CLIMATE SUMMARY FOR JUNE 24 2017...

CLIMATE NORMAL PERIOD 1981 TO 2010
CLIMATE RECORD PERIOD 1874 TO 2017


WEATHER ITEM   OBSERVED TIME   RECORD YEAR NORMAL DEPARTURE LAST
                VALUE   (LST)  VALUE       VALUE  FROM      YEAR
                                                  NORMAL
..................................................................
TEMPERATURE (F)
 YESTERDAY
  MAXIMUM         81    454 PM  96    1943  80      1       83
  MINIMUM         64   1159 PM  44    1932  59      5       53
  AVERAGE         73                        70      3       68

PRECIPITATION (IN)
  YESTERDAY        0.14          0.89 1909   0.12   0.02     0.00
  MONTH TO DATE    4.06                      3.06   1.00     2.02
  SINCE JUN 1      4.06                      3.06   1.00     2.02
  SINCE JAN 1     22.97                     17.84   5.13    12.78

DEGREE DAYS
 HEATING
  YESTERDAY        0                         1     -1        0
  MONTH TO DATE   47                        49     -2       38
  SINCE JUN 1     47                        49     -2       38
  SINCE JUL 1   5864                      6677   -813     5454

 COOLING
  YESTERDAY        8                         5      3        3
  MONTH TO DATE  126                        82     44       91
  SINCE JUN 1    126                        82     44       91
  SINCE JAN 1    176                       112     64      166
..................................................................


WIND (MPH)
  HIGHEST WIND SPEED    26   HIGHEST WIND DIRECTION     W (290)
  HIGHEST GUST SPEED    35   HIGHEST GUST DIRECTION     W (270)
  AVERAGE WIND SPEED    10.8


SKY COVER
  AVERAGE SKY COVER 0.6



RELATIVE HUMIDITY (PERCENT)
 HIGHEST    87
 LOWEST     36
 AVERAGE    62

..........................................................


THE ALBANY NY CLIMATE NORMALS FOR TODAY
                         NORMAL    RECORD    YEAR
 MAXIMUM TEMPERATURE (F)   80        95      1898
 MINIMUM TEMPERATURE (F)   59        45      1979


SUNRISE AND SUNSET
JUNE 25 2017..........SUNRISE   518 AM EDT   SUNSET   837 PM EDT
JUNE 26 2017..........SUNRISE   519 AM EDT   SUNSET   838 PM EDT


-  INDICATES NEGATIVE NUMBERS.
R  INDICATES RECORD WAS SET OR TIED.
MM INDICATES DATA IS MISSING.
T  INDICATES TRACE AMOUNT.




$$
