000
CDUS43 KDMX 270630 RRA
CLIALO

CLIMATE REPORT
NATIONAL WEATHER SERVICE DES MOINES IA
129 AM CDT THU JUL 27 2017


...................................

...THE WATERLOO IA CLIMATE SUMMARY FOR JULY 26 2017...

CLIMATE NORMAL PERIOD 1981 TO 2010
CLIMATE RECORD PERIOD 1895 TO 2017


WEATHER ITEM   OBSERVED TIME   RECORD YEAR NORMAL DEPARTURE LAST
                VALUE   (LST)  VALUE       VALUE  FROM      YEAR
                                                  NORMAL
..................................................................
TEMPERATURE (F)
 YESTERDAY
  MAXIMUM         80    546 PM 109    1936  84     -4       86
  MINIMUM         70   1159 PM  46    1911  62      8       62
  AVERAGE         75                        73      2       74

PRECIPITATION (IN)
  YESTERDAY        T             1.92 1990   0.14  -0.14     0.00
  MONTH TO DATE    2.61                      4.20  -1.59     4.01
  SINCE JUN 1      8.36                      9.18  -0.82    12.98
  SINCE JAN 1     21.38                     21.30   0.08    23.47

SNOWFALL (IN)
  YESTERDAY        0.0          MM      MM   0.0    0.0      0.0
  MONTH TO DATE    0.0                       0.0    0.0      0.0
  SINCE JUN 1      0.0                       0.0    0.0      0.0
  SINCE JUL 1      0.0                       0.0    0.0      0.0
  SNOW DEPTH       0

DEGREE DAYS
 HEATING
  YESTERDAY        0                         0      0        0
  MONTH TO DATE    0                         0      0        2
  SINCE JUN 1     17                        26     -9        6
  SINCE JUL 1      0                         0      0        2

 COOLING
  YESTERDAY       10                         8      2        9
  MONTH TO DATE  235                       231      4      216
  SINCE JUN 1    438                       408     30      433
  SINCE JAN 1    474                       464     10      496
..................................................................


WIND (MPH)
  HIGHEST WIND SPEED    15   HIGHEST WIND DIRECTION    NW (330)
  HIGHEST GUST SPEED    16   HIGHEST GUST DIRECTION    NW (330)
  AVERAGE WIND SPEED     6.3


SKY COVER
  POSSIBLE SUNSHINE  MM
  AVERAGE SKY COVER 0.5


WEATHER CONDITIONS
 THE FOLLOWING WEATHER WAS RECORDED YESTERDAY.
  LIGHT RAIN
  FOG


RELATIVE HUMIDITY (PERCENT)
 HIGHEST    90           200 AM
 LOWEST     67           500 PM
 AVERAGE    79

..........................................................


THE WATERLOO IA CLIMATE NORMALS FOR TODAY
                         NORMAL    RECORD    YEAR
 MAXIMUM TEMPERATURE (F)   84       102      1916
 MINIMUM TEMPERATURE (F)   62        45      1971


SUNRISE AND SUNSET
JULY 27 2017..........SUNRISE   557 AM CDT   SUNSET   835 PM CDT
JULY 28 2017..........SUNRISE   558 AM CDT   SUNSET   834 PM CDT


-  INDICATES NEGATIVE NUMBERS.
R  INDICATES RECORD WAS SET OR TIED.
MM INDICATES DATA IS MISSING.
T  INDICATES TRACE AMOUNT.




$$
