253
CDUS43 KDMX 240634
CLIALO

CLIMATE REPORT
NATIONAL WEATHER SERVICE DES MOINES IA
1232 AM CST WED JAN 24 2018


...................................

...THE WATERLOO IA CLIMATE SUMMARY FOR JANUARY 23 2018...

CLIMATE NORMAL PERIOD 1981 TO 2010
CLIMATE RECORD PERIOD 1895 TO 2018


WEATHER ITEM   OBSERVED TIME   RECORD YEAR NORMAL DEPARTURE LAST
                VALUE   (LST)  VALUE       VALUE  FROM      YEAR
                                                  NORMAL
..................................................................
TEMPERATURE (F)
 YESTERDAY
  MAXIMUM         31   1206 AM  52    1981  28      3       35
  MINIMUM         19   1057 PM -27    1936   9     10       32
  AVERAGE         25                        18      7       34

PRECIPITATION (IN)
  YESTERDAY        T             0.38 2010   0.03  -0.03      T
  MONTH TO DATE    2.24                      0.60   1.64     2.38
  SINCE DEC 1      2.70                      1.80   0.90     4.25
  SINCE JAN 1      2.24                      0.60   1.64     2.38

SNOWFALL (IN)
  YESTERDAY        0.2           3.5  1996   0.3   -0.1       T
  MONTH TO DATE    2.3                       5.9   -3.6      0.6
  SINCE DEC 1     10.0                      15.8   -5.8     11.1
  SINCE JUL 1     10.0                      19.2   -9.2     11.1
  SNOW DEPTH       T

DEGREE DAYS
 HEATING
  YESTERDAY       40                        47     -7       31
  MONTH TO DATE 1165                      1077     88      977
  SINCE DEC 1   2495                      2405     90     2300
  SINCE JUL 1   3886                      3888     -2     3289

 COOLING
  YESTERDAY        0                         0      0        0
  MONTH TO DATE    0                         0      0        0
  SINCE DEC 1      0                         0      0        0
  SINCE JAN 1      0                         0      0        0
..................................................................


WIND (MPH)
  HIGHEST WIND SPEED    28   HIGHEST WIND DIRECTION    NW (320)
  HIGHEST GUST SPEED    35   HIGHEST GUST DIRECTION    NW (330)
  AVERAGE WIND SPEED    14.8


SKY COVER
  POSSIBLE SUNSHINE  MM
  AVERAGE SKY COVER 0.8


WEATHER CONDITIONS
 THE FOLLOWING WEATHER WAS RECORDED YESTERDAY.
  LIGHT SNOW
  FOG


RELATIVE HUMIDITY (PERCENT)
 HIGHEST    92          1200 AM
 LOWEST     74          1200 PM
 AVERAGE    83

..........................................................


THE WATERLOO IA CLIMATE NORMALS FOR TODAY
                         NORMAL    RECORD    YEAR
 MAXIMUM TEMPERATURE (F)   28        58      1981
 MINIMUM TEMPERATURE (F)    9       -29      2008


SUNRISE AND SUNSET
JANUARY 24 2018.......SUNRISE   731 AM CST   SUNSET   513 PM CST
JANUARY 25 2018.......SUNRISE   730 AM CST   SUNSET   514 PM CST


-  INDICATES NEGATIVE NUMBERS.
R  INDICATES RECORD WAS SET OR TIED.
MM INDICATES DATA IS MISSING.
T  INDICATES TRACE AMOUNT.




$$
