000
CDUS43 KDMX 200629 RRA
CLIALO

CLIMATE REPORT
NATIONAL WEATHER SERVICE DES MOINES IA
1228 AM CST MON NOV 20 2017

...................................

...THE WATERLOO IA CLIMATE SUMMARY FOR NOVEMBER 19 2017...

CLIMATE NORMAL PERIOD 1981 TO 2010
CLIMATE RECORD PERIOD 1895 TO 2017


WEATHER ITEM   OBSERVED TIME   RECORD YEAR NORMAL DEPARTURE LAST
                VALUE   (LST)  VALUE       VALUE  FROM      YEAR
                                                  NORMAL
..................................................................
TEMPERATURE (F)
 YESTERDAY
  MAXIMUM         41    345 PM  71    1942  44     -3       36
                                      1930
  MINIMUM         18    717 AM   1    1914  25     -7       19
  AVERAGE         30                        34     -4       28

PRECIPITATION (IN)
  YESTERDAY        0.00          1.03 1992   0.06  -0.06     0.00
  MONTH TO DATE    0.44                      1.35  -0.91     0.01
  SINCE SEP 1      6.78                      6.46   0.32     9.81
  SINCE JAN 1     29.46                     32.74  -3.28    38.50

SNOWFALL (IN)
  YESTERDAY        0.0           5.5  1986   0.1   -0.1      0.0
  MONTH TO DATE    T                         1.2   -1.2      0.0
  SINCE SEP 1      T                         1.5   -1.5      0.0
  SINCE JUL 1      T                         1.5   -1.5      0.0
  SNOW DEPTH       0

DEGREE DAYS
 HEATING
  YESTERDAY       35                        31      4       37
  MONTH TO DATE  594                       485    109      312
  SINCE SEP 1   1069                      1088    -19      665
  SINCE JUL 1   1086                      1108    -22      670

 COOLING
  YESTERDAY        0                         0      0        0
  MONTH TO DATE    0                         0      0        0
  SINCE SEP 1    129                        87     42      116
  SINCE JAN 1    720                       799    -79      869
..................................................................


WIND (MPH)
  HIGHEST WIND SPEED    18   HIGHEST WIND DIRECTION    NW (310)
  HIGHEST GUST SPEED    26   HIGHEST GUST DIRECTION    NW (310)
  AVERAGE WIND SPEED    10.4


SKY COVER
  POSSIBLE SUNSHINE  MM
  AVERAGE SKY COVER 0.0


WEATHER CONDITIONS
 THE FOLLOWING WEATHER WAS RECORDED YESTERDAY.
  NO SIGNIFICANT WEATHER WAS OBSERVED.


RELATIVE HUMIDITY (PERCENT)
 HIGHEST    75          1100 PM
 LOWEST     44           200 PM
 AVERAGE    60

..........................................................


THE WATERLOO IA CLIMATE NORMALS FOR TODAY
                         NORMAL    RECORD    YEAR
 MAXIMUM TEMPERATURE (F)   43        72      1897
 MINIMUM TEMPERATURE (F)   25         0      2014


SUNRISE AND SUNSET
NOVEMBER 20 2017......SUNRISE   707 AM CST   SUNSET   443 PM CST
NOVEMBER 21 2017......SUNRISE   709 AM CST   SUNSET   442 PM CST


-  INDICATES NEGATIVE NUMBERS.
R  INDICATES RECORD WAS SET OR TIED.
MM INDICATES DATA IS MISSING.
T  INDICATES TRACE AMOUNT.




$$
