000
CDUS43 KDMX 200640
CLIALO

CLIMATE REPORT
NATIONAL WEATHER SERVICE DES MOINES IA
130 AM CDT MON OCT 20 2014

...................................

...THE WATERLOO IA CLIMATE SUMMARY FOR OCTOBER 19 2014...

CLIMATE NORMAL PERIOD 1981 TO 2010
CLIMATE RECORD PERIOD 1895 TO 2014

WEATHER ITEM   OBSERVED TIME   RECORD YEAR NORMAL DEPARTURE LAST
                VALUE   (LST)  VALUE       VALUE  FROM      YEAR
                                                  NORMAL
..................................................................
TEMPERATURE (F)
 YESTERDAY
  MAXIMUM         64    354 PM  84    1910  61      3       53
  MINIMUM         31    407 AM  14    1972  38     -7       30
  AVERAGE         48                        49     -1       42

PRECIPITATION (IN)
  YESTERDAY        0.00          0.49 1969   0.08  -0.08     0.04
  MONTH TO DATE    3.14                      1.56   1.58     1.33
  SINCE SEP 1      4.80                      4.19   0.61     2.81
  SINCE JAN 1     32.09                     30.47   1.62    37.03

SNOWFALL (IN)
  YESTERDAY        0.0           0.1  1976   0.0    0.0      0.0
  MONTH TO DATE    T                         0.1   -0.1      0.0
  SINCE SEP 1      T                         0.1   -0.1      0.0
  SINCE JUL 1      T                         0.1   -0.1      0.0
  SNOW DEPTH       0

DEGREE DAYS
 HEATING
  YESTERDAY       17                        16      1       23
  MONTH TO DATE  287                       246     41      188
  SINCE SEP 1    438                       384     54      290
  SINCE JUL 1    455                       404     51      310

 COOLING
  YESTERDAY        0                         0      0        0
  MONTH TO DATE    0                         8     -8        8
  SINCE SEP 1     51                        86    -35      141
  SINCE JAN 1    658                       798   -140      837
..................................................................

WIND (MPH)
  HIGHEST WIND SPEED    23   HIGHEST WIND DIRECTION    SW (210)
  HIGHEST GUST SPEED    28   HIGHEST GUST DIRECTION    SW (220)
  AVERAGE WIND SPEED     9.9

SKY COVER
  POSSIBLE SUNSHINE  MM
  AVERAGE SKY COVER 0.0

WEATHER CONDITIONS
 THE FOLLOWING WEATHER WAS RECORDED YESTERDAY.
  NO SIGNIFICANT WEATHER WAS OBSERVED.

RELATIVE HUMIDITY (PERCENT)
 HIGHEST    96          1200 AM
 LOWEST     52           200 PM
 AVERAGE    74
..........................................................

THE WATERLOO IA CLIMATE NORMALS FOR TODAY
                         NORMAL    RECORD    YEAR
 MAXIMUM TEMPERATURE (F)   60        87      2003
 MINIMUM TEMPERATURE (F)   38        17      1952
                                             1930

SUNRISE AND SUNSET
OCTOBER 20 2014.......SUNRISE   729 AM CDT   SUNSET   620 PM CDT
OCTOBER 21 2014.......SUNRISE   730 AM CDT   SUNSET   618 PM CDT

-  INDICATES NEGATIVE NUMBERS.
R  INDICATES RECORD WAS SET OR TIED.
MM INDICATES DATA IS MISSING.
T  INDICATES TRACE AMOUNT.

$$

FAB
