000
CDUS45 KPUB 010023
CLIALS


CLIMATE REPORT
NATIONAL WEATHER SERVICE PUEBLO
523 PM MST SAT JAN 31 2015


...................................

...THE ALAMOSA CO CLIMATE SUMMARY FOR JANUARY 31 2015...
VALID TODAY AS OF 0500 PM LOCAL TIME.

CLIMATE NORMAL PERIOD 1981 TO 2010
CLIMATE RECORD PERIOD 1932 TO 2015


WEATHER ITEM   OBSERVED TIME   RECORD YEAR NORMAL DEPARTURE LAST
                VALUE   (LST)  VALUE       VALUE  FROM      YEAR
                                                  NORMAL
..................................................................
TEMPERATURE (F)
 TODAY
  MAXIMUM         35    109 PM  57    1971  36     -1       38
  MINIMUM         27    725 AM -39    1979   0     27       20
  AVERAGE         31                        18     13       29

PRECIPITATION (IN)
  TODAY            0.04          0.17 1978   0.01   0.03     0.07
  MONTH TO DATE    0.33                      0.26   0.07     0.07
  SINCE DEC 1      0.54                      0.61  -0.07     0.24
  SINCE JAN 1      0.33                      0.26   0.07     0.07

SNOWFALL (IN)
  TODAY            0.2           3.2  2007   0.1    0.1      0.9
  MONTH TO DATE    3.3                       4.0   -0.7      0.9
  SINCE DEC 1      5.6                       8.5   -2.9      4.9
  SINCE JUL 1      7.2                      14.3   -7.1     26.5
  SNOW DEPTH       1

DEGREE DAYS
 HEATING
  TODAY           34                        47    -13       36
  MONTH TO DATE 1308                      1506   -198     1662
  SINCE DEC 1   2617                      2972   -355     3445
  SINCE JUL 1   4460                      5147   -687     5545

 COOLING
  TODAY            0                         0      0        0
  MONTH TO DATE    0                         0      0        0
  SINCE DEC 1      0                         0      0        0
  SINCE JAN 1      0                         0      0        0
..................................................................


WIND (MPH)
  HIGHEST WIND SPEED     6   HIGHEST WIND DIRECTION     S (190)
  HIGHEST GUST SPEED     7   HIGHEST GUST DIRECTION    SW (240)
  AVERAGE WIND SPEED     1.7


SKY COVER
  POSSIBLE SUNSHINE  MM
  AVERAGE SKY COVER 1.0


WEATHER CONDITIONS
 THE FOLLOWING WEATHER WAS RECORDED TODAY.
  SNOW
  LIGHT SNOW
  FOG


RELATIVE HUMIDITY (PERCENT)
 HIGHEST   100           600 AM
 LOWEST     82           100 PM
 AVERAGE    91

..........................................................


THE ALAMOSA CO CLIMATE NORMALS FOR TOMORROW
                         NORMAL    RECORD    YEAR
 MAXIMUM TEMPERATURE (F)   36        60      2003
 MINIMUM TEMPERATURE (F)    1       -30      1951


SUNRISE AND SUNSET
JANUARY 31 2015.......SUNRISE   708 AM MST   SUNSET   526 PM MST
FEBRUARY  1 2015......SUNRISE   707 AM MST   SUNSET   528 PM MST


-  INDICATES NEGATIVE NUMBERS.
R  INDICATES RECORD WAS SET OR TIED.
MM INDICATES DATA IS MISSING.
T  INDICATES TRACE AMOUNT.




$$
