000
CDUS45 KPUB 061034
CLIALS


CLIMATE REPORT
NATIONAL WEATHER SERVICE PUEBLO
434 AM MDT MON JUL 6 2015


...................................

...THE ALAMOSA CO CLIMATE SUMMARY FOR JULY 5 2015...

CLIMATE NORMAL PERIOD 1981 TO 2010
CLIMATE RECORD PERIOD 1932 TO 2015


WEATHER ITEM   OBSERVED TIME   RECORD YEAR NORMAL DEPARTURE LAST
                VALUE   (LST)  VALUE       VALUE  FROM      YEAR
                                                  NORMAL
..................................................................
TEMPERATURE (F)
 YESTERDAY
  MAXIMUM         82    253 PM  96    1989  83     -1       86
  MINIMUM         48    507 AM  34    2000  46      2       49
  AVERAGE         65                        64      1       68

PRECIPITATION (IN)
  YESTERDAY        0.01          0.96 1944   0.02  -0.01      T
  MONTH TO DATE    0.12                      0.12   0.00      T
  SINCE JUN 1      1.31                      0.61   0.70     0.02
  SINCE JAN 1      5.25                      2.83   2.42     1.83

SNOWFALL (IN)
  YESTERDAY        0.0           0.0  2002   0.0    0.0      0.0
                                      2001
  MONTH TO DATE    0.0                       0.0    0.0      0.0
  SINCE JUN 1      0.0                       0.0    0.0      0.0
  SINCE JUL 1      0.0                       0.0    0.0      0.0
  SNOW DEPTH       0

DEGREE DAYS
 HEATING
  YESTERDAY        0                         2     -2        0
  MONTH TO DATE    3                        10     -7        7
  SINCE JUN 1     79                       178    -99      133
  SINCE JUL 1      3                        10     -7        7

 COOLING
  YESTERDAY        0                         1     -1        3
  MONTH TO DATE   10                         5      5        3
  SINCE JUN 1     34                        11     23        4
  SINCE JAN 1     34                        11     23        4
..................................................................


WIND (MPH)
  HIGHEST WIND SPEED    29   HIGHEST WIND DIRECTION     N (360)
  HIGHEST GUST SPEED    34   HIGHEST GUST DIRECTION     N (360)
  AVERAGE WIND SPEED     6.7


SKY COVER
  POSSIBLE SUNSHINE  MM
  AVERAGE SKY COVER 0.3


WEATHER CONDITIONS
 THE FOLLOWING WEATHER WAS RECORDED YESTERDAY.
  LIGHT RAIN


RELATIVE HUMIDITY (PERCENT)
 HIGHEST    93          1100 PM
 LOWEST     28           200 PM
 AVERAGE    61

..........................................................


THE ALAMOSA CO CLIMATE NORMALS FOR TODAY
                         NORMAL    RECORD    YEAR
 MAXIMUM TEMPERATURE (F)   83        94      1989
 MINIMUM TEMPERATURE (F)   46        33      1938


SUNRISE AND SUNSET
JULY  6 2015..........SUNRISE   549 AM MDT   SUNSET   828 PM MDT
JULY  7 2015..........SUNRISE   549 AM MDT   SUNSET   827 PM MDT


-  INDICATES NEGATIVE NUMBERS.
R  INDICATES RECORD WAS SET OR TIED.
MM INDICATES DATA IS MISSING.
T  INDICATES TRACE AMOUNT.




$$
