000
CDUS45 KPUB 271040
CLIALS


CLIMATE REPORT
NATIONAL WEATHER SERVICE PUEBLO
440 AM MDT TUE JUN 27 2017


...................................

...THE ALAMOSA CO CLIMATE SUMMARY FOR JUNE 26 2017...

CLIMATE NORMAL PERIOD 1981 TO 2010
CLIMATE RECORD PERIOD 1932 TO 2017


WEATHER ITEM   OBSERVED TIME   RECORD YEAR NORMAL DEPARTURE LAST
                VALUE   (LST)  VALUE       VALUE  FROM      YEAR
                                                  NORMAL
..................................................................
TEMPERATURE (F)
 YESTERDAY
  MAXIMUM         82    125 PM  95    1994  81      1       84
  MINIMUM         47    510 AM  33    1965  43      4       47
  AVERAGE         65                        62      3       66

PRECIPITATION (IN)
  YESTERDAY        T             0.55 1977   0.02  -0.02     0.00
  MONTH TO DATE    0.19                      0.41  -0.22     0.04
  SINCE JUN 1      0.19                      0.41  -0.22     0.04
  SINCE JAN 1      4.44                      2.63   1.81     4.41

SNOWFALL (IN)
  YESTERDAY        0.0           0.0  2002   0.0    0.0      0.0
  MONTH TO DATE    0.0                       0.0    0.0      0.0
  SINCE JUN 1      0.0                       0.0    0.0      0.0
  SINCE JUL 1     42.2                      27.6   14.6     43.0
  SNOW DEPTH       0

DEGREE DAYS
 HEATING
  YESTERDAY        0                         3     -3        0
  MONTH TO DATE   80                       157    -77       53
  SINCE JUN 1     80                       157    -77       53
  SINCE JUL 1   7689                      8583   -894     7865

 COOLING
  YESTERDAY        0                         0      0        1
  MONTH TO DATE   17                         0     17       27
  SINCE JUN 1     17                         0     17       27
  SINCE JAN 1     17                         0     17       27
..................................................................


WIND (MPH)
  HIGHEST WIND SPEED    33   HIGHEST WIND DIRECTION    SW (240)
  HIGHEST GUST SPEED    42   HIGHEST GUST DIRECTION     N (340)
  AVERAGE WIND SPEED     9.3


SKY COVER
  POSSIBLE SUNSHINE  MM
  AVERAGE SKY COVER 0.1


WEATHER CONDITIONS
 THE FOLLOWING WEATHER WAS RECORDED YESTERDAY.
  LIGHT RAIN


RELATIVE HUMIDITY (PERCENT)
 HIGHEST    93           400 AM
 LOWEST     21           100 PM
 AVERAGE    57

..........................................................


THE ALAMOSA CO CLIMATE NORMALS FOR TODAY
                         NORMAL    RECORD    YEAR
 MAXIMUM TEMPERATURE (F)   82        94      2013
 MINIMUM TEMPERATURE (F)   44        30      1945


SUNRISE AND SUNSET
JUNE 27 2017..........SUNRISE   545 AM MDT   SUNSET   828 PM MDT
JUNE 28 2017..........SUNRISE   545 AM MDT   SUNSET   828 PM MDT


-  INDICATES NEGATIVE NUMBERS.
R  INDICATES RECORD WAS SET OR TIED.
MM INDICATES DATA IS MISSING.
T  INDICATES TRACE AMOUNT.




$$
