000
CDUS45 KPUB 211133
CLIALS


CLIMATE REPORT
NATIONAL WEATHER SERVICE PUEBLO
433 AM MST SAT JAN 21 2017


...................................

...THE ALAMOSA CO CLIMATE SUMMARY FOR JANUARY 20 2017...

CLIMATE NORMAL PERIOD 1981 TO 2010
CLIMATE RECORD PERIOD 1932 TO 2017


WEATHER ITEM   OBSERVED TIME   RECORD YEAR NORMAL DEPARTURE LAST
                VALUE   (LST)  VALUE       VALUE  FROM      YEAR
                                                  NORMAL
..................................................................
TEMPERATURE (F)
 YESTERDAY
  MAXIMUM         33    152 PM  62    1971  34     -1       36
  MINIMUM         14    849 AM -33    1984  -2     16        8
  AVERAGE         24                        16      8       22

PRECIPITATION (IN)
  YESTERDAY        0.00          0.22 1959   0.01  -0.01     0.02
  MONTH TO DATE    1.27                      0.16   1.11     0.57
  SINCE DEC 1      2.35                      0.51   1.84     0.82
  SINCE JAN 1      1.27                      0.16   1.11     0.57

SNOWFALL (IN)
  YESTERDAY        0.0           4.8  1959   0.2   -0.2      0.3
  MONTH TO DATE   17.4                       2.4   15.0      6.7
  SINCE DEC 1     27.6                       6.9   20.7     10.1
  SINCE JUL 1     28.6                      12.7   15.9     14.4
  SNOW DEPTH       5

DEGREE DAYS
 HEATING
  YESTERDAY       41                        49     -8       43
  MONTH TO DATE  893                       980    -87     1078
  SINCE DEC 1   2337                      2442   -105     2411
  SINCE JUL 1   4201                      4617   -416     4189

 COOLING
  YESTERDAY        0                         0      0        0
  MONTH TO DATE    0                         0      0        0
  SINCE DEC 1      0                         0      0        0
  SINCE JAN 1      0                         0      0        0
..................................................................


WIND (MPH)
  HIGHEST WIND SPEED    15   HIGHEST WIND DIRECTION    SW (220)
  HIGHEST GUST SPEED    17   HIGHEST GUST DIRECTION    SW (220)
  AVERAGE WIND SPEED     6.1


SKY COVER
  POSSIBLE SUNSHINE  MM
  AVERAGE SKY COVER 0.5


WEATHER CONDITIONS
 THE FOLLOWING WEATHER WAS RECORDED YESTERDAY.
  FOG
  FOG W/VISIBILITY <= 1/4 MILE


RELATIVE HUMIDITY (PERCENT)
 HIGHEST   100           400 AM
 LOWEST     47           200 PM
 AVERAGE    74

..........................................................


THE ALAMOSA CO CLIMATE NORMALS FOR TODAY
                         NORMAL    RECORD    YEAR
 MAXIMUM TEMPERATURE (F)   35        60      1950
 MINIMUM TEMPERATURE (F)   -2       -34      1984


SUNRISE AND SUNSET
JANUARY 21 2017.......SUNRISE   714 AM MST   SUNSET   516 PM MST
JANUARY 22 2017.......SUNRISE   714 AM MST   SUNSET   517 PM MST


-  INDICATES NEGATIVE NUMBERS.
R  INDICATES RECORD WAS SET OR TIED.
MM INDICATES DATA IS MISSING.
T  INDICATES TRACE AMOUNT.




$$
