000
CDUS45 KPUB 291107
CLIALS


CLIMATE REPORT
NATIONAL WEATHER SERVICE PUEBLO
506 AM MDT FRI AUG 29 2014


...................................

...THE ALAMOSA CO CLIMATE SUMMARY FOR AUGUST 28 2014...

CLIMATE NORMAL PERIOD 1981 TO 2010
CLIMATE RECORD PERIOD 1932 TO 2014


WEATHER ITEM   OBSERVED TIME   RECORD YEAR NORMAL DEPARTURE LAST
                VALUE   (LST)  VALUE       VALUE  FROM      YEAR
                                                  NORMAL
..................................................................
TEMPERATURE (F)
 YESTERDAY
  MAXIMUM         73    324 PM  87    2011  78     -5       83
  MINIMUM         40    230 AM  30    1964  44     -4       47
  AVERAGE         57                        61     -4       65

PRECIPITATION (IN)
  YESTERDAY        T             0.50 1996   0.04  -0.04     0.00
  MONTH TO DATE    0.53                      1.15  -0.62     2.44
  SINCE JUN 1      2.07                      2.61  -0.54     3.78
  SINCE JAN 1      3.88                      4.83  -0.95     4.84

SNOWFALL (IN)
  YESTERDAY       MM             0.0  2002   0.0   MM        0.0
  MONTH TO DATE    0.0                       0.0    0.0      0.0
  SINCE JUN 1      0.0                       0.0    0.0      0.0
  SINCE JUL 1      0.0                       0.0    0.0      0.0
  SNOW DEPTH       0

DEGREE DAYS
 HEATING
  YESTERDAY        8                         4      4        0
  MONTH TO DATE   81                        70     11       47
  SINCE JUN 1    229                       283    -54      177
  SINCE JUL 1    103                       115    -12       75

 COOLING
  YESTERDAY        0                         0      0        0
  MONTH TO DATE    3                        12     -9       24
  SINCE JUN 1     60                        50     10       89
  SINCE JAN 1     60                        50     10       89
..................................................................


WIND (MPH)
  HIGHEST WIND SPEED    24   HIGHEST WIND DIRECTION     N (360)
  HIGHEST GUST SPEED    28   HIGHEST GUST DIRECTION     N (350)
  AVERAGE WIND SPEED     4.3


SKY COVER
  POSSIBLE SUNSHINE  MM
  AVERAGE SKY COVER 0.5


WEATHER CONDITIONS
 THE FOLLOWING WEATHER WAS RECORDED YESTERDAY.
  LIGHT RAIN


RELATIVE HUMIDITY (PERCENT)
 HIGHEST    92           200 AM
 LOWEST     29           300 PM
 AVERAGE    61

..........................................................


THE ALAMOSA CO CLIMATE NORMALS FOR TODAY
                         NORMAL    RECORD    YEAR
 MAXIMUM TEMPERATURE (F)   78        87      2013
                                             1990
 MINIMUM TEMPERATURE (F)   44        32      1956


SUNRISE AND SUNSET
AUGUST 29 2014........SUNRISE   631 AM MDT   SUNSET   737 PM MDT
AUGUST 30 2014........SUNRISE   632 AM MDT   SUNSET   735 PM MDT


-  INDICATES NEGATIVE NUMBERS.
R  INDICATES RECORD WAS SET OR TIED.
MM INDICATES DATA IS MISSING.
T  INDICATES TRACE AMOUNT.




$$
