000
CDUS45 KPUB 281031
CLIALS


CLIMATE REPORT
NATIONAL WEATHER SERVICE PUEBLO
431 AM MDT FRI APR 28 2017


...................................

...THE ALAMOSA CO CLIMATE SUMMARY FOR APRIL 27 2017...

CLIMATE NORMAL PERIOD 1981 TO 2010
CLIMATE RECORD PERIOD 1932 TO 2017


WEATHER ITEM   OBSERVED TIME   RECORD YEAR NORMAL DEPARTURE LAST
                VALUE   (LST)  VALUE       VALUE  FROM      YEAR
                                                  NORMAL
..................................................................
TEMPERATURE (F)
 YESTERDAY
  MAXIMUM         54    409 PM  76    2000  63     -9       59
                                      1943
  MINIMUM         27   1146 PM   8    1991  28     -1       22
  AVERAGE         41                        45     -4       41

PRECIPITATION (IN)
  YESTERDAY        0.01          0.26 1957   0.02  -0.01     0.00
  MONTH TO DATE    0.52                      0.53  -0.01     1.29
  SINCE MAR 1      1.25                      1.06   0.19     1.81
  SINCE JAN 1      2.90                      1.58   1.32     2.79

SNOWFALL (IN)
  YESTERDAY        T             2.8  1968   0.1   -0.1      0.0
  MONTH TO DATE    3.7                       3.4    0.3     12.6
  SINCE MAR 1      4.4                       8.4   -4.0     20.8
  SINCE JUL 1     39.9                      26.5   13.4     39.6
  SNOW DEPTH       0

DEGREE DAYS
 HEATING
  YESTERDAY       24                        20      4       24
  MONTH TO DATE  546                       638    -92      616
  SINCE MAR 1   1285                      1615   -330     1533
  SINCE JUL 1   7074                      7944   -870     7299

 COOLING
  YESTERDAY        0                         0      0        0
  MONTH TO DATE    0                         0      0        0
  SINCE MAR 1      0                         0      0        0
  SINCE JAN 1      0                         0      0        0
..................................................................


WIND (MPH)
  HIGHEST WIND SPEED    37   HIGHEST WIND DIRECTION     W (270)
  HIGHEST GUST SPEED    47   HIGHEST GUST DIRECTION     W (280)
  AVERAGE WIND SPEED    12.3


SKY COVER
  POSSIBLE SUNSHINE  MM
  AVERAGE SKY COVER 0.5


WEATHER CONDITIONS
 THE FOLLOWING WEATHER WAS RECORDED YESTERDAY.
  LIGHT RAIN
  LIGHT SNOW


RELATIVE HUMIDITY (PERCENT)
 HIGHEST    76           500 AM
 LOWEST     21           600 PM
 AVERAGE    49

..........................................................


THE ALAMOSA CO CLIMATE NORMALS FOR TODAY
                         NORMAL    RECORD    YEAR
 MAXIMUM TEMPERATURE (F)   63        78      1992
 MINIMUM TEMPERATURE (F)   28        11      2011


SUNRISE AND SUNSET
APRIL 28 2017.........SUNRISE   611 AM MDT   SUNSET   751 PM MDT
APRIL 29 2017.........SUNRISE   610 AM MDT   SUNSET   752 PM MDT


-  INDICATES NEGATIVE NUMBERS.
R  INDICATES RECORD WAS SET OR TIED.
MM INDICATES DATA IS MISSING.
T  INDICATES TRACE AMOUNT.




$$
