000
CDUS45 KPUB 231035
CLIALS


CLIMATE REPORT
NATIONAL WEATHER SERVICE PUEBLO
433 AM MDT WED APR 23 2014


...................................

...THE ALAMOSA CO CLIMATE SUMMARY FOR APRIL 22 2014...

CLIMATE NORMAL PERIOD 1981 TO 2010
CLIMATE RECORD PERIOD 1932 TO 2014


WEATHER ITEM   OBSERVED TIME   RECORD YEAR NORMAL DEPARTURE LAST
                VALUE   (LST)  VALUE       VALUE  FROM      YEAR
                                                  NORMAL
..................................................................
TEMPERATURE (F)
 YESTERDAY
  MAXIMUM         69   1251 PM  77    2006  61      8       67
  MINIMUM         34    503 AM  14    2002  26      8       20
  AVERAGE         52                        44      8       44

PRECIPITATION (IN)
  YESTERDAY        T             0.19 1995   0.03  -0.03     0.00
  MONTH TO DATE    1.01                      0.43   0.58     0.32
  SINCE MAR 1      1.41                      0.96   0.45     0.66
  SINCE JAN 1      1.53                      1.48   0.05     0.88

SNOWFALL (IN)
  YESTERDAY        0.0           2.0  1941   0.1   -0.1      0.0
  MONTH TO DATE    6.6                       2.8    3.8      2.2
  SINCE MAR 1     10.0                       7.8    2.2      5.6
  SINCE JUL 1     38.1                      25.9   12.2     21.1
  SNOW DEPTH       0

DEGREE DAYS
 HEATING
  YESTERDAY       13                        21     -8       21
  MONTH TO DATE  482                       536    -54      541
  SINCE MAR 1   1357                      1513   -156     1500
  SINCE JUL 1   7925                      7842     83     8287

 COOLING
  YESTERDAY        0                         0      0        0
  MONTH TO DATE    0                         0      0        0
  SINCE MAR 1      0                         0      0        0
  SINCE JAN 1      0                         0      0        0
..................................................................


WIND (MPH)
  HIGHEST WIND SPEED    37   HIGHEST WIND DIRECTION    SW (230)
  HIGHEST GUST SPEED    46   HIGHEST GUST DIRECTION    SW (230)
  AVERAGE WIND SPEED    13.1


SKY COVER
  POSSIBLE SUNSHINE  MM
  AVERAGE SKY COVER 0.3


WEATHER CONDITIONS
 THE FOLLOWING WEATHER WAS RECORDED YESTERDAY.
  LIGHT RAIN


RELATIVE HUMIDITY (PERCENT)
 HIGHEST    82           500 AM
 LOWEST     24           100 PM
 AVERAGE    53

..........................................................


THE ALAMOSA CO CLIMATE NORMALS FOR TODAY
                         NORMAL    RECORD    YEAR
 MAXIMUM TEMPERATURE (F)   62        78      2012
 MINIMUM TEMPERATURE (F)   27        10      1970


SUNRISE AND SUNSET
APRIL 23 2014.........SUNRISE   618 AM MDT   SUNSET   746 PM MDT
APRIL 24 2014.........SUNRISE   617 AM MDT   SUNSET   747 PM MDT


-  INDICATES NEGATIVE NUMBERS.
R  INDICATES RECORD WAS SET OR TIED.
MM INDICATES DATA IS MISSING.
T  INDICATES TRACE AMOUNT.




$$
