455
CDUS45 KPUB 311022
CLIALS


CLIMATE REPORT
NATIONAL WEATHER SERVICE PUEBLO
422 AM MDT WED AUG 31 2016


...................................

...THE ALAMOSA CO CLIMATE SUMMARY FOR AUGUST 30 2016...

CLIMATE NORMAL PERIOD 1981 TO 2010
CLIMATE RECORD PERIOD 1932 TO 2016


WEATHER ITEM   OBSERVED TIME   RECORD YEAR NORMAL DEPARTURE LAST
                VALUE   (LST)  VALUE       VALUE  FROM      YEAR
                                                  NORMAL
..................................................................
TEMPERATURE (F)
 YESTERDAY
  MAXIMUM         75    312 PM  87    2013  78     -3       84
  MINIMUM         38    559 AM  30    1944  43     -5       47
  AVERAGE         57                        60     -3       66

PRECIPITATION (IN)
  YESTERDAY        0.00          0.54 1943   0.04  -0.04     0.00
  MONTH TO DATE    2.15                      1.23   0.92     0.46
  SINCE JUN 1      2.97                      2.69   0.28     2.99
  SINCE JAN 1      7.34                      4.91   2.43     6.93

SNOWFALL (IN)
  YESTERDAY        0.0           0.0  2002   0.0    0.0      0.0
  MONTH TO DATE    0.0                       0.0    0.0      0.0
  SINCE JUN 1      0.0                       0.0    0.0      0.0
  SINCE JUL 1      0.0                       0.0    0.0      0.0
  SNOW DEPTH       0

DEGREE DAYS
 HEATING
  YESTERDAY        8                         5      3        0
  MONTH TO DATE  127                        79     48       48
  SINCE JUN 1    196                       292    -96      168
  SINCE JUL 1    140                       124     16       92

 COOLING
  YESTERDAY        0                         0      0        1
  MONTH TO DATE    9                        12     -3       25
  SINCE JUN 1    115                        50     65       74
  SINCE JAN 1    115                        50     65       74
..................................................................


WIND (MPH)
  HIGHEST WIND SPEED    18   HIGHEST WIND DIRECTION     E (110)
  HIGHEST GUST SPEED    27   HIGHEST GUST DIRECTION     E (110)
  AVERAGE WIND SPEED     5.6


SKY COVER
  POSSIBLE SUNSHINE  MM
  AVERAGE SKY COVER 0.2


WEATHER CONDITIONS
 THE FOLLOWING WEATHER WAS RECORDED YESTERDAY.
  HAZE


RELATIVE HUMIDITY (PERCENT)
 HIGHEST   100           600 AM
 LOWEST     31           100 PM
 AVERAGE    66

..........................................................


THE ALAMOSA CO CLIMATE NORMALS FOR TODAY
                         NORMAL    RECORD    YEAR
 MAXIMUM TEMPERATURE (F)   77        88      2011
 MINIMUM TEMPERATURE (F)   43        31      1944


SUNRISE AND SUNSET
AUGUST 31 2016........SUNRISE   633 AM MDT   SUNSET   733 PM MDT
SEPTEMBER  1 2016.....SUNRISE   634 AM MDT   SUNSET   731 PM MDT


-  INDICATES NEGATIVE NUMBERS.
R  INDICATES RECORD WAS SET OR TIED.
MM INDICATES DATA IS MISSING.
T  INDICATES TRACE AMOUNT.




$$
