000
CDUS44 KAMA 262244
CLIAMA


CLIMATE REPORT
NATIONAL WEATHER SERVICE AMARILLO TX
440 PM CST THU FEB 26 2015


...THE AMARILLO CLIMATE SUMMARY FOR FEBRUARY 26 2015...
VALID TODAY AS OF 400 PM LOCAL TIME.

CLIMATE NORMAL PERIOD 1981 TO 2010
CLIMATE RECORD PERIOD 1892 TO 2015


WEATHER ITEM   OBSERVED TIME   RECORD YEAR NORMAL DEPARTURE LAST
                VALUE   (LST)  VALUE       VALUE  FROM      YEAR
                                                  NORMAL
..................................................................
TEMPERATURE (F)
 TODAY
  MAXIMUM         36   1239 AM  80    1981  57    -21       44
                                      1918
  MINIMUM         19    927 AM   5    1934  29    -10       15
  AVERAGE         28                        43    -15       30

PRECIPITATION (IN)
  TODAY            T             0.97 1895   0.02  -0.02      T
  MONTH TO DATE    0.22                      0.52  -0.30     0.34
  SINCE DEC 1      1.96                      1.95   0.01     0.69
  SINCE JAN 1      1.83                      1.24   0.59     0.37

SNOWFALL (IN)
  TODAY            T             3.5  1984   0.1   -0.1       T
  MONTH TO DATE    3.8                       2.8    1.0      4.7
  SINCE DEC 1     18.3                      11.2    7.1      7.8
  SINCE JUL 1     20.8                      13.9    6.9     12.1
  SNOW DEPTH       T

DEGREE DAYS
 HEATING
  TODAY           37                        22     15       35
  MONTH TO DATE  589                       648    -59      730
  SINCE DEC 1   2235                      2389   -154     2490
  SINCE JUL 1   3029                      3233   -204     3328

 COOLING
  TODAY            0                         0      0        0
  MONTH TO DATE    0                         0      0        0
  SINCE DEC 1      0                         0      0        0
  SINCE JAN 1      0                         0      0        0
..................................................................


WIND (MPH)
  RESULTANT WIND SPEED  18   RESULTANT WIND DIRECTION   N (20)
  HIGHEST WIND SPEED    26   HIGHEST WIND DIRECTION    NE (30)
  HIGHEST GUST SPEED    32   HIGHEST GUST DIRECTION    NE (30)
  AVERAGE WIND SPEED   18.4


SKY COVER
  AVERAGE SKY COVER 0.9


WEATHER CONDITIONS
 THE FOLLOWING WEATHER WAS RECORDED TODAY.
  LIGHT SNOW
  FOG


RELATIVE HUMIDITY (PERCENT)
 HIGHEST    84           600 AM
 LOWEST     43           400 PM
 AVERAGE    64

..................................................................


THE AMARILLO CLIMATE NORMALS FOR TOMORROW
                         NORMAL    RECORD    YEAR
 MAXIMUM TEMPERATURE (F)   57        80      1976
                                             1904
 MINIMUM TEMPERATURE (F)   29         6      1922


SUNRISE AND SUNSET
FEBRUARY 26 2015......SUNRISE   720 AM CST   SUNSET   639 PM CST
FEBRUARY 27 2015......SUNRISE   719 AM CST   SUNSET   640 PM CST


-  INDICATES NEGATIVE NUMBERS.
R  INDICATES RECORD WAS SET OR TIED.
MM INDICATES DATA IS MISSING.
T  INDICATES TRACE AMOUNT.


$$
