000
CDUS44 KAMA 220731
CLIAMA


CLIMATE REPORT
NATIONAL WEATHER SERVICE AMARILLO TX
130 AM CST SUN JAN 22 2017


...................................

...THE AMARILLO CLIMATE SUMMARY FOR JANUARY 21 2017...

CLIMATE NORMAL PERIOD 1981 TO 2010
CLIMATE RECORD PERIOD 1892 TO 2017


WEATHER ITEM   OBSERVED TIME   RECORD YEAR NORMAL DEPARTURE LAST
                VALUE   (LST)  VALUE       VALUE  FROM      YEAR
                                                  NORMAL
..................................................................
TEMPERATURE (F)
 YESTERDAY
  MAXIMUM         57    112 PM  81    1950  51      6       49
  MINIMUM         37   1058 PM  -2    1984  23     14       25
                                      1935
  AVERAGE         47                        37     10       37

PRECIPITATION (IN)
  YESTERDAY        0.33          1.54 1968   0.02   0.31     0.00
  MONTH TO DATE    3.07                      0.44   2.63     0.19
  SINCE DEC 1      3.34                      1.15   2.19     0.97
  SINCE JAN 1      3.07                      0.44   2.63     0.19

SNOWFALL (IN)
  YESTERDAY        0.0          11.0  2015   0.2   -0.2      0.0
  MONTH TO DATE    6.4                       2.8    3.6      1.4
  SINCE DEC 1      6.9                       6.5    0.4      7.6
  SINCE JUL 1      6.9                       9.2   -2.3      8.9
  SNOW DEPTH       0

DEGREE DAYS
 HEATING
  YESTERDAY       18                        28    -10       28
  MONTH TO DATE  549                       594    -45      614
  SINCE DEC 1   1375                      1467    -92     1349
  SINCE JUL 1   1840                      2311   -471     2008

 COOLING
  YESTERDAY        0                         0      0        0
  MONTH TO DATE    0                         0      0        0
  SINCE DEC 1      0                         0      0        0
  SINCE JAN 1      0                         0      0        0
..................................................................


WIND (MPH)
  RESULTANT WIND SPEED  10   RESULTANT WIND DIRECTION  SW (230)
  HIGHEST WIND SPEED    37   HIGHEST WIND DIRECTION    SW (240)
  HIGHEST GUST SPEED    48   HIGHEST GUST DIRECTION    SW (240)
  AVERAGE WIND SPEED    13.6


SKY COVER
  AVERAGE SKY COVER 0.5


WEATHER CONDITIONS
 THE FOLLOWING WEATHER WAS RECORDED YESTERDAY.
  HEAVY RAIN
  RAIN
  LIGHT RAIN
  FOG


RELATIVE HUMIDITY (PERCENT)
 HIGHEST   100          1000 PM
 LOWEST     54          1200 PM
 AVERAGE    77

..........................................................


THE AMARILLO CLIMATE NORMALS FOR TODAY
                         NORMAL    RECORD    YEAR
 MAXIMUM TEMPERATURE (F)   51        79      1967
 MINIMUM TEMPERATURE (F)   24        -6      1966


SUNRISE AND SUNSET
JANUARY 22 2017.......SUNRISE   752 AM CST   SUNSET   605 PM CST
JANUARY 23 2017.......SUNRISE   752 AM CST   SUNSET   606 PM CST


-  INDICATES NEGATIVE NUMBERS.
R  INDICATES RECORD WAS SET OR TIED.
MM INDICATES DATA IS MISSING.
T  INDICATES TRACE AMOUNT.




$$
