000
CDUS44 KAMA 061411
CLIAMA


CLIMATE REPORT
NATIONAL WEATHER SERVICE AMARILLO TX
910 AM CDT FRI MAY 6 2016


...................................

...THE AMARILLO CLIMATE SUMMARY FOR MAY 6 2016...
VALID AS OF 0900 AM LOCAL TIME.

CLIMATE NORMAL PERIOD 1981 TO 2010
CLIMATE RECORD PERIOD 1892 TO 2016


WEATHER ITEM   OBSERVED TIME   RECORD YEAR NORMAL DEPARTURE LAST
                VALUE   (LST)  VALUE       VALUE  FROM      YEAR
                                                  NORMAL
..................................................................
TEMPERATURE (F)
 TODAY
  MINIMUM         52    339 AM  31    1917  49      3       50

PRECIPITATION (IN)
  TODAY            T             3.23 1949   0.06  -0.06     0.00
  MONTH TO DATE    0.01                      0.31  -0.30     1.10
  SINCE MAR 1      3.61                      3.10   0.51     4.28
  SINCE JAN 1      4.30                      4.38  -0.08     6.36

SNOWFALL (IN)
  TODAY            0.0           8.7  1917   0.0    0.0      0.0
  MONTH TO DATE    0.0                       0.1   -0.1      0.0
  SINCE MAR 1      1.3                       3.7   -2.4      0.1
  SINCE JUL 1     13.4                      17.7   -4.3     23.9
  SNOW DEPTH       0

..................................................................


WIND (MPH)
  RESULTANT WIND SPEED  13   RESULTANT WIND DIRECTION  SE (150)
  HIGHEST WIND SPEED    18   HIGHEST WIND DIRECTION    SE (150)
  HIGHEST GUST SPEED    23   HIGHEST GUST DIRECTION     S (160)
  AVERAGE WIND SPEED    13.8


SKY COVER
  AVERAGE SKY COVER 0.0


WEATHER CONDITIONS
 THE FOLLOWING WEATHER WAS RECORDED TODAY.
  NO SIGNIFICANT WEATHER WAS OBSERVED.


RELATIVE HUMIDITY (PERCENT)
 HIGHEST    77           300 AM
 LOWEST     61           700 AM
 AVERAGE    69

..........................................................


THE AMARILLO CLIMATE NORMALS FOR TOMORROW
                         NORMAL    RECORD    YEAR
 MAXIMUM TEMPERATURE (F)   77        97      1916
 MINIMUM TEMPERATURE (F)   49        30      1917
                                             1915


SUNRISE AND SUNSET
MAY  6 2016...........SUNRISE   650 AM CDT   SUNSET   837 PM CDT
MAY  7 2016...........SUNRISE   649 AM CDT   SUNSET   838 PM CDT


-  INDICATES NEGATIVE NUMBERS.
R  INDICATES RECORD WAS SET OR TIED.
MM INDICATES DATA IS MISSING.
T  INDICATES TRACE AMOUNT.




$$
