000
CDUS44 KAMA 271412
CLIAMA


CLIMATE REPORT
NATIONAL WEATHER SERVICE AMARILLO TX
911 AM CDT SAT AUG 27 2016


...................................

...THE AMARILLO CLIMATE SUMMARY FOR AUGUST 27 2016...
VALID AS OF 0911 AM LOCAL TIME.

CLIMATE NORMAL PERIOD 1981 TO 2010
CLIMATE RECORD PERIOD 1892 TO 2016


WEATHER ITEM   OBSERVED TIME   RECORD YEAR NORMAL DEPARTURE LAST
                VALUE   (LST)  VALUE       VALUE  FROM      YEAR
                                                  NORMAL
..................................................................
TEMPERATURE (F)
 TODAY
  MINIMUM         60    551 AM  53    1906  63     -3       65

PRECIPITATION (IN)
  TODAY            0.00          1.54 1933   0.08  -0.08      T
  MONTH TO DATE    3.13                      2.61   0.52     3.66
  SINCE JUN 1      8.02                      8.61  -0.59    14.14
  SINCE JAN 1     13.91                     14.97  -1.06    28.69

SNOWFALL (IN)
  TODAY            0.0           0.0    MM   0.0    0.0      0.0
  MONTH TO DATE    0.0                       0.0    0.0      0.0
  SINCE JUN 1      T                         0.0    0.0      0.0
  SINCE JUL 1      T                         0.0    0.0      0.0
  SNOW DEPTH       0

..................................................................


WIND (MPH)
  RESULTANT WIND SPEED   9   RESULTANT WIND DIRECTION   S (180)
  HIGHEST WIND SPEED    16   HIGHEST WIND DIRECTION    SE (140)
  HIGHEST GUST SPEED    20   HIGHEST GUST DIRECTION    SE (130)
  AVERAGE WIND SPEED    10.2


SKY COVER
  AVERAGE SKY COVER 0.1


WEATHER CONDITIONS
 THE FOLLOWING WEATHER WAS RECORDED TODAY.
  LIGHT RAIN


RELATIVE HUMIDITY (PERCENT)
 HIGHEST    93           100 AM
 LOWEST     90           300 AM
 AVERAGE    92

..........................................................


THE AMARILLO CLIMATE NORMALS FOR TOMORROW
                         NORMAL    RECORD    YEAR
 MAXIMUM TEMPERATURE (F)   88       102      2011
 MINIMUM TEMPERATURE (F)   63        52      1987


SUNRISE AND SUNSET
AUGUST 27 2016........SUNRISE   716 AM CDT   SUNSET   820 PM CDT
AUGUST 28 2016........SUNRISE   717 AM CDT   SUNSET   818 PM CDT


-  INDICATES NEGATIVE NUMBERS.
R  INDICATES RECORD WAS SET OR TIED.
MM INDICATES DATA IS MISSING.
T  INDICATES TRACE AMOUNT.




$$
