000
CDUS44 KAMA 210726
CLIAMA


CLIMATE REPORT
NATIONAL WEATHER SERVICE AMARILLO TX
125 AM CST TUE FEB 21 2017


...................................

...THE AMARILLO CLIMATE SUMMARY FOR FEBRUARY 20 2017...

CLIMATE NORMAL PERIOD 1981 TO 2010
CLIMATE RECORD PERIOD 1892 TO 2017


WEATHER ITEM   OBSERVED TIME   RECORD YEAR NORMAL DEPARTURE LAST
                VALUE   (LST)  VALUE       VALUE  FROM      YEAR
                                                  NORMAL
..................................................................
TEMPERATURE (F)
 YESTERDAY
  MAXIMUM         69    359 PM  83    1981  55     14       77
  MINIMUM         39    710 AM   4    1955  27     12       45
  AVERAGE         54                        41     13       61

PRECIPITATION (IN)
  YESTERDAY        0.00          1.20 1990   0.01  -0.01     0.00
  MONTH TO DATE    0.51                      0.40   0.11     0.11
  SINCE DEC 1      3.95                      1.83   2.12     1.08
  SINCE JAN 1      3.68                      1.12   2.56     0.30

SNOWFALL (IN)
  YESTERDAY        0.0           8.1  1915   0.0    0.0      0.0
  MONTH TO DATE    1.1                       2.4   -1.3       T
  SINCE DEC 1      8.0                      10.8   -2.8      7.6
  SINCE JUL 1      8.0                      13.5   -5.5      8.9
  SNOW DEPTH       0

DEGREE DAYS
 HEATING
  YESTERDAY       11                        24    -13        4
  MONTH TO DATE  357                       512   -155      376
  SINCE DEC 1   1970                      2253   -283     1918
  SINCE JUL 1   2435                      3097   -662     2577

 COOLING
  YESTERDAY        0                         0      0        0
  MONTH TO DATE    5                         0      5        1
  SINCE DEC 1      5                         0      5        1
  SINCE JAN 1      5                         0      5        1
..................................................................


WIND (MPH)
  RESULTANT WIND SPEED  11   RESULTANT WIND DIRECTION  NW (330)
  HIGHEST WIND SPEED    35   HIGHEST WIND DIRECTION     N (360)
  HIGHEST GUST SPEED    45   HIGHEST GUST DIRECTION     N (10)
  AVERAGE WIND SPEED    15.6


SKY COVER
  AVERAGE SKY COVER 0.0


WEATHER CONDITIONS
 THE FOLLOWING WEATHER WAS RECORDED YESTERDAY.
  NO SIGNIFICANT WEATHER WAS OBSERVED.


RELATIVE HUMIDITY (PERCENT)
 HIGHEST    70           500 AM
 LOWEST     10           400 PM
 AVERAGE    40

..........................................................


THE AMARILLO CLIMATE NORMALS FOR TODAY
                         NORMAL    RECORD    YEAR
 MAXIMUM TEMPERATURE (F)   56        81      1996
 MINIMUM TEMPERATURE (F)   28         5      1894


SUNRISE AND SUNSET
FEBRUARY 21 2017......SUNRISE   726 AM CST   SUNSET   635 PM CST
FEBRUARY 22 2017......SUNRISE   725 AM CST   SUNSET   636 PM CST


-  INDICATES NEGATIVE NUMBERS.
R  INDICATES RECORD WAS SET OR TIED.
MM INDICATES DATA IS MISSING.
T  INDICATES TRACE AMOUNT.




$$
