000
CDUS44 KAMA 182132
CLIAMA


CLIMATE REPORT
NATIONAL WEATHER SERVICE AMARILLO TX
431 PM CDT WED OCT 18 2017


...................................

...THE AMARILLO CLIMATE SUMMARY FOR OCTOBER 18 2017...
VALID TODAY AS OF 0400 PM LOCAL TIME.

CLIMATE NORMAL PERIOD 1981 TO 2010
CLIMATE RECORD PERIOD 1892 TO 2017


WEATHER ITEM   OBSERVED TIME   RECORD YEAR NORMAL DEPARTURE LAST
                VALUE   (LST)  VALUE       VALUE  FROM      YEAR
                                                  NORMAL
..................................................................
TEMPERATURE (F)
 TODAY
  MAXIMUM         80    259 PM  89    1943  71      9       76
  MINIMUM         44    626 AM  28    2013  44      0       47
                                      1948
  AVERAGE         62                        58      4       62

PRECIPITATION (IN)
  TODAY            0.00          1.40 1983   0.05  -0.05     0.00
  MONTH TO DATE    2.20                      1.06   1.14     0.13
  SINCE SEP 1      5.60                      2.98   2.62     0.95
  SINCE JAN 1     26.48                     18.25   8.23    15.83

SNOWFALL (IN)
  TODAY            0.0           T    1976   0.0    0.0      0.0
  MONTH TO DATE    0.0                       0.0    0.0      0.0
  SINCE SEP 1      0.0                       T      0.0      0.0
  SINCE JUL 1      T                         T      0.0       T
  SNOW DEPTH       0

DEGREE DAYS
 HEATING
  TODAY            3                         8     -5        3
  MONTH TO DATE   77                       104    -27       46
  SINCE SEP 1    121                       147    -26       55
  SINCE JUL 1    121                       148    -27       55

 COOLING
  TODAY            0                         1     -1        0
  MONTH TO DATE   38                        24     14       76
  SINCE SEP 1    229                       202     27      288
  SINCE JAN 1   1476                      1394     82     1662
..................................................................


WIND (MPH)
  RESULTANT WIND SPEED  10   RESULTANT WIND DIRECTION   S (200)
  HIGHEST WIND SPEED    17   HIGHEST WIND DIRECTION    SW (210)
  HIGHEST GUST SPEED    24   HIGHEST GUST DIRECTION    SW (220)
  AVERAGE WIND SPEED    10.0


SKY COVER
  AVERAGE SKY COVER 0.0


WEATHER CONDITIONS
 THE FOLLOWING WEATHER WAS RECORDED TODAY.
  NO SIGNIFICANT WEATHER WAS OBSERVED.


RELATIVE HUMIDITY (PERCENT)
 HIGHEST    80           500 AM
 LOWEST     26           200 PM
 AVERAGE    53

..........................................................


THE AMARILLO CLIMATE NORMALS FOR TOMORROW
                         NORMAL    RECORD    YEAR
 MAXIMUM TEMPERATURE (F)   71        90      2009
                                             2003
 MINIMUM TEMPERATURE (F)   44        25      1989
                                             1976


SUNRISE AND SUNSET
OCTOBER 18 2017.......SUNRISE   756 AM CDT   SUNSET   707 PM CDT
OCTOBER 19 2017.......SUNRISE   757 AM CDT   SUNSET   706 PM CDT


-  INDICATES NEGATIVE NUMBERS.
R  INDICATES RECORD WAS SET OR TIED.
MM INDICATES DATA IS MISSING.
T  INDICATES TRACE AMOUNT.




$$
