000
CDUS44 KAMA 030628
CLIAMA


CLIMATE REPORT
NATIONAL WEATHER SERVICE AMARILLO TX
127 AM CDT THU SEP 3 2015


...................................

...THE AMARILLO CLIMATE SUMMARY FOR SEPTEMBER 2 2015...

CLIMATE NORMAL PERIOD 1981 TO 2010
CLIMATE RECORD PERIOD 1892 TO 2015


WEATHER ITEM   OBSERVED TIME   RECORD YEAR NORMAL DEPARTURE LAST
                VALUE   (LST)  VALUE       VALUE  FROM      YEAR
                                                  NORMAL
..................................................................
TEMPERATURE (F)
 YESTERDAY
  MAXIMUM         91    425 PM 102    1947  87      4       96
  MINIMUM         68    137 AM  47    1974  61      7       64
  AVERAGE         80                        74      6       80

PRECIPITATION (IN)
  YESTERDAY        0.00          0.84 2001   0.07  -0.07     0.38
  MONTH TO DATE    0.00                      0.14  -0.14     0.38
  SINCE SEP 1      0.00                      0.14  -0.14     0.38
  SINCE JAN 1     28.71                     15.41  13.30    14.07

SNOWFALL (IN)
  YESTERDAY        0.0           T    2014   0.0    0.0       T
  MONTH TO DATE    0.0                       0.0    0.0       T
  SINCE SEP 1      0.0                       0.0    0.0       T
  SINCE JUL 1      0.0                       0.0    0.0       T
  SNOW DEPTH       0

DEGREE DAYS
 HEATING
  YESTERDAY        0                         0      0        0
  MONTH TO DATE    0                         0      0        0
  SINCE SEP 1      0                         0      0        0
  SINCE JUL 1      0                         1     -1        0

 COOLING
  YESTERDAY       15                         9      6       15
  MONTH TO DATE   28                        19      9       31
  SINCE SEP 1     28                        19      9       31
  SINCE JAN 1   1174                      1211    -37     1361
..................................................................


WIND (MPH)
  RESULTANT WIND SPEED  15   RESULTANT WIND DIRECTION   S (190)
  HIGHEST WIND SPEED    24   HIGHEST WIND DIRECTION     S (170)
  HIGHEST GUST SPEED    30   HIGHEST GUST DIRECTION     S (190)
  AVERAGE WIND SPEED    15.3


SKY COVER
  AVERAGE SKY COVER 0.0


WEATHER CONDITIONS
 THE FOLLOWING WEATHER WAS RECORDED YESTERDAY.
  NO SIGNIFICANT WEATHER WAS OBSERVED.


RELATIVE HUMIDITY (PERCENT)
 HIGHEST    61           200 AM
 LOWEST     29           500 PM
 AVERAGE    45

..........................................................


THE AMARILLO CLIMATE NORMALS FOR TODAY
                         NORMAL    RECORD    YEAR
 MAXIMUM TEMPERATURE (F)   87       102      1947
                                             1939
 MINIMUM TEMPERATURE (F)   61        46      1974


SUNRISE AND SUNSET
SEPTEMBER  3 2015.....SUNRISE   721 AM CDT   SUNSET   811 PM CDT
SEPTEMBER  4 2015.....SUNRISE   721 AM CDT   SUNSET   810 PM CDT


-  INDICATES NEGATIVE NUMBERS.
R  INDICATES RECORD WAS SET OR TIED.
MM INDICATES DATA IS MISSING.
T  INDICATES TRACE AMOUNT.




$$
