000
CDUS44 KAMA 100628
CLIAMA


CLIMATE REPORT
NATIONAL WEATHER SERVICE AMARILLO TX
128 AM CDT THU JUL 10 2014


...................................

...THE AMARILLO CLIMATE SUMMARY FOR JULY 9 2014...

CLIMATE NORMAL PERIOD 1981 TO 2010
CLIMATE RECORD PERIOD 1892 TO 2014


WEATHER ITEM   OBSERVED TIME   RECORD YEAR NORMAL DEPARTURE LAST
                VALUE   (LST)  VALUE       VALUE  FROM      YEAR
                                                  NORMAL
..................................................................
TEMPERATURE (F)
 YESTERDAY
  MAXIMUM         91    142 PM 106    2009  92     -1       97
                                      1940
  MINIMUM         63    607 AM  51    1905  65     -2       73
  AVERAGE         77                        78     -1       85

PRECIPITATION (IN)
  YESTERDAY        T             2.05 1910   0.09  -0.09     0.00
  MONTH TO DATE    0.04                      0.78  -0.74     0.04
  SINCE JUN 1      5.44                      3.94   1.50     2.84
  SINCE JAN 1     10.15                     10.30  -0.15     9.13

SNOWFALL (IN)
  YESTERDAY        0.0           0.0    MM   0.0    0.0      0.0
  MONTH TO DATE    0.0                       0.0    0.0      0.0
  SINCE JUN 1      0.0                       0.0    0.0      0.0
  SINCE JUL 1      0.0                       0.0    0.0      0.0
  SNOW DEPTH       0

DEGREE DAYS
 HEATING
  YESTERDAY        0                         0      0        0
  MONTH TO DATE    0                         0      0        0
  SINCE JUN 1      4                         7     -3        0
  SINCE JUL 1      0                         0      0        0

 COOLING
  YESTERDAY       12                        13     -1       20
  MONTH TO DATE   96                       117    -21      117
  SINCE JUN 1    414                       405      9      508
  SINCE JAN 1    611                       530     81      756
..................................................................


WIND (MPH)
  RESULTANT WIND SPEED  12   RESULTANT WIND DIRECTION  SE (150)
  HIGHEST WIND SPEED    24   HIGHEST WIND DIRECTION    SE (150)
  HIGHEST GUST SPEED    30   HIGHEST GUST DIRECTION    SE (150)
  AVERAGE WIND SPEED    13.2


SKY COVER
  AVERAGE SKY COVER 0.1


WEATHER CONDITIONS
 THE FOLLOWING WEATHER WAS RECORDED YESTERDAY.
  THUNDERSTORM


RELATIVE HUMIDITY (PERCENT)
 HIGHEST    84           600 AM
 LOWEST     34           200 PM
 AVERAGE    59

..........................................................


THE AMARILLO CLIMATE NORMALS FOR TODAY
                         NORMAL    RECORD    YEAR
 MAXIMUM TEMPERATURE (F)   92       105      1940
 MINIMUM TEMPERATURE (F)   65        52      1905


SUNRISE AND SUNSET
JULY 10 2014..........SUNRISE   641 AM CDT   SUNSET   904 PM CDT
JULY 11 2014..........SUNRISE   641 AM CDT   SUNSET   903 PM CDT


-  INDICATES NEGATIVE NUMBERS.
R  INDICATES RECORD WAS SET OR TIED.
MM INDICATES DATA IS MISSING.
T  INDICATES TRACE AMOUNT.




$$
