000
CDUS44 KAMA 220630
CLIAMA


CLIMATE REPORT
NATIONAL WEATHER SERVICE AMARILLO TX
127 AM CDT FRI MAY 22 2015


...................................

...THE AMARILLO CLIMATE SUMMARY FOR MAY 21 2015...

CLIMATE NORMAL PERIOD 1981 TO 2010
CLIMATE RECORD PERIOD 1892 TO 2015


WEATHER ITEM   OBSERVED TIME   RECORD YEAR NORMAL DEPARTURE LAST
                VALUE   (LST)  VALUE       VALUE  FROM      YEAR
                                                  NORMAL
..................................................................
TEMPERATURE (F)
 YESTERDAY
  MAXIMUM         55    430 PM  98    1966  81    -26       90
                                      1953
  MINIMUM         44    428 AM  37    1967  54    -10       62
                                      1915
  AVERAGE         50                        67    -17       76

PRECIPITATION (IN)
  YESTERDAY        0.20          1.78 1979   0.09   0.11     0.21
  MONTH TO DATE    6.37                      1.32   5.05     0.21
  SINCE MAR 1      9.55                      4.11   5.44     0.98
  SINCE JAN 1     11.63                      5.39   6.24     1.37

SNOWFALL (IN)
  YESTERDAY        0.0           T    2007   0.0    0.0      0.0
                                      1995
  MONTH TO DATE    0.0                       0.2   -0.2      0.0
  SINCE MAR 1      0.1                       3.8   -3.7      0.7
  SINCE JUL 1     23.9                      17.8    6.1     12.8
  SNOW DEPTH       0

DEGREE DAYS
 HEATING
  YESTERDAY       15                         2     13        0
  MONTH TO DATE   85                        70     15       62
  SINCE MAR 1    713                       881   -168      867
  SINCE JUL 1   3838                      4158   -320     4220

 COOLING
  YESTERDAY        0                         4     -4       11
  MONTH TO DATE   17                        53    -36      118
  SINCE MAR 1     39                        74    -35      149
  SINCE JAN 1     39                        74    -35      149
..................................................................


WIND (MPH)
  RESULTANT WIND SPEED  10   RESULTANT WIND DIRECTION   E (80)
  HIGHEST WIND SPEED    18   HIGHEST WIND DIRECTION    SE (130)
  HIGHEST GUST SPEED    23   HIGHEST GUST DIRECTION    SE (130)
  AVERAGE WIND SPEED    10.4


SKY COVER
  AVERAGE SKY COVER 1.0


WEATHER CONDITIONS
 THE FOLLOWING WEATHER WAS RECORDED YESTERDAY.
  THUNDERSTORM
  HEAVY RAIN
  LIGHT RAIN
  FOG


RELATIVE HUMIDITY (PERCENT)
 HIGHEST    93           900 PM
 LOWEST     66           200 PM
 AVERAGE    80

..........................................................


THE AMARILLO CLIMATE NORMALS FOR TODAY
                         NORMAL    RECORD    YEAR
 MAXIMUM TEMPERATURE (F)   81       101      1996
 MINIMUM TEMPERATURE (F)   54        37      1931


SUNRISE AND SUNSET
MAY 22 2015...........SUNRISE   638 AM CDT   SUNSET   849 PM CDT
MAY 23 2015...........SUNRISE   638 AM CDT   SUNSET   850 PM CDT


-  INDICATES NEGATIVE NUMBERS.
R  INDICATES RECORD WAS SET OR TIED.
MM INDICATES DATA IS MISSING.
T  INDICATES TRACE AMOUNT.




$$
