000
CDUS44 KAMA 060629
CLIAMA


CLIMATE REPORT
NATIONAL WEATHER SERVICE AMARILLO TX
129 AM CDT MON JUL 6 2015


...................................

...THE AMARILLO CLIMATE SUMMARY FOR JULY 5 2015...

CLIMATE NORMAL PERIOD 1981 TO 2010
CLIMATE RECORD PERIOD 1892 TO 2015


WEATHER ITEM   OBSERVED TIME   RECORD YEAR NORMAL DEPARTURE LAST
                VALUE   (LST)  VALUE       VALUE  FROM      YEAR
                                                  NORMAL
..................................................................
TEMPERATURE (F)
 YESTERDAY
  MAXIMUM         90    514 PM 101    1998  92     -2       90
                                      1953
  MINIMUM         69    629 AM  52    1924  65      4       64
                                      1915
  AVERAGE         80                        78      2       77

PRECIPITATION (IN)
  YESTERDAY        0.00          3.27 2006   0.08  -0.08     0.00
  MONTH TO DATE    0.28                      0.44  -0.16     0.04
  SINCE JUN 1      4.17                      3.60   0.57     5.44
  SINCE JAN 1     18.72                      9.96   8.76    10.15

SNOWFALL (IN)
  YESTERDAY        0.0           0.0    MM   0.0    0.0      0.0
  MONTH TO DATE    0.0                       0.0    0.0      0.0
  SINCE JUN 1      0.0                       0.0    0.0      0.0
  SINCE JUL 1      0.0                       0.0    0.0      0.0
  SNOW DEPTH       0

DEGREE DAYS
 HEATING
  YESTERDAY        0                         0      0        0
  MONTH TO DATE    0                         0      0        0
  SINCE JUN 1      0                         7     -7        4
  SINCE JUL 1      0                         0      0        0

 COOLING
  YESTERDAY       15                        13      2       12
  MONTH TO DATE   64                        65     -1       42
  SINCE JUN 1    373                       353     20      360
  SINCE JAN 1    422                       478    -56      557
..................................................................


WIND (MPH)
  RESULTANT WIND SPEED  14   RESULTANT WIND DIRECTION   S (180)
  HIGHEST WIND SPEED    24   HIGHEST WIND DIRECTION     S (170)
  HIGHEST GUST SPEED    36   HIGHEST GUST DIRECTION    SE (150)
  AVERAGE WIND SPEED    14.9


SKY COVER
  AVERAGE SKY COVER 0.0


WEATHER CONDITIONS
 THE FOLLOWING WEATHER WAS RECORDED YESTERDAY.
  NO SIGNIFICANT WEATHER WAS OBSERVED.


RELATIVE HUMIDITY (PERCENT)
 HIGHEST    73           500 AM
 LOWEST     32           500 PM
 AVERAGE    53

..........................................................


THE AMARILLO CLIMATE NORMALS FOR TODAY
                         NORMAL    RECORD    YEAR
 MAXIMUM TEMPERATURE (F)   92       104      1998
 MINIMUM TEMPERATURE (F)   65        54      1997


SUNRISE AND SUNSET
JULY  6 2015..........SUNRISE   638 AM CDT   SUNSET   905 PM CDT
JULY  7 2015..........SUNRISE   639 AM CDT   SUNSET   904 PM CDT


-  INDICATES NEGATIVE NUMBERS.
R  INDICATES RECORD WAS SET OR TIED.
MM INDICATES DATA IS MISSING.
T  INDICATES TRACE AMOUNT.




$$
