000
CDUS44 KAMA 170731
CLIAMA


CLIMATE REPORT
NATIONAL WEATHER SERVICE AMARILLO TX
131 AM CST SUN DEC 17 2017


...................................

...THE AMARILLO CLIMATE SUMMARY FOR DECEMBER 16 2017...

CLIMATE NORMAL PERIOD 1981 TO 2010
CLIMATE RECORD PERIOD 1892 TO 2017


WEATHER ITEM   OBSERVED TIME   RECORD YEAR NORMAL DEPARTURE LAST
                VALUE   (LST)  VALUE       VALUE  FROM      YEAR
                                                  NORMAL
..................................................................
TEMPERATURE (F)
 YESTERDAY
  MAXIMUM         57    245 PM  75    2006  49      8       74
  MINIMUM         28    804 AM  -5    1987  24      4       45
  AVERAGE         43                        36      7       60

PRECIPITATION (IN)
  YESTERDAY        0.00          0.90 1959   0.03  -0.03     0.00
  MONTH TO DATE    0.00                      0.36  -0.36     0.15
  SINCE DEC 1      0.00                      0.36  -0.36     0.15
  SINCE JAN 1     26.48                     20.01   6.47    17.08

SNOWFALL (IN)
  YESTERDAY        0.0           5.6  1931   0.1   -0.1      0.0
  MONTH TO DATE    0.0                       2.0   -2.0       T
  SINCE DEC 1      0.0                       2.0   -2.0       T
  SINCE JUL 1      T                         4.7   -4.7       T
  SNOW DEPTH       0

DEGREE DAYS
 HEATING
  YESTERDAY       22                        29     -7        5
  MONTH TO DATE  346                       438    -92      433
  SINCE DEC 1    346                       438    -92      433
  SINCE JUL 1    978                      1282   -304      898

 COOLING
  YESTERDAY        0                         0      0        0
  MONTH TO DATE    0                         0      0        0
  SINCE DEC 1      0                         0      0        0
  SINCE JAN 1   1487                      1399     88     1694
..................................................................


WIND (MPH)
  RESULTANT WIND SPEED  18   RESULTANT WIND DIRECTION   S (190)
  HIGHEST WIND SPEED    30   HIGHEST WIND DIRECTION     S (190)
  HIGHEST GUST SPEED    37   HIGHEST GUST DIRECTION     S (180)
  AVERAGE WIND SPEED    18.8


SKY COVER
  AVERAGE SKY COVER 0.0


WEATHER CONDITIONS
 THE FOLLOWING WEATHER WAS RECORDED YESTERDAY.
  NO SIGNIFICANT WEATHER WAS OBSERVED.


RELATIVE HUMIDITY (PERCENT)
 HIGHEST    85          1100 PM
 LOWEST     22           200 PM
 AVERAGE    54

..........................................................


THE AMARILLO CLIMATE NORMALS FOR TODAY
                         NORMAL    RECORD    YEAR
 MAXIMUM TEMPERATURE (F)   49        77      1980
                                             1939
 MINIMUM TEMPERATURE (F)   24         0      2016


SUNRISE AND SUNSET
DECEMBER 17 2017......SUNRISE   749 AM CST   SUNSET   537 PM CST
DECEMBER 18 2017......SUNRISE   750 AM CST   SUNSET   537 PM CST


-  INDICATES NEGATIVE NUMBERS.
R  INDICATES RECORD WAS SET OR TIED.
MM INDICATES DATA IS MISSING.
T  INDICATES TRACE AMOUNT.




$$
