000
CDUS42 KJAX 300528
CLIAMG


CLIMATE REPORT
NATIONAL WEATHER SERVICE JACKSONVILLE FL
127 AM EDT SUN APR 30 2017


...................................

...THE ALMA CLIMATE SUMMARY FOR APRIL 29 2017...

CLIMATE NORMAL PERIOD 1981 TO 2010
CLIMATE RECORD PERIOD 1948 TO 2017


WEATHER ITEM   OBSERVED TIME   RECORD YEAR NORMAL DEPARTURE LAST
                VALUE   (LST)  VALUE       VALUE  FROM      YEAR
                                                  NORMAL
..................................................................
TEMPERATURE (F)
 YESTERDAY
  MAXIMUM         92    347 PM  93    2012  82     10       91
  MINIMUM         71    330 AM  38    1967  57     14       67
  AVERAGE         82                        69     13       79

PRECIPITATION (IN)
  YESTERDAY        0.00          1.82 1949   0.08  -0.08     0.00
  MONTH TO DATE    2.46                      2.74  -0.28     3.31
  SINCE MAR 1      3.00                      7.49  -4.49     6.18
  SINCE JAN 1     11.13                     15.55  -4.42    15.43

SNOWFALL (IN)
  YESTERDAY        0.0           0.0    MM   0.0    0.0      0.0
  MONTH TO DATE    0.0                       0.0    0.0      0.0
  SINCE MAR 1      0.0                       0.0    0.0      0.0
  SINCE JUL 1      0.0                       0.1   -0.1      0.0
  SNOW DEPTH       0

DEGREE DAYS
 HEATING
  YESTERDAY        0                         1     -1        0
  MONTH TO DATE   27                        62    -35       56
  SINCE MAR 1    224                       250    -26      169
  SINCE JUL 1   1080                      1651   -571     1267

 COOLING
  YESTERDAY       17                         5     12       14
  MONTH TO DATE  160                        95     65       80
  SINCE MAR 1    223                       133     90      160
  SINCE JAN 1    278                       149    129      173
..................................................................


WIND (MPH)
  HIGHEST WIND SPEED    14   HIGHEST WIND DIRECTION    SE (150)
  HIGHEST GUST SPEED    20   HIGHEST GUST DIRECTION    SE (150)
  AVERAGE WIND SPEED     8.1


SKY COVER
  POSSIBLE SUNSHINE  MM
  AVERAGE SKY COVER 0.2


WEATHER CONDITIONS
 THE FOLLOWING WEATHER WAS RECORDED YESTERDAY.
  FOG


RELATIVE HUMIDITY (PERCENT)
 HIGHEST    93           300 AM
 LOWEST     41           400 PM
 AVERAGE    67

..........................................................


THE ALMA CLIMATE NORMALS FOR TODAY
                         NORMAL    RECORD    YEAR
 MAXIMUM TEMPERATURE (F)   82        94      1990
 MINIMUM TEMPERATURE (F)   57        43      2008


SUNRISE AND SUNSET
APRIL 30 2017.........SUNRISE   646 AM EDT   SUNSET   809 PM EDT
MAY  1 2017...........SUNRISE   645 AM EDT   SUNSET   810 PM EDT


-  INDICATES NEGATIVE NUMBERS.
R  INDICATES RECORD WAS SET OR TIED.
MM INDICATES DATA IS MISSING.
T  INDICATES TRACE AMOUNT.




$$
