000
CDUS42 KJAX 040537
CLIAMG


CLIMATE REPORT
NATIONAL WEATHER SERVICE JACKSONVILLE FL
1236 AM EST WED MAR 4 2015


...................................

...THE ALMA CLIMATE SUMMARY FOR MARCH 3 2015...

CLIMATE NORMAL PERIOD 1981 TO 2010
CLIMATE RECORD PERIOD 1948 TO 2015


WEATHER ITEM   OBSERVED TIME   RECORD YEAR NORMAL DEPARTURE LAST
                VALUE   (LST)  VALUE       VALUE  FROM      YEAR
                                                  NORMAL
..................................................................
TEMPERATURE (F)
 YESTERDAY
  MAXIMUM         82    452 PM  86    1976  69     13       77
  MINIMUM         53    652 AM  18    1980  46      7       49
  AVERAGE         68                        58     10       63

PRECIPITATION (IN)
  YESTERDAY        T             4.98 1991   0.17  -0.17     0.04
  MONTH TO DATE    T                         0.50  -0.50     0.04
  SINCE MAR 1      T                         0.50  -0.50     0.04
  SINCE JAN 1      5.83                      8.56  -2.73     3.56

SNOWFALL (IN)
  YESTERDAY        0.0           0.0    MM   0.0    0.0      0.0
  MONTH TO DATE    0.0                       0.0    0.0      0.0
  SINCE MAR 1      0.0                       0.0    0.0      0.0
  SINCE JUL 1      0.0                       0.1   -0.1       T
  SNOW DEPTH       0

DEGREE DAYS
 HEATING
  YESTERDAY        0                         8     -8        2
  MONTH TO DATE   21                        25     -4       21
  SINCE MAR 1     21                        25     -4       21
  SINCE JUL 1   1696                      1426    270     1488

 COOLING
  YESTERDAY        3                         1      2        0
  MONTH TO DATE    3                         3      0        0
  SINCE MAR 1      3                         3      0        0
  SINCE JAN 1      6                        19    -13        8
..................................................................


WIND (MPH)
  HIGHEST WIND SPEED    13   HIGHEST WIND DIRECTION     S (180)
  HIGHEST GUST SPEED    19   HIGHEST GUST DIRECTION     S (190)
  AVERAGE WIND SPEED     2.7


SKY COVER
  POSSIBLE SUNSHINE  MM
  AVERAGE SKY COVER 0.8


WEATHER CONDITIONS
 THE FOLLOWING WEATHER WAS RECORDED YESTERDAY.
  LIGHT RAIN
  FOG
  FOG W/VISIBILITY <= 1/4 MILE


RELATIVE HUMIDITY (PERCENT)
 HIGHEST   100          1200 AM
 LOWEST     51           400 PM
 AVERAGE    76

..........................................................


THE ALMA CLIMATE NORMALS FOR TODAY
                         NORMAL    RECORD    YEAR
 MAXIMUM TEMPERATURE (F)   69        86      1961
 MINIMUM TEMPERATURE (F)   46        22      1980


SUNRISE AND SUNSET
MARCH  4 2015.........SUNRISE   654 AM EST   SUNSET   630 PM EST
MARCH  5 2015.........SUNRISE   653 AM EST   SUNSET   631 PM EST


-  INDICATES NEGATIVE NUMBERS.
R  INDICATES RECORD WAS SET OR TIED.
MM INDICATES DATA IS MISSING.
T  INDICATES TRACE AMOUNT.




$$
