000
CDUS44 KBMX 240715
CLIANB


CLIMATE REPORT
NATIONAL WEATHER SERVICE BIRMINGHAM, AL
214 AM CDT TUE MAY 24 2016


...................................

...THE ANNISTON CLIMATE SUMMARY FOR MAY 23 2016...

CLIMATE NORMAL PERIOD 1981 TO 2010
CLIMATE RECORD PERIOD 1903 TO 2016


WEATHER ITEM   OBSERVED TIME   RECORD YEAR NORMAL DEPARTURE LAST
                VALUE   (LST)  VALUE       VALUE  FROM      YEAR
                                                  NORMAL
..................................................................
TEMPERATURE (F)
 YESTERDAY
  MAXIMUM         84    334 PM  94    1996  83      1       84
  MINIMUM         52    504 AM  45    1948  61     -9       54
  AVERAGE         68                        72     -4       69

PRECIPITATION (IN)
  YESTERDAY        0.00          1.90 1943   0.13  -0.13     0.00
  MONTH TO DATE    4.49                      3.23   1.26     0.89
  SINCE MAR 1     10.88                     12.30  -1.42    14.72
  SINCE JAN 1     19.72                     21.90  -2.18    22.88

..................................................................


WIND (MPH)
  HIGHEST WIND SPEED     9   HIGHEST WIND DIRECTION     W (270)
  HIGHEST GUST SPEED    12   HIGHEST GUST DIRECTION     W (290)
  AVERAGE WIND SPEED     2.4


SKY COVER
  AVERAGE SKY COVER 0.1


WEATHER CONDITIONS
 THE FOLLOWING WEATHER WAS RECORDED YESTERDAY.
  NO SIGNIFICANT WEATHER WAS OBSERVED.


RELATIVE HUMIDITY (PERCENT)
 HIGHEST    93
 LOWEST     26
 AVERAGE    60

..........................................................


THE ANNISTON CLIMATE NORMALS FOR TODAY
                         NORMAL    RECORD    YEAR
 MAXIMUM TEMPERATURE (F)   83        96      1996
 MINIMUM TEMPERATURE (F)   61        40      1931


SUNRISE AND SUNSET
MAY 24 2016...........SUNRISE   537 AM CDT   SUNSET   744 PM CDT
MAY 25 2016...........SUNRISE   537 AM CDT   SUNSET   744 PM CDT


-  INDICATES NEGATIVE NUMBERS.
R  INDICATES RECORD WAS SET OR TIED.
MM INDICATES DATA IS MISSING.
T  INDICATES TRACE AMOUNT.




$$
