000
CDUS44 KBMX 242231
CLIANB


CLIMATE REPORT
NATIONAL WEATHER SERVICE BIRMINGHAM, AL
431 PM CST SAT FEB 24 2018


...................................

...THE ANNISTON CLIMATE SUMMARY FOR FEBRUARY 24 2018...
VALID TODAY AS OF 0400 PM LOCAL TIME.

CLIMATE NORMAL PERIOD 1981 TO 2010
CLIMATE RECORD PERIOD 1903 TO 2018


WEATHER ITEM   OBSERVED RECORD YEAR NORMAL DEPARTURE LAST
                VALUE   VALUE       VALUE  FROM      YEAR
                                           NORMAL
...........................................................
TEMPERATURE (F)
 TODAY
  MAXIMUM         77     84    1996  61     16       81
  MINIMUM         64     19    1989  38     26       52
  AVERAGE         71

PRECIPITATION (IN)
  TODAY            0.00   1.79 1961   0.19  -0.19     0.00
  MONTH TO DATE    6.36               4.33   2.03     2.69
  SINCE DEC 1     11.70              12.97  -1.27    12.88
  SINCE JAN 1      8.25               8.85  -0.60    10.24

SNOWFALL (IN)
  TODAY            0.0                0.0             0.0
  MONTH TO DATE    0.0                0.3             0.0
  SINCE DEC 1      0.0                1.0             0.0
  SINCE JUL 1      0.0                1.0             0.0

...........................................................


WIND (MPH)
  HIGHEST WIND SPEED    18   HIGHEST WIND DIRECTION     S (170)
  HIGHEST GUST SPEED    26   HIGHEST GUST DIRECTION     S (180)
  AVERAGE WIND SPEED     7.8


SKY COVER
  AVERAGE SKY COVER 0.6


WEATHER CONDITIONS
 THE FOLLOWING WEATHER WAS RECORDED TODAY.
  NO SIGNIFICANT WEATHER WAS OBSERVED.


RELATIVE HUMIDITY (PERCENT)
 HIGHEST    87
 LOWEST     50
 AVERAGE    69

..........................................................


THE ANNISTON CLIMATE NORMALS FOR TOMORROW
                         NORMAL    RECORD    YEAR
 MAXIMUM TEMPERATURE (F)   61        79      1996
                                             1977
 MINIMUM TEMPERATURE (F)   39        13      1967


SUNRISE AND SUNSET
FEBRUARY 24 2018......SUNRISE   618 AM CST   SUNSET   536 PM CST
FEBRUARY 25 2018......SUNRISE   617 AM CST   SUNSET   537 PM CST


-  INDICATES NEGATIVE NUMBERS.
R  INDICATES RECORD WAS SET OR TIED.
MM INDICATES DATA IS MISSING.
T  INDICATES TRACE AMOUNT.




$$
