000
CDUS44 KBMX 120844
CLIANB


CLIMATE REPORT
NATIONAL WEATHER SERVICE BIRMINGHAM, AL
243 AM CST TUE DEC 12 2017


...................................

...THE ANNISTON CLIMATE SUMMARY FOR DECEMBER 11 2017...

CLIMATE NORMAL PERIOD 1981 TO 2010
CLIMATE RECORD PERIOD 1903 TO 2017


WEATHER ITEM   OBSERVED TIME   RECORD YEAR NORMAL DEPARTURE LAST
                VALUE   (LST)  VALUE       VALUE  FROM      YEAR
                                                  NORMAL
..................................................................
TEMPERATURE (F)
 YESTERDAY
  MAXIMUM         58    212 PM  77    2007  57      1       61
  MINIMUM         26    651 AM  12    1962  36    -10       30
  AVERAGE         42                        46     -4       46

PRECIPITATION (IN)
  YESTERDAY        0.00          3.16 1963   0.14  -0.14     0.00
  MONTH TO DATE    1.54                      1.61  -0.07     1.41
  SINCE DEC 1      1.54                      1.61  -0.07     1.41
  SINCE JAN 1     57.99                     47.16  10.83    30.90

SNOWFALL (IN)
  YESTERDAY        0.0                       0.0             0.0
  MONTH TO DATE    0.0                       0.0             0.0
  SINCE DEC 1      0.0                       0.0             0.0
  SINCE JUL 1      0.0                       0.0             0.0

DEGREE DAYS
 HEATING
  YESTERDAY       23
  MONTH TO DATE  196
  SINCE DEC 1    196
  SINCE JUL 1    652
..................................................................


WIND (MPH)
  HIGHEST WIND SPEED    13   HIGHEST WIND DIRECTION    SW (230)
  HIGHEST GUST SPEED    17   HIGHEST GUST DIRECTION    SW (230)
  AVERAGE WIND SPEED     3.8


SKY COVER
  AVERAGE SKY COVER 0.0


WEATHER CONDITIONS
 THE FOLLOWING WEATHER WAS RECORDED YESTERDAY.
  NO SIGNIFICANT WEATHER WAS OBSERVED.


RELATIVE HUMIDITY (PERCENT)
 HIGHEST    92
 LOWEST     43
 AVERAGE    68

..........................................................


THE ANNISTON CLIMATE NORMALS FOR TODAY
                         NORMAL    RECORD    YEAR
 MAXIMUM TEMPERATURE (F)   56        77      1971
 MINIMUM TEMPERATURE (F)   36         6      1962


SUNRISE AND SUNSET
DECEMBER 12 2017......SUNRISE   638 AM CST   SUNSET   436 PM CST
DECEMBER 13 2017......SUNRISE   639 AM CST   SUNSET   436 PM CST


-  INDICATES NEGATIVE NUMBERS.
R  INDICATES RECORD WAS SET OR TIED.
MM INDICATES DATA IS MISSING.
T  INDICATES TRACE AMOUNT.




$$
