000
CDUS44 KBMX 192142
CLIANB


CLIMATE REPORT
NATIONAL WEATHER SERVICE BIRMINGHAM, AL
442 PM CDT THU OCT 19 2017


...................................

...THE ANNISTON CLIMATE SUMMARY FOR OCTOBER 19 2017...
VALID TODAY AS OF 0400 PM LOCAL TIME.

CLIMATE NORMAL PERIOD 1981 TO 2010
CLIMATE RECORD PERIOD 1903 TO 2017


WEATHER ITEM   OBSERVED RECORD YEAR NORMAL DEPARTURE LAST
                VALUE   VALUE       VALUE  FROM      YEAR
                                           NORMAL
...........................................................
TEMPERATURE (F)
 TODAY
  MAXIMUM         77     90    2016  74      3       90
  MINIMUM         47     30    1948  50     -3       64
  AVERAGE         62

PRECIPITATION (IN)
  TODAY            0.00   2.19 2004   0.10  -0.10     0.00
  MONTH TO DATE    5.04               1.85   3.19     0.00
  SINCE SEP 1      9.02               4.78   4.24     0.61
  SINCE JAN 1     53.32              39.70  13.62    26.47

SNOWFALL (IN)
  TODAY            0.0                0.0             0.0
  MONTH TO DATE    0.0                0.0             0.0
  SINCE SEP 1      0.0                0.0             0.0
  SINCE JUL 1      0.0                0.0             0.0

DEGREE DAYS

 COOLING
  TODAY            0                  2     -2       12
  MONTH TO DATE  125                 56     69      117
  SINCE SEP 1    372                322     50      555
  SINCE JAN 1   1938               1839     99     2379
...........................................................


WIND (MPH)
  HIGHEST WIND SPEED    10   HIGHEST WIND DIRECTION    NE (40)
  HIGHEST GUST SPEED    12   HIGHEST GUST DIRECTION    NE (50)
  AVERAGE WIND SPEED     5.4


SKY COVER
  AVERAGE SKY COVER 0.0


WEATHER CONDITIONS
 THE FOLLOWING WEATHER WAS RECORDED TODAY.
  NO SIGNIFICANT WEATHER WAS OBSERVED.


RELATIVE HUMIDITY (PERCENT)
 HIGHEST    86
 LOWEST     38
 AVERAGE    62

..........................................................


THE ANNISTON CLIMATE NORMALS FOR TOMORROW
                         NORMAL    RECORD    YEAR
 MAXIMUM TEMPERATURE (F)   74        90      2016
 MINIMUM TEMPERATURE (F)   50        29      1948


SUNRISE AND SUNSET
OCTOBER 19 2017.......SUNRISE   651 AM CDT   SUNSET   605 PM CDT
OCTOBER 20 2017.......SUNRISE   652 AM CDT   SUNSET   603 PM CDT


-  INDICATES NEGATIVE NUMBERS.
R  INDICATES RECORD WAS SET OR TIED.
MM INDICATES DATA IS MISSING.
T  INDICATES TRACE AMOUNT.




$$
