000
CDUS44 KBMX 182113
CLIANB


CLIMATE REPORT
NATIONAL WEATHER SERVICE BIRMINGHAM, AL
412 PM CDT FRI APR 18 2014


...................................

...THE ANNISTON CLIMATE SUMMARY FOR APRIL 18 2014...
VALID AS OF 0400 PM LOCAL TIME.

CLIMATE NORMAL PERIOD 1981 TO 2010
CLIMATE RECORD PERIOD 1903 TO 2014


WEATHER ITEM   OBSERVED TIME   RECORD YEAR NORMAL DEPARTURE LAST
                VALUE   (LST)  VALUE       VALUE  FROM      YEAR
                                                  NORMAL
..................................................................
TEMPERATURE (F)
 TODAY
  MAXIMUM         59   1220 AM  90    1955  75    -16       82
  MINIMUM         51    759 AM  28    1905  50      1       61
  AVERAGE         55

PRECIPITATION (IN)
  TODAY            0.43          2.87 1943   0.13   0.30     0.00
  MONTH TO DATE    5.81                      2.49   3.32     4.66
  SINCE MAR 1     11.22                      7.45   3.77     8.66
  SINCE JAN 1     18.38                     17.05   1.33    22.61

DEGREE DAYS
 HEATING
  TODAY           10
  MONTH TO DATE  101
  SINCE MAR 1    483
  SINCE JUL 1   2964
..................................................................


WIND (MPH)
  HIGHEST WIND SPEED    16   HIGHEST WIND DIRECTION    NE (60)
  HIGHEST GUST SPEED    21   HIGHEST GUST DIRECTION    NE (60)
  AVERAGE WIND SPEED     8.4


SKY COVER
  AVERAGE SKY COVER 0.9


WEATHER CONDITIONS
 THE FOLLOWING WEATHER WAS RECORDED TODAY.
  RAIN
  LIGHT RAIN
  FOG


RELATIVE HUMIDITY (PERCENT)
 HIGHEST    96
 LOWEST     53
 AVERAGE    75

..........................................................


THE ANNISTON CLIMATE NORMALS FOR TOMORROW
                         NORMAL    RECORD    YEAR
 MAXIMUM TEMPERATURE (F)   75        90      1976
 MINIMUM TEMPERATURE (F)   50        33      1983


SUNRISE AND SUNSET
APRIL 18 2014.........SUNRISE   609 AM CDT   SUNSET   717 PM CDT
APRIL 19 2014.........SUNRISE   608 AM CDT   SUNSET   717 PM CDT


-  INDICATES NEGATIVE NUMBERS.
R  INDICATES RECORD WAS SET OR TIED.
MM INDICATES DATA IS MISSING.
T  INDICATES TRACE AMOUNT.




$$
