000
CDUS44 KBMX 300708
CLIANB


CLIMATE REPORT
NATIONAL WEATHER SERVICE BIRMINGHAM, AL
207 AM CDT TUE JUN 30 2015


...................................

...THE ANNISTON CLIMATE SUMMARY FOR JUNE 29 2015...

CLIMATE NORMAL PERIOD 1981 TO 2010
CLIMATE RECORD PERIOD 1903 TO 2015


WEATHER ITEM   OBSERVED TIME   RECORD YEAR NORMAL DEPARTURE LAST
                VALUE   (LST)  VALUE       VALUE  FROM      YEAR
                                                  NORMAL
..................................................................
TEMPERATURE (F)
 YESTERDAY
  MAXIMUM         88    351 PM 103    1931  89     -1       89
  MINIMUM         61    503 AM  56    1974  69     -8       69
  AVERAGE         75                        79     -4       79

PRECIPITATION (IN)
  YESTERDAY        0.00          2.83 1994   0.14  -0.14      T
  MONTH TO DATE    2.58                      3.94  -1.36     4.11
  SINCE JUN 1      2.58                      3.94  -1.36     4.11
  SINCE JAN 1     27.10                     26.87   0.23    27.63

..................................................................


WIND (MPH)
  HIGHEST WIND SPEED    15   HIGHEST WIND DIRECTION     W (250)
  HIGHEST GUST SPEED    21   HIGHEST GUST DIRECTION     W (250)
  AVERAGE WIND SPEED     4.4


SKY COVER
  AVERAGE SKY COVER 0.1


WEATHER CONDITIONS
 THE FOLLOWING WEATHER WAS RECORDED YESTERDAY.
  NO SIGNIFICANT WEATHER WAS OBSERVED.


RELATIVE HUMIDITY (PERCENT)
 HIGHEST    90
 LOWEST     40
 AVERAGE    65

..........................................................


THE ANNISTON CLIMATE NORMALS FOR TODAY
                         NORMAL    RECORD    YEAR
 MAXIMUM TEMPERATURE (F)   89       104      2012
 MINIMUM TEMPERATURE (F)   69        55      1974


SUNRISE AND SUNSET
JUNE 30 2015..........SUNRISE   536 AM CDT   SUNSET   758 PM CDT
JULY  1 2015..........SUNRISE   537 AM CDT   SUNSET   758 PM CDT


-  INDICATES NEGATIVE NUMBERS.
R  INDICATES RECORD WAS SET OR TIED.
MM INDICATES DATA IS MISSING.
T  INDICATES TRACE AMOUNT.




$$
