000
CDUS44 KBMX 050841
CLIANB


CLIMATE REPORT
NATIONAL WEATHER SERVICE BIRMINGHAM, AL
240 AM CST MON DEC 5 2016


...................................

...THE ANNISTON CLIMATE SUMMARY FOR DECEMBER 4 2016...

CLIMATE NORMAL PERIOD 1981 TO 2010
CLIMATE RECORD PERIOD 1903 TO 2016


WEATHER ITEM   OBSERVED TIME   RECORD YEAR NORMAL DEPARTURE LAST
                VALUE   (LST)  VALUE       VALUE  FROM      YEAR
                                                  NORMAL
..................................................................
TEMPERATURE (F)
 YESTERDAY
  MAXIMUM         49   1153 PM  78    1998  59    -10       59
  MINIMUM         46    720 AM  20    1989  37      9       32
  AVERAGE         48                        48      0       46

PRECIPITATION (IN)
  YESTERDAY        0.46          1.37 2005   0.16   0.30     0.00
  MONTH TO DATE    0.58                      0.62  -0.04     1.79
  SINCE DEC 1      0.58                      0.62  -0.04     1.79
  SINCE JAN 1     30.07                     46.17 -16.10    52.09

SNOWFALL (IN)
  YESTERDAY        0.0                       0.0             0.0
  MONTH TO DATE    0.0                       0.0             0.0
  SINCE DEC 1      0.0                       0.0             0.0
  SINCE JUL 1      0.0                       0.0             0.0

DEGREE DAYS
 HEATING
  YESTERDAY       17
  MONTH TO DATE   74
  SINCE DEC 1     74
  SINCE JUL 1    347
..................................................................


WIND (MPH)
  HIGHEST WIND SPEED    15   HIGHEST WIND DIRECTION     E (70)
  HIGHEST GUST SPEED    21   HIGHEST GUST DIRECTION     E (70)
  AVERAGE WIND SPEED     8.9


SKY COVER
  AVERAGE SKY COVER 1.0


WEATHER CONDITIONS
 THE FOLLOWING WEATHER WAS RECORDED YESTERDAY.
  LIGHT RAIN
  FOG


RELATIVE HUMIDITY (PERCENT)
 HIGHEST   100
 LOWEST     86
 AVERAGE    93

..........................................................


THE ANNISTON CLIMATE NORMALS FOR TODAY
                         NORMAL    RECORD    YEAR
 MAXIMUM TEMPERATURE (F)   58        78      1972
 MINIMUM TEMPERATURE (F)   37        19      2006


SUNRISE AND SUNSET
DECEMBER  5 2016......SUNRISE   633 AM CST   SUNSET   435 PM CST
DECEMBER  6 2016......SUNRISE   634 AM CST   SUNSET   435 PM CST


-  INDICATES NEGATIVE NUMBERS.
R  INDICATES RECORD WAS SET OR TIED.
MM INDICATES DATA IS MISSING.
T  INDICATES TRACE AMOUNT.




$$
