000
CDAK48 PAFC 231352 CCA
CLIANC

CLIMATE REPORT
NATIONAL WEATHER SERVICE ANCHORAGE, AK
450 AM AKST THU FEB 23 2017

CORRECTED SNOW AMOUNTS
...................................

...THE ANCHORAGE AK CLIMATE SUMMARY FOR FEBRUARY 22 2017...

CLIMATE NORMAL PERIOD 1981 TO 2010
CLIMATE RECORD PERIOD 1952 TO 2017


WEATHER ITEM   OBSERVED TIME   RECORD YEAR NORMAL DEPARTURE LAST
                VALUE   (LST)  VALUE       VALUE  FROM      YEAR
                                                  NORMAL
..................................................................
TEMPERATURE (F)
 YESTERDAY
  MAXIMUM         22   1159 PM  47    2015  28     -6       42
  MINIMUM         12    316 AM -12    1990  15     -3       32
  AVERAGE         17                        22     -5       37

PRECIPITATION (IN)
  YESTERDAY        0.15          0.86 1955   0.02   0.13
  MONTH TO DATE    0.91                      0.59   0.32
  SINCE DEC 1      4.09                      2.43   1.66
  SINCE JAN 1      2.62                      1.32   1.30

SNOWFALL (IN)
  YESTERDAY        1.3          10.8  1955   0.4    0.9      0.0
  MONTH TO DATE   18.8                       8.9    9.9      1.8
  SINCE DEC 1     67.4                      36.9   30.5      7.9
  SINCE JUL 1     71.3                      58.3   13.0     27.6
  SNOW DEPTH      26

DEGREE DAYS
 HEATING
  YESTERDAY       48                                5
  MONTH TO DATE 1036                               37
  SINCE DEC 1   4132                              222
  SINCE JUL 1   6785                             -289

 COOLING
  YESTERDAY        0                                0
  MONTH TO DATE    0                                0
  SINCE DEC 1      0                                0
  SINCE JAN 1      0                                0
..................................................................


WIND (MPH)
  HIGHEST WIND SPEED    13   HIGHEST WIND DIRECTION     N (350)
  HIGHEST GUST SPEED    15   HIGHEST GUST DIRECTION    SE (140)
  AVERAGE WIND SPEED     5.4




RELATIVE HUMIDITY (PERCENT)
 HIGHEST    88
 LOWEST     76
 AVERAGE    82

..........................................................


THE ANCHORAGE AK CLIMATE NORMALS FOR TODAY
                         NORMAL    RECORD    YEAR
 MAXIMUM TEMPERATURE (F)   29        46      1980
 MINIMUM TEMPERATURE (F)   15       -13      1966
                                             1954


SUNRISE AND SUNSET
FEBRUARY 23 2017......SUNRISE   817 AM AKST  SUNSET   610 PM AKST
FEBRUARY 24 2017......SUNRISE   814 AM AKST  SUNSET   613 PM AKST

CIVIL TWILIGHT
FEBRUARY 23 2017        START    734 AM GMT     END    655 PM GMT
FEBRUARY 24 2017        START    731 AM GMT     END    658 PM GMT



-  INDICATES NEGATIVE NUMBERS.
R  INDICATES RECORD WAS SET OR TIED.
MM INDICATES DATA IS MISSING.
T  INDICATES TRACE AMOUNT.




$$
&&
------------------------------------------------------
AMOUNT OF DAYLIGHT TODAY  (HOUR:MIN)........ 9:53
GAIN/LOSS SINCE YESTERDAY (HOUR:MIN:SEC)....+0:05:42

$$
