000
CDAK48 PAFC 091313
CLIANC

CLIMATE REPORT
NATIONAL WEATHER SERVICE ANCHORAGE, AK
412 AM AKST FRI DEC 9 2016


...................................

...THE ANCHORAGE AK CLIMATE SUMMARY FOR DECEMBER 8 2016...

CLIMATE NORMAL PERIOD 1981 TO 2010
CLIMATE RECORD PERIOD 1952 TO 2016


WEATHER ITEM   OBSERVED TIME   RECORD YEAR NORMAL DEPARTURE LAST
                VALUE   (LST)  VALUE       VALUE  FROM      YEAR
                                                  NORMAL
..................................................................
TEMPERATURE (F)
 YESTERDAY
  MAXIMUM         20   1154 PM  45    2006  25     -5       20
  MINIMUM         15    658 PM -21    1975  14      1       12
  AVERAGE         18                        20     -2       16

PRECIPITATION (IN)
  YESTERDAY        0.01          0.30 2012   0.04  -0.03
  MONTH TO DATE    0.51                      0.30   0.21
  SINCE DEC 1      0.51                      0.30   0.21
  SINCE JAN 1     15.50                     15.77  -0.27

SNOWFALL (IN)
  YESTERDAY        0.2           3.8  2012   0.6   -0.4      0.0
  MONTH TO DATE    8.6                       4.4    4.2      1.2
  SINCE DEC 1      8.6                       4.4    4.2      1.2
  SINCE JUL 1     12.5                      25.8  -13.3     20.9
  SNOW DEPTH       6

DEGREE DAYS
 HEATING
  YESTERDAY       47                                1
  MONTH TO DATE  406                               45
  SINCE DEC 1    406                               45
  SINCE JUL 1   3059                             -466

 COOLING
  YESTERDAY        0                                0
  MONTH TO DATE    0                                0
  SINCE DEC 1      0                                0
  SINCE JAN 1     13                               11
..................................................................


WIND (MPH)
  HIGHEST WIND SPEED    17   HIGHEST WIND DIRECTION     N (10)
  HIGHEST GUST SPEED    24   HIGHEST GUST DIRECTION     N (350)
  AVERAGE WIND SPEED     9.2




RELATIVE HUMIDITY (PERCENT)
 HIGHEST    67
 LOWEST     49
 AVERAGE    58

..........................................................


THE ANCHORAGE AK CLIMATE NORMALS FOR TODAY
                         NORMAL    RECORD    YEAR
 MAXIMUM TEMPERATURE (F)   25        48      2005
 MINIMUM TEMPERATURE (F)   14       -20      1966
                                             1956


SUNRISE AND SUNSET
DECEMBER  9 2016......SUNRISE  1002 AM AKST  SUNSET   343 PM AKST
DECEMBER 10 2016......SUNRISE  1003 AM AKST  SUNSET   343 PM AKST

CIVIL TWILIGHT
DECEMBER 9 2016         START    902 AM GMT     END    444 PM GMT
DECEMBER 10 2016        START    903 AM GMT     END    444 PM GMT



-  INDICATES NEGATIVE NUMBERS.
R  INDICATES RECORD WAS SET OR TIED.
MM INDICATES DATA IS MISSING.
T  INDICATES TRACE AMOUNT.




$$
&&
------------------------------------------------------
AMOUNT OF DAYLIGHT TODAY  (HOUR:MIN)........ 5:41
GAIN/LOSS SINCE YESTERDAY (HOUR:MIN:SEC)....-0:02:19

$$
