000
CDAK48 PAFC 241308
CLIANC


CLIMATE REPORT
NATIONAL WEATHER SERVICE ANCHORAGE, AK
508 AM AKDT SUN JUL 24 2016


...................................

...THE ANCHORAGE AK CLIMATE SUMMARY FOR JULY 23 2016...

CLIMATE NORMAL PERIOD 1981 TO 2010
CLIMATE RECORD PERIOD 1952 TO 2016


WEATHER ITEM   OBSERVED TIME   RECORD YEAR NORMAL DEPARTURE LAST
                VALUE   (LST)  VALUE       VALUE  FROM      YEAR
                                                  NORMAL
..................................................................
TEMPERATURE (F)
 YESTERDAY
  MAXIMUM         71        MM  77    2013  66      5       71
  MINIMUM         57        MM  46    1975  53      4       55
                                      1974
  AVERAGE         64                        59      5       63

PRECIPITATION (IN)
  YESTERDAY        T             0.90 1982   0.06  -0.06
  MONTH TO DATE    1.24                      1.25  -0.01
  SINCE JUN 1      2.95                      2.22   0.73
  SINCE JAN 1      5.11                      5.46  -0.35

SNOWFALL (IN)
  YESTERDAY        0.0           0.0    MM   0.0    0.0      0.0
  MONTH TO DATE    0.0                       0.0    0.0      0.0
  SINCE JUN 1      0.0                       0.0    0.0      0.0
  SINCE JUL 1      0.0                       0.0    0.0      0.0
  SNOW DEPTH       0

DEGREE DAYS
 HEATING
  YESTERDAY        1                               -5
  MONTH TO DATE   49                              -98
  SINCE JUN 1    221                             -219
  SINCE JUL 1     49                              -98

 COOLING
  YESTERDAY        0                                0
  MONTH TO DATE   13                               13
  SINCE JUN 1     13                               13
  SINCE JAN 1     13                               13
..................................................................


WIND (MPH)
  HIGHEST WIND SPEED    16   HIGHEST WIND DIRECTION    SW (240)
  HIGHEST GUST SPEED    31   HIGHEST GUST DIRECTION     S (170)
  AVERAGE WIND SPEED     6.6




RELATIVE HUMIDITY (PERCENT)
 HIGHEST    86
 LOWEST     47
 AVERAGE    67

..........................................................


THE ANCHORAGE AK CLIMATE NORMALS FOR TODAY
                         NORMAL    RECORD    YEAR
 MAXIMUM TEMPERATURE (F)   66        79      2013
 MINIMUM TEMPERATURE (F)   53        42      1976


SUNRISE AND SUNSET
JULY 24 2016..........SUNRISE   515 AM AKDT  SUNSET  1057 PM AKDT
JULY 25 2016..........SUNRISE   517 AM AKDT  SUNSET  1054 PM AKDT


-  INDICATES NEGATIVE NUMBERS.
R  INDICATES RECORD WAS SET OR TIED.
MM INDICATES DATA IS MISSING.
T  INDICATES TRACE AMOUNT.




$$
