000
CDAK48 PAFC 231256
CLIANC

CLIMATE REPORT
NATIONAL WEATHER SERVICE ANCHORAGE, AK
356 AM AKST SUN NOV 23 2014


...................................

...THE ANCHORAGE AK CLIMATE SUMMARY FOR NOVEMBER 22 2014...

CLIMATE NORMAL PERIOD 1981 TO 2010
CLIMATE RECORD PERIOD 1915 TO 2014


WEATHER ITEM   OBSERVED RECORD YEAR NORMAL DEPARTURE LAST
                VALUE   VALUE       VALUE  FROM      YEAR
                                           NORMAL
...........................................................
TEMPERATURE (F)
 YESTERDAY
  MAXIMUM         36     52    1947  26     10       28
  MINIMUM         29    -15    1955  15     14       17
  AVERAGE         33                 20     13       23

PRECIPITATION (IN)
  YESTERDAY        T      0.34 1938   0.04  -0.04
  MONTH TO DATE    0.22               0.86  -0.64
  SINCE SEP 1      5.43               5.88  -0.45
  SINCE JAN 1     17.74              15.17   2.57

SNOWFALL (IN)
  YESTERDAY        T      7.1  1981   0.5   -0.5
  MONTH TO DATE    T                  8.9   -8.9
  SINCE SEP 1      3.8               17.2  -13.4
  SINCE JUL 1      3.8               17.2  -13.4
  SNOW DEPTH       T

DEGREE DAYS
 HEATING
  YESTERDAY       32                       -12
  MONTH TO DATE  687                      -236
  SINCE SEP 1   2049                      -304
  SINCE JUL 1   2398                      -405

 COOLING
  YESTERDAY        0                         0
  MONTH TO DATE    0                         0
  SINCE SEP 1      0                         0
  SINCE JAN 1      3                         1
...........................................................


WIND (MPH)
  HIGHEST WIND SPEED    10   HIGHEST WIND DIRECTION     N (350)
  HIGHEST GUST SPEED    MM   HIGHEST GUST DIRECTION    MM
  AVERAGE WIND SPEED     4.3




RELATIVE HUMIDITY (PERCENT)
 HIGHEST    69
 LOWEST     40
 AVERAGE    55

..........................................................


THE ANCHORAGE AK CLIMATE NORMALS FOR TODAY
                         NORMAL    RECORD    YEAR
 MAXIMUM TEMPERATURE (F)   26        50      1952
 MINIMUM TEMPERATURE (F)   15       -16      1955


SUNRISE AND SUNSET
NOVEMBER 23 2014......SUNRISE   927 AM AKST  SUNSET   405 PM AKST
NOVEMBER 24 2014......SUNRISE   930 AM AKST  SUNSET   404 PM AKST

CIVIL TWILIGHT
NOVEMBER 23 2014        START   833 AM AKST     END   501 PM AKST
NOVEMBER 24 2014        START   835 AM AKST     END   459 PM AKST



-  INDICATES NEGATIVE NUMBERS.
R  INDICATES RECORD WAS SET OR TIED.
MM INDICATES DATA IS MISSING.
T  INDICATES TRACE AMOUNT.




$$
&&
------------------------------------------------------
AMOUNT OF DAYLIGHT TODAY  (HOUR:MIN)........ 6:38
GAIN/LOSS SINCE YESTERDAY (HOUR:MIN:SEC)....-0:04:27

-
