000
CDAK48 PAFC 011256
CLIANC

CLIMATE REPORT
NATIONAL WEATHER SERVICE ANCHORAGE, AK
355 AM AKST SUN MAR 1 2015


...................................

...THE ANCHORAGE AK CLIMATE SUMMARY FOR FEBRUARY 28 2015...

CLIMATE NORMAL PERIOD 1981 TO 2010
CLIMATE RECORD PERIOD 1952 TO 2015


WEATHER ITEM   OBSERVED RECORD YEAR NORMAL DEPARTURE LAST
                VALUE   VALUE       VALUE  FROM      YEAR
                                           NORMAL
...........................................................
TEMPERATURE (F)
 YESTERDAY
  MAXIMUM         34     48    1991  30      4       41
  MINIMUM         27    -15    1956  16     11       29
  AVERAGE         31                 23      8       35

PRECIPITATION (IN)
  YESTERDAY        0.04   0.45 1971   0.02   0.02
  MONTH TO DATE    0.72               0.72   0.00
  SINCE DEC 1      1.76               2.56  -0.80
  SINCE JAN 1      1.08               1.45  -0.37

SNOWFALL (IN)
  YESTERDAY        0.2    7.7  1971   0.3   -0.1
  MONTH TO DATE    1.1               10.9   -9.8
  SINCE DEC 1     14.5               38.9  -24.4
  SINCE JUL 1     20.5               60.3  -39.8
  SNOW DEPTH       1

DEGREE DAYS
 HEATING
  YESTERDAY       34                        -8
  MONTH TO DATE 1113                      -142
  SINCE DEC 1   3637                      -528
  SINCE JUL 1   6352                      -977

 COOLING
  YESTERDAY        0                         0
  MONTH TO DATE    0                         0
  SINCE DEC 1      0                         0
  SINCE JAN 1      0                         0
...........................................................


WIND (MPH)
  HIGHEST WIND SPEED     7   HIGHEST WIND DIRECTION     E (110)
  HIGHEST GUST SPEED    MM   HIGHEST GUST DIRECTION    MM
  AVERAGE WIND SPEED     1.8




RELATIVE HUMIDITY (PERCENT)
 HIGHEST    92
 LOWEST     63
 AVERAGE    78

..........................................................


THE ANCHORAGE AK CLIMATE NORMALS FOR TODAY
                         NORMAL    RECORD    YEAR
 MAXIMUM TEMPERATURE (F)   30        43      2003
                                             1968
                                             1958
 MINIMUM TEMPERATURE (F)   16       -21      1956


SUNRISE AND SUNSET
MARCH  1 2015.........SUNRISE   801 AM AKST  SUNSET   625 PM AKST
MARCH  2 2015.........SUNRISE   758 AM AKST  SUNSET   628 PM AKST

CIVIL TWILIGHT
MARCH 1 2015            START   718 AM AKST     END   709 PM AKST
MARCH 2 2015            START   715 AM AKST     END   712 PM AKST



-  INDICATES NEGATIVE NUMBERS.
R  INDICATES RECORD WAS SET OR TIED.
MM INDICATES DATA IS MISSING.
T  INDICATES TRACE AMOUNT.




$$
&&
------------------------------------------------------
AMOUNT OF DAYLIGHT TODAY  (HOUR:MIN)........10:24
GAIN/LOSS SINCE YESTERDAY (HOUR:MIN:SEC)....+0:05:44

-
