000
CDAK48 PAFC 301246
CLIANC

CLIMATE REPORT
NATIONAL WEATHER SERVICE ANCHORAGE, AK
346 AM AKST FRI JAN 30 2015


...................................

...THE ANCHORAGE AK CLIMATE SUMMARY FOR JANUARY 29 2015...

CLIMATE NORMAL PERIOD 1981 TO 2010
CLIMATE RECORD PERIOD 1952 TO 2015


WEATHER ITEM   OBSERVED RECORD YEAR NORMAL DEPARTURE LAST
                VALUE   VALUE       VALUE  FROM      YEAR
                                           NORMAL
...........................................................
TEMPERATURE (F)
 YESTERDAY
  MAXIMUM         22     48    1994  23     -1       32
  MINIMUM          4    -30    1989  12     -8       24
  AVERAGE         13                 17     -4       28

PRECIPITATION (IN)
  YESTERDAY        0.04   0.77 1957   0.03   0.01
  MONTH TO DATE    0.35               0.68  -0.33
  SINCE DEC 1      1.03               1.79  -0.76
  SINCE JAN 1      0.35               0.68  -0.33

SNOWFALL (IN)
  YESTERDAY        0.9    3.7  1993   0.4    0.5
  MONTH TO DATE    5.8               10.5   -4.7
  SINCE DEC 1     13.3               27.2  -13.9
  SINCE JUL 1     19.3               48.6  -29.3
  SNOW DEPTH       7

DEGREE DAYS
 HEATING
  YESTERDAY       52                         4
  MONTH TO DATE 1270                      -119
  SINCE DEC 1   2418                      -397
  SINCE JUL 1   5133                      -846

 COOLING
  YESTERDAY        0                         0
  MONTH TO DATE    0                         0
  SINCE DEC 1      0                         0
  SINCE JAN 1      0                         0
...........................................................


WIND (MPH)
  HIGHEST WIND SPEED    10   HIGHEST WIND DIRECTION     N (360)
  HIGHEST GUST SPEED    MM   HIGHEST GUST DIRECTION    MM
  AVERAGE WIND SPEED     6.5




RELATIVE HUMIDITY (PERCENT)
 HIGHEST    80
 LOWEST     56
 AVERAGE    68

..........................................................


THE ANCHORAGE AK CLIMATE NORMALS FOR TODAY
                         NORMAL    RECORD    YEAR
 MAXIMUM TEMPERATURE (F)   24        44      1984
 MINIMUM TEMPERATURE (F)   12       -13      1989


SUNRISE AND SUNSET
JANUARY 30 2015.......SUNRISE   925 AM AKST  SUNSET   502 PM AKST
JANUARY 31 2015.......SUNRISE   923 AM AKST  SUNSET   505 PM AKST

CIVIL TWILIGHT
JANUARY 30 2015         START   835 AM AKST     END   553 PM AKST
JANUARY 31 2015         START   833 AM AKST     END   555 PM AKST



-  INDICATES NEGATIVE NUMBERS.
R  INDICATES RECORD WAS SET OR TIED.
MM INDICATES DATA IS MISSING.
T  INDICATES TRACE AMOUNT.




$$
&&
------------------------------------------------------
AMOUNT OF DAYLIGHT TODAY  (HOUR:MIN)........ 7:37
GAIN/LOSS SINCE YESTERDAY (HOUR:MIN:SEC)....+0:05:12
