000
CDAK48 PAFC 211328
CLIANC

CLIMATE REPORT
NATIONAL WEATHER SERVICE ANCHORAGE, AK
427 AM AKST SAT JAN 21 2017


...................................

...THE ANCHORAGE AK CLIMATE SUMMARY FOR JANUARY 20 2017...

CLIMATE NORMAL PERIOD 1981 TO 2010
CLIMATE RECORD PERIOD 1952 TO 2017


WEATHER ITEM   OBSERVED TIME   RECORD YEAR NORMAL DEPARTURE LAST
                VALUE   (LST)  VALUE       VALUE  FROM      YEAR
                                                  NORMAL
..................................................................
TEMPERATURE (F)
 YESTERDAY
  MAXIMUM         12   1159 PM  46    1985  23    -11       26
                                      1980
                                      1961
  MINIMUM         -5    335 AM -20    1989  11    -16       17
  AVERAGE          4                        17    -13       22

PRECIPITATION (IN)
  YESTERDAY        0.21          0.38 1961   0.02   0.19
  MONTH TO DATE    0.96                      0.47   0.49
  SINCE DEC 1      2.43                      1.58   0.85
  SINCE JAN 1      0.96                      0.47   0.49

SNOWFALL (IN)
  YESTERDAY        2.2 R         1.9  2011   0.4    1.8      0.0
  MONTH TO DATE   13.0                       7.3    5.7      3.5
  SINCE DEC 1     29.9                      24.0    5.9      6.1
  SINCE JUL 1     33.8                      45.4  -11.6     25.8
  SNOW DEPTH      18

DEGREE DAYS
 HEATING
  YESTERDAY       61                               13
  MONTH TO DATE 1129                              172
  SINCE DEC 1   2638                              255
  SINCE JUL 1   5291                             -256

 COOLING
  YESTERDAY        0                                0
  MONTH TO DATE    0                                0
  SINCE DEC 1      0                                0
  SINCE JAN 1      0                                0
..................................................................


WIND (MPH)
  HIGHEST WIND SPEED    15   HIGHEST WIND DIRECTION     N (350)
  HIGHEST GUST SPEED    19   HIGHEST GUST DIRECTION     N (350)
  AVERAGE WIND SPEED     7.3




RELATIVE HUMIDITY (PERCENT)
 HIGHEST    83
 LOWEST     71
 AVERAGE    77

..........................................................


THE ANCHORAGE AK CLIMATE NORMALS FOR TODAY
                         NORMAL    RECORD    YEAR
 MAXIMUM TEMPERATURE (F)   23        45      2014
                                             1980
 MINIMUM TEMPERATURE (F)   11       -23      1989


SUNRISE AND SUNSET
JANUARY 21 2017.......SUNRISE   945 AM AKST  SUNSET   439 PM AKST
JANUARY 22 2017.......SUNRISE   942 AM AKST  SUNSET   442 PM AKST

CIVIL TWILIGHT
JANUARY 21 2017         START    852 AM GMT     END    533 PM GMT
JANUARY 22 2017         START    850 AM GMT     END    535 PM GMT



-  INDICATES NEGATIVE NUMBERS.
R  INDICATES RECORD WAS SET OR TIED.
MM INDICATES DATA IS MISSING.
T  INDICATES TRACE AMOUNT.




$$
&&
------------------------------------------------------
AMOUNT OF DAYLIGHT TODAY  (HOUR:MIN)........ 6:54
GAIN/LOSS SINCE YESTERDAY (HOUR:MIN:SEC)....+0:04:41

$$
