000
CDAK48 PAFC 161301
CLIANC


CLIMATE REPORT
NATIONAL WEATHER SERVICE ANCHORAGE, AK
500 AM AKDT WED APR 16 2014


...................................

...THE ANCHORAGE AK CLIMATE SUMMARY FOR APRIL 15 2014...

CLIMATE NORMAL PERIOD 1981 TO 2010
CLIMATE RECORD PERIOD 1915 TO 2014


WEATHER ITEM   OBSERVED RECORD YEAR NORMAL DEPARTURE LAST
                VALUE   VALUE       VALUE  FROM      YEAR
                                           NORMAL
...........................................................
TEMPERATURE (F)
 YESTERDAY
  MAXIMUM         46     58    1965  44      2       40
                               1926
  MINIMUM         30     13    1994  29      1       21
  AVERAGE         38                 37      1       31

PRECIPITATION (IN)
  YESTERDAY        T      0.28 1963   0.01  -0.01
  MONTH TO DATE    0.04               0.22  -0.18
  SINCE MAR 1      0.74               0.82  -0.08
  SINCE JAN 1      2.76               2.27   0.49

SNOWFALL (IN)
  YESTERDAY        0.0    4.8  1963   0.1   -0.1
  MONTH TO DATE    0.4                2.6   -2.2
  SINCE MAR 1     11.3               12.5   -1.2
  SINCE JUL 1     64.7               72.8   -8.1
  SNOW DEPTH       0

DEGREE DAYS
 HEATING
  YESTERDAY       27                        -1
  MONTH TO DATE  477                        10
  SINCE MAR 1   1643                       -16
  SINCE JUL 1   8392                      -596

 COOLING
  YESTERDAY        0                         0
  MONTH TO DATE    0                         0
  SINCE MAR 1      0                         0
  SINCE JAN 1      0                         0
...........................................................


WIND (MPH)
  HIGHEST WIND SPEED     8   HIGHEST WIND DIRECTION    NE (60)
  HIGHEST GUST SPEED    MM   HIGHEST GUST DIRECTION    MM
  AVERAGE WIND SPEED     3.8




RELATIVE HUMIDITY (PERCENT)
 HIGHEST    85
 LOWEST     49
 AVERAGE    67

..........................................................


THE ANCHORAGE AK CLIMATE NORMALS FOR TODAY
                         NORMAL    RECORD    YEAR
 MAXIMUM TEMPERATURE (F)   45        62      1965
 MINIMUM TEMPERATURE (F)   29         4      1927


SUNRISE AND SUNSET
APRIL 16 2014.........SUNRISE   636 AM AKDT  SUNSET   926 PM AKDT
APRIL 17 2014.........SUNRISE   633 AM AKDT  SUNSET   928 PM AKDT


-  INDICATES NEGATIVE NUMBERS.
R  INDICATES RECORD WAS SET OR TIED.
MM INDICATES DATA IS MISSING.
T  INDICATES TRACE AMOUNT.




$$
