133
CDUS43 KAPX 270535
CLIANJ


CLIMATE REPORT
NATIONAL WEATHER SERVICE GAYLORD MI
134 AM EDT FRI MAY 27 2016


...................................

...THE SAULT STE MARIE MI CLIMATE SUMMARY FOR MAY 26 2016...

CLIMATE NORMAL PERIOD 1981 TO 2010
CLIMATE RECORD PERIOD 1888 TO 2016


WEATHER ITEM   OBSERVED TIME   RECORD YEAR NORMAL DEPARTURE LAST
                VALUE   (LST)  VALUE       VALUE  FROM      YEAR
                                                  NORMAL
..................................................................
TEMPERATURE (F)
 YESTERDAY
  MAXIMUM         74    427 PM  86    2010  66      8       77
  MINIMUM         57   1159 PM  24    1969  43     14       57
  AVERAGE         66                        55     11       67

PRECIPITATION (IN)
  YESTERDAY        0.36          1.73 1956   0.09   0.27     0.06
  MONTH TO DATE    1.05                      2.12  -1.07     1.93
  SINCE MAR 1      6.13                      6.46  -0.33     5.09
  SINCE JAN 1      9.84                      9.99  -0.15     8.46

DEGREE DAYS
 HEATING
  YESTERDAY        0                        11    -11        0
  MONTH TO DATE  339                       364    -25      314
  SINCE MAR 1   2193                      2307   -114     2437
  SINCE JUL 1   7334                      8433  -1099     9216

 COOLING
  YESTERDAY        1                         0      1        2
  MONTH TO DATE    2                         0      2        2
  SINCE MAR 1      2                         0      2        2
  SINCE JAN 1      2                         0      2        2
..................................................................


WIND (MPH)
  HIGHEST WIND SPEED    14   HIGHEST WIND DIRECTION    SE (130)
  HIGHEST GUST SPEED    19   HIGHEST GUST DIRECTION    SE (130)
  AVERAGE WIND SPEED     6.4




RELATIVE HUMIDITY (PERCENT)
 HIGHEST    97
 LOWEST     72
 AVERAGE    85

..........................................................


THE SAULT STE MARIE MI CLIMATE NORMALS FOR TODAY
                         NORMAL    RECORD    YEAR
 MAXIMUM TEMPERATURE (F)   66        90      1911
 MINIMUM TEMPERATURE (F)   44        27      1983


SUNRISE AND SUNSET
MAY 27 2016...........SUNRISE   551 AM EDT   SUNSET   918 PM EDT
MAY 28 2016...........SUNRISE   551 AM EDT   SUNSET   919 PM EDT


-  INDICATES NEGATIVE NUMBERS.
R  INDICATES RECORD WAS SET OR TIED.
MM INDICATES DATA IS MISSING.
T  INDICATES TRACE AMOUNT.




$$
