000
CDUS43 KAPX 250528
CLIANJ


CLIMATE REPORT
NATIONAL WEATHER SERVICE GAYLORD MI
127 AM EDT SAT OCT 25 2014


...................................

...THE SAULT STE MARIE MI CLIMATE SUMMARY FOR OCTOBER 24 2014...

CLIMATE NORMAL PERIOD 1981 TO 2010
CLIMATE RECORD PERIOD 1888 TO 2014


WEATHER ITEM   OBSERVED TIME   RECORD YEAR NORMAL DEPARTURE LAST
                VALUE   (LST)  VALUE       VALUE  FROM      YEAR
                                                  NORMAL
..................................................................
TEMPERATURE (F)
 YESTERDAY
  MAXIMUM         53    438 PM  79    1963  50      3       44
  MINIMUM         40    112 AM  16    1981  35      5       35
  AVERAGE         47                        43      4       40

PRECIPITATION (IN)
  YESTERDAY        T             1.86 1959   0.11  -0.11     0.03
  MONTH TO DATE    6.47                      2.97   3.50     2.67
  SINCE SEP 1     10.44                      6.79   3.65     9.49
  SINCE JAN 1     29.36                     25.96   3.40    37.78

SNOWFALL (IN)
  YESTERDAY        0.0           3.3  1926   0.1   -0.1       T
  MONTH TO DATE    0.0                       0.8   -0.8      4.9
  SINCE OCT 1      0.0                       0.8   -0.8      4.9
  SINCE JUL 1      0.0                       0.8   -0.8      4.9
  SNOW DEPTH       0

DEGREE DAYS
 HEATING
  YESTERDAY       18                        22     -4       25
  MONTH TO DATE  416                       437    -21      364
  SINCE SEP 1    666                       691    -25      617
  SINCE JUL 1    847                       838      9      733

 COOLING
  YESTERDAY        0                         0      0        0
  MONTH TO DATE    0                         0      0        0
  SINCE SEP 1      5                        17    -12       14
  SINCE JAN 1    113                       195    -82      266
..................................................................


WIND (MPH)
  HIGHEST WIND SPEED    13   HIGHEST WIND DIRECTION     S (190)
  HIGHEST GUST SPEED    17   HIGHEST GUST DIRECTION     S (190)
  AVERAGE WIND SPEED     4.5




RELATIVE HUMIDITY (PERCENT)
 HIGHEST   100
 LOWEST     77
 AVERAGE    89

..........................................................


THE SAULT STE MARIE MI CLIMATE NORMALS FOR TODAY
                         NORMAL    RECORD    YEAR
 MAXIMUM TEMPERATURE (F)   49        73      2012
 MINIMUM TEMPERATURE (F)   35        20      1933


SUNRISE AND SUNSET
OCTOBER 25 2014.......SUNRISE   809 AM EDT   SUNSET   633 PM EDT
OCTOBER 26 2014.......SUNRISE   810 AM EDT   SUNSET   632 PM EDT


-  INDICATES NEGATIVE NUMBERS.
R  INDICATES RECORD WAS SET OR TIED.
MM INDICATES DATA IS MISSING.
T  INDICATES TRACE AMOUNT.




$$
