000
CDUS43 KAPX 060526
CLIANJ


CLIMATE REPORT
NATIONAL WEATHER SERVICE GAYLORD MI
126 AM EDT FRI MAY 6 2016


...................................

...THE SAULT STE MARIE MI CLIMATE SUMMARY FOR MAY 5 2016...

CLIMATE NORMAL PERIOD 1981 TO 2010
CLIMATE RECORD PERIOD 1888 TO 2016


WEATHER ITEM   OBSERVED TIME   RECORD YEAR NORMAL DEPARTURE LAST
                VALUE   (LST)  VALUE       VALUE  FROM      YEAR
                                                  NORMAL
..................................................................
TEMPERATURE (F)
 YESTERDAY
  MAXIMUM         56        MM  83    1930  59     -3       68
                                      1895
  MINIMUM         38        MM  23    1954  38      0       35
  AVERAGE         47                        49     -2       52

PRECIPITATION (IN)
  YESTERDAY        0.00          1.50 1949   0.07  -0.07     0.00
  MONTH TO DATE    0.06                      0.38  -0.32     0.31
  SINCE MAR 1      5.14                      4.72   0.42     3.47
  SINCE JAN 1      8.85                      8.25   0.60     6.84

DEGREE DAYS
 HEATING
  YESTERDAY       18                        16      2       13
  MONTH TO DATE   79                        86     -7       47
  SINCE MAR 1   1933                      2029    -96     2170
  SINCE JUL 1   7074                      8155  -1081     8949

 COOLING
  YESTERDAY        0                         0      0        0
  MONTH TO DATE    0                         0      0        0
  SINCE MAR 1      0                         0      0        0
  SINCE JAN 1      0                         0      0        0
..................................................................


WIND (MPH)
  HIGHEST WIND SPEED    12   HIGHEST WIND DIRECTION    NW (300)
  HIGHEST GUST SPEED    MM   HIGHEST GUST DIRECTION    MM
  AVERAGE WIND SPEED     6.5




RELATIVE HUMIDITY (PERCENT)
 HIGHEST    89
 LOWEST     46
 AVERAGE    68

..........................................................


THE SAULT STE MARIE MI CLIMATE NORMALS FOR TODAY
                         NORMAL    RECORD    YEAR
 MAXIMUM TEMPERATURE (F)   60        82      2000
                                             1939
 MINIMUM TEMPERATURE (F)   38        22      1976


SUNRISE AND SUNSET
MAY  6 2016...........SUNRISE   615 AM EDT   SUNSET   854 PM EDT
MAY  7 2016...........SUNRISE   614 AM EDT   SUNSET   855 PM EDT


-  INDICATES NEGATIVE NUMBERS.
R  INDICATES RECORD WAS SET OR TIED.
MM INDICATES DATA IS MISSING.
T  INDICATES TRACE AMOUNT.




$$
