000
CDUS43 KAPX 220537
CLIANJ


CLIMATE REPORT
NATIONAL WEATHER SERVICE GAYLORD MI
1236 AM EST SAT NOV 22 2014


...................................

...THE SAULT STE MARIE MI CLIMATE SUMMARY FOR NOVEMBER 21 2014...

CLIMATE NORMAL PERIOD 1981 TO 2010
CLIMATE RECORD PERIOD 1888 TO 2014


WEATHER ITEM   OBSERVED TIME   RECORD YEAR NORMAL DEPARTURE LAST
                VALUE   (LST)  VALUE       VALUE  FROM      YEAR
                                                  NORMAL
..................................................................
TEMPERATURE (F)
 YESTERDAY
  MAXIMUM         28        MM  63    1913  38    -10       39
  MINIMUM          7        MM  -1    1895  26    -19       36
  AVERAGE         18                        32    -14       38

PRECIPITATION (IN)
  YESTERDAY        0.09          1.52 1990   0.12  -0.03      T
  MONTH TO DATE    4.56                      2.38   2.18     5.77
  SINCE SEP 1     16.15                     10.00   6.15    17.12
  SINCE JAN 1     35.07                     29.17   5.90    45.41

SNOWFALL (IN)
  YESTERDAY        2.9          10.0  1929   0.6    2.3      0.0
  MONTH TO DATE   56.8                       8.6   48.2      8.0
  SINCE OCT 1     56.8                      10.2   46.6     14.7
  SINCE JUL 1     56.8                      10.2   46.6     14.7
  SNOW DEPTH      28

DEGREE DAYS
 HEATING
  YESTERDAY       47                        33     14       27
  MONTH TO DATE  780                       611    169      583
  SINCE SEP 1   1637                      1469    168     1385
  SINCE JUL 1   1818                      1616    202     1501
..................................................................


WIND (MPH)
  HIGHEST WIND SPEED    12   HIGHEST WIND DIRECTION    SW (210)
  HIGHEST GUST SPEED    MM   HIGHEST GUST DIRECTION    MM
  AVERAGE WIND SPEED     6.2




RELATIVE HUMIDITY (PERCENT)
 HIGHEST    88
 LOWEST     62
 AVERAGE    75

..........................................................


THE SAULT STE MARIE MI CLIMATE NORMALS FOR TODAY
                         NORMAL    RECORD    YEAR
 MAXIMUM TEMPERATURE (F)   37        65      2012
 MINIMUM TEMPERATURE (F)   26        -3      1956


SUNRISE AND SUNSET
NOVEMBER 22 2014......SUNRISE   749 AM EST   SUNSET   458 PM EST
NOVEMBER 23 2014......SUNRISE   750 AM EST   SUNSET   457 PM EST


-  INDICATES NEGATIVE NUMBERS.
R  INDICATES RECORD WAS SET OR TIED.
MM INDICATES DATA IS MISSING.
T  INDICATES TRACE AMOUNT.




$$
