000
CDUS43 KAPX 270538
CLIANJ


CLIMATE REPORT
NATIONAL WEATHER SERVICE GAYLORD MI
137 AM EDT WED MAY 27 2015


...................................

...THE SAULT STE MARIE MI CLIMATE SUMMARY FOR MAY 26 2015...

CLIMATE NORMAL PERIOD 1981 TO 2010
CLIMATE RECORD PERIOD 1888 TO 2015


WEATHER ITEM   OBSERVED TIME   RECORD YEAR NORMAL DEPARTURE LAST
                VALUE   (LST)  VALUE       VALUE  FROM      YEAR
                                                  NORMAL
..................................................................
TEMPERATURE (F)
 YESTERDAY
  MAXIMUM         77    333 PM  86    2010  66     11       81
  MINIMUM         57    621 AM  24    1969  43     14       51
  AVERAGE         67                        55     12       66

PRECIPITATION (IN)
  YESTERDAY        0.06          1.73 1956   0.09  -0.03     0.00
  MONTH TO DATE    1.93                      2.12  -0.19     2.77
  SINCE MAR 1      5.09                      6.46  -1.37     8.68
  SINCE JAN 1      8.46                      9.99  -1.53    12.04

DEGREE DAYS
 HEATING
  YESTERDAY        0                        11    -11        0
  MONTH TO DATE  314                       364    -50      436
  SINCE MAR 1   2437                      2307    130     2820
  SINCE JUL 1   9216                      8433    783     9600

 COOLING
  YESTERDAY        2                         0      2        1
  MONTH TO DATE    2                         0      2        2
  SINCE MAR 1      2                         0      2        2
  SINCE JAN 1      2                         0      2        2
..................................................................


WIND (MPH)
  HIGHEST WIND SPEED    15   HIGHEST WIND DIRECTION     S (200)
  HIGHEST GUST SPEED    19   HIGHEST GUST DIRECTION     S (200)
  AVERAGE WIND SPEED     6.7




RELATIVE HUMIDITY (PERCENT)
 HIGHEST    97
 LOWEST     64
 AVERAGE    81

..........................................................


THE SAULT STE MARIE MI CLIMATE NORMALS FOR TODAY
                         NORMAL    RECORD    YEAR
 MAXIMUM TEMPERATURE (F)   66        90      1911
 MINIMUM TEMPERATURE (F)   44        27      1983


SUNRISE AND SUNSET
MAY 27 2015...........SUNRISE   552 AM EDT   SUNSET   918 PM EDT
MAY 28 2015...........SUNRISE   551 AM EDT   SUNSET   919 PM EDT


-  INDICATES NEGATIVE NUMBERS.
R  INDICATES RECORD WAS SET OR TIED.
MM INDICATES DATA IS MISSING.
T  INDICATES TRACE AMOUNT.




$$
