000
CDUS43 KAPX 200530
CLIANJ


CLIMATE REPORT
NATIONAL WEATHER SERVICE GAYLORD MI
1230 AM EST MON FEB 20 2017


...................................

...THE SAULT STE MARIE MI CLIMATE SUMMARY FOR FEBRUARY 19 2017...

CLIMATE NORMAL PERIOD 1981 TO 2010
CLIMATE RECORD PERIOD 1888 TO 2017


WEATHER ITEM   OBSERVED TIME   RECORD YEAR NORMAL DEPARTURE LAST
                VALUE   (LST)  VALUE       VALUE  FROM      YEAR
                                                  NORMAL
..................................................................
TEMPERATURE (F)
 YESTERDAY
  MAXIMUM         44    307 PM  46    1994  27     17       38
  MINIMUM         29   1159 PM -23    1910  10     19       28
  AVERAGE         37                        18     19       33

PRECIPITATION (IN)
  YESTERDAY        0.00          1.10 2013   0.05  -0.05     0.17
  MONTH TO DATE    2.06                      0.91   1.15     1.05
  SINCE DEC 1      8.97                      5.89   3.08     8.01
  SINCE JAN 1      4.72                      3.10   1.62     2.60

SNOWFALL (IN)
  YESTERDAY        0.0           9.5  2013   0.5   -0.5      1.7
  MONTH TO DATE   32.7                      13.5   19.2     15.4
  SINCE OCT 1    117.7                      95.1   22.6     54.4
  SINCE JUL 1    117.7                      95.1   22.6     54.4
  SNOW DEPTH      20

DEGREE DAYS
 HEATING
  YESTERDAY       28                        47    -19       32
  MONTH TO DATE  802                       918   -116      898
  SINCE DEC 1   3300                      3786   -486     3263
  SINCE JUL 1   4570                      5718  -1148     4754
..................................................................


WIND (MPH)
  HIGHEST WIND SPEED    16   HIGHEST WIND DIRECTION    NW (310)
  HIGHEST GUST SPEED    23   HIGHEST GUST DIRECTION    NW (300)
  AVERAGE WIND SPEED     7.0




RELATIVE HUMIDITY (PERCENT)
 HIGHEST    92
 LOWEST     53
 AVERAGE    73

..........................................................


THE SAULT STE MARIE MI CLIMATE NORMALS FOR TODAY
                         NORMAL    RECORD    YEAR
 MAXIMUM TEMPERATURE (F)   27        47      1983
 MINIMUM TEMPERATURE (F)   10       -27      1934


SUNRISE AND SUNSET
FEBRUARY 20 2017......SUNRISE   732 AM EST   SUNSET   611 PM EST
FEBRUARY 21 2017......SUNRISE   730 AM EST   SUNSET   612 PM EST


-  INDICATES NEGATIVE NUMBERS.
R  INDICATES RECORD WAS SET OR TIED.
MM INDICATES DATA IS MISSING.
T  INDICATES TRACE AMOUNT.




$$
