000
CDUS43 KAPX 242141
CLIANJ


CLIMATE REPORT
NATIONAL WEATHER SERVICE GAYLORD MI
541 PM EDT MON JUL 24 2017


...................................

...THE SAULT STE MARIE MI CLIMATE SUMMARY FOR JULY 24 2017...
VALID TODAY AS OF 0500 PM LOCAL TIME.

CLIMATE NORMAL PERIOD 1981 TO 2010
CLIMATE RECORD PERIOD 1888 TO 2017


WEATHER ITEM   OBSERVED TIME   RECORD YEAR NORMAL DEPARTURE LAST
                VALUE   (LST)  VALUE       VALUE  FROM      YEAR
                                                  NORMAL
..................................................................
TEMPERATURE (F)
 TODAY
  MAXIMUM         74    104 PM  92    1941  77     -3       74
  MINIMUM         51    532 AM  42    1992  55     -4       66
  AVERAGE         63                        66     -3       70

PRECIPITATION (IN)
  TODAY            0.00          1.10 1996   0.09  -0.09     0.43
  MONTH TO DATE    3.89                      2.14   1.75     3.15
  SINCE JUN 1      7.61                      4.84   2.77     5.03
  SINCE JAN 1     21.05                     15.28   5.77    15.58

DEGREE DAYS
 HEATING
  TODAY            2                         2      0        0
  MONTH TO DATE   31                        58    -27       23
  SINCE JUN 1    143                       238    -95      186
  SINCE JUL 1     31                        58    -27       23

 COOLING
  TODAY            0                         3     -3        5
  MONTH TO DATE   44                        63    -19       95
  SINCE JUN 1     62                        93    -31      131
  SINCE JAN 1     63                        98    -35      142
..................................................................


WIND (MPH)
  RESULTANT WIND SPEED   5   RESULTANT WIND DIRECTION   N (340)
  HIGHEST WIND SPEED    15   HIGHEST WIND DIRECTION    NW (300)
  HIGHEST GUST SPEED    20   HIGHEST GUST DIRECTION     W (290)
  AVERAGE WIND SPEED     6.6


SKY COVER
  POSSIBLE SUNSHINE  MM
  AVERAGE SKY COVER 0.0


WEATHER CONDITIONS
 THE FOLLOWING WEATHER WAS RECORDED TODAY.
  FOG


RELATIVE HUMIDITY (PERCENT)
 HIGHEST    93           600 AM
 LOWEST     46          1200 PM
 AVERAGE    70

..........................................................


THE SAULT STE MARIE MI CLIMATE NORMALS FOR TOMORROW
                         NORMAL    RECORD    YEAR
 MAXIMUM TEMPERATURE (F)   77        91      1917
 MINIMUM TEMPERATURE (F)   55        41      1891


SUNRISE AND SUNSET
JULY 24 2017..........SUNRISE   609 AM EDT   SUNSET   918 PM EDT
JULY 25 2017..........SUNRISE   610 AM EDT   SUNSET   917 PM EDT


-  INDICATES NEGATIVE NUMBERS.
R  INDICATES RECORD WAS SET OR TIED.
MM INDICATES DATA IS MISSING.
T  INDICATES TRACE AMOUNT.




$$
