653
CDUS43 KAPX 250536
CLIANJ


CLIMATE REPORT
NATIONAL WEATHER SERVICE GAYLORD MI
1234 AM EST SAT NOV 25 2017


...................................

...THE SAULT STE MARIE MI CLIMATE SUMMARY FOR NOVEMBER 24 2017...

CLIMATE NORMAL PERIOD 1981 TO 2010
CLIMATE RECORD PERIOD 1888 TO 2017


WEATHER ITEM   OBSERVED TIME   RECORD YEAR NORMAL DEPARTURE LAST
                VALUE   (LST)  VALUE       VALUE  FROM      YEAR
                                                  NORMAL
..................................................................
TEMPERATURE (F)
 YESTERDAY
  MAXIMUM         51    245 PM  62    1931  36     15       36
  MINIMUM         33   1250 AM  -4    1995  25      8       30
  AVERAGE         42                        31     11       33

PRECIPITATION (IN)
  YESTERDAY        0.36          1.19 2001   0.11   0.25     0.07
  MONTH TO DATE    3.80                      2.71   1.09     0.83
  SINCE SEP 1     11.45                     10.33   1.12     8.94
  SINCE JAN 1     39.21                     29.50   9.71    29.02

SNOWFALL (IN)
  YESTERDAY        0.0           5.3  1985   0.6   -0.6      0.7
  MONTH TO DATE   13.9                      10.5    3.4      6.4
  SINCE OCT 1     14.6                      12.1    2.5      6.4
  SINCE JUL 1     14.6                      12.1    2.5      6.4
  SNOW DEPTH       2

DEGREE DAYS
 HEATING
  YESTERDAY       23                        34    -11       32
  MONTH TO DATE  774                       712     62      538
  SINCE SEP 1   1324                      1570   -246     1084
  SINCE JUL 1   1407                      1717   -310     1119
..................................................................


WIND (MPH)
  HIGHEST WIND SPEED    21   HIGHEST WIND DIRECTION    SW (240)
  HIGHEST GUST SPEED    26   HIGHEST GUST DIRECTION    SW (240)
  AVERAGE WIND SPEED     7.6




RELATIVE HUMIDITY (PERCENT)
 HIGHEST    92
 LOWEST     66
 AVERAGE    79

..........................................................


THE SAULT STE MARIE MI CLIMATE NORMALS FOR TODAY
                         NORMAL    RECORD    YEAR
 MAXIMUM TEMPERATURE (F)   36        53      1908
 MINIMUM TEMPERATURE (F)   25         0      1919


SUNRISE AND SUNSET
NOVEMBER 25 2017......SUNRISE   753 AM EST   SUNSET   455 PM EST
NOVEMBER 26 2017......SUNRISE   755 AM EST   SUNSET   455 PM EST


-  INDICATES NEGATIVE NUMBERS.
R  INDICATES RECORD WAS SET OR TIED.
MM INDICATES DATA IS MISSING.
T  INDICATES TRACE AMOUNT.




$$
