000
CDAK47 PANT 160930
CLIANN

CLIMATE REPORT
NATIONAL WEATHER SERVICE ANNETTE, AK
130 AM AKDT TUE SEP 16 2014

...................................
...THE ANNETTE WSO AP CLIMATE SUMMARY FOR SEPTEMBER 15 2014...

CLIMATE NORMAL PERIOD  1981 TO  2010
CLIMATE RECORD PERIOD  1948 TO  2014

WEATHER ITEM   OBSERVED TIME    RECORD YEAR NORMAL DEPARTURE LAST
               VALUE    (LST)   VALUE       VALUE  FROM      YEAR
                                                   NORMAL
...................................................................
TEMPERATURE
YESTERDAY
 MAXIMUM            66  1248 PM    75  1967     60       6     68
 MINIMUM            51  0546 AM    39  1973     49       2     47
 AVERAGE            59                          54       5     58

PRECIPITATION
(INCHES)
 YESTERDAY        0.00           1.73  1981   0.32   -0.32   0.05
 MONTH TO DATE    0.20                        4.59   -4.39   0.60
 SINCE SEP 1      0.20                        4.59   -4.39   0.60
 SINCE JAN 1     62.28                       59.50    2.78  52.20

SNOWFALL
(INCHES)
 YESTERDAY         0.0            0.0  2014    0.0     0.0    0.0
 MONTH TO DATE     0.0                         0.0     0.0    0.0
 SINCE SEP 1       0.0                         0.0     0.0    0.0
 SINCE JUL 1       0.0                         0.0     0.0    0.0
 SNOW DEPTH (IN)     0                                          0

DEGREE DAYS
 HEATING
  YESTERDAY          6                          11      -5      7
  MONTH TO DATE     97                         145     -48     64
  SINCE SEP 1       97                         145     -48     64
  SINCE JUL 1      666                         546     120    366

 COOLING
  YESTERDAY          0                           0       0      0
  MONTH TO DATE      0                           0       0      0
  SINCE SEP 1        0                           0       0      0
  SINCE JAN 1       MM                           0      MM     22
...................................................................

WIND (MPH)
 HIGHEST WIND SPEED     8     HIGHEST WIND DIRECTION    300
 HIGHEST GUST SPEED    10     HIGHEST GUST DIRECTION    310
 AVERAGE WIND SPEED   1.9

SKY COVER
  POSSIBLE SUNSHINE    MM          AVERAGE SKY COVER     MM

WEATHER CONDITIONS
 THE FOLLOWING WEATHER WAS RECORDED YESTERDAY.


RELATIVE HUMIDITY
 HIGHEST RH     MM PERCENT       MM
 LOWEST  RH     MM PERCENT       MM
 AVERAGE RH     MM PERCENT       MM
...................................................................

THE ANNETTE CLIMATE NORMALS FOR TODAY
                           NORMAL    RECORD   YEAR
 MAXIMUM TEMPERATURE (F)     59        73     1995
 MINIMUM TEMPERATURE (F)     48        40     1992

SUNRISE AND SUNSET
 SEP 16 2014..........SUNRISE  6:21 AM      SUNSET  7:01 PM
 SEP 17 2014..........SUNRISE  6:23 AM      SUNSET  6:58 PM

-  INDICATES NEGATIVE NUMBERS.
R  INDICATES RECORD HAS BEEN SET OR TIED.
MM INDICATES DATA IS MISSING.
T  INDICATES TRACE OF PRECIPITATION.

&&
-------------------------------------------------------------------

AMOUNT OF DAYLIGHT TODAY  (HOUR:MIN)........12 HOURS 40 MINUTES
GAIN/LOSS SINCE YESTERDAY (HOUR:MIN:SEC)....-0:04:26

$$
JH SEP 14
