000
CDAK47 PANT 020009
CLIANN

CLIMATE REPORT
NATIONAL WEATHER SERVICE ANNETTE, AK
409 PM AKDT FRI AUG 1 2014

...................................
...THE ANNETTE WSO AP CLIMATE SUMMARY FOR AUGUST 1 2014...
VALID TODAY AS OF 2:00 PM LOCAL TIME

CLIMATE NORMAL PERIOD  1981 TO  2010
CLIMATE RECORD PERIOD  1948 TO  2014

WEATHER ITEM   OBSERVED TIME    RECORD YEAR NORMAL DEPARTURE LAST
               VALUE    (LST)   VALUE       VALUE  FROM      YEAR
                                                   NORMAL
...................................................................
TEMPERATURE
TODAY
 MAXIMUM            73  0253 PM    82  1999     66       7     72
 MINIMUM            MM    MM       45  1973     54      MM     55
 AVERAGE            MM                          60      MM     64

PRECIPITATION
(INCHES)
 TODAY            0.00           1.12  1958   0.17   -0.17   0.00
 MONTH TO DATE    0.00                        0.17   -0.17   0.00
 SINCE JUN 1     15.35                        9.70    5.65   7.58
 SINCE JAN 1     56.15                       48.12    8.03  46.89

SNOWFALL
(INCHES)
 TODAY             0.0            0.0  2014    0.0     0.0    0.0
 MONTH TO DATE     0.0                         0.0     0.0    0.0
 SINCE JUN 1       0.0                         0.0     0.0    0.0
 SINCE JUL 1       0.0                         0.0     0.0    0.0
 SNOW DEPTH (IN)     0                                          0

DEGREE DAYS
 HEATING
  TODAY             MM                           5      MM      1
  MONTH TO DATE     MM                           5      MM      1
  SINCE JUN 1      729                         509     220    372
  SINCE JUL 1      402                         211     191    152

 COOLING
  TODAY             MM                           0      MM      0
  MONTH TO DATE     MM                           0      MM      0
  SINCE JUN 1        8                           0       8     20
  SINCE JAN 1       MM                           0      MM     20
...................................................................

WIND (MPH)
 HIGHEST WIND SPEED     9     HIGHEST WIND DIRECTION    300
 HIGHEST GUST SPEED    12     HIGHEST GUST DIRECTION    310
 AVERAGE WIND SPEED   0.0

SKY COVER
  POSSIBLE SUNSHINE  MM            AVERAGE SKY COVER MM

WEATHER CONDITIONS
 THE FOLLOWING WEATHER WAS RECORDED TODAY.
NO SIGNIFICANT WEATHER WAS OBSERVED.

RELATIVE HUMIDITY
 HIGHEST RH     MM PERCENT       MM
 LOWEST  RH     MM PERCENT       MM
 AVERAGE RH     MM PERCENT       MM
...................................................................

THE ANNETTE CLIMATE NORMALS FOR TOMORROW
                        NORMAL    RECORD   YEAR
 MAXIMUM TEMPERATURE      66        77     1993
 MINIMUM TEMPERATURE      54        47     1975

SUNRISE AND SUNSET
 AUG 1 2014..........SUNRISE  4:56 AM      SUNSET  8:49 PM
 AUG 2 2014..........SUNRISE  4:58 AM      SUNSET  8:47 PM

-  INDICATES NEGATIVE NUMBERS.
R  INDICATES RECORD HAS BEEN SET OR TIED.
MM INDICATES DATA IS MISSING.
T  INDICATES TRACE OF PRECIPITATION.

&&
-------------------------------------------------------------------

AMOUNT OF DAYLIGHT TODAY  (HOUR:MIN)........15 HOURS 53 MINUTES
GAIN/LOSS SINCE YESTERDAY (HOUR:MIN:SEC)....-0:03:41

$$
TR AUG 14
