000
CDAK47 PANT 260930
CLIANN

CLIMATE REPORT
NATIONAL WEATHER SERVICE ANNETTE, AK
130 AM AKDT FRI AUG 26 2016

...................................
...THE ANNETTE WSO AP CLIMATE SUMMARY FOR AUGUST 25 2016...

CLIMATE NORMAL PERIOD  1981 TO  2010
CLIMATE RECORD PERIOD  1948 TO  2016

WEATHER ITEM   OBSERVED TIME    RECORD YEAR NORMAL DEPARTURE LAST
               VALUE    (LST)   VALUE       VALUE  FROM      YEAR
                                                   NORMAL
...................................................................
TEMPERATURE
YESTERDAY
 MAXIMUM            79R 0117 PM    79  1987     64      15     72
 MINIMUM            61  0530 AM    43  1948     52       9     53
 AVERAGE            70                          58      12     63

PRECIPITATION
(INCHES)
 YESTERDAY        0.00           2.43  1950   0.26   -0.26   0.00
 MONTH TO DATE    2.04                        5.32   -3.28   5.12
 SINCE JUN 1     10.05                       14.85   -4.80  16.75
 SINCE JAN 1     59.79                       53.27    6.52  60.23

SNOWFALL
(INCHES)
 YESTERDAY         0.0            0.0  2016    0.0     0.0    0.0
 MONTH TO DATE     0.0                         0.0     0.0    0.0
 SINCE JUN 1       0.0                         0.0     0.0    0.0
 SINCE JUL 1       0.0                         0.0     0.0    0.0
 SNOW DEPTH (IN)     0                                          0

DEGREE DAYS
 HEATING
  YESTERDAY          0                           7      -7      2
  MONTH TO DATE     50                         149     -99    127
  SINCE JUN 1      440                         653    -213    434
  SINCE JUL 1      171                         355    -184    246

 COOLING
  YESTERDAY          5                           0       5      0
  MONTH TO DATE     34                           0      34      0
  SINCE JUN 1       54                           0      54     37
  SINCE JAN 1       56                           0      56     37
...................................................................

WIND (MPH)
 HIGHEST WIND SPEED    20     HIGHEST WIND DIRECTION    320
 HIGHEST GUST SPEED    27     HIGHEST GUST DIRECTION    330
 AVERAGE WIND SPEED  10.9

SKY COVER
  POSSIBLE SUNSHINE    MM          AVERAGE SKY COVER     MM

WEATHER CONDITIONS
 THE FOLLOWING WEATHER WAS RECORDED YESTERDAY.
  NO SIGNIFICANT WEATHER WAS OBSERVED.

RELATIVE HUMIDITY
 HIGHEST RH     MM PERCENT       MM
 LOWEST  RH     MM PERCENT       MM
 AVERAGE RH     MM PERCENT       MM
...................................................................

THE ANNETTE CLIMATE NORMALS FOR TODAY
                           NORMAL    RECORD   YEAR
 MAXIMUM TEMPERATURE (F)     64        79     1989
 MINIMUM TEMPERATURE (F)     52        41     1985

SUNRISE AND SUNSET
 AUG 26 2016..........SUNRISE  5:43 AM      SUNSET  7:52 PM
 AUG 27 2016..........SUNRISE  5:45 AM      SUNSET  7:50 PM

-  INDICATES NEGATIVE NUMBERS.
R  INDICATES RECORD HAS BEEN SET OR TIED.
MM INDICATES DATA IS MISSING.
T  INDICATES TRACE OF PRECIPITATION.

&&
-------------------------------------------------------------------

AMOUNT OF DAYLIGHT TODAY  (HOUR:MIN)........14 HOURS 9 MINUTES
GAIN/LOSS SINCE YESTERDAY (HOUR:MIN:SEC)....-0:04:18

$$
JH AUG 16
