000
CDUS41 KCTP 280607
CLIAOO


CLIMATE REPORT
NATIONAL WEATHER SERVICE STATE COLLEGE PA
207 AM EDT TUE MAR 28 2017


...................................

...THE ALTOONA CLIMATE SUMMARY FOR MARCH 27 2017...

CLIMATE NORMAL PERIOD 1981 TO 2010
CLIMATE RECORD PERIOD 1948 TO 2017


WEATHER ITEM   OBSERVED TIME   RECORD YEAR NORMAL DEPARTURE LAST
                VALUE   (LST)  VALUE       VALUE  FROM      YEAR
                                                  NORMAL
..................................................................
TEMPERATURE (F)
 YESTERDAY
  MAXIMUM         71    353 PM  81    1998  51     20       62
  MINIMUM         44    227 AM  14    1955  32     12       35
  AVERAGE         58                        42     16       49

PRECIPITATION (IN)
  YESTERDAY        0.18          1.22 1983   0.11   0.07     0.00
  MONTH TO DATE    3.19                      2.63   0.56     1.10
  SINCE MAR 1      3.19                      2.63   0.56     1.10
  SINCE JAN 1      7.82                      6.84   0.98     4.94

DEGREE DAYS
 HEATING
  YESTERDAY        7                        24    -17       16
  MONTH TO DATE  773                       769      4      530
  SINCE MAR 1    773                       769      4      530
  SINCE JUL 1   4440                      5324   -884     4354

 COOLING
  YESTERDAY        0                         0      0        0
  MONTH TO DATE    0                         0      0        0
  SINCE MAR 1      0                         0      0        0
  SINCE JAN 1      0                         0      0        0
..................................................................


WIND (MPH)
  HIGHEST WIND SPEED    18   HIGHEST WIND DIRECTION     W (290)
  HIGHEST GUST SPEED    25   HIGHEST GUST DIRECTION     W (280)
  AVERAGE WIND SPEED     6.7


SKY COVER
  POSSIBLE SUNSHINE  MM
  AVERAGE SKY COVER 0.6


WEATHER CONDITIONS
 THE FOLLOWING WEATHER WAS RECORDED YESTERDAY.
  LIGHT RAIN
  FOG


RELATIVE HUMIDITY (PERCENT)
 HIGHEST   100           500 AM
 LOWEST     47           300 PM
 AVERAGE    74

..........................................................


THE ALTOONA CLIMATE NORMALS FOR TODAY
                         NORMAL    RECORD    YEAR
 MAXIMUM TEMPERATURE (F)   52        83      1998
 MINIMUM TEMPERATURE (F)   32        13      1982


SUNRISE AND SUNSET
MARCH 28 2017.........SUNRISE   703 AM EDT   SUNSET   734 PM EDT
MARCH 29 2017.........SUNRISE   702 AM EDT   SUNSET   735 PM EDT


-  INDICATES NEGATIVE NUMBERS.
R  INDICATES RECORD WAS SET OR TIED.
MM INDICATES DATA IS MISSING.
T  INDICATES TRACE AMOUNT.




$$
