000
CDUS41 KCTP 252117
CLIAOO


CLIMATE REPORT
NATIONAL WEATHER SERVICE STATE COLLEGE PA
516 PM EDT SAT OCT 25 2014


...................................

...THE ALTOONA CLIMATE SUMMARY FOR OCTOBER 25 2014...
VALID TODAY AS OF 0500 PM LOCAL TIME.

CLIMATE NORMAL PERIOD 1981 TO 2010
CLIMATE RECORD PERIOD 1948 TO 2014


WEATHER ITEM   OBSERVED TIME   RECORD YEAR NORMAL DEPARTURE LAST
                VALUE   (LST)  VALUE       VALUE  FROM      YEAR
                                                  NORMAL
..................................................................
TEMPERATURE (F)
 TODAY
  MAXIMUM         66    336 PM  77    1963  58      8       45
  MINIMUM         43    638 AM  26    1962  39      4       32
  AVERAGE         55                        49      6       39

PRECIPITATION (IN)
  TODAY            0.00          2.08 1971   0.08  -0.08     0.00
  MONTH TO DATE    2.91                      2.06   0.85     3.74
  SINCE SEP 1      3.67                      5.52  -1.85     5.78
  SINCE JAN 1     32.29                     26.44   5.85    24.79

DEGREE DAYS
 HEATING
  TODAY           10                        17     -7       26
  MONTH TO DATE  261                       331    -70      241
  SINCE SEP 1    385                       479    -94      389
  SINCE JUL 1    419                       502    -83      410

 COOLING
  TODAY            0                         0      0        0
  MONTH TO DATE    2                         0      2       32
  SINCE SEP 1     69                        47     22       87
  SINCE JAN 1    521                       522     -1      695
..................................................................


WIND (MPH)
  HIGHEST WIND SPEED    22   HIGHEST WIND DIRECTION     W (260)
  HIGHEST GUST SPEED    29   HIGHEST GUST DIRECTION     W (250)
  AVERAGE WIND SPEED     9.1


SKY COVER
  POSSIBLE SUNSHINE  MM
  AVERAGE SKY COVER 0.3


WEATHER CONDITIONS
 THE FOLLOWING WEATHER WAS RECORDED TODAY.
  NO SIGNIFICANT WEATHER WAS OBSERVED.


RELATIVE HUMIDITY (PERCENT)
 HIGHEST    83           700 AM
 LOWEST     48           300 PM
 AVERAGE    66

..........................................................


THE ALTOONA CLIMATE NORMALS FOR TOMORROW
                         NORMAL    RECORD    YEAR
 MAXIMUM TEMPERATURE (F)   58        78      1963
 MINIMUM TEMPERATURE (F)   39        24      1952


SUNRISE AND SUNSET
OCTOBER 25 2014.......SUNRISE   735 AM EDT   SUNSET   619 PM EDT
OCTOBER 26 2014.......SUNRISE   736 AM EDT   SUNSET   618 PM EDT


-  INDICATES NEGATIVE NUMBERS.
R  INDICATES RECORD WAS SET OR TIED.
MM INDICATES DATA IS MISSING.
T  INDICATES TRACE AMOUNT.




$$
