000
CDUS41 KCTP 230646
CLIAOO


CLIMATE REPORT
NATIONAL WEATHER SERVICE STATE COLLEGE PA
146 AM EST TUE JAN 23 2018


...................................

...THE ALTOONA CLIMATE SUMMARY FOR JANUARY 22 2018...

CLIMATE NORMAL PERIOD 1981 TO 2010
CLIMATE RECORD PERIOD 1948 TO 2018


WEATHER ITEM   OBSERVED TIME   RECORD YEAR NORMAL DEPARTURE LAST
                VALUE   (LST)  VALUE       VALUE  FROM      YEAR
                                                  NORMAL
..................................................................
TEMPERATURE (F)
 YESTERDAY
  MAXIMUM         58    316 PM  59    1967  34     24       46
  MINIMUM         43    933 AM  -5    1984  20     23       41
  AVERAGE         51                        27     24       44

PRECIPITATION (IN)
  YESTERDAY        0.02          0.86 1973   0.07  -0.05     0.05
  MONTH TO DATE    1.00                      1.52  -0.52     1.86
  SINCE DEC 1      1.95                      3.94  -1.99     4.18
  SINCE JAN 1      1.00                      1.52  -0.52     1.86

DEGREE DAYS
 HEATING
  YESTERDAY       14                        38    -24       21
  MONTH TO DATE  879                       836     43      699
  SINCE DEC 1   1958                      1901     57     1698
  SINCE JUL 1   3023                      3220   -197     2689

 COOLING
  YESTERDAY        0                         0      0        0
  MONTH TO DATE    0                         0      0        0
  SINCE DEC 1      0                         0      0        0
  SINCE JAN 1      0                         0      0        0
..................................................................


WIND (MPH)
  HIGHEST WIND SPEED    15   HIGHEST WIND DIRECTION     S (160)
  HIGHEST GUST SPEED    20   HIGHEST GUST DIRECTION    SE (150)
  AVERAGE WIND SPEED     3.7


SKY COVER
  POSSIBLE SUNSHINE  MM
  AVERAGE SKY COVER 0.6


WEATHER CONDITIONS
 THE FOLLOWING WEATHER WAS RECORDED YESTERDAY.
  LIGHT RAIN
  FOG


RELATIVE HUMIDITY (PERCENT)
 HIGHEST   100           200 AM
 LOWEST     63          1100 PM
 AVERAGE    82

..........................................................


THE ALTOONA CLIMATE NORMALS FOR TODAY
                         NORMAL    RECORD    YEAR
 MAXIMUM TEMPERATURE (F)   34        62      1967
 MINIMUM TEMPERATURE (F)   20        -1      2014
                                             1963


SUNRISE AND SUNSET
JANUARY 23 2018.......SUNRISE   730 AM EST   SUNSET   521 PM EST
JANUARY 24 2018.......SUNRISE   729 AM EST   SUNSET   522 PM EST


-  INDICATES NEGATIVE NUMBERS.
R  INDICATES RECORD WAS SET OR TIED.
MM INDICATES DATA IS MISSING.
T  INDICATES TRACE AMOUNT.




$$
