000
CDUS41 KCTP 210707
CLIAOO


CLIMATE REPORT
NATIONAL WEATHER SERVICE STATE COLLEGE PA
206 AM EST SUN DEC 21 2014


...................................

...THE ALTOONA CLIMATE SUMMARY FOR DECEMBER 20 2014...

CLIMATE NORMAL PERIOD 1981 TO 2010
CLIMATE RECORD PERIOD 1948 TO 2014


WEATHER ITEM   OBSERVED TIME   RECORD YEAR NORMAL DEPARTURE LAST
                VALUE   (LST)  VALUE       VALUE  FROM      YEAR
                                                  NORMAL
..................................................................
TEMPERATURE (F)
 YESTERDAY
  MAXIMUM         32    329 PM  60    1988  36     -4       52
  MINIMUM         20    805 AM   1    1963  22     -2       38
  AVERAGE         26                        29     -3       45

PRECIPITATION (IN)
  YESTERDAY        0.00          0.94 1951   0.06  -0.06      T
  MONTH TO DATE    1.46                      1.66  -0.20     1.40
  SINCE DEC 1      1.46                      1.66  -0.20     1.40
  SINCE JAN 1     35.45                     31.87   3.58    28.69

DEGREE DAYS
 HEATING
  YESTERDAY       39                        36      3       20
  MONTH TO DATE  624                       659    -35      636
  SINCE DEC 1    624                       659    -35      636
  SINCE JUL 1   1926                      1969    -43     1946

 COOLING
  YESTERDAY        0                         0      0        0
  MONTH TO DATE    0                         0      0        0
  SINCE DEC 1      0                         0      0        0
  SINCE JAN 1    521                       522     -1      695
..................................................................


WIND (MPH)
  HIGHEST WIND SPEED    14   HIGHEST WIND DIRECTION    NW (330)
  HIGHEST GUST SPEED    17   HIGHEST GUST DIRECTION     N (340)
  AVERAGE WIND SPEED     3.3


SKY COVER
  POSSIBLE SUNSHINE  MM
  AVERAGE SKY COVER 0.6


WEATHER CONDITIONS
 THE FOLLOWING WEATHER WAS RECORDED YESTERDAY.
  FOG


RELATIVE HUMIDITY (PERCENT)
 HIGHEST    88          1000 PM
 LOWEST     68          1200 AM
 AVERAGE    78

..........................................................


THE ALTOONA CLIMATE NORMALS FOR TODAY
                         NORMAL    RECORD    YEAR
 MAXIMUM TEMPERATURE (F)   36        61      2013
 MINIMUM TEMPERATURE (F)   22        -2      1989


SUNRISE AND SUNSET
DECEMBER 21 2014......SUNRISE   732 AM EST   SUNSET   450 PM EST
DECEMBER 22 2014......SUNRISE   733 AM EST   SUNSET   451 PM EST


-  INDICATES NEGATIVE NUMBERS.
R  INDICATES RECORD WAS SET OR TIED.
MM INDICATES DATA IS MISSING.
T  INDICATES TRACE AMOUNT.




$$
