000
CDUS41 KCTP 060644
CLIAOO


CLIMATE REPORT
NATIONAL WEATHER SERVICE STATE COLLEGE PA
143 AM EST TUE DEC 6 2016


...................................

...THE ALTOONA CLIMATE SUMMARY FOR DECEMBER 5 2016...

CLIMATE NORMAL PERIOD 1981 TO 2010
CLIMATE RECORD PERIOD 1948 TO 2016


WEATHER ITEM   OBSERVED TIME   RECORD YEAR NORMAL DEPARTURE LAST
                VALUE   (LST)  VALUE       VALUE  FROM      YEAR
                                                  NORMAL
..................................................................
TEMPERATURE (F)
 YESTERDAY
  MAXIMUM         43    229 PM  73    2001  41      2       48
  MINIMUM         29   1153 PM  13    1966  27      2       26
  AVERAGE         36                        34      2       37

PRECIPITATION (IN)
  YESTERDAY        0.17          0.94 1994   0.09   0.08     0.00
  MONTH TO DATE    0.23                      0.46  -0.23     1.09
  SINCE DEC 1      0.23                      0.46  -0.23     1.09
  SINCE JAN 1     24.37                     30.67  -6.30    32.17

DEGREE DAYS
 HEATING
  YESTERDAY       29                        31     -2       28
  MONTH TO DATE  132                       152    -20      125
  SINCE DEC 1    132                       152    -20      125
  SINCE JUL 1   1123                      1462   -339     1118

 COOLING
  YESTERDAY        0                         0      0        0
  MONTH TO DATE    0                         0      0        0
  SINCE DEC 1      0                         0      0        0
  SINCE JAN 1    873                       522    351      696
..................................................................


WIND (MPH)
  HIGHEST WIND SPEED    18   HIGHEST WIND DIRECTION    NW (300)
  HIGHEST GUST SPEED    27   HIGHEST GUST DIRECTION     W (280)
  AVERAGE WIND SPEED     7.8


SKY COVER
  POSSIBLE SUNSHINE  MM
  AVERAGE SKY COVER 0.6


WEATHER CONDITIONS
 THE FOLLOWING WEATHER WAS RECORDED YESTERDAY.
  LIGHT RAIN
  FOG


RELATIVE HUMIDITY (PERCENT)
 HIGHEST   100           400 AM
 LOWEST     57           300 PM
 AVERAGE    79

..........................................................


THE ALTOONA CLIMATE NORMALS FOR TODAY
                         NORMAL    RECORD    YEAR
 MAXIMUM TEMPERATURE (F)   41        74      1998
 MINIMUM TEMPERATURE (F)   27         4      2007


SUNRISE AND SUNSET
DECEMBER  6 2016......SUNRISE   722 AM EST   SUNSET   447 PM EST
DECEMBER  7 2016......SUNRISE   723 AM EST   SUNSET   447 PM EST


-  INDICATES NEGATIVE NUMBERS.
R  INDICATES RECORD WAS SET OR TIED.
MM INDICATES DATA IS MISSING.
T  INDICATES TRACE AMOUNT.




$$
