000
CDUS41 KCTP 300629
CLIAOO


CLIMATE REPORT
NATIONAL WEATHER SERVICE STATE COLLEGE PA
229 AM EDT WED JUL 30 2014


...................................

...THE ALTOONA CLIMATE SUMMARY FOR JULY 29 2014...

CLIMATE NORMAL PERIOD 1981 TO 2010
CLIMATE RECORD PERIOD 1948 TO 2014


WEATHER ITEM   OBSERVED TIME   RECORD YEAR NORMAL DEPARTURE LAST
                VALUE   (LST)  VALUE       VALUE  FROM      YEAR
                                                  NORMAL
..................................................................
TEMPERATURE (F)
 YESTERDAY
  MAXIMUM         67    352 PM  94    2002  81    -14       75
  MINIMUM         51   1144 PM  50    1965  60     -9       51
  AVERAGE         59                        71    -12       63

PRECIPITATION (IN)
  YESTERDAY        0.00          1.49 1959   0.10  -0.10     0.00
  MONTH TO DATE    3.33                      3.06   0.27     2.02
  SINCE JUN 1     10.10                      6.54   3.56     5.31
  SINCE JAN 1     23.60                     20.72   2.88    16.16

DEGREE DAYS
 HEATING
  YESTERDAY        6                         0      6        2
  MONTH TO DATE   10                         1      9        4
  SINCE JUN 1     25                        59    -34       24
  SINCE JUL 1     10                         1      9        4

 COOLING
  YESTERDAY        0                         6     -6        0
  MONTH TO DATE  167                       173     -6      257
  SINCE JUN 1    304                       282     22      385
  SINCE JAN 1    351                       315     36      459
..................................................................


WIND (MPH)
  HIGHEST WIND SPEED    15   HIGHEST WIND DIRECTION    NW (310)
  HIGHEST GUST SPEED    22   HIGHEST GUST DIRECTION    NW (310)
  AVERAGE WIND SPEED     5.8


SKY COVER
  POSSIBLE SUNSHINE  MM
  AVERAGE SKY COVER 0.6


WEATHER CONDITIONS
 THE FOLLOWING WEATHER WAS RECORDED YESTERDAY.
  NO SIGNIFICANT WEATHER WAS OBSERVED.


RELATIVE HUMIDITY (PERCENT)
 HIGHEST    93          1100 PM
 LOWEST     48           100 PM
 AVERAGE    71

..........................................................


THE ALTOONA CLIMATE NORMALS FOR TODAY
                         NORMAL    RECORD    YEAR
 MAXIMUM TEMPERATURE (F)   81        92      1983
 MINIMUM TEMPERATURE (F)   60        48      1956


SUNRISE AND SUNSET
JULY 30 2014..........SUNRISE   609 AM EDT   SUNSET   830 PM EDT
JULY 31 2014..........SUNRISE   610 AM EDT   SUNSET   829 PM EDT


-  INDICATES NEGATIVE NUMBERS.
R  INDICATES RECORD WAS SET OR TIED.
MM INDICATES DATA IS MISSING.
T  INDICATES TRACE AMOUNT.




$$
