000
CDUS41 KCTP 232117
CLIAOO


CLIMATE REPORT
NATIONAL WEATHER SERVICE STATE COLLEGE PA
517 PM EDT MON OCT 23 2017


...................................

...THE ALTOONA CLIMATE SUMMARY FOR OCTOBER 23 2017...
VALID TODAY AS OF 0500 PM LOCAL TIME.

CLIMATE NORMAL PERIOD 1981 TO 2010
CLIMATE RECORD PERIOD 1948 TO 2017


WEATHER ITEM   OBSERVED TIME   RECORD YEAR NORMAL DEPARTURE LAST
                VALUE   (LST)  VALUE       VALUE  FROM      YEAR
                                                  NORMAL
..................................................................
TEMPERATURE (F)
 TODAY
  MAXIMUM         68    359 PM  75    1975  59      9       62
  MINIMUM         55    407 AM  26    1969  39     16       43
  AVERAGE         62                        49     13       53

PRECIPITATION (IN)
  TODAY            0.00          1.30 1990   0.08  -0.08     0.00
  MONTH TO DATE    1.96                      1.89   0.07     1.43
  SINCE SEP 1      3.46                      5.35  -1.89     4.61
  SINCE JAN 1     33.88                     26.27   7.61    22.27

DEGREE DAYS
 HEATING
  TODAY            3                        16    -13       12
  MONTH TO DATE  105                       298   -193      209
  SINCE SEP 1    215                       446   -231      264
  SINCE JUL 1    249                       469   -220      268

 COOLING
  TODAY            0                         0      0        0
  MONTH TO DATE   47                         0     47       11
  SINCE SEP 1    113                        47     66      129
  SINCE JAN 1    655                       522    133      873
..................................................................


WIND (MPH)
  HIGHEST WIND SPEED    24   HIGHEST WIND DIRECTION    SE (150)
  HIGHEST GUST SPEED    34   HIGHEST GUST DIRECTION    SE (150)
  AVERAGE WIND SPEED     8.8


SKY COVER
  POSSIBLE SUNSHINE  MM
  AVERAGE SKY COVER 0.5


WEATHER CONDITIONS
 THE FOLLOWING WEATHER WAS RECORDED TODAY.
  NO SIGNIFICANT WEATHER WAS OBSERVED.


RELATIVE HUMIDITY (PERCENT)
 HIGHEST    84           800 AM
 LOWEST     68          1200 PM
 AVERAGE    76

..........................................................


THE ALTOONA CLIMATE NORMALS FOR TOMORROW
                         NORMAL    RECORD    YEAR
 MAXIMUM TEMPERATURE (F)   59        77      1963
 MINIMUM TEMPERATURE (F)   39        20      1969


SUNRISE AND SUNSET
OCTOBER 23 2017.......SUNRISE   733 AM EDT   SUNSET   622 PM EDT
OCTOBER 24 2017.......SUNRISE   734 AM EDT   SUNSET   620 PM EDT


-  INDICATES NEGATIVE NUMBERS.
R  INDICATES RECORD WAS SET OR TIED.
MM INDICATES DATA IS MISSING.
T  INDICATES TRACE AMOUNT.




$$
