000
CDUS41 KCTP 202219
CLIAOO


CLIMATE REPORT
NATIONAL WEATHER SERVICE STATE COLLEGE PA
519 PM EST FRI JAN 20 2017


...................................

...THE ALTOONA CLIMATE SUMMARY FOR JANUARY 20 2017...
VALID TODAY AS OF 0500 PM LOCAL TIME.

CLIMATE NORMAL PERIOD 1981 TO 2010
CLIMATE RECORD PERIOD 1948 TO 2017


WEATHER ITEM   OBSERVED TIME   RECORD YEAR NORMAL DEPARTURE LAST
                VALUE   (LST)  VALUE       VALUE  FROM      YEAR
                                                  NORMAL
..................................................................
TEMPERATURE (F)
 TODAY
  MAXIMUM         44    237 PM  67    1951  34     10       22
  MINIMUM         29   1236 AM -16    1985  20      9       11
  AVERAGE         37                        27     10       17

PRECIPITATION (IN)
  TODAY            0.12          1.03 1978   0.07   0.05      T
  MONTH TO DATE    1.80                      1.38   0.42     1.43
  SINCE DEC 1      4.12                      3.80   0.32     5.17
  SINCE JAN 1      1.80                      1.38   0.42     1.43

DEGREE DAYS
 HEATING
  TODAY           28                        38    -10       48
  MONTH TO DATE  656                       760   -104      771
  SINCE DEC 1   1655                      1825   -170     1418
  SINCE JUL 1   2646                      3135   -489     2411

 COOLING
  TODAY            0                         0      0        0
  MONTH TO DATE    0                         0      0        0
  SINCE DEC 1      0                         0      0        0
  SINCE JAN 1      0                         0      0        0
..................................................................


WIND (MPH)
  HIGHEST WIND SPEED     8   HIGHEST WIND DIRECTION     S (180)
  HIGHEST GUST SPEED    10   HIGHEST GUST DIRECTION     S (180)
  AVERAGE WIND SPEED     2.2


SKY COVER
  POSSIBLE SUNSHINE  MM
  AVERAGE SKY COVER 0.6


WEATHER CONDITIONS
 THE FOLLOWING WEATHER WAS RECORDED TODAY.
  RAIN
  LIGHT RAIN
  FOG


RELATIVE HUMIDITY (PERCENT)
 HIGHEST   100          1200 AM
 LOWEST     89           600 AM
 AVERAGE    95

..........................................................


THE ALTOONA CLIMATE NORMALS FOR TOMORROW
                         NORMAL    RECORD    YEAR
 MAXIMUM TEMPERATURE (F)   34        61      1959
 MINIMUM TEMPERATURE (F)   20       -19      1985


SUNRISE AND SUNSET
JANUARY 20 2017.......SUNRISE   731 AM EST   SUNSET   518 PM EST
JANUARY 21 2017.......SUNRISE   731 AM EST   SUNSET   519 PM EST


-  INDICATES NEGATIVE NUMBERS.
R  INDICATES RECORD WAS SET OR TIED.
MM INDICATES DATA IS MISSING.
T  INDICATES TRACE AMOUNT.




$$
