000
CDUS41 KCTP 222117
CLIAOO


CLIMATE REPORT
NATIONAL WEATHER SERVICE STATE COLLEGE PA
517 PM EDT MON MAY 22 2017


...................................

...THE ALTOONA CLIMATE SUMMARY FOR MAY 22 2017...
VALID TODAY AS OF 0500 PM LOCAL TIME.

CLIMATE NORMAL PERIOD 1981 TO 2010
CLIMATE RECORD PERIOD 1948 TO 2017


WEATHER ITEM   OBSERVED TIME   RECORD YEAR NORMAL DEPARTURE LAST
                VALUE   (LST)  VALUE       VALUE  FROM      YEAR
                                                  NORMAL
..................................................................
TEMPERATURE (F)
 TODAY
  MAXIMUM         78    248 PM  88    2013  71      7       57
  MINIMUM         58    636 AM  31    2002  49      9       48
  AVERAGE         68                        60      8       53

PRECIPITATION (IN)
  TODAY            T             1.49 1983   0.13  -0.13     0.50
  MONTH TO DATE    3.66                      2.62   1.04     3.08
  SINCE MAR 1     10.27                      8.88   1.39     5.99
  SINCE JAN 1     14.90                     13.09   1.81     9.83

DEGREE DAYS
 HEATING
  TODAY            0                         6     -6       12
  MONTH TO DATE  182                       194    -12      244
  SINCE MAR 1   1272                      1542   -270     1339
  SINCE JUL 1   4939                      6098  -1159     5163

 COOLING
  TODAY            3                         1      2        0
  MONTH TO DATE   44                        12     32        0
  SINCE MAR 1     64                        18     46        0
  SINCE JAN 1     64                        18     46        0
..................................................................


WIND (MPH)
  HIGHEST WIND SPEED    20   HIGHEST WIND DIRECTION     W (270)
  HIGHEST GUST SPEED    25   HIGHEST GUST DIRECTION     W (260)
  AVERAGE WIND SPEED     8.4


SKY COVER
  POSSIBLE SUNSHINE  MM
  AVERAGE SKY COVER 0.8


WEATHER CONDITIONS
 THE FOLLOWING WEATHER WAS RECORDED TODAY.
  LIGHT RAIN
  FOG


RELATIVE HUMIDITY (PERCENT)
 HIGHEST    86           400 AM
 LOWEST     38           300 PM
 AVERAGE    62

..........................................................


THE ALTOONA CLIMATE NORMALS FOR TOMORROW
                         NORMAL    RECORD    YEAR
 MAXIMUM TEMPERATURE (F)   71        88      1964
 MINIMUM TEMPERATURE (F)   49        34      2015
                                             2006


SUNRISE AND SUNSET
MAY 22 2017...........SUNRISE   551 AM EDT   SUNSET   829 PM EDT
MAY 23 2017...........SUNRISE   551 AM EDT   SUNSET   830 PM EDT


-  INDICATES NEGATIVE NUMBERS.
R  INDICATES RECORD WAS SET OR TIED.
MM INDICATES DATA IS MISSING.
T  INDICATES TRACE AMOUNT.




$$
