000
CDUS41 KCTP 210627
CLIAOO


CLIMATE REPORT
NATIONAL WEATHER SERVICE STATE COLLEGE PA
227 AM EDT SUN SEP 21 2014


...................................

...THE ALTOONA CLIMATE SUMMARY FOR SEPTEMBER 20 2014...

CLIMATE NORMAL PERIOD 1981 TO 2010
CLIMATE RECORD PERIOD 1948 TO 2014


WEATHER ITEM   OBSERVED TIME   RECORD YEAR NORMAL DEPARTURE LAST
                VALUE   (LST)  VALUE       VALUE  FROM      YEAR
                                                  NORMAL
..................................................................
TEMPERATURE (F)
 YESTERDAY
  MAXIMUM         78    244 PM  87    1965  71      7       79
  MINIMUM         60    643 AM  33    1956  50     10       50
  AVERAGE         69                        60      9       65

PRECIPITATION (IN)
  YESTERDAY        0.00          0.73 1957   0.12  -0.12     0.00
  MONTH TO DATE    0.17                      2.36  -2.19     1.22
  SINCE SEP 1      0.17                      2.36  -2.19     1.22
  SINCE JAN 1     28.79                     23.28   5.51    20.23

DEGREE DAYS
 HEATING
  YESTERDAY        0                         6     -6        0
  MONTH TO DATE   71                        69      2       74
  SINCE SEP 1     71                        69      2       74
  SINCE JUL 1    105                        93     12       95

 COOLING
  YESTERDAY        4                         1      3        0
  MONTH TO DATE   65                        39     26       55
  SINCE SEP 1     65                        39     26       55
  SINCE JAN 1    517                       512      5      663
..................................................................


WIND (MPH)
  HIGHEST WIND SPEED    18   HIGHEST WIND DIRECTION     S (170)
  HIGHEST GUST SPEED    23   HIGHEST GUST DIRECTION     S (160)
  AVERAGE WIND SPEED    10.7


SKY COVER
  POSSIBLE SUNSHINE  MM
  AVERAGE SKY COVER 0.6


WEATHER CONDITIONS
 THE FOLLOWING WEATHER WAS RECORDED YESTERDAY.
  NO SIGNIFICANT WEATHER WAS OBSERVED.


RELATIVE HUMIDITY (PERCENT)
 HIGHEST    90           200 AM
 LOWEST     47           300 PM
 AVERAGE    69

..........................................................


THE ALTOONA CLIMATE NORMALS FOR TODAY
                         NORMAL    RECORD    YEAR
 MAXIMUM TEMPERATURE (F)   70        87      1965
 MINIMUM TEMPERATURE (F)   49        30      1956


SUNRISE AND SUNSET
SEPTEMBER 21 2014.....SUNRISE   700 AM EDT   SUNSET   712 PM EDT
SEPTEMBER 22 2014.....SUNRISE   701 AM EDT   SUNSET   710 PM EDT


-  INDICATES NEGATIVE NUMBERS.
R  INDICATES RECORD WAS SET OR TIED.
MM INDICATES DATA IS MISSING.
T  INDICATES TRACE AMOUNT.




$$
