000
CDUS45 KBOU 190725
CLIAPA


CLIMATE REPORT
NATIONAL WEATHER SERVICE DENVER/BOULDER CO
125 AM MDT TUE SEP 19 2017


...................................

...THE CENTENNIAL CO CLIMATE SUMMARY FOR SEPTEMBER 18 2017...

CLIMATE NORMAL PERIOD 1981 TO 2010
CLIMATE RECORD PERIOD 9999 TO 9999


WEATHER ITEM   OBSERVED RECORD YEAR NORMAL DEPARTURE LAST
                VALUE   VALUE       VALUE  FROM      YEAR
                                           NORMAL
...........................................................
TEMPERATURE (F)
 YESTERDAY
  MAXIMUM         81     MM      MM  75      6       86
  MINIMUM         48     MM      MM  47      1       50
  AVERAGE         65                 61      4       68

PRECIPITATION (IN)
  YESTERDAY        0.00  MM      MM   0.04  -0.04     0.00
  MONTH TO DATE    0.03               0.74  -0.71     0.23
  SINCE SEP 1      0.03               0.74  -0.71     0.23
  SINCE JAN 1     10.29              14.07  -3.78    10.88

DEGREE DAYS
 HEATING
  YESTERDAY        0
  MONTH TO DATE   19

 COOLING
  YESTERDAY        0
  MONTH TO DATE   85
...........................................................


WIND (MPH)
  RESULTANT WIND SPEED   7   RESULTANT WIND DIRECTION   S (200)
  HIGHEST WIND SPEED    23   HIGHEST WIND DIRECTION     S (200)
  HIGHEST GUST SPEED    29   HIGHEST GUST DIRECTION     S (200)


SKY COVER
  POSSIBLE SUNSHINE  MM
  AVERAGE SKY COVER 0.2


WEATHER CONDITIONS
 THE FOLLOWING WEATHER WAS RECORDED YESTERDAY.
  NO SIGNIFICANT WEATHER WAS OBSERVED.


RELATIVE HUMIDITY (PERCENT)
 HIGHEST    77
 LOWEST     14
 AVERAGE    46

..........................................................


THE CENTENNIAL CO CLIMATE NORMALS FOR TODAY
                         NORMAL    RECORD    YEAR
 MAXIMUM TEMPERATURE (F)   75        MM        MM
 MINIMUM TEMPERATURE (F)   46        MM        MM


SUNRISE AND SUNSET
SEPTEMBER 19 2017.....SUNRISE   644 AM MDT   SUNSET   701 PM MDT
SEPTEMBER 20 2017.....SUNRISE   645 AM MDT   SUNSET   659 PM MDT


-  INDICATES NEGATIVE NUMBERS.
R  INDICATES RECORD WAS SET OR TIED.
MM INDICATES DATA IS MISSING.
T  INDICATES TRACE AMOUNT.




$$
