000
CDUS45 KBOU 051336
CLIAPA


CLIMATE REPORT
NATIONAL WEATHER SERVICE DENVER/BOULDER CO
736 AM MDT THU MAY 5 2016


...................................

...THE CENTENNIAL CO CLIMATE SUMMARY FOR MAY 4 2016...

CLIMATE NORMAL PERIOD 1981 TO 2010
CLIMATE RECORD PERIOD 9999 TO 9999


WEATHER ITEM   OBSERVED RECORD YEAR NORMAL DEPARTURE LAST
                VALUE   VALUE       VALUE  FROM      YEAR
                                           NORMAL
...........................................................
TEMPERATURE (F)
 YESTERDAY
  MAXIMUM         73     MM      MM  65      8       62
  MINIMUM         37     MM      MM  39     -2       49
  AVERAGE         55                 52      3       56

PRECIPITATION (IN)
  YESTERDAY        0.00  MM      MM   0.10  -0.10     0.27
  MONTH TO DATE    0.05               0.41  -0.36     0.31
  SINCE MAR 1      3.64               3.67  -0.03     3.85
  SINCE JAN 1      4.12               4.60  -0.48     5.47

DEGREE DAYS
 HEATING
  YESTERDAY       10
  MONTH TO DATE   81

 COOLING
  YESTERDAY        0
  MONTH TO DATE    0
...........................................................


WIND (MPH)
  RESULTANT WIND SPEED   4   RESULTANT WIND DIRECTION  SE (120)
  HIGHEST WIND SPEED    15   HIGHEST WIND DIRECTION    SE (130)
  HIGHEST GUST SPEED    18   HIGHEST GUST DIRECTION    SE (130)


SKY COVER
  POSSIBLE SUNSHINE  MM
  AVERAGE SKY COVER 0.1


WEATHER CONDITIONS
 THE FOLLOWING WEATHER WAS RECORDED YESTERDAY.
  NO SIGNIFICANT WEATHER WAS OBSERVED.


RELATIVE HUMIDITY (PERCENT)
 HIGHEST    70
 LOWEST     17
 AVERAGE    44

..........................................................


THE CENTENNIAL CO CLIMATE NORMALS FOR TODAY
                         NORMAL    RECORD    YEAR
 MAXIMUM TEMPERATURE (F)   65        MM        MM
 MINIMUM TEMPERATURE (F)   39        MM        MM


SUNRISE AND SUNSET
MAY  5 2016...........SUNRISE   555 AM MDT   SUNSET   758 PM MDT
MAY  6 2016...........SUNRISE   554 AM MDT   SUNSET   759 PM MDT


-  INDICATES NEGATIVE NUMBERS.
R  INDICATES RECORD WAS SET OR TIED.
MM INDICATES DATA IS MISSING.
T  INDICATES TRACE AMOUNT.




$$
