000
CDUS45 KBOU 260725
CLIAPA


CLIMATE REPORT
NATIONAL WEATHER SERVICE DENVER/BOULDER CO
125 AM MDT FRI AUG 26 2016


...................................

...THE CENTENNIAL CO CLIMATE SUMMARY FOR AUGUST 25 2016...

CLIMATE NORMAL PERIOD 1981 TO 2010
CLIMATE RECORD PERIOD 9999 TO 9999


WEATHER ITEM   OBSERVED RECORD YEAR NORMAL DEPARTURE LAST
                VALUE   VALUE       VALUE  FROM      YEAR
                                           NORMAL
...........................................................
TEMPERATURE (F)
 YESTERDAY
  MAXIMUM         70     MM      MM  82    -12       93
  MINIMUM         45     MM      MM  55    -10       56
  AVERAGE         58                 68    -10       75

PRECIPITATION (IN)
  YESTERDAY        0.07  MM      MM   0.07   0.00      T
  MONTH TO DATE    0.29               2.21  -1.92     2.82
  SINCE JUN 1      3.56               6.37  -2.81     9.06
  SINCE JAN 1      9.20              12.95  -3.75    18.59

DEGREE DAYS
 HEATING
  YESTERDAY        7
  MONTH TO DATE   19

 COOLING
  YESTERDAY        0
  MONTH TO DATE  163
...........................................................


WIND (MPH)
  RESULTANT WIND SPEED   1   RESULTANT WIND DIRECTION   S (200)
  HIGHEST WIND SPEED    17   HIGHEST WIND DIRECTION    NW (310)
  HIGHEST GUST SPEED    22   HIGHEST GUST DIRECTION    NW (330)


SKY COVER
  POSSIBLE SUNSHINE  MM
  AVERAGE SKY COVER 0.5


WEATHER CONDITIONS
 THE FOLLOWING WEATHER WAS RECORDED YESTERDAY.
  THUNDERSTORM
  LIGHT RAIN


RELATIVE HUMIDITY (PERCENT)
 HIGHEST    83
 LOWEST     42
 AVERAGE    63

..........................................................


THE CENTENNIAL CO CLIMATE NORMALS FOR TODAY
                         NORMAL    RECORD    YEAR
 MAXIMUM TEMPERATURE (F)   82        MM        MM
 MINIMUM TEMPERATURE (F)   55        MM        MM


SUNRISE AND SUNSET
AUGUST 26 2016........SUNRISE   623 AM MDT   SUNSET   739 PM MDT
AUGUST 27 2016........SUNRISE   623 AM MDT   SUNSET   737 PM MDT


-  INDICATES NEGATIVE NUMBERS.
R  INDICATES RECORD WAS SET OR TIED.
MM INDICATES DATA IS MISSING.
T  INDICATES TRACE AMOUNT.




$$
