000
CDUS45 KBOU 231058 RRA
CLIAPA

CLIMATE REPORT
NATIONAL WEATHER SERVICE BOULDER, CO
125 AM MDT SAT AUG 23 2014


...................................

...THE CENTENNIAL CO CLIMATE SUMMARY FOR AUGUST 22 2014...

CLIMATE NORMAL PERIOD 1981 TO 2010

WEATHER ITEM   OBSERVED RECORD YEAR NORMAL DEPARTURE LAST
                VALUE   VALUE       VALUE  FROM      YEAR
                                           NORMAL
...........................................................
TEMPERATURE (F)
 YESTERDAY
  MAXIMUM         69     MM      MM  82    -13       84
  MINIMUM         57     MM      MM  56      1       60
  AVERAGE         63                 69     -6       72

PRECIPITATION (IN)
  YESTERDAY        0.06  MM      MM   0.08  -0.02     0.33
  MONTH TO DATE    1.37               2.00  -0.63     2.98
  SINCE JUN 1      6.40               6.16   0.24     4.79
  SINCE JAN 1     10.88              12.74  -1.86     9.55

DEGREE DAYS
 HEATING
  YESTERDAY        2
  MONTH TO DATE    2

 COOLING
  YESTERDAY        0
  MONTH TO DATE  106
...........................................................


WIND (MPH)
  RESULTANT WIND SPEED   4   RESULTANT WIND DIRECTION  SE (140)
  HIGHEST WIND SPEED    16   HIGHEST WIND DIRECTION     E (110)
  HIGHEST GUST SPEED    21   HIGHEST GUST DIRECTION     E (100)


SKY COVER
  POSSIBLE SUNSHINE  MM
  AVERAGE SKY COVER 0.9


WEATHER CONDITIONS
 THE FOLLOWING WEATHER WAS RECORDED YESTERDAY.
  LIGHT RAIN


RELATIVE HUMIDITY (PERCENT)
 HIGHEST    87
 LOWEST     63
 AVERAGE    75

..........................................................


THE CENTENNIAL CO CLIMATE NORMALS FOR TODAY
                         NORMAL    RECORD    YEAR
 MAXIMUM TEMPERATURE (F)   82        MM        MM
 MINIMUM TEMPERATURE (F)   55        MM        MM


SUNRISE AND SUNSET
AUGUST 23 2014........SUNRISE   619 AM MDT   SUNSET   744 PM MDT
AUGUST 24 2014........SUNRISE   620 AM MDT   SUNSET   742 PM MDT


-  INDICATES NEGATIVE NUMBERS.
R  INDICATES RECORD WAS SET OR TIED.
MM INDICATES DATA IS MISSING.
T  INDICATES TRACE AMOUNT.




$$
