000
CDUS45 KBOU 071226
CLIAPA


CLIMATE REPORT
NATIONAL WEATHER SERVICE BOULDER, CO
626 AM MDT TUE JUL 7 2015


...................................

...THE CENTENNIAL CO CLIMATE SUMMARY FOR JULY 6 2015...

CLIMATE NORMAL PERIOD 1981 TO 2010
CLIMATE RECORD PERIOD 9999 TO 9999


WEATHER ITEM   OBSERVED RECORD YEAR NORMAL DEPARTURE LAST
                VALUE   VALUE       VALUE  FROM      YEAR
                                           NORMAL
...........................................................
TEMPERATURE (F)
 YESTERDAY
  MAXIMUM         64     MM      MM  86    -22       96
  MINIMUM         58     MM      MM  58      0       61
  AVERAGE         61                 72    -11       79

PRECIPITATION (IN)
  YESTERDAY        0.04  MM      MM   0.06  -0.02     0.00
  MONTH TO DATE    0.23               0.38  -0.15      T
  SINCE JUN 1      5.50               2.50   3.00     1.12
  SINCE JAN 1     15.03               9.08   5.95     5.60

DEGREE DAYS
 HEATING
  YESTERDAY        4
  MONTH TO DATE    4

 COOLING
  YESTERDAY        0
  MONTH TO DATE   38
...........................................................


WIND (MPH)
  RESULTANT WIND SPEED   6   RESULTANT WIND DIRECTION  NE (40)
  HIGHEST WIND SPEED    15   HIGHEST WIND DIRECTION    SE (120)
  HIGHEST GUST SPEED    19   HIGHEST GUST DIRECTION     E (110)


SKY COVER
  POSSIBLE SUNSHINE  MM
  AVERAGE SKY COVER 1.0


WEATHER CONDITIONS
 THE FOLLOWING WEATHER WAS RECORDED YESTERDAY.
  LIGHT RAIN
  FOG
  HAZE


RELATIVE HUMIDITY (PERCENT)
 HIGHEST    93
 LOWEST     78
 AVERAGE    86

..........................................................


THE CENTENNIAL CO CLIMATE NORMALS FOR TODAY
                         NORMAL    RECORD    YEAR
 MAXIMUM TEMPERATURE (F)   86        MM        MM
 MINIMUM TEMPERATURE (F)   58        MM        MM


SUNRISE AND SUNSET
JULY  7 2015..........SUNRISE   539 AM MDT   SUNSET   829 PM MDT
JULY  8 2015..........SUNRISE   539 AM MDT   SUNSET   829 PM MDT


-  INDICATES NEGATIVE NUMBERS.
R  INDICATES RECORD WAS SET OR TIED.
MM INDICATES DATA IS MISSING.
T  INDICATES TRACE AMOUNT.




$$
