000
CDUS42 KMFL 292016
CLIAPF


CLIMATE REPORT
NATIONAL WEATHER SERVICE MIAMI, FL
416 PM EDT FRI MAY 29 2015


...................................

...THE NAPLES CLIMATE SUMMARY FOR MAY 29 2015...
VALID TODAY AS OF 0400 PM LOCAL TIME.

CLIMATE NORMAL PERIOD 1981 TO 2010
CLIMATE RECORD PERIOD 1942 TO 2015


WEATHER ITEM   OBSERVED TIME   RECORD YEAR NORMAL DEPARTURE LAST
                VALUE   (LST)  VALUE       VALUE  FROM      YEAR
                                                  NORMAL
..................................................................
TEMPERATURE (F)
 TODAY
  MAXIMUM         88   1226 PM  96    2011  89     -1       90
  MINIMUM         68    607 AM  62    1975  71     -3       73
  AVERAGE         78                        80     -2       82

PRECIPITATION (IN)
  TODAY            0.00          6.77 1975   0.15  -0.15     0.23
  MONTH TO DATE    2.57                      2.85  -0.28     1.23
  SINCE NOV 1      8.71                     15.03  -6.32     9.19
  SINCE JAN 1      7.41                     11.54  -4.13     8.09

SNOWFALL (IN)
  TODAY            0.0
  MONTH TO DATE    0.0
  SINCE MAR 1      0.0
  SINCE JUL 1      0.0
  SNOW DEPTH       0

DEGREE DAYS
 HEATING
  TODAY            0                         0      0        0
  MONTH TO DATE    0                         0      0        0
  SINCE MAR 1      1                        27    -26        7
  SINCE JUL 1    198                       260    -62      149

 COOLING
  TODAY           13                        15     -2       17
  MONTH TO DATE  431                       378     53      423
  SINCE MAR 1   1148                       807    341      884
  SINCE JAN 1   1324                       998    326     1157
..................................................................


WIND (MPH)
  HIGHEST WIND SPEED    15   HIGHEST WIND DIRECTION     W (280)
  HIGHEST GUST SPEED    19   HIGHEST GUST DIRECTION     W (290)
  AVERAGE WIND SPEED     7.8


SKY COVER
  AVERAGE SKY COVER 0.2


WEATHER CONDITIONS
 THE FOLLOWING WEATHER WAS RECORDED TODAY.
  NO SIGNIFICANT WEATHER WAS OBSERVED.


RELATIVE HUMIDITY (PERCENT)
 HIGHEST    81
 LOWEST     46
 AVERAGE    64

..........................................................


THE NAPLES CLIMATE NORMALS FOR TOMORROW
                         NORMAL    RECORD    YEAR
 MAXIMUM TEMPERATURE (F)   89        95      2011
 MINIMUM TEMPERATURE (F)   71        65      1981


SUNRISE AND SUNSET
MAY 29 2015...........SUNRISE   636 AM EDT   SUNSET   814 PM EDT
MAY 30 2015...........SUNRISE   635 AM EDT   SUNSET   814 PM EDT


-  INDICATES NEGATIVE NUMBERS.
R  INDICATES RECORD WAS SET OR TIED.
MM INDICATES DATA IS MISSING.
T  INDICATES TRACE AMOUNT.




$$
