000
CDUS42 KMFL 100821
CLIAPF


CLIMATE REPORT
NATIONAL WEATHER SERVICE MIAMI, FL
421 AM EDT THU JUL 10 2014


...................................

...THE NAPLES CLIMATE SUMMARY FOR JULY 9 2014...

CLIMATE NORMAL PERIOD 1981 TO 2010
CLIMATE RECORD PERIOD 1942 TO 2014


WEATHER ITEM   OBSERVED TIME   RECORD YEAR NORMAL DEPARTURE LAST
                VALUE   (LST)  VALUE       VALUE  FROM      YEAR
                                                  NORMAL
..................................................................
TEMPERATURE (F)
 YESTERDAY
  MAXIMUM         90    329 PM  96    2004  91     -1       89
  MINIMUM         74    608 AM  68    1986  75     -1       75
  AVERAGE         82                        83     -1       82

PRECIPITATION (IN)
  YESTERDAY        0.00          2.03 1960   0.27  -0.27     0.01
  MONTH TO DATE    0.94                      2.51  -1.57     3.57
  SINCE JUN 1      9.12                     11.33  -2.21    12.33
  SINCE JAN 1     17.95                     23.18  -5.23    22.67

SNOWFALL (IN)
  YESTERDAY        0.0
  MONTH TO DATE    0.0
  SINCE JUN 1      0.0
  SINCE JUL 1      0.0
  SNOW DEPTH       0

DEGREE DAYS
 HEATING
  YESTERDAY        0                         0      0
  MONTH TO DATE    0                         0      0
  SINCE JUN 1      0                         0      0
  SINCE JUL 1      0                         0      0

 COOLING
  YESTERDAY       17                        18     -1
  MONTH TO DATE  164                       162      2
  SINCE JUN 1    671                       669      2
  SINCE JAN 1   1860                      1697    163
..................................................................


WIND (MPH)
  HIGHEST WIND SPEED    16   HIGHEST WIND DIRECTION     E (100)
  HIGHEST GUST SPEED    20   HIGHEST GUST DIRECTION     E (100)
  AVERAGE WIND SPEED     5.6


SKY COVER
  AVERAGE SKY COVER 0.1


WEATHER CONDITIONS
 THE FOLLOWING WEATHER WAS RECORDED YESTERDAY.
  THUNDERSTORM


RELATIVE HUMIDITY (PERCENT)
 HIGHEST   100
 LOWEST     64
 AVERAGE    82

..........................................................


THE NAPLES CLIMATE NORMALS FOR TODAY
                         NORMAL    RECORD    YEAR
 MAXIMUM TEMPERATURE (F)   91        95      2007
                                             1991
 MINIMUM TEMPERATURE (F)   75        68      1966


SUNRISE AND SUNSET
JULY 10 2014..........SUNRISE   642 AM EDT   SUNSET   823 PM EDT
JULY 11 2014..........SUNRISE   643 AM EDT   SUNSET   822 PM EDT


-  INDICATES NEGATIVE NUMBERS.
R  INDICATES RECORD WAS SET OR TIED.
MM INDICATES DATA IS MISSING.
T  INDICATES TRACE AMOUNT.




$$
