000
CDUS42 KMFL 290839
CLIAPF


CLIMATE REPORT
NATIONAL WEATHER SERVICE MIAMI, FL
438 AM EDT SUN MAR 29 2015


...................................

...THE NAPLES CLIMATE SUMMARY FOR MARCH 28 2015...

CLIMATE NORMAL PERIOD 1981 TO 2010
CLIMATE RECORD PERIOD 1942 TO 2015


WEATHER ITEM   OBSERVED TIME   RECORD YEAR NORMAL DEPARTURE LAST
                VALUE   (LST)  VALUE       VALUE  FROM      YEAR
                                                  NORMAL
..................................................................
TEMPERATURE (F)
 YESTERDAY
  MAXIMUM         71    309 PM  91    1975  81    -10       85
  MINIMUM         61   1159 PM  44    1969  61      0       61
  AVERAGE         66                        71     -5       73

PRECIPITATION (IN)
  YESTERDAY        0.00          1.21 1955   0.09  -0.09     0.00
  MONTH TO DATE    1.45                      2.08  -0.63     1.37
  SINCE NOV 1      4.39                      9.52  -5.13     5.63
  SINCE JAN 1      3.09                      6.03  -2.94     4.53

SNOWFALL (IN)
  YESTERDAY        0.0
  MONTH TO DATE    0.0
  SINCE MAR 1      0.0
  SINCE JUL 1      0.0
  SNOW DEPTH       0

DEGREE DAYS
 HEATING
  YESTERDAY        0                         0      0        0
  MONTH TO DATE    0                        19    -19        7
  SINCE MAR 1      0                        19    -19        7
  SINCE JUL 1    197                       252    -55      149

 COOLING
  YESTERDAY        1                         6     -5        8
  MONTH TO DATE  297                       153    144      143
  SINCE MAR 1    297                       153    144      143
  SINCE JAN 1    473                       344    129      416
..................................................................


WIND (MPH)
  HIGHEST WIND SPEED    18   HIGHEST WIND DIRECTION    NW (310)
  HIGHEST GUST SPEED    25   HIGHEST GUST DIRECTION    NW (300)
  AVERAGE WIND SPEED     9.1


SKY COVER
  AVERAGE SKY COVER 0.0


WEATHER CONDITIONS
 THE FOLLOWING WEATHER WAS RECORDED YESTERDAY.
  NO SIGNIFICANT WEATHER WAS OBSERVED.


RELATIVE HUMIDITY (PERCENT)
 HIGHEST    72
 LOWEST     44
 AVERAGE    58

..........................................................


THE NAPLES CLIMATE NORMALS FOR TODAY
                         NORMAL    RECORD    YEAR
 MAXIMUM TEMPERATURE (F)   81        90      1975
 MINIMUM TEMPERATURE (F)   61        45      1955


SUNRISE AND SUNSET
MARCH 29 2015.........SUNRISE   722 AM EDT   SUNSET   742 PM EDT
MARCH 30 2015.........SUNRISE   721 AM EDT   SUNSET   743 PM EDT


-  INDICATES NEGATIVE NUMBERS.
R  INDICATES RECORD WAS SET OR TIED.
MM INDICATES DATA IS MISSING.
T  INDICATES TRACE AMOUNT.




$$
