756
CDUS42 KMFL 250823
CLIAPF


CLIMATE REPORT
NATIONAL WEATHER SERVICE MIAMI, FL
422 AM EDT THU MAY 25 2017


...................................

...THE NAPLES CLIMATE SUMMARY FOR MAY 24 2017...

CLIMATE NORMAL PERIOD 1981 TO 2010
CLIMATE RECORD PERIOD 1942 TO 2017


WEATHER ITEM   OBSERVED TIME   RECORD YEAR NORMAL DEPARTURE LAST
                VALUE   (LST)  VALUE       VALUE  FROM      YEAR
                                                  NORMAL
..................................................................
TEMPERATURE (F)
 YESTERDAY
  MAXIMUM         89   1259 PM  93    2006  89      0       91
  MINIMUM         71    524 PM  58    1981  70      1       72
  AVERAGE         80                        79      1       82

PRECIPITATION (IN)
  YESTERDAY        0.29          2.70 1970   0.12   0.17     0.00
  MONTH TO DATE    2.33                      2.14   0.19     1.32
  SINCE NOV 1      5.71                     14.32  -8.61    15.56
  SINCE JAN 1      5.36                     10.83  -5.47    10.94

SNOWFALL (IN)
  YESTERDAY        0.0
  MONTH TO DATE    0.0
  SINCE MAR 1      0.0
  SINCE JUL 1      0.0
  SNOW DEPTH       0

DEGREE DAYS
 HEATING
  YESTERDAY        0                         0      0        0
  MONTH TO DATE    0                         0      0        0
  SINCE MAR 1     11                        27    -16        4
  SINCE JUL 1     67                       260   -193      142

 COOLING
  YESTERDAY       15                        14      1       17
  MONTH TO DATE  348                       303     45      332
  SINCE MAR 1    899                       732    167      914
  SINCE JAN 1   1222                       923    299     1076
..................................................................


WIND (MPH)
  HIGHEST WIND SPEED    28   HIGHEST WIND DIRECTION     S (190)
  HIGHEST GUST SPEED    36   HIGHEST GUST DIRECTION     W (250)
  AVERAGE WIND SPEED    16.6


SKY COVER
  AVERAGE SKY COVER 0.6


WEATHER CONDITIONS
 THE FOLLOWING WEATHER WAS RECORDED YESTERDAY.
  THUNDERSTORM
  HEAVY RAIN
  RAIN
  LIGHT RAIN
  FOG


RELATIVE HUMIDITY (PERCENT)
 HIGHEST    79
 LOWEST     64
 AVERAGE    72

..........................................................


THE NAPLES CLIMATE NORMALS FOR TODAY
                         NORMAL    RECORD    YEAR
 MAXIMUM TEMPERATURE (F)   89        94      2015
                                             2008
 MINIMUM TEMPERATURE (F)   70        62      1981


SUNRISE AND SUNSET
MAY 25 2017...........SUNRISE   636 AM EDT   SUNSET   812 PM EDT
MAY 26 2017...........SUNRISE   636 AM EDT   SUNSET   812 PM EDT


-  INDICATES NEGATIVE NUMBERS.
R  INDICATES RECORD WAS SET OR TIED.
MM INDICATES DATA IS MISSING.
T  INDICATES TRACE AMOUNT.




$$
