000
CDUS42 KMFL 290840
CLIAPF


CLIMATE REPORT
NATIONAL WEATHER SERVICE MIAMI, FL
440 AM EDT WED MAR 29 2017


...................................

...THE NAPLES CLIMATE SUMMARY FOR MARCH 28 2017...

CLIMATE NORMAL PERIOD 1981 TO 2010
CLIMATE RECORD PERIOD 1942 TO 2017


WEATHER ITEM   OBSERVED TIME   RECORD YEAR NORMAL DEPARTURE LAST
                VALUE   (LST)  VALUE       VALUE  FROM      YEAR
                                                  NORMAL
..................................................................
TEMPERATURE (F)
 YESTERDAY
  MAXIMUM         82   1044 AM  91    1975  81      1       83
  MINIMUM         63    640 AM  44    1969  61      2       74
  AVERAGE         73                        71      2       79

PRECIPITATION (IN)
  YESTERDAY        0.00          1.21 1955   0.09  -0.09     0.00
  MONTH TO DATE    0.14                      2.08  -1.94     0.44
  SINCE NOV 1      2.41                      9.52  -7.11    13.76
  SINCE JAN 1      2.06                      6.03  -3.97     9.14

SNOWFALL (IN)
  YESTERDAY        0.0
  MONTH TO DATE    0.0
  SINCE MAR 1      0.0
  SINCE JUL 1      0.0
  SNOW DEPTH       0

DEGREE DAYS
 HEATING
  YESTERDAY        0                         0      0        0
  MONTH TO DATE   11                        19     -8        4
  SINCE MAR 1     11                        19     -8        4
  SINCE JUL 1     67                       252   -185      142

 COOLING
  YESTERDAY        8                         6      2       14
  MONTH TO DATE  168                       153     15      228
  SINCE MAR 1    168                       153     15      228
  SINCE JAN 1    491                       344    147      390
..................................................................


WIND (MPH)
  HIGHEST WIND SPEED    16   HIGHEST WIND DIRECTION     W (270)
  HIGHEST GUST SPEED    19   HIGHEST GUST DIRECTION     W (280)
  AVERAGE WIND SPEED     5.7


SKY COVER
  AVERAGE SKY COVER 0.1


WEATHER CONDITIONS
 THE FOLLOWING WEATHER WAS RECORDED YESTERDAY.
  NO SIGNIFICANT WEATHER WAS OBSERVED.


RELATIVE HUMIDITY (PERCENT)
 HIGHEST    90
 LOWEST     49
 AVERAGE    70

..........................................................


THE NAPLES CLIMATE NORMALS FOR TODAY
                         NORMAL    RECORD    YEAR
 MAXIMUM TEMPERATURE (F)   81        90      1975
 MINIMUM TEMPERATURE (F)   61        45      1955


SUNRISE AND SUNSET
MARCH 29 2017.........SUNRISE   721 AM EDT   SUNSET   743 PM EDT
MARCH 30 2017.........SUNRISE   720 AM EDT   SUNSET   743 PM EDT


-  INDICATES NEGATIVE NUMBERS.
R  INDICATES RECORD WAS SET OR TIED.
MM INDICATES DATA IS MISSING.
T  INDICATES TRACE AMOUNT.




$$
