000
CDUS42 KMFL 300843
CLIAPF


CLIMATE REPORT
NATIONAL WEATHER SERVICE MIAMI, FL
443 AM EDT WED JUL 30 2014


...................................

...THE NAPLES CLIMATE SUMMARY FOR JULY 29 2014...

CLIMATE NORMAL PERIOD 1981 TO 2010
CLIMATE RECORD PERIOD 1942 TO 2014


WEATHER ITEM   OBSERVED TIME   RECORD YEAR NORMAL DEPARTURE LAST
                VALUE   (LST)  VALUE       VALUE  FROM      YEAR
                                                  NORMAL
..................................................................
TEMPERATURE (F)
 YESTERDAY
  MAXIMUM         91    256 PM  97    1996  91      0       92
  MINIMUM         82    700 AM  69    1983  75      7       76
  AVERAGE         87                        83      4       84

PRECIPITATION (IN)
  YESTERDAY        T             2.03 1965   0.19  -0.19      T
  MONTH TO DATE    6.85                      6.85   0.00     8.78
  SINCE JUN 1     15.03                     15.67  -0.64    17.54
  SINCE JAN 1     23.86                     27.52  -3.66    27.88

SNOWFALL (IN)
  YESTERDAY        0.0
  MONTH TO DATE    0.0
  SINCE JUN 1      0.0
  SINCE JUL 1      0.0
  SNOW DEPTH       0

DEGREE DAYS
 HEATING
  YESTERDAY        0                         0      0
  MONTH TO DATE    0                         0      0
  SINCE JUN 1      0                         0      0
  SINCE JUL 1      0                         0      0

 COOLING
  YESTERDAY       22                        18      4
  MONTH TO DATE  530                       522      8
  SINCE JUN 1   1037                      1029      8
  SINCE JAN 1   2226                      2057    169
..................................................................


WIND (MPH)
  HIGHEST WIND SPEED    17   HIGHEST WIND DIRECTION     W (290)
  HIGHEST GUST SPEED    25   HIGHEST GUST DIRECTION     W (290)
  AVERAGE WIND SPEED     9.0


SKY COVER
  AVERAGE SKY COVER 0.3


WEATHER CONDITIONS
 THE FOLLOWING WEATHER WAS RECORDED YESTERDAY.
  LIGHT RAIN
  FOG


RELATIVE HUMIDITY (PERCENT)
 HIGHEST    88
 LOWEST     66
 AVERAGE    77

..........................................................


THE NAPLES CLIMATE NORMALS FOR TODAY
                         NORMAL    RECORD    YEAR
 MAXIMUM TEMPERATURE (F)   91        98      1966
 MINIMUM TEMPERATURE (F)   75        69      1976


SUNRISE AND SUNSET
JULY 30 2014..........SUNRISE   652 AM EDT   SUNSET   815 PM EDT
JULY 31 2014..........SUNRISE   652 AM EDT   SUNSET   814 PM EDT


-  INDICATES NEGATIVE NUMBERS.
R  INDICATES RECORD WAS SET OR TIED.
MM INDICATES DATA IS MISSING.
T  INDICATES TRACE AMOUNT.




$$
