118
CDUS42 KMFL 110924
CLIAPF


CLIMATE REPORT
NATIONAL WEATHER SERVICE MIAMI, FL
423 AM EST THU FEB 11 2016


...................................

...THE NAPLES CLIMATE SUMMARY FOR FEBRUARY 10 2016...

CLIMATE NORMAL PERIOD 1981 TO 2010
CLIMATE RECORD PERIOD 1942 TO 2016


WEATHER ITEM   OBSERVED TIME   RECORD YEAR NORMAL DEPARTURE LAST
                VALUE   (LST)  VALUE       VALUE  FROM      YEAR
                                                  NORMAL
..................................................................
TEMPERATURE (F)
 YESTERDAY
  MAXIMUM         64    126 PM  85    1994  76    -12       69
                                      1965
                                      1959
  MINIMUM         50   1159 PM  35    1976  56     -6       55
  AVERAGE         57                        66     -9       62

PRECIPITATION (IN)
  YESTERDAY        0.00          0.62 1962   0.06  -0.06     0.00
  MONTH TO DATE    0.20                      0.71  -0.51     1.22
  SINCE NOV 1     12.36                      6.05   6.31     2.62
  SINCE JAN 1      7.74                      2.56   5.18     1.32

SNOWFALL (IN)
  YESTERDAY        0.0
  MONTH TO DATE    0.0
  SINCE DEC 1      0.0
  SINCE JUL 1      0.0
  SNOW DEPTH       0

DEGREE DAYS
 HEATING
  YESTERDAY        8                         2      6        3
  MONTH TO DATE   33                        20     13        4
  SINCE DEC 1    100                       186    -86       92
  SINCE JUL 1    100                       200   -100      121

 COOLING
  YESTERDAY        0                         4     -4        0
  MONTH TO DATE   41                        30     11       15
  SINCE DEC 1    477                       236    241      282
  SINCE JAN 1    121                       116      5      132
..................................................................


WIND (MPH)
  HIGHEST WIND SPEED    21   HIGHEST WIND DIRECTION    NW (300)
  HIGHEST GUST SPEED    29   HIGHEST GUST DIRECTION     W (290)
  AVERAGE WIND SPEED     9.0


SKY COVER
  AVERAGE SKY COVER 0.5


WEATHER CONDITIONS
 THE FOLLOWING WEATHER WAS RECORDED YESTERDAY.
  NO SIGNIFICANT WEATHER WAS OBSERVED.


RELATIVE HUMIDITY (PERCENT)
 HIGHEST    77
 LOWEST     48
 AVERAGE    63

..........................................................


THE NAPLES CLIMATE NORMALS FOR TODAY
                         NORMAL    RECORD    YEAR
 MAXIMUM TEMPERATURE (F)   76        85      1999
                                             1994
                                             1948
 MINIMUM TEMPERATURE (F)   56        33      1973
                                             1971


SUNRISE AND SUNSET
FEBRUARY 11 2016......SUNRISE   706 AM EST   SUNSET   617 PM EST
FEBRUARY 12 2016......SUNRISE   705 AM EST   SUNSET   618 PM EST


-  INDICATES NEGATIVE NUMBERS.
R  INDICATES RECORD WAS SET OR TIED.
MM INDICATES DATA IS MISSING.
T  INDICATES TRACE AMOUNT.




$$
