000
CDUS42 KMFL 300829
CLIAPF


CLIMATE REPORT
NATIONAL WEATHER SERVICE MIAMI, FL
429 AM EDT FRI SEP 30 2016


...................................

...THE NAPLES CLIMATE SUMMARY FOR SEPTEMBER 29 2016...

CLIMATE NORMAL PERIOD 1981 TO 2010
CLIMATE RECORD PERIOD 1942 TO 2016


WEATHER ITEM   OBSERVED TIME   RECORD YEAR NORMAL DEPARTURE LAST
                VALUE   (LST)  VALUE       VALUE  FROM      YEAR
                                                  NORMAL
..................................................................
TEMPERATURE (F)
 YESTERDAY
  MAXIMUM         87    401 PM  95    1989  89     -2       84
  MINIMUM         76    247 AM  65    2000  73      3       76
                                      1983
  AVERAGE         82                        81      1       80

PRECIPITATION (IN)
  YESTERDAY        0.27          6.93 2003   0.22   0.05     2.61
  MONTH TO DATE    5.57                      7.46  -1.89     6.75
  SINCE JUN 1     27.50                     32.13  -4.63    26.00
  SINCE JAN 1     39.60                     43.98  -4.38    34.02

SNOWFALL (IN)
  YESTERDAY        0.0
  MONTH TO DATE    0.0
  SINCE SEP 1      0.0
  SINCE JUL 1      0.0
  SNOW DEPTH       0

DEGREE DAYS
 HEATING
  YESTERDAY        0                         0      0        0
  MONTH TO DATE    0                         0      0        0
  SINCE SEP 1      0                         0      0        0
  SINCE JUL 1      0                         0      0        0

 COOLING
  YESTERDAY       17                        16      1       15
  MONTH TO DATE  533                       505     28      539
  SINCE SEP 1    533                       505     28      539
  SINCE JAN 1   3449                      3162    287     3589
..................................................................


WIND (MPH)
  HIGHEST WIND SPEED    14   HIGHEST WIND DIRECTION     W (250)
  HIGHEST GUST SPEED    17   HIGHEST GUST DIRECTION     W (270)
  AVERAGE WIND SPEED     3.5


SKY COVER
  AVERAGE SKY COVER 0.4


WEATHER CONDITIONS
 THE FOLLOWING WEATHER WAS RECORDED YESTERDAY.
  THUNDERSTORM
  LIGHT RAIN
  FOG


RELATIVE HUMIDITY (PERCENT)
 HIGHEST    94
 LOWEST     63
 AVERAGE    79

..........................................................


THE NAPLES CLIMATE NORMALS FOR TODAY
                         NORMAL    RECORD    YEAR
 MAXIMUM TEMPERATURE (F)   89        95      1988
 MINIMUM TEMPERATURE (F)   73        67      1983


SUNRISE AND SUNSET
SEPTEMBER 30 2016.....SUNRISE   719 AM EDT   SUNSET   714 PM EDT
OCTOBER  1 2016.......SUNRISE   720 AM EDT   SUNSET   713 PM EDT


-  INDICATES NEGATIVE NUMBERS.
R  INDICATES RECORD WAS SET OR TIED.
MM INDICATES DATA IS MISSING.
T  INDICATES TRACE AMOUNT.




$$
