000
CDUS43 KAPX 040538
CLIAPN


CLIMATE REPORT
NATIONAL WEATHER SERVICE GAYLORD MI
137 AM EDT SAT JUL 4 2015


...................................

...THE ALPENA MI CLIMATE SUMMARY FOR JULY 3 2015...

CLIMATE NORMAL PERIOD 1981 TO 2010
CLIMATE RECORD PERIOD 1916 TO 2015


WEATHER ITEM   OBSERVED TIME   RECORD YEAR NORMAL DEPARTURE LAST
                VALUE   (LST)  VALUE       VALUE  FROM      YEAR
                                                  NORMAL
..................................................................
TEMPERATURE (F)
 YESTERDAY
  MAXIMUM         78    411 PM  97    1921  79     -1       65
  MINIMUM         45    537 AM  37    1933  54     -9       46
  AVERAGE         62                        66     -4       56

PRECIPITATION (IN)
  YESTERDAY        T             2.80 1974   0.09  -0.09      T
  MONTH TO DATE    T                         0.28  -0.28     0.04
  SINCE JUN 1      2.16                      2.90  -0.74     1.22
  SINCE JAN 1     10.71                     12.80  -2.09    12.72

DEGREE DAYS
 HEATING
  YESTERDAY        3                         2      1        9
  MONTH TO DATE   15                         6      9       11
  SINCE JUN 1    158                       149      9      123
  SINCE JUL 1     15                         6      9       11

 COOLING
  YESTERDAY        0                         3     -3        0
  MONTH TO DATE    0                         9     -9       11
  SINCE JUN 1     11                        65    -54       66
  SINCE JAN 1     35                        78    -43       71
..................................................................


WIND (MPH)
  HIGHEST WIND SPEED    14   HIGHEST WIND DIRECTION     S (190)
  HIGHEST GUST SPEED    17   HIGHEST GUST DIRECTION     S (190)
  AVERAGE WIND SPEED     5.0




RELATIVE HUMIDITY (PERCENT)
 HIGHEST    86
 LOWEST     33
 AVERAGE    60

..........................................................


THE ALPENA MI CLIMATE NORMALS FOR TODAY
                         NORMAL    RECORD    YEAR
 MAXIMUM TEMPERATURE (F)   79        98      1955
                                             1921
 MINIMUM TEMPERATURE (F)   54        34      1930


SUNRISE AND SUNSET
JULY  4 2015..........SUNRISE   553 AM EDT   SUNSET   924 PM EDT
JULY  5 2015..........SUNRISE   553 AM EDT   SUNSET   924 PM EDT


-  INDICATES NEGATIVE NUMBERS.
R  INDICATES RECORD WAS SET OR TIED.
MM INDICATES DATA IS MISSING.
T  INDICATES TRACE AMOUNT.




$$
