000
CDUS43 KAPX 212127
CLIAPN


CLIMATE REPORT
NATIONAL WEATHER SERVICE GAYLORD MI
526 PM EDT SAT OCT 21 2017


...................................

...THE ALPENA MI CLIMATE SUMMARY FOR OCTOBER 21 2017...
VALID TODAY AS OF 0500 PM LOCAL TIME.

CLIMATE NORMAL PERIOD 1981 TO 2010
CLIMATE RECORD PERIOD 1916 TO 2017


WEATHER ITEM   OBSERVED TIME   RECORD YEAR NORMAL DEPARTURE LAST
                VALUE   (LST)  VALUE       VALUE  FROM      YEAR
                                                  NORMAL
..................................................................
TEMPERATURE (F)
 TODAY
  MAXIMUM         76    114 PM  78    1920  54     22       49
  MINIMUM         41    705 AM  20    1922  35      6       40
  AVERAGE         59                        44     15       45

PRECIPITATION (IN)
  TODAY            0.00          0.59 1934   0.07  -0.07     0.03
                                      1933
  MONTH TO DATE    1.63                      1.83  -0.20     2.12
  SINCE SEP 1      4.63                      4.75  -0.12     4.95
  SINCE JAN 1     32.06                     23.53   8.53    25.58

SNOWFALL (IN)
  TODAY            0.0           1.9  1969   0.0             0.0
  MONTH TO DATE    0.0                       0.1             0.0
  SINCE OCT 1      0.0                       0.1             0.0
  SINCE JUL 1      0.0                       0.1             0.0

DEGREE DAYS
 HEATING
  TODAY            6                        21    -15       20
  MONTH TO DATE  180                       361   -181      210
  SINCE SEP 1    352                       603   -251      310
  SINCE JUL 1    410                       718   -308      333

 COOLING
  TODAY            0                         0      0        0
  MONTH TO DATE    5                         0      5        2
  SINCE SEP 1     87                        23     64       58
  SINCE JAN 1    357                       289     68      549
..................................................................


WIND (MPH)
  RESULTANT WIND SPEED   5   RESULTANT WIND DIRECTION   S (170)
  HIGHEST WIND SPEED    15   HIGHEST WIND DIRECTION     S (180)
  HIGHEST GUST SPEED    19   HIGHEST GUST DIRECTION     S (170)
  AVERAGE WIND SPEED     5.1


SKY COVER
  POSSIBLE SUNSHINE  MM
  AVERAGE SKY COVER 0.0


WEATHER CONDITIONS
 THE FOLLOWING WEATHER WAS RECORDED TODAY.
  NO SIGNIFICANT WEATHER WAS OBSERVED.


RELATIVE HUMIDITY (PERCENT)
 HIGHEST   100
 LOWEST     35
 AVERAGE    68

..........................................................


THE ALPENA MI CLIMATE NORMALS FOR TOMORROW
                         NORMAL    RECORD    YEAR
 MAXIMUM TEMPERATURE (F)   53        83      1947
 MINIMUM TEMPERATURE (F)   35        20      2008
                                             1940
                                             1924


SUNRISE AND SUNSET
OCTOBER 21 2017.......SUNRISE   758 AM EDT   SUNSET   639 PM EDT
OCTOBER 22 2017.......SUNRISE   800 AM EDT   SUNSET   637 PM EDT


-  INDICATES NEGATIVE NUMBERS.
R  INDICATES RECORD WAS SET OR TIED.
MM INDICATES DATA IS MISSING.
T  INDICATES TRACE AMOUNT.




$$
