000
CDUS43 KAPX 282139
CLIAPN


CLIMATE REPORT
NATIONAL WEATHER SERVICE GAYLORD MI
539 PM EDT THU APR 28 2016


...................................

...THE ALPENA MI CLIMATE SUMMARY FOR APRIL 28 2016...
VALID TODAY AS OF 0500 PM LOCAL TIME.

CLIMATE NORMAL PERIOD 1981 TO 2010
CLIMATE RECORD PERIOD 1916 TO 2016


WEATHER ITEM   OBSERVED TIME   RECORD YEAR NORMAL DEPARTURE LAST
                VALUE   (LST)  VALUE       VALUE  FROM      YEAR
                                                  NORMAL
..................................................................
TEMPERATURE (F)
 TODAY
  MAXIMUM         48    334 PM  85    1974  58    -10       61
  MINIMUM         31    559 AM  20    1996  35     -4       36
  AVERAGE         40                        47     -7       49

PRECIPITATION (IN)
  TODAY            0.00          1.30 1959   0.08  -0.08     0.00
  MONTH TO DATE    3.42                      2.23   1.19     2.14
  SINCE MAR 1      8.94                      4.09   4.85     3.10
  SINCE JAN 1     13.42                      7.07   6.35     4.89

SNOWFALL (IN)
  TODAY            0.0           T    2011   0.1             0.0
                                      1960
  MONTH TO DATE   21.8                       5.7             2.0
  SINCE OCT 1     88.8                      84.0            48.6
  SINCE JUL 1     88.8                      84.0            48.6

DEGREE DAYS
 HEATING
  TODAY           25                        18      7       16
  MONTH TO DATE  806                       666    140      669
  SINCE MAR 1   1784                      1790     -6     1846
  SINCE JUL 1   6566                      7522   -956     8109

 COOLING
  TODAY            0                         0      0        0
  MONTH TO DATE    0                         0      0        0
  SINCE MAR 1      0                         0      0        0
  SINCE JAN 1      0                         0      0        0
..................................................................


WIND (MPH)
  RESULTANT WIND SPEED   6   RESULTANT WIND DIRECTION   E (80)
  HIGHEST WIND SPEED    20   HIGHEST WIND DIRECTION     E (80)
  HIGHEST GUST SPEED    26   HIGHEST GUST DIRECTION     E (80)
  AVERAGE WIND SPEED     8.5


SKY COVER
  POSSIBLE SUNSHINE  MM
  AVERAGE SKY COVER 0.0


WEATHER CONDITIONS
 THE FOLLOWING WEATHER WAS RECORDED TODAY.
  NO SIGNIFICANT WEATHER WAS OBSERVED.


RELATIVE HUMIDITY (PERCENT)
 HIGHEST    92
 LOWEST     42
 AVERAGE    67

..........................................................


THE ALPENA MI CLIMATE NORMALS FOR TOMORROW
                         NORMAL    RECORD    YEAR
 MAXIMUM TEMPERATURE (F)   59        80      2004
                                             1957
                                             1941
 MINIMUM TEMPERATURE (F)   36        20      1950
                                             1945


SUNRISE AND SUNSET
APRIL 28 2016.........SUNRISE   627 AM EDT   SUNSET   837 PM EDT
APRIL 29 2016.........SUNRISE   626 AM EDT   SUNSET   838 PM EDT


-  INDICATES NEGATIVE NUMBERS.
R  INDICATES RECORD WAS SET OR TIED.
MM INDICATES DATA IS MISSING.
T  INDICATES TRACE AMOUNT.




$$
