000
CDUS43 KAPX 280527
CLIAPN


CLIMATE REPORT
NATIONAL WEATHER SERVICE GAYLORD MI
126 AM EDT SAT MAY 28 2016


...................................

...THE ALPENA MI CLIMATE SUMMARY FOR MAY 27 2016...

CLIMATE NORMAL PERIOD 1981 TO 2010
CLIMATE RECORD PERIOD 1916 TO 2016


WEATHER ITEM   OBSERVED TIME   RECORD YEAR NORMAL DEPARTURE LAST
                VALUE   (LST)  VALUE       VALUE  FROM      YEAR
                                                  NORMAL
..................................................................
TEMPERATURE (F)
 YESTERDAY
  MAXIMUM         79   1134 AM  93    1978  68     11       76
  MINIMUM         53    421 AM  27    1934  44      9       56
  AVERAGE         66                        56     10       66

PRECIPITATION (IN)
  YESTERDAY        0.00          1.98 1941   0.10  -0.10      T
  MONTH TO DATE    0.77                      2.30  -1.53     3.18
  SINCE MAR 1      9.71                      6.55   3.16     6.28
  SINCE JAN 1     14.19                      9.53   4.66     8.07

DEGREE DAYS
 HEATING
  YESTERDAY        0                        10    -10        0
  MONTH TO DATE  337                       363    -26      263
  SINCE MAR 1   2160                      2190    -30     2141
  SINCE JUL 1   6942                      7922   -980     8404

 COOLING
  YESTERDAY        1                         1      0        1
  MONTH TO DATE    9                         4      5       20
  SINCE MAR 1      9                         6      3       20
  SINCE JAN 1      9                         6      3       20
..................................................................


WIND (MPH)
  HIGHEST WIND SPEED    16   HIGHEST WIND DIRECTION     E (110)
  HIGHEST GUST SPEED    23   HIGHEST GUST DIRECTION     W (270)
  AVERAGE WIND SPEED     5.7




RELATIVE HUMIDITY (PERCENT)
 HIGHEST   100
 LOWEST     54
 AVERAGE    77

..........................................................


THE ALPENA MI CLIMATE NORMALS FOR TODAY
                         NORMAL    RECORD    YEAR
 MAXIMUM TEMPERATURE (F)   69        93      1969
 MINIMUM TEMPERATURE (F)   44        27      1927


SUNRISE AND SUNSET
MAY 28 2016...........SUNRISE   553 AM EDT   SUNSET   911 PM EDT
MAY 29 2016...........SUNRISE   552 AM EDT   SUNSET   912 PM EDT


-  INDICATES NEGATIVE NUMBERS.
R  INDICATES RECORD WAS SET OR TIED.
MM INDICATES DATA IS MISSING.
T  INDICATES TRACE AMOUNT.




$$
