000
CDUS43 KAPX 220530
CLIAPN


CLIMATE REPORT
NATIONAL WEATHER SERVICE GAYLORD MI
1227 AM EST WED FEB 22 2017


...................................

...THE ALPENA MI CLIMATE SUMMARY FOR FEBRUARY 21 2017...

CLIMATE NORMAL PERIOD 1981 TO 2010
CLIMATE RECORD PERIOD 1916 TO 2017


WEATHER ITEM   OBSERVED TIME   RECORD YEAR NORMAL DEPARTURE LAST
                VALUE   (LST)  VALUE       VALUE  FROM      YEAR
                                                  NORMAL
..................................................................
TEMPERATURE (F)
 YESTERDAY
  MAXIMUM         60R   409 PM  50    2003  31     29       38
                                      1975
  MINIMUM         29   1013 PM -18    1936  12     17       23
  AVERAGE         45                        21     24       31

PRECIPITATION (IN)
  YESTERDAY        0.05          1.51 1997   0.05   0.00      T
  MONTH TO DATE    0.91                      0.94  -0.03     1.68
  SINCE DEC 1      5.59                      4.35   1.24     7.37
  SINCE JAN 1      3.55                      2.60   0.95     3.58

SNOWFALL (IN)
  YESTERDAY        0.0           6.1  2009   0.6   -0.6       T
  MONTH TO DATE    6.1                      13.3   -7.2     13.0
  SINCE OCT 1     49.8                      61.9  -12.1     37.6
  SINCE JUL 1     49.8                      61.9  -12.1     37.6
  SNOW DEPTH       T

DEGREE DAYS
 HEATING
  YESTERDAY       20                        44    -24       34
  MONTH TO DATE  816                       950   -134      910
  SINCE DEC 1   3207                      3609   -402     3098
  SINCE JUL 1   4416                      5432  -1016     4471
..................................................................


WIND (MPH)
  HIGHEST WIND SPEED    16   HIGHEST WIND DIRECTION    SE (150)
  HIGHEST GUST SPEED    22   HIGHEST GUST DIRECTION    SE (130)
  AVERAGE WIND SPEED     7.4




RELATIVE HUMIDITY (PERCENT)
 HIGHEST   100
 LOWEST     44
 AVERAGE    72

..........................................................


THE ALPENA MI CLIMATE NORMALS FOR TODAY
                         NORMAL    RECORD    YEAR
 MAXIMUM TEMPERATURE (F)   31        60      1930
 MINIMUM TEMPERATURE (F)   12       -24      1936


SUNRISE AND SUNSET
FEBRUARY 22 2017......SUNRISE   724 AM EST   SUNSET   612 PM EST
FEBRUARY 23 2017......SUNRISE   722 AM EST   SUNSET   614 PM EST


-  INDICATES NEGATIVE NUMBERS.
R  INDICATES RECORD WAS SET OR TIED.
MM INDICATES DATA IS MISSING.
T  INDICATES TRACE AMOUNT.




$$
