000
CDUS43 KAPX 200527
CLIAPN


CLIMATE REPORT
NATIONAL WEATHER SERVICE GAYLORD MI
127 AM EDT MON OCT 20 2014


...................................

...THE ALPENA MI CLIMATE SUMMARY FOR OCTOBER 19 2014...

CLIMATE NORMAL PERIOD 1981 TO 2010
CLIMATE RECORD PERIOD 1916 TO 2014


WEATHER ITEM   OBSERVED TIME   RECORD YEAR NORMAL DEPARTURE LAST
                VALUE   (LST)  VALUE       VALUE  FROM      YEAR
                                                  NORMAL
..................................................................
TEMPERATURE (F)
 YESTERDAY
  MAXIMUM         49    405 PM  78    1953  55     -6       49
  MINIMUM         32    712 AM  20    1934  35     -3       30
  AVERAGE         41                        45     -4       40

PRECIPITATION (IN)
  YESTERDAY        T             1.02 1917   0.08  -0.08     0.09
  MONTH TO DATE    1.88                      1.68   0.20     2.85
  SINCE SEP 1      6.03                      4.60   1.43     4.44
  SINCE JAN 1     27.93                     23.38   4.55    26.51

SNOWFALL (IN)
  YESTERDAY        0.0           2.9  1930   0.0    0.0      0.0
  MONTH TO DATE    0.0                       0.1   -0.1      0.0
  SINCE OCT 1      0.0                       0.1   -0.1      0.0
  SINCE JUL 1      0.0                       0.1   -0.1      0.0
  SNOW DEPTH       0

DEGREE DAYS
 HEATING
  YESTERDAY       24                        20      4       25
  MONTH TO DATE  302                       320    -18      243
  SINCE SEP 1    525                       562    -37      516
  SINCE JUL 1    649                       677    -28      627

 COOLING
  YESTERDAY        0                         0      0        0
  MONTH TO DATE    0                         0      0        0
  SINCE SEP 1     18                        23     -5       36
  SINCE JAN 1    168                       289   -121      343
..................................................................


WIND (MPH)
  HIGHEST WIND SPEED    10   HIGHEST WIND DIRECTION    SW (220)
  HIGHEST GUST SPEED    16   HIGHEST GUST DIRECTION     W (270)
  AVERAGE WIND SPEED     5.1




RELATIVE HUMIDITY (PERCENT)
 HIGHEST    85
 LOWEST     50
 AVERAGE    68

..........................................................


THE ALPENA MI CLIMATE NORMALS FOR TODAY
                         NORMAL    RECORD    YEAR
 MAXIMUM TEMPERATURE (F)   54        82      1920
 MINIMUM TEMPERATURE (F)   35        20      1944
                                             1934


SUNRISE AND SUNSET
OCTOBER 20 2014.......SUNRISE   757 AM EDT   SUNSET   641 PM EDT
OCTOBER 21 2014.......SUNRISE   758 AM EDT   SUNSET   639 PM EDT


-  INDICATES NEGATIVE NUMBERS.
R  INDICATES RECORD WAS SET OR TIED.
MM INDICATES DATA IS MISSING.
T  INDICATES TRACE AMOUNT.




$$
