000
CDUS43 KAPX 290546
CLIAPN


CLIMATE REPORT
NATIONAL WEATHER SERVICE GAYLORD MI
1246 AM EST THU JAN 29 2015


...................................

...THE ALPENA MI CLIMATE SUMMARY FOR JANUARY 28 2015...

CLIMATE NORMAL PERIOD 1981 TO 2010
CLIMATE RECORD PERIOD 1916 TO 2015


WEATHER ITEM   OBSERVED TIME   RECORD YEAR NORMAL DEPARTURE LAST
                VALUE   (LST)  VALUE       VALUE  FROM      YEAR
                                                  NORMAL
..................................................................
TEMPERATURE (F)
 YESTERDAY
  MAXIMUM         29    307 PM  48    2006  27      2        8
  MINIMUM         -5    807 AM -22    1938  10    -15       -8
  AVERAGE         12                        18     -6        0

PRECIPITATION (IN)
  YESTERDAY        0.00          0.80 1949   0.05  -0.05      T
  MONTH TO DATE    0.71                      1.52  -0.81     1.43
  SINCE DEC 1      2.40                      3.27  -0.87     3.57
  SINCE JAN 1      0.71                      1.52  -0.81     1.43

SNOWFALL (IN)
  YESTERDAY        0.0           8.0  1949   0.7   -0.7       T
  MONTH TO DATE   10.3                      19.3   -9.0     14.5
  SINCE OCT 1     26.4                      46.6  -20.2     41.5
  SINCE JUL 1     26.4                      46.6  -20.2     41.5
  SNOW DEPTH       4

DEGREE DAYS
 HEATING
  YESTERDAY       53                        46      7       65
  MONTH TO DATE 1419                      1277    142     1481
  SINCE DEC 1   2557                      2515     42     2955
  SINCE JUL 1   4490                      4338    152     4823
..................................................................


WIND (MPH)
  HIGHEST WIND SPEED    15   HIGHEST WIND DIRECTION     S (160)
  HIGHEST GUST SPEED    20   HIGHEST GUST DIRECTION     S (170)
  AVERAGE WIND SPEED     4.3




RELATIVE HUMIDITY (PERCENT)
 HIGHEST    88
 LOWEST     36
 AVERAGE    62

..........................................................


THE ALPENA MI CLIMATE NORMALS FOR TODAY
                         NORMAL    RECORD    YEAR
 MAXIMUM TEMPERATURE (F)   27        49      1932
 MINIMUM TEMPERATURE (F)   10       -18      1965


SUNRISE AND SUNSET
JANUARY 29 2015.......SUNRISE   758 AM EST   SUNSET   537 PM EST
JANUARY 30 2015.......SUNRISE   757 AM EST   SUNSET   539 PM EST


-  INDICATES NEGATIVE NUMBERS.
R  INDICATES RECORD WAS SET OR TIED.
MM INDICATES DATA IS MISSING.
T  INDICATES TRACE AMOUNT.




$$
