000
CDUS43 KAPX 230530
CLIAPN


CLIMATE REPORT
NATIONAL WEATHER SERVICE GAYLORD MI
130 AM EDT SAT JUL 23 2016


...................................

...THE ALPENA MI CLIMATE SUMMARY FOR JULY 22 2016...

CLIMATE NORMAL PERIOD 1981 TO 2010
CLIMATE RECORD PERIOD 1916 TO 2016


WEATHER ITEM   OBSERVED TIME   RECORD YEAR NORMAL DEPARTURE LAST
                VALUE   (LST)  VALUE       VALUE  FROM      YEAR
                                                  NORMAL
..................................................................
TEMPERATURE (F)
 YESTERDAY
  MAXIMUM         93    325 PM  97    1918  80     13       80
  MINIMUM         65   1159 PM  42    1992  56      9       53
                                      1966
  AVERAGE         79                        68     11       67

PRECIPITATION (IN)
  YESTERDAY        0.00          1.73 1971   0.10  -0.10     0.00
  MONTH TO DATE    1.99                      2.19  -0.20     1.62
  SINCE JUN 1      3.43                      4.81  -1.38     3.78
  SINCE JAN 1     18.16                     14.71   3.45    12.33

DEGREE DAYS
 HEATING
  YESTERDAY        0                         1     -1        0
  MONTH TO DATE   17                        32    -15       34
  SINCE JUN 1    125                       175    -50      177
  SINCE JUL 1     17                        32    -15       34

 COOLING
  YESTERDAY       14                         4     10        2
  MONTH TO DATE  125                        85     40       70
  SINCE JUN 1    190                       141     49       81
  SINCE JAN 1    222                       154     68      105
..................................................................


WIND (MPH)
  HIGHEST WIND SPEED    17   HIGHEST WIND DIRECTION    NW (330)
  HIGHEST GUST SPEED    23   HIGHEST GUST DIRECTION     S (180)
  AVERAGE WIND SPEED     6.0




RELATIVE HUMIDITY (PERCENT)
 HIGHEST    93
 LOWEST     26
 AVERAGE    60

..........................................................


THE ALPENA MI CLIMATE NORMALS FOR TODAY
                         NORMAL    RECORD    YEAR
 MAXIMUM TEMPERATURE (F)   80        95      2012
                                             2001
 MINIMUM TEMPERATURE (F)   56        41      1923


SUNRISE AND SUNSET
JULY 23 2016..........SUNRISE   610 AM EDT   SUNSET   911 PM EDT
JULY 24 2016..........SUNRISE   611 AM EDT   SUNSET   910 PM EDT


-  INDICATES NEGATIVE NUMBERS.
R  INDICATES RECORD WAS SET OR TIED.
MM INDICATES DATA IS MISSING.
T  INDICATES TRACE AMOUNT.




$$
