000
CDUS44 KLCH 182207
CLIARA


CLIMATE REPORT
NATIONAL WEATHER SERVICE LAKE CHARLES, LA
406 PM CST THU JAN 18 2018


...................................

...THE NEW IBERIA CLIMATE SUMMARY FOR JANUARY 18 2018...
VALID TODAY AS OF 0400 PM LOCAL TIME.

CLIMATE NORMAL PERIOD 1981 TO 2010
CLIMATE RECORD PERIOD 1948 TO 2018


WEATHER ITEM   OBSERVED TIME   RECORD YEAR NORMAL DEPARTURE LAST
                VALUE   (LST)  VALUE       VALUE  FROM      YEAR
                                                  NORMAL
..................................................................
TEMPERATURE (F)
 TODAY
  MAXIMUM         44    359 PM  80    1950  63    -19       79
  MINIMUM         19R   434 AM  19    1948  43    -24       69
  AVERAGE         32                        53    -21       74

PRECIPITATION (IN)
  TODAY            0.00          2.60 1992   0.17  -0.17     0.01
  MONTH TO DATE    1.68                      2.99  -1.31     0.81
  SINCE DEC 1      9.90                      7.99   1.91     9.51
  SINCE JAN 1      1.68                      2.99  -1.31     0.81

SNOWFALL (IN)
  TODAY            0.0           0.0    MM  MM               0.0
  MONTH TO DATE    T                        MM               0.0
  SINCE DEC 1      2.4                      MM               0.0
  SINCE JUL 1      2.4                      MM               0.0

DEGREE DAYS
 HEATING
  TODAY           33                        13     20        0
  MONTH TO DATE  407                       234    173      123
  SINCE DEC 1    775                       586    189      359
  SINCE JUL 1    954                       781    173      454

 COOLING
  TODAY            0                         0      0        9
  MONTH TO DATE    0                         9     -9       50
  SINCE DEC 1     19                        31    -12      117
  SINCE JAN 1      0                         9     -9       50
..................................................................


WIND (MPH)
  RESULTANT WIND SPEED   7   RESULTANT WIND DIRECTION  NE (30)
  HIGHEST WIND SPEED    14   HIGHEST WIND DIRECTION    NE (40)
  HIGHEST GUST SPEED    17   HIGHEST GUST DIRECTION    NE (40)
  AVERAGE WIND SPEED     7.6


SKY COVER
  POSSIBLE SUNSHINE  MM
  AVERAGE SKY COVER 0.0


WEATHER CONDITIONS
 THE FOLLOWING WEATHER WAS RECORDED TODAY.
  NO SIGNIFICANT WEATHER WAS OBSERVED.


RELATIVE HUMIDITY (PERCENT)
 HIGHEST    77          1200 AM
 LOWEST     33           200 PM
 AVERAGE    55

..........................................................


THE NEW IBERIA CLIMATE NORMALS FOR TOMORROW
                         NORMAL    RECORD    YEAR
 MAXIMUM TEMPERATURE (F)   63        80      1950
 MINIMUM TEMPERATURE (F)   43        19      1977


SUNRISE AND SUNSET
JANUARY 18 2018.......SUNRISE   704 AM CST   SUNSET   533 PM CST
JANUARY 19 2018.......SUNRISE   703 AM CST   SUNSET   534 PM CST


-  INDICATES NEGATIVE NUMBERS.
R  INDICATES RECORD WAS SET OR TIED.
MM INDICATES DATA IS MISSING.
T  INDICATES TRACE AMOUNT.




$$
