000
CDUS44 KLCH 202204
CLIARA


CLIMATE REPORT
NATIONAL WEATHER SERVICE LAKE CHARLES, LA
404 PM CST MON NOV 20 2017


...................................

...THE NEW IBERIA CLIMATE SUMMARY FOR NOVEMBER 20 2017...
VALID TODAY AS OF 0400 PM LOCAL TIME.

CLIMATE NORMAL PERIOD 1981 TO 2010
CLIMATE RECORD PERIOD 1948 TO 2017


WEATHER ITEM   OBSERVED TIME   RECORD YEAR NORMAL DEPARTURE LAST
                VALUE   (LST)  VALUE       VALUE  FROM      YEAR
                                                  NORMAL
..................................................................
TEMPERATURE (F)
 TODAY
  MAXIMUM         63    210 PM  84    2011  71     -8       66
  MINIMUM         39    617 AM  28    1969  49    -10       34
                                      1951
  AVERAGE         51                        60     -9       50

PRECIPITATION (IN)
  TODAY            0.00          2.48 1976   0.14  -0.14     0.00
  MONTH TO DATE    0.25                      2.43  -2.18     0.55
  SINCE SEP 1      7.09                     12.02  -4.93     8.66
  SINCE JAN 1     59.47                     52.87   6.60    76.01

SNOWFALL (IN)
  TODAY            0.0           0.0    MM  MM               0.0
  MONTH TO DATE    0.0                      MM               0.0
  SINCE SEP 1      0.0                      MM               0.0
  SINCE JUL 1      0.0                      MM               0.0

DEGREE DAYS
 HEATING
  TODAY           14                         6      8       15
  MONTH TO DATE   49                        83    -34       47
  SINCE SEP 1    100                       117    -17       54
  SINCE JUL 1    100                       117    -17       54

 COOLING
  TODAY            0                         1     -1        0
  MONTH TO DATE   83                        33     50       62
  SINCE SEP 1    779                       635    144      842
  SINCE JAN 1   3082                      2778    304     3127
..................................................................


WIND (MPH)
  RESULTANT WIND SPEED   4   RESULTANT WIND DIRECTION   E (80)
  HIGHEST WIND SPEED    15   HIGHEST WIND DIRECTION    SE (120)
  HIGHEST GUST SPEED    17   HIGHEST GUST DIRECTION    SE (120)
  AVERAGE WIND SPEED     5.3


SKY COVER
  POSSIBLE SUNSHINE  MM
  AVERAGE SKY COVER 0.0


WEATHER CONDITIONS
 THE FOLLOWING WEATHER WAS RECORDED TODAY.
  NO SIGNIFICANT WEATHER WAS OBSERVED.


RELATIVE HUMIDITY (PERCENT)
 HIGHEST    67           500 AM
 LOWEST     27           200 PM
 AVERAGE    47

..........................................................


THE NEW IBERIA CLIMATE NORMALS FOR TOMORROW
                         NORMAL    RECORD    YEAR
 MAXIMUM TEMPERATURE (F)   70        84      2011
 MINIMUM TEMPERATURE (F)   49        28      1952


SUNRISE AND SUNSET
NOVEMBER 20 2017......SUNRISE   637 AM CST   SUNSET   509 PM CST
NOVEMBER 21 2017......SUNRISE   638 AM CST   SUNSET   509 PM CST


-  INDICATES NEGATIVE NUMBERS.
R  INDICATES RECORD WAS SET OR TIED.
MM INDICATES DATA IS MISSING.
T  INDICATES TRACE AMOUNT.




$$
