000
CDUS44 KLCH 071245
CLIARA


CLIMATE REPORT
NATIONAL WEATHER SERVICE LAKE CHARLES, LA
645 AM CST WED DEC 7 2016


...................................

...THE NEW IBERIA CLIMATE SUMMARY FOR DECEMBER 6 2016...

CLIMATE NORMAL PERIOD 1981 TO 2010
CLIMATE RECORD PERIOD 1948 TO 2016


WEATHER ITEM   OBSERVED TIME   RECORD YEAR NORMAL DEPARTURE LAST
                VALUE   (LST)  VALUE       VALUE  FROM      YEAR
                                                  NORMAL
..................................................................
TEMPERATURE (F)
 YESTERDAY
  MAXIMUM         68    311 PM  83    1998  66      2       74
  MINIMUM         53    647 AM  29    1984  45      8       47
                                      1962
  AVERAGE         61                        56      5       61

PRECIPITATION (IN)
  YESTERDAY        T             7.37 1971   0.18  -0.18     0.00
  MONTH TO DATE    5.02                      1.15   3.87     0.49
  SINCE DEC 1      5.02                      1.15   3.87     0.49
  SINCE JAN 1     82.30                     55.84  26.46    66.65

SNOWFALL (IN)
  YESTERDAY        0.0           0.0    MM  MM               0.0
  MONTH TO DATE    0.0                      MM               0.0
  SINCE DEC 1      0.0                      MM               0.0
  SINCE JUL 1      0.0                      MM               0.0

DEGREE DAYS
 HEATING
  YESTERDAY        4                        10     -6        4
  MONTH TO DATE   39                        58    -19       50
  SINCE DEC 1     39                        58    -19       50
  SINCE JUL 1    134                       253   -119      121

 COOLING
  YESTERDAY        0                         1     -1        0
  MONTH TO DATE    0                         6     -6        0
  SINCE DEC 1      0                         6     -6        0
  SINCE JAN 1   3143                      2798    345     3173
..................................................................


WIND (MPH)
  RESULTANT WIND SPEED   5   RESULTANT WIND DIRECTION  NW (300)
  HIGHEST WIND SPEED    23   HIGHEST WIND DIRECTION     W (250)
  HIGHEST GUST SPEED    28   HIGHEST GUST DIRECTION     W (250)
  AVERAGE WIND SPEED     8.4


SKY COVER
  POSSIBLE SUNSHINE  MM
  AVERAGE SKY COVER 0.7


WEATHER CONDITIONS
 THE FOLLOWING WEATHER WAS RECORDED YESTERDAY.
  LIGHT RAIN
  FOG


RELATIVE HUMIDITY (PERCENT)
 HIGHEST    89           300 AM
 LOWEST     55           200 PM
 AVERAGE    72

..........................................................


THE NEW IBERIA CLIMATE NORMALS FOR TODAY
                         NORMAL    RECORD    YEAR
 MAXIMUM TEMPERATURE (F)   66        83      1998
 MINIMUM TEMPERATURE (F)   45        20      1950


SUNRISE AND SUNSET
DECEMBER  7 2016......SUNRISE   651 AM CST   SUNSET   508 PM CST
DECEMBER  8 2016......SUNRISE   652 AM CST   SUNSET   508 PM CST


-  INDICATES NEGATIVE NUMBERS.
R  INDICATES RECORD WAS SET OR TIED.
MM INDICATES DATA IS MISSING.
T  INDICATES TRACE AMOUNT.




$$
