000
CDUS44 KLCH 310845
CLIARA


CLIMATE REPORT
NATIONAL WEATHER SERVICE LAKE CHARLES, LA
345 AM CDT FRI JUL 31 2015


...................................

...THE NEW IBERIA CLIMATE SUMMARY FOR JULY 30 2015...

CLIMATE NORMAL PERIOD 1981 TO 2010
CLIMATE RECORD PERIOD 1948 TO 2015


WEATHER ITEM   OBSERVED TIME   RECORD YEAR NORMAL DEPARTURE LAST
                VALUE   (LST)  VALUE       VALUE  FROM      YEAR
                                                  NORMAL
..................................................................
TEMPERATURE (F)
 YESTERDAY
  MAXIMUM        102R   316 PM 100    1948  92     10       91
  MINIMUM         77   1159 PM  67    1980  75      2       72
  AVERAGE         90                        83      7       82

PRECIPITATION (IN)
  YESTERDAY        0.10          2.22 1953   0.22  -0.12     0.00
  MONTH TO DATE    2.17                      6.43  -4.26     9.32
  SINCE JUN 1      9.93                     13.33  -3.40    17.01
  SINCE JAN 1     37.54                     35.56   1.98    33.35

SNOWFALL (IN)
  YESTERDAY        0.0           0.0    MM  MM               0.0
  MONTH TO DATE    0.0                      MM               0.0
  SINCE JUN 1      0.0                      MM               0.0
  SINCE JUL 1      0.0                      MM               0.0

DEGREE DAYS
 HEATING
  YESTERDAY        0                         0      0        0
  MONTH TO DATE    0                         0      0        0
  SINCE JUN 1      0                         0      0        0
  SINCE JUL 1      0                         0      0        0

 COOLING
  YESTERDAY       25                        18      7       17
  MONTH TO DATE  607                       529     78      519
  SINCE JUN 1   1123                      1000    123     1026
  SINCE JAN 1   1743                      1570    173     1512
..................................................................


WIND (MPH)
  RESULTANT WIND SPEED   3   RESULTANT WIND DIRECTION   N (10)
  HIGHEST WIND SPEED    28   HIGHEST WIND DIRECTION     E (70)
  HIGHEST GUST SPEED    37   HIGHEST GUST DIRECTION     E (70)
  AVERAGE WIND SPEED     5.6


SKY COVER
  POSSIBLE SUNSHINE  MM
  AVERAGE SKY COVER 0.2


WEATHER CONDITIONS
 THE FOLLOWING WEATHER WAS RECORDED YESTERDAY.
  THUNDERSTORM
  RAIN
  LIGHT RAIN
  FOG
  HAZE


RELATIVE HUMIDITY (PERCENT)
 HIGHEST    94           800 PM
 LOWEST     40           300 PM
 AVERAGE    67

..........................................................


THE NEW IBERIA CLIMATE NORMALS FOR TODAY
                         NORMAL    RECORD    YEAR
 MAXIMUM TEMPERATURE (F)   92       101      1948
 MINIMUM TEMPERATURE (F)   74        67      1972


SUNRISE AND SUNSET
JULY 31 2015..........SUNRISE   626 AM CDT   SUNSET   802 PM CDT
AUGUST  1 2015........SUNRISE   626 AM CDT   SUNSET   801 PM CDT


-  INDICATES NEGATIVE NUMBERS.
R  INDICATES RECORD WAS SET OR TIED.
MM INDICATES DATA IS MISSING.
T  INDICATES TRACE AMOUNT.




$$
