000
CDUS44 KLCH 040831
CLIARA


CLIMATE REPORT
NATIONAL WEATHER SERVICE LAKE CHARLES, LA
229 AM CST WED MAR 4 2015


...................................

...THE NEW IBERIA CLIMATE SUMMARY FOR MARCH 3 2015...

CLIMATE NORMAL PERIOD 1981 TO 2010
CLIMATE RECORD PERIOD 1948 TO 2015


WEATHER ITEM   OBSERVED TIME   RECORD YEAR NORMAL DEPARTURE LAST
                VALUE   (LST)  VALUE       VALUE  FROM      YEAR
                                                  NORMAL
..................................................................
TEMPERATURE (F)
 YESTERDAY
  MAXIMUM         80    145 PM  82    1955  70     10       68
  MINIMUM         57    354 AM  19    1980  49      8       32
  AVERAGE         69                        59     10       50

PRECIPITATION (IN)
  YESTERDAY        T             2.37 1979   0.14  -0.14     0.18
  MONTH TO DATE    1.54                      0.43   1.11     0.18
  SINCE MAR 1      1.54                      0.43   1.11     0.18
  SINCE JAN 1      8.00                      9.84  -1.84     8.52

SNOWFALL (IN)
  YESTERDAY        0.0           0.0    MM  MM              MM
  MONTH TO DATE    0.0                      MM               0.0
  SINCE MAR 1      0.0                      MM               0.0
  SINCE JUL 1      0.0                      MM               0.1

DEGREE DAYS
 HEATING
  YESTERDAY        0                         7     -7       15
  MONTH TO DATE    2                        21    -19       15
  SINCE MAR 1      2                        21    -19       15
  SINCE JUL 1   1345                      1237    108     1539

 COOLING
  YESTERDAY        4                         1      3        0
  MONTH TO DATE    6                         3      3        8
  SINCE MAR 1      6                         3      3        8
  SINCE JAN 1     10                        34    -24       26
..................................................................


WIND (MPH)
  RESULTANT WIND SPEED   6   RESULTANT WIND DIRECTION   S (170)
  HIGHEST WIND SPEED    21   HIGHEST WIND DIRECTION    SW (210)
  HIGHEST GUST SPEED    27   HIGHEST GUST DIRECTION    SW (210)
  AVERAGE WIND SPEED     9.0


SKY COVER
  POSSIBLE SUNSHINE  MM
  AVERAGE SKY COVER 0.9


WEATHER CONDITIONS
 THE FOLLOWING WEATHER WAS RECORDED YESTERDAY.
  LIGHT RAIN
  FOG
  FOG W/VISIBILITY <= 1/4 MILE


RELATIVE HUMIDITY (PERCENT)
 HIGHEST   100           600 AM
 LOWEST     74          1200 PM
 AVERAGE    87

..........................................................


THE NEW IBERIA CLIMATE NORMALS FOR TODAY
                         NORMAL    RECORD    YEAR
 MAXIMUM TEMPERATURE (F)   70        80      2011
                                             2004
                                             1976
 MINIMUM TEMPERATURE (F)   49        25      2002
                                             1980


SUNRISE AND SUNSET
MARCH  4 2015.........SUNRISE   630 AM CST   SUNSET   609 PM CST
MARCH  5 2015.........SUNRISE   629 AM CST   SUNSET   609 PM CST


-  INDICATES NEGATIVE NUMBERS.
R  INDICATES RECORD WAS SET OR TIED.
MM INDICATES DATA IS MISSING.
T  INDICATES TRACE AMOUNT.




$$
