000
CDUS44 KLCH 142245
CLIARA


CLIMATE REPORT
NATIONAL WEATHER SERVICE LAKE CHARLES, LA
445 PM CST SUN FEB 14 2016


...................................

...THE NEW IBERIA CLIMATE SUMMARY FOR FEBRUARY 14 2016...
VALID TODAY AS OF 0400 PM LOCAL TIME.

CLIMATE NORMAL PERIOD 1981 TO 2010
CLIMATE RECORD PERIOD 1948 TO 2016


WEATHER ITEM   OBSERVED TIME   RECORD YEAR NORMAL DEPARTURE LAST
                VALUE   (LST)  VALUE       VALUE  FROM      YEAR
                                                  NORMAL
..................................................................
TEMPERATURE (F)
 TODAY
  MAXIMUM         71   1248 PM  80    2001  66      5       72
                                      1954
                                      1952
  MINIMUM         43    334 AM  23    1958  45     -2       40
  AVERAGE         57                        55      2       56

PRECIPITATION (IN)
  TODAY            T             1.91 1953   0.15  -0.15     0.00
  MONTH TO DATE    1.41                      1.98  -0.57     1.12
  SINCE DEC 1     10.70                     12.20  -1.50     7.20
  SINCE JAN 1      7.68                      7.20   0.48     5.49

SNOWFALL (IN)
  TODAY           MM             0.0    MM  MM               0.0
  MONTH TO DATE    0.0                      MM               0.0
  SINCE DEC 1      0.0                      MM               0.0
  SINCE JUL 1      0.0                      MM               0.0

DEGREE DAYS
 HEATING
  TODAY            8                        10     -2        9
  MONTH TO DATE  166                       157      9      154
  SINCE DEC 1    752                       899   -147      839
  SINCE JUL 1    823                      1094   -271     1126

 COOLING
  TODAY            0                         1     -1        0
  MONTH TO DATE    5                        10     -5        1
  SINCE DEC 1     89                        44     45       25
  SINCE JAN 1      6                        22    -16        3
..................................................................


WIND (MPH)
  RESULTANT WIND SPEED  12   RESULTANT WIND DIRECTION  SE (140)
  HIGHEST WIND SPEED    26   HIGHEST WIND DIRECTION     S (170)
  HIGHEST GUST SPEED    32   HIGHEST GUST DIRECTION     S (160)
  AVERAGE WIND SPEED    12.3


SKY COVER
  POSSIBLE SUNSHINE  MM
  AVERAGE SKY COVER 0.3


WEATHER CONDITIONS
 THE FOLLOWING WEATHER WAS RECORDED TODAY.
  LIGHT RAIN


RELATIVE HUMIDITY (PERCENT)
 HIGHEST    93          1200 AM
 LOWEST     58          1100 AM
 AVERAGE    76

..........................................................


THE NEW IBERIA CLIMATE NORMALS FOR TOMORROW
                         NORMAL    RECORD    YEAR
 MAXIMUM TEMPERATURE (F)   66        82      1989
 MINIMUM TEMPERATURE (F)   46        30      2007


SUNRISE AND SUNSET
FEBRUARY 14 2016......SUNRISE   649 AM CST   SUNSET   555 PM CST
FEBRUARY 15 2016......SUNRISE   648 AM CST   SUNSET   556 PM CST


-  INDICATES NEGATIVE NUMBERS.
R  INDICATES RECORD WAS SET OR TIED.
MM INDICATES DATA IS MISSING.
T  INDICATES TRACE AMOUNT.




$$
