000
CDUS44 KLCH 242218
CLIARA


CLIMATE REPORT
NATIONAL WEATHER SERVICE LAKE CHARLES, LA
518 PM CDT THU APR 24 2014


...................................

...THE NEW IBERIA CLIMATE SUMMARY FOR APRIL 24 2014...
VALID TODAY AS OF 0500 PM LOCAL TIME.

CLIMATE NORMAL PERIOD 1981 TO 2010
CLIMATE RECORD PERIOD 1948 TO 2014


WEATHER ITEM   OBSERVED TIME   RECORD YEAR NORMAL DEPARTURE LAST
                VALUE   (LST)  VALUE       VALUE  FROM      YEAR
                                                  NORMAL
..................................................................
TEMPERATURE (F)
 TODAY
  MAXIMUM         83    119 PM  89    1955  81      2       74
  MINIMUM         59    456 AM  47    2005  59      0       59
                                      1998
                                      1983
  AVERAGE         71                        70      1       67

PRECIPITATION (IN)
  TODAY            T             2.35 1953   0.09  -0.09     1.22
  MONTH TO DATE    2.24                      3.44  -1.20     6.51
  SINCE MAR 1      3.75                      7.21  -3.46     9.24
  SINCE JAN 1     12.09                     16.62  -4.53    25.99

SNOWFALL (IN)
  TODAY            0.0           0.0    MM  MM               0.0
  MONTH TO DATE    0.0                      MM               0.0
  SINCE MAR 1      0.0                      MM               0.0
  SINCE JUL 1      0.1                      MM               0.0

DEGREE DAYS
 HEATING
  TODAY            0                         0      0        0
  MONTH TO DATE   43                        43      0       40
  SINCE MAR 1    256                       191     65      242
  SINCE JUL 1   1780                      1407    373     1129

 COOLING
  TODAY            6                         6      0        2
  MONTH TO DATE   86                        97    -11      106
  SINCE MAR 1    109                       149    -40      149
  SINCE JAN 1    127                       180    -53      197
..................................................................


WIND (MPH)
  RESULTANT WIND SPEED   8   RESULTANT WIND DIRECTION   S (180)
  HIGHEST WIND SPEED    18   HIGHEST WIND DIRECTION     S (180)
  HIGHEST GUST SPEED    25   HIGHEST GUST DIRECTION     S (160)
  AVERAGE WIND SPEED     8.3


SKY COVER
  POSSIBLE SUNSHINE  MM
  AVERAGE SKY COVER 0.6


WEATHER CONDITIONS
 THE FOLLOWING WEATHER WAS RECORDED TODAY.
  LIGHT RAIN


RELATIVE HUMIDITY (PERCENT)
 HIGHEST   100           200 AM
 LOWEST     55           200 PM
 AVERAGE    78

..........................................................


THE NEW IBERIA CLIMATE NORMALS FOR TOMORROW
                         NORMAL    RECORD    YEAR
 MAXIMUM TEMPERATURE (F)   81        90      1999
 MINIMUM TEMPERATURE (F)   60        47      1983


SUNRISE AND SUNSET
APRIL 24 2014.........SUNRISE   631 AM CDT   SUNSET   740 PM CDT
APRIL 25 2014.........SUNRISE   630 AM CDT   SUNSET   741 PM CDT


-  INDICATES NEGATIVE NUMBERS.
R  INDICATES RECORD WAS SET OR TIED.
MM INDICATES DATA IS MISSING.
T  INDICATES TRACE AMOUNT.




$$
