000
CDUS44 KLCH 222207
CLIARA


CLIMATE REPORT
NATIONAL WEATHER SERVICE LAKE CHARLES, LA
407 PM CST MON DEC 22 2014


...................................

...THE NEW IBERIA CLIMATE SUMMARY FOR DECEMBER 22 2014...
VALID TODAY AS OF 0400 PM LOCAL TIME.

CLIMATE NORMAL PERIOD 1981 TO 2010
CLIMATE RECORD PERIOD 1948 TO 2014


WEATHER ITEM   OBSERVED TIME   RECORD YEAR NORMAL DEPARTURE LAST
                VALUE   (LST)  VALUE       VALUE  FROM      YEAR
                                                  NORMAL
..................................................................
TEMPERATURE (F)
 TODAY
  MAXIMUM         77    136 PM  80    1998  64     13       68
  MINIMUM         51    140 AM  14    1989  43      8       49
  AVERAGE         64                        53     11       59

PRECIPITATION (IN)
  TODAY            T             2.12 1986   0.15  -0.15     0.07
  MONTH TO DATE    0.95                      3.81  -2.86     1.97
  SINCE DEC 1      0.95                      3.81  -2.86     1.97
  SINCE JAN 1     49.51                     58.50  -8.99    65.05

SNOWFALL (IN)
  TODAY            0.0           0.5  1989  MM              MM
  MONTH TO DATE    0.0                      MM               0.0
  SINCE DEC 1      0.0                      MM               0.0
  SINCE JUL 1      0.0                      MM               0.0

DEGREE DAYS
 HEATING
  TODAY            1                        12    -11        6
  MONTH TO DATE  139                       239   -100      239
  SINCE DEC 1    139                       239   -100      239
  SINCE JUL 1    426                       434     -8      472

 COOLING
  TODAY            0                         0      0        0
  MONTH TO DATE   19                        19      0       41
  SINCE DEC 1     19                        19      0       41
  SINCE JAN 1   2848                      2811     37     3232
..................................................................


WIND (MPH)
  RESULTANT WIND SPEED   4   RESULTANT WIND DIRECTION   S (190)
  HIGHEST WIND SPEED    22   HIGHEST WIND DIRECTION    SW (230)
  HIGHEST GUST SPEED    27   HIGHEST GUST DIRECTION    SW (240)
  AVERAGE WIND SPEED     6.5


SKY COVER
  POSSIBLE SUNSHINE  MM
  AVERAGE SKY COVER 0.9


WEATHER CONDITIONS
 THE FOLLOWING WEATHER WAS RECORDED TODAY.
  LIGHT RAIN
  FOG
  FOG W/VISIBILITY <= 1/4 MILE


RELATIVE HUMIDITY (PERCENT)
 HIGHEST   100           200 AM
 LOWEST     64           200 PM
 AVERAGE    82

..........................................................


THE NEW IBERIA CLIMATE NORMALS FOR TOMORROW
                         NORMAL    RECORD    YEAR
 MAXIMUM TEMPERATURE (F)   63        78      1964
                                             1955
 MINIMUM TEMPERATURE (F)   43         9      1989


SUNRISE AND SUNSET
DECEMBER 22 2014......SUNRISE   700 AM CST   SUNSET   513 PM CST
DECEMBER 23 2014......SUNRISE   700 AM CST   SUNSET   513 PM CST


-  INDICATES NEGATIVE NUMBERS.
R  INDICATES RECORD WAS SET OR TIED.
MM INDICATES DATA IS MISSING.
T  INDICATES TRACE AMOUNT.




$$
