000
CDUS44 KLCH 312207
CLIARA


CLIMATE REPORT
NATIONAL WEATHER SERVICE LAKE CHARLES, LA
407 PM CST SAT JAN 31 2015


...................................

...THE NEW IBERIA CLIMATE SUMMARY FOR JANUARY 31 2015...
VALID TODAY AS OF 0400 PM LOCAL TIME.

CLIMATE NORMAL PERIOD 1981 TO 2010
CLIMATE RECORD PERIOD 1948 TO 2015


WEATHER ITEM   OBSERVED TIME   RECORD YEAR NORMAL DEPARTURE LAST
                VALUE   (LST)  VALUE       VALUE  FROM      YEAR
                                                  NORMAL
..................................................................
TEMPERATURE (F)
 TODAY
  MAXIMUM         66    346 PM  81    2002  63      3       67
                                      1957
  MINIMUM         42    533 AM  23    1949  43     -1       36
  AVERAGE         54                        53      1       52

PRECIPITATION (IN)
  TODAY            0.00          2.05 2002   0.18  -0.18     0.00
  MONTH TO DATE    4.37                      5.22  -0.85     2.35
  SINCE DEC 1      6.08                     10.22  -4.14     4.91
  SINCE JAN 1      4.37                      5.22  -0.85     2.35

SNOWFALL (IN)
  TODAY            0.0           T    1977  MM               0.0
  MONTH TO DATE    0.0                      MM               0.1
  SINCE DEC 1      0.0                      MM               0.1
  SINCE JUL 1      0.0                      MM               0.1

DEGREE DAYS
 HEATING
  TODAY           11                        12     -1       13
  MONTH TO DATE  441                       393     48      571
  SINCE DEC 1    685                       742    -57      973
  SINCE JUL 1    972                       937     35     1206

 COOLING
  TODAY            0                         0      0        0
  MONTH TO DATE    2                        12    -10        0
  SINCE DEC 1     24                        34    -10       41
  SINCE JAN 1      2                        12    -10        0
..................................................................


WIND (MPH)
  RESULTANT WIND SPEED   9   RESULTANT WIND DIRECTION   E (80)
  HIGHEST WIND SPEED    17   HIGHEST WIND DIRECTION    SE (120)
  HIGHEST GUST SPEED    22   HIGHEST GUST DIRECTION    SE (120)
  AVERAGE WIND SPEED     9.2


SKY COVER
  POSSIBLE SUNSHINE  MM
  AVERAGE SKY COVER 0.0


WEATHER CONDITIONS
 THE FOLLOWING WEATHER WAS RECORDED TODAY.
  NO SIGNIFICANT WEATHER WAS OBSERVED.


RELATIVE HUMIDITY (PERCENT)
 HIGHEST    70           400 AM
 LOWEST     52           200 PM
 AVERAGE    61

..........................................................


THE NEW IBERIA CLIMATE NORMALS FOR TOMORROW
                         NORMAL    RECORD    YEAR
 MAXIMUM TEMPERATURE (F)   64        81      1957
 MINIMUM TEMPERATURE (F)   44        18      1951


SUNRISE AND SUNSET
JANUARY 31 2015.......SUNRISE   658 AM CST   SUNSET   544 PM CST
FEBRUARY  1 2015......SUNRISE   658 AM CST   SUNSET   545 PM CST


-  INDICATES NEGATIVE NUMBERS.
R  INDICATES RECORD WAS SET OR TIED.
MM INDICATES DATA IS MISSING.
T  INDICATES TRACE AMOUNT.




$$
