000
CDUS44 KLCH 192245
CLIARA


CLIMATE REPORT
NATIONAL WEATHER SERVICE LAKE CHARLES, LA
445 PM CST SUN FEB 19 2017


...................................

...THE NEW IBERIA CLIMATE SUMMARY FOR FEBRUARY 19 2017...
VALID TODAY AS OF 0400 PM LOCAL TIME.

CLIMATE NORMAL PERIOD 1981 TO 2010
CLIMATE RECORD PERIOD 1948 TO 2017


WEATHER ITEM   OBSERVED TIME   RECORD YEAR NORMAL DEPARTURE LAST
                VALUE   (LST)  VALUE       VALUE  FROM      YEAR
                                                  NORMAL
..................................................................
TEMPERATURE (F)
 TODAY
  MAXIMUM         81R   343 PM  80    1951  67     14       76
  MINIMUM         62   1242 AM  30    1960  46     16       51
  AVERAGE         72                        56     16       64

PRECIPITATION (IN)
  TODAY            T             4.42 1991   0.16  -0.16     0.00
  MONTH TO DATE    0.16                      2.81  -2.65     1.89
  SINCE DEC 1     11.30                     13.03  -1.73    11.18
  SINCE JAN 1      2.60                      8.03  -5.43     8.16

SNOWFALL (IN)
  TODAY            0.0           0.0    MM  MM               0.0
  MONTH TO DATE    0.0                      MM               0.0
  SINCE DEC 1      0.0                      MM               0.0
  SINCE JUL 1      0.0                      MM               0.0

DEGREE DAYS
 HEATING
  TODAY            0                         9     -9        1
  MONTH TO DATE   72                       205   -133      192
  SINCE DEC 1    520                       947   -427      778
  SINCE JUL 1    615                      1142   -527      849

 COOLING
  TODAY            7                         1      6        0
  MONTH TO DATE   46                        15     31        5
  SINCE DEC 1    177                        49    128       89
  SINCE JAN 1    110                        27     83        6
..................................................................


WIND (MPH)
  RESULTANT WIND SPEED   7   RESULTANT WIND DIRECTION  SE (120)
  HIGHEST WIND SPEED    15   HIGHEST WIND DIRECTION    SE (150)
  HIGHEST GUST SPEED    21   HIGHEST GUST DIRECTION    SE (140)
  AVERAGE WIND SPEED     7.4


SKY COVER
  POSSIBLE SUNSHINE  MM
  AVERAGE SKY COVER 0.9


WEATHER CONDITIONS
 THE FOLLOWING WEATHER WAS RECORDED TODAY.
  LIGHT RAIN
  FOG
  FOG W/VISIBILITY <= 1/4 MILE


RELATIVE HUMIDITY (PERCENT)
 HIGHEST   100          1200 AM
 LOWEST     62           300 PM
 AVERAGE    81

..........................................................


THE NEW IBERIA CLIMATE NORMALS FOR TOMORROW
                         NORMAL    RECORD    YEAR
 MAXIMUM TEMPERATURE (F)   67        80      1994
                                             1976
 MINIMUM TEMPERATURE (F)   47        29      1978


SUNRISE AND SUNSET
FEBRUARY 19 2017......SUNRISE   643 AM CST   SUNSET   600 PM CST
FEBRUARY 20 2017......SUNRISE   642 AM CST   SUNSET   600 PM CST


-  INDICATES NEGATIVE NUMBERS.
R  INDICATES RECORD WAS SET OR TIED.
MM INDICATES DATA IS MISSING.
T  INDICATES TRACE AMOUNT.




$$
