000
CDUS44 KLCH 280928
CLIARA


CLIMATE REPORT
NATIONAL WEATHER SERVICE LAKE CHARLES, LA
427 AM CDT SUN MAY 28 2017


...................................

...THE NEW IBERIA CLIMATE SUMMARY FOR MAY 27 2017...

CLIMATE NORMAL PERIOD 1981 TO 2010
CLIMATE RECORD PERIOD 1948 TO 2017


WEATHER ITEM   OBSERVED TIME   RECORD YEAR NORMAL DEPARTURE LAST
                VALUE   (LST)  VALUE       VALUE  FROM      YEAR
                                                  NORMAL
..................................................................
TEMPERATURE (F)
 YESTERDAY
  MAXIMUM         88    351 PM  94    1953  88      0       86
  MINIMUM         78    228 AM  52    1961  70      8       67
  AVERAGE         83                        79      4       77

PRECIPITATION (IN)
  YESTERDAY        T             1.30 1971   0.25  -0.25     0.48
  MONTH TO DATE    6.93                      4.01   2.92     5.01
  SINCE MAR 1     12.72                     11.85   0.87    15.30
  SINCE JAN 1     15.52                     21.26  -5.74    25.53

SNOWFALL (IN)
  YESTERDAY        0.0           0.0    MM  MM               0.0
  MONTH TO DATE    0.0                      MM               0.0
  SINCE MAR 1      0.0                      MM               0.0
  SINCE JUL 1      0.0                      MM               0.0

DEGREE DAYS
 HEATING
  YESTERDAY        0                         0      0        0
  MONTH TO DATE    4                         0      4        0
  SINCE MAR 1     87                       192   -105       81
  SINCE JUL 1    716                      1408   -692      997

 COOLING
  YESTERDAY       18                        14      4       12
  MONTH TO DATE  230                       294    -64      270
  SINCE MAR 1    562                       483     79      556
  SINCE JAN 1    697                       514    183      566
..................................................................


WIND (MPH)
  RESULTANT WIND SPEED  12   RESULTANT WIND DIRECTION   S (190)
  HIGHEST WIND SPEED    20   HIGHEST WIND DIRECTION    SW (210)
  HIGHEST GUST SPEED    26   HIGHEST GUST DIRECTION     S (180)
  AVERAGE WIND SPEED    12.0


SKY COVER
  POSSIBLE SUNSHINE  MM
  AVERAGE SKY COVER 0.8


WEATHER CONDITIONS
 THE FOLLOWING WEATHER WAS RECORDED YESTERDAY.
  LIGHT RAIN
  FOG


RELATIVE HUMIDITY (PERCENT)
 HIGHEST    91           200 AM
 LOWEST     63          1200 PM
 AVERAGE    77

..........................................................


THE NEW IBERIA CLIMATE NORMALS FOR TODAY
                         NORMAL    RECORD    YEAR
 MAXIMUM TEMPERATURE (F)   88        95      1951
 MINIMUM TEMPERATURE (F)   70        52      1961


SUNRISE AND SUNSET
MAY 28 2017...........SUNRISE   608 AM CDT   SUNSET   802 PM CDT
MAY 29 2017...........SUNRISE   608 AM CDT   SUNSET   803 PM CDT


-  INDICATES NEGATIVE NUMBERS.
R  INDICATES RECORD WAS SET OR TIED.
MM INDICATES DATA IS MISSING.
T  INDICATES TRACE AMOUNT.




$$
