000
CDUS43 KLOT 010638
CLIARR


CLIMATE REPORT
NATIONAL WEATHER SERVICE CHICAGO IL
137 AM CDT WED OCT 1 2014


...................................

...THE AURORA MUNICIPAL AIRPORT CLIMATE SUMMARY FOR SEPTEMBER 30 2014...

CLIMATE NORMAL PERIOD 1981 TO 2010
CLIMATE RECORD PERIOD 1998 TO 2014


WEATHER ITEM   OBSERVED TIME   RECORD YEAR NORMAL DEPARTURE LAST
                VALUE   (LST)  VALUE       VALUE  FROM      YEAR
                                                  NORMAL
..................................................................
TEMPERATURE (F)
 YESTERDAY
  MAXIMUM         62    145 PM  85    2007  69     -7       75
                                      2002
  MINIMUM         48    604 AM  32    2004  44      4       39
  AVERAGE         55                        57     -2       57

PRECIPITATION (IN)
  YESTERDAY        0.00          0.18 2007   0.15  -0.15     0.00
  MONTH TO DATE    2.56                      3.44  -0.88     1.22
  SINCE SEP 1      2.56                      3.44  -0.88     1.22
  SINCE JAN 1     25.43                     28.64  -3.21    27.45

DEGREE DAYS
 HEATING
  YESTERDAY       10                         9      1        8
  MONTH TO DATE  150                       128     22      101
  SINCE SEP 1    150                       129     21      101
  SINCE JUL 1    171                       153     18      129

 COOLING
  YESTERDAY        0                         1     -1        0
  MONTH TO DATE   60                        63     -3      104
  SINCE SEP 1     60                        63     -3      104
  SINCE JAN 1    690                       647     43      731
..................................................................


WIND (MPH)
  RESULTANT WIND SPEED   9   RESULTANT WIND DIRECTION  NE (40)
  HIGHEST WIND SPEED    15   HIGHEST WIND DIRECTION    NE (60)
  HIGHEST GUST SPEED    19   HIGHEST GUST DIRECTION    NE (60)
  AVERAGE WIND SPEED     9.1


SKY COVER
  POSSIBLE SUNSHINE  MM
  AVERAGE SKY COVER 0.9


WEATHER CONDITIONS
 THE FOLLOWING WEATHER WAS RECORDED YESTERDAY.
  NO SIGNIFICANT WEATHER WAS OBSERVED.


RELATIVE HUMIDITY (PERCENT)
 HIGHEST    83          1200 AM
 LOWEST     60           200 PM
 AVERAGE    72

..........................................................


THE AURORA MUNICIPAL AIRPORT CLIMATE NORMALS FOR TODAY
                         NORMAL    RECORD    YEAR
 MAXIMUM TEMPERATURE (F)   68        83      2000
 MINIMUM TEMPERATURE (F)   44        24      2003


SUNRISE AND SUNSET
OCTOBER  1 2014.......SUNRISE   651 AM CDT   SUNSET   636 PM CDT
OCTOBER  2 2014.......SUNRISE   652 AM CDT   SUNSET   634 PM CDT


-  INDICATES NEGATIVE NUMBERS.
R  INDICATES RECORD WAS SET OR TIED.
MM INDICATES DATA IS MISSING.
T  INDICATES TRACE AMOUNT.




$$
