000
CDUS43 KLOT 250636
CLIARR


CLIMATE REPORT
NATIONAL WEATHER SERVICE CHICAGO IL
1234 AM CST THU DEC 25 2014


...................................

...THE AURORA MUNICIPAL AIRPORT CLIMATE SUMMARY FOR DECEMBER 24 2014...

CLIMATE NORMAL PERIOD 1981 TO 2010
CLIMATE RECORD PERIOD 1998 TO 2014


WEATHER ITEM   OBSERVED TIME   RECORD YEAR NORMAL DEPARTURE LAST
                VALUE   (LST)  VALUE       VALUE  FROM      YEAR
                                                  NORMAL
..................................................................
TEMPERATURE (F)
 YESTERDAY
  MAXIMUM         39    126 PM  40    2006  30      9       18
  MINIMUM         34    744 AM -12    2000  16     18       -6
  AVERAGE         37                        23     14        6

PRECIPITATION (IN)
  YESTERDAY        0.01          0.73 2009   0.04  -0.03      T
  MONTH TO DATE    0.70                      1.69  -0.99     0.65
  SINCE DEC 1      0.70                      1.69  -0.99     0.65
  SINCE JAN 1     29.61                     36.59  -6.98    33.48

DEGREE DAYS
 HEATING
  YESTERDAY       28                        42    -14       59
  MONTH TO DATE  773                       936   -163     1065
  SINCE DEC 1    773                       936   -163     1065
  SINCE JUL 1   2352                      2350      2     2515

 COOLING
  YESTERDAY        0                         0      0        0
  MONTH TO DATE    0                         0      0        0
  SINCE DEC 1      0                         0      0        0
  SINCE JAN 1    693                       655     38      745
..................................................................


WIND (MPH)
  RESULTANT WIND SPEED   8   RESULTANT WIND DIRECTION   W (290)
  HIGHEST WIND SPEED    20   HIGHEST WIND DIRECTION     W (280)
  HIGHEST GUST SPEED    24   HIGHEST GUST DIRECTION     W (280)
  AVERAGE WIND SPEED     9.2


SKY COVER
  POSSIBLE SUNSHINE  MM
  AVERAGE SKY COVER 1.0


WEATHER CONDITIONS
 THE FOLLOWING WEATHER WAS RECORDED YESTERDAY.
  LIGHT RAIN
  FOG
  HAZE


RELATIVE HUMIDITY (PERCENT)
 HIGHEST    92           900 AM
 LOWEST     79           100 PM
 AVERAGE    86

..........................................................


THE AURORA MUNICIPAL AIRPORT CLIMATE NORMALS FOR TODAY
                         NORMAL    RECORD    YEAR
 MAXIMUM TEMPERATURE (F)   30        43      2011
 MINIMUM TEMPERATURE (F)   15       -15      2000


SUNRISE AND SUNSET
DECEMBER 25 2014......SUNRISE   719 AM CST   SUNSET   429 PM CST
DECEMBER 26 2014......SUNRISE   720 AM CST   SUNSET   429 PM CST


-  INDICATES NEGATIVE NUMBERS.
R  INDICATES RECORD WAS SET OR TIED.
MM INDICATES DATA IS MISSING.
T  INDICATES TRACE AMOUNT.




$$
