000
CDUS43 KLOT 260639
CLIARR


CLIMATE REPORT
NATIONAL WEATHER SERVICE CHICAGO IL
138 AM CDT FRI MAY 26 2017


...................................

...THE AURORA MUNICIPAL AIRPORT CLIMATE SUMMARY FOR MAY 25 2017...

CLIMATE NORMAL PERIOD 1981 TO 2010
CLIMATE RECORD PERIOD 1998 TO 2017


WEATHER ITEM   OBSERVED TIME   RECORD YEAR NORMAL DEPARTURE LAST
                VALUE   (LST)  VALUE       VALUE  FROM      YEAR
                                                  NORMAL
..................................................................
TEMPERATURE (F)
 YESTERDAY
  MAXIMUM         70    412 PM  90    2016  74     -4       90
  MINIMUM         54    406 AM  41    2002  50      4       63
  AVERAGE         62                        62      0       77

PRECIPITATION (IN)
  YESTERDAY        0.00          2.04 2016   0.15  -0.15     2.04
  MONTH TO DATE    3.95                      3.45   0.50     5.97
  SINCE MAR 1     13.65                      8.98   4.67    11.30
  SINCE JAN 1     17.54                     12.07   5.47    12.79

DEGREE DAYS
 HEATING
  YESTERDAY        3                         5     -2        0
  MONTH TO DATE  210                       204      6      204
  SINCE MAR 1   1347                      1572   -225     1332
  SINCE JUL 1   5408                      6710  -1302     5453

 COOLING
  YESTERDAY        0                         2     -2       12
  MONTH TO DATE   24                        24      0       22
  SINCE MAR 1     30                        27      3       27
  SINCE JAN 1     30                        27      3       27
..................................................................


WIND (MPH)
  RESULTANT WIND SPEED   9   RESULTANT WIND DIRECTION  NW (330)
  HIGHEST WIND SPEED    18   HIGHEST WIND DIRECTION     N (340)
  HIGHEST GUST SPEED    23   HIGHEST GUST DIRECTION     N (350)
  AVERAGE WIND SPEED    10.2


SKY COVER
  POSSIBLE SUNSHINE  MM
  AVERAGE SKY COVER 0.7


WEATHER CONDITIONS
 THE FOLLOWING WEATHER WAS RECORDED YESTERDAY.
  NO SIGNIFICANT WEATHER WAS OBSERVED.


RELATIVE HUMIDITY (PERCENT)
 HIGHEST    93           300 AM
 LOWEST     59           600 PM
 AVERAGE    76

..........................................................


THE AURORA MUNICIPAL AIRPORT CLIMATE NORMALS FOR TODAY
                         NORMAL    RECORD    YEAR
 MAXIMUM TEMPERATURE (F)   74        90      2014
                                             2012
 MINIMUM TEMPERATURE (F)   51        37      2002


SUNRISE AND SUNSET
MAY 26 2017...........SUNRISE   525 AM CDT   SUNSET   818 PM CDT
MAY 27 2017...........SUNRISE   524 AM CDT   SUNSET   818 PM CDT


-  INDICATES NEGATIVE NUMBERS.
R  INDICATES RECORD WAS SET OR TIED.
MM INDICATES DATA IS MISSING.
T  INDICATES TRACE AMOUNT.




$$
