000
CDUS43 KLOT 060648
CLIARR


CLIMATE REPORT
NATIONAL WEATHER SERVICE CHICAGO IL
1246 AM CST TUE DEC 6 2016


...................................

...THE AURORA MUNICIPAL AIRPORT CLIMATE SUMMARY FOR DECEMBER 5 2016...

CLIMATE NORMAL PERIOD 1981 TO 2010
CLIMATE RECORD PERIOD 1998 TO 2016


WEATHER ITEM   OBSERVED TIME   RECORD YEAR NORMAL DEPARTURE LAST
                VALUE   (LST)  VALUE       VALUE  FROM      YEAR
                                                  NORMAL
..................................................................
TEMPERATURE (F)
 YESTERDAY
  MAXIMUM         34   1159 PM  68    2001  36     -2       42
  MINIMUM         32    922 PM  -7    2007  20     12       30
  AVERAGE         33                        29      4       36

PRECIPITATION (IN)
  YESTERDAY        0.00          0.61 1999   0.09  -0.09     0.00
  MONTH TO DATE    0.19                      0.46  -0.27     0.31
  SINCE DEC 1      0.19                      0.46  -0.27     0.31
  SINCE JAN 1     33.75                     35.36  -1.61    35.47

DEGREE DAYS
 HEATING
  YESTERDAY       32                        37     -5       29
  MONTH TO DATE  150                       179    -29      142
  SINCE DEC 1    150                       179    -29      142
  SINCE JUL 1   1048                      1593   -545     1222

 COOLING
  YESTERDAY        0                         0      0        0
  MONTH TO DATE    0                         0      0        0
  SINCE DEC 1      0                         0      0        0
  SINCE JAN 1   1039                       655    384      750
..................................................................


WIND (MPH)
  RESULTANT WIND SPEED   6   RESULTANT WIND DIRECTION   S (190)
  HIGHEST WIND SPEED    20   HIGHEST WIND DIRECTION     W (260)
  HIGHEST GUST SPEED    23   HIGHEST GUST DIRECTION     W (270)
  AVERAGE WIND SPEED    10.9


SKY COVER
  POSSIBLE SUNSHINE  MM
  AVERAGE SKY COVER 1.0


WEATHER CONDITIONS
 THE FOLLOWING WEATHER WAS RECORDED YESTERDAY.
  FOG


RELATIVE HUMIDITY (PERCENT)
 HIGHEST    92           900 AM
 LOWEST     85           800 PM
 AVERAGE    89

..........................................................


THE AURORA MUNICIPAL AIRPORT CLIMATE NORMALS FOR TODAY
                         NORMAL    RECORD    YEAR
 MAXIMUM TEMPERATURE (F)   36        59      1998
 MINIMUM TEMPERATURE (F)   20       -10      2007


SUNRISE AND SUNSET
DECEMBER  6 2016......SUNRISE   707 AM CST   SUNSET   423 PM CST
DECEMBER  7 2016......SUNRISE   708 AM CST   SUNSET   423 PM CST


-  INDICATES NEGATIVE NUMBERS.
R  INDICATES RECORD WAS SET OR TIED.
MM INDICATES DATA IS MISSING.
T  INDICATES TRACE AMOUNT.




$$
