000
CDUS43 KLOT 210637
CLIARR


CLIMATE REPORT
NATIONAL WEATHER SERVICE CHICAGO IL
136 AM CDT THU AUG 21 2014


...................................

...THE AURORA MUNICIPAL AIRPORT CLIMATE SUMMARY FOR AUGUST 20 2014...

CLIMATE NORMAL PERIOD 1981 TO 2010
CLIMATE RECORD PERIOD 1998 TO 2014


WEATHER ITEM   OBSERVED TIME   RECORD YEAR NORMAL DEPARTURE LAST
                VALUE   (LST)  VALUE       VALUE  FROM      YEAR
                                                  NORMAL
..................................................................
TEMPERATURE (F)
 YESTERDAY
  MAXIMUM         85    434 PM  92    2010  81      4       87
  MINIMUM         59    532 AM  49    2012  59      0       58
                                      2001
  AVERAGE         72                        70      2       73

PRECIPITATION (IN)
  YESTERDAY        0.00          0.69 2005   0.11  -0.11     0.00
  MONTH TO DATE    1.67                      2.90  -1.23     0.44
  SINCE JUN 1     12.75                     11.10   1.65     6.44
  SINCE JAN 1     20.74                     23.98  -3.24    23.30

DEGREE DAYS
 HEATING
  YESTERDAY        0                         0      0        0
  MONTH TO DATE    6                         0      6       12
  SINCE JUN 1     37                        50    -13       72
  SINCE JUL 1     21                         9     12       28

 COOLING
  YESTERDAY        7                         5      2        8
  MONTH TO DATE  111                       119     -8       76
  SINCE JUN 1    428                       489    -61      441
  SINCE JAN 1    514                       530    -16      521
..................................................................


WIND (MPH)
  RESULTANT WIND SPEED   4   RESULTANT WIND DIRECTION  SW (230)
  HIGHEST WIND SPEED    18   HIGHEST WIND DIRECTION    SW (220)
  HIGHEST GUST SPEED    27   HIGHEST GUST DIRECTION    SW (210)
  AVERAGE WIND SPEED     5.6


SKY COVER
  POSSIBLE SUNSHINE  MM
  AVERAGE SKY COVER 0.2


WEATHER CONDITIONS
 THE FOLLOWING WEATHER WAS RECORDED YESTERDAY.
  FOG
  HAZE


RELATIVE HUMIDITY (PERCENT)
 HIGHEST    93           200 AM
 LOWEST     51          1200 PM
 AVERAGE    72

..........................................................


THE AURORA MUNICIPAL AIRPORT CLIMATE NORMALS FOR TODAY
                         NORMAL    RECORD    YEAR
 MAXIMUM TEMPERATURE (F)   81        95      2003
 MINIMUM TEMPERATURE (F)   59        46      2004


SUNRISE AND SUNSET
AUGUST 21 2014........SUNRISE   608 AM CDT   SUNSET   745 PM CDT
AUGUST 22 2014........SUNRISE   609 AM CDT   SUNSET   743 PM CDT


-  INDICATES NEGATIVE NUMBERS.
R  INDICATES RECORD WAS SET OR TIED.
MM INDICATES DATA IS MISSING.
T  INDICATES TRACE AMOUNT.




$$
