000
CDUS43 KLOT 060650
CLIARR


CLIMATE REPORT
NATIONAL WEATHER SERVICE CHICAGO IL
150 AM CDT MON JUL 6 2015


...................................

...THE AURORA MUNICIPAL AIRPORT CLIMATE SUMMARY FOR JULY 5 2015...

CLIMATE NORMAL PERIOD 1981 TO 2010
CLIMATE RECORD PERIOD 1998 TO 2015


WEATHER ITEM   OBSERVED TIME   RECORD YEAR NORMAL DEPARTURE LAST
                VALUE   (LST)  VALUE       VALUE  FROM      YEAR
                                                  NORMAL
..................................................................
TEMPERATURE (F)
 YESTERDAY
  MAXIMUM         83    317 PM  98    2012  84     -1       77
  MINIMUM         59    449 AM  48    2008  60     -1       59
  AVERAGE         71                        72     -1       68

PRECIPITATION (IN)
  YESTERDAY        0.00          0.41 2003   0.11  -0.11     0.01
  MONTH TO DATE    T                         0.50  -0.50     0.41
  SINCE JUN 1      8.69                      4.51   4.18     9.37
  SINCE JAN 1     18.04                     17.39   0.65    17.36

DEGREE DAYS
 HEATING
  YESTERDAY        0                         0      0        0
  MONTH TO DATE    5                         0      5        2
  SINCE JUN 1     23                        41    -18       18
  SINCE JUL 1      5                         0      5        2

 COOLING
  YESTERDAY        6                         7     -1        3
  MONTH TO DATE   12                        35    -23       12
  SINCE JUN 1    163                       190    -27      208
  SINCE JAN 1    232                       231      1      294
..................................................................


WIND (MPH)
  RESULTANT WIND SPEED   4   RESULTANT WIND DIRECTION   S (180)
  HIGHEST WIND SPEED    13   HIGHEST WIND DIRECTION     S (170)
  HIGHEST GUST SPEED    19   HIGHEST GUST DIRECTION     S (180)
  AVERAGE WIND SPEED     4.6


SKY COVER
  POSSIBLE SUNSHINE  MM
  AVERAGE SKY COVER 0.0


WEATHER CONDITIONS
 THE FOLLOWING WEATHER WAS RECORDED YESTERDAY.
  FOG
  HAZE


RELATIVE HUMIDITY (PERCENT)
 HIGHEST    90           200 AM
 LOWEST     47           300 PM
 AVERAGE    69

..........................................................


THE AURORA MUNICIPAL AIRPORT CLIMATE NORMALS FOR TODAY
                         NORMAL    RECORD    YEAR
 MAXIMUM TEMPERATURE (F)   84       100      2012
 MINIMUM TEMPERATURE (F)   60        46      2001


SUNRISE AND SUNSET
JULY  6 2015..........SUNRISE   526 AM CDT   SUNSET   831 PM CDT
JULY  7 2015..........SUNRISE   526 AM CDT   SUNSET   831 PM CDT


-  INDICATES NEGATIVE NUMBERS.
R  INDICATES RECORD WAS SET OR TIED.
MM INDICATES DATA IS MISSING.
T  INDICATES TRACE AMOUNT.




$$
