000
CDUS43 KLOT 250633
CLIARR


CLIMATE REPORT
NATIONAL WEATHER SERVICE CHICAGO IL
132 AM CDT TUE JUL 25 2017


...................................

...THE AURORA MUNICIPAL AIRPORT CLIMATE SUMMARY FOR JULY 24 2017...

CLIMATE NORMAL PERIOD 1981 TO 2010
CLIMATE RECORD PERIOD 1998 TO 2017


WEATHER ITEM   OBSERVED TIME   RECORD YEAR NORMAL DEPARTURE LAST
                VALUE   (LST)  VALUE       VALUE  FROM      YEAR
                                                  NORMAL
..................................................................
TEMPERATURE (F)
 YESTERDAY
  MAXIMUM         76    441 PM 100    2005  83     -7       93
  MINIMUM         58   1137 PM  47    2000  59     -1       71
  AVERAGE         67                        71     -4       82

PRECIPITATION (IN)
  YESTERDAY        0.00          2.41 2011   0.15  -0.15     0.22
  MONTH TO DATE    4.23                      3.24   0.99     5.24
  SINCE JUN 1      6.68                      7.25  -0.57     8.74
  SINCE JAN 1     24.76                     20.13   4.63    22.37

DEGREE DAYS
 HEATING
  YESTERDAY        0                         0      0        0
  MONTH TO DATE    1                         0      1        2
  SINCE JUN 1     16                        41    -25       10
  SINCE JUL 1      1                         0      1        2

 COOLING
  YESTERDAY        2                         7     -5       17
  MONTH TO DATE  196                       168     28      217
  SINCE JUN 1    409                       323     86      417
  SINCE JAN 1    443                       364     79      499
..................................................................


WIND (MPH)
  RESULTANT WIND SPEED   8   RESULTANT WIND DIRECTION  NE (40)
  HIGHEST WIND SPEED    16   HIGHEST WIND DIRECTION    NE (50)
  HIGHEST GUST SPEED    20   HIGHEST GUST DIRECTION    NE (50)
  AVERAGE WIND SPEED     8.3


SKY COVER
  POSSIBLE SUNSHINE  MM
  AVERAGE SKY COVER 0.4


WEATHER CONDITIONS
 THE FOLLOWING WEATHER WAS RECORDED YESTERDAY.
  NO SIGNIFICANT WEATHER WAS OBSERVED.


RELATIVE HUMIDITY (PERCENT)
 HIGHEST    93          1200 AM
 LOWEST     58           300 PM
 AVERAGE    76

..........................................................


THE AURORA MUNICIPAL AIRPORT CLIMATE NORMALS FOR TODAY
                         NORMAL    RECORD    YEAR
 MAXIMUM TEMPERATURE (F)   83        98      2012
 MINIMUM TEMPERATURE (F)   59        50      2013


SUNRISE AND SUNSET
JULY 25 2017..........SUNRISE   541 AM CDT   SUNSET   819 PM CDT
JULY 26 2017..........SUNRISE   542 AM CDT   SUNSET   818 PM CDT


-  INDICATES NEGATIVE NUMBERS.
R  INDICATES RECORD WAS SET OR TIED.
MM INDICATES DATA IS MISSING.
T  INDICATES TRACE AMOUNT.




$$
