845
CDUS43 KLOT 300634
CLIARR


CLIMATE REPORT
NATIONAL WEATHER SERVICE CHICAGO IL
133 AM CDT THU MAR 30 2017


...................................

...THE AURORA MUNICIPAL AIRPORT CLIMATE SUMMARY FOR MARCH 29 2017...

CLIMATE NORMAL PERIOD 1981 TO 2010
CLIMATE RECORD PERIOD 1998 TO 2017


WEATHER ITEM   OBSERVED TIME   RECORD YEAR NORMAL DEPARTURE LAST
                VALUE   (LST)  VALUE       VALUE  FROM      YEAR
                                                  NORMAL
..................................................................
TEMPERATURE (F)
 YESTERDAY
  MAXIMUM         53   1035 AM  69    2005  53      0       60
  MINIMUM         37    603 AM  19    2008  31      6       30
  AVERAGE         45                        42      3       45

PRECIPITATION (IN)
  YESTERDAY        0.14          0.59 2002   0.08   0.06     0.00
  MONTH TO DATE    1.41                      2.08  -0.67     2.51
  SINCE MAR 1      1.41                      2.08  -0.67     2.51
  SINCE JAN 1      5.30                      5.17   0.13     4.00

DEGREE DAYS
 HEATING
  YESTERDAY       20                        23     -3       20
  MONTH TO DATE  744                       826    -82      625
  SINCE MAR 1    744                       826    -82      625
  SINCE JUL 1   4805                      5964  -1159     4746

 COOLING
  YESTERDAY        0                         0      0        0
  MONTH TO DATE    0                         0      0        0
  SINCE MAR 1      0                         0      0        0
  SINCE JAN 1      0                         0      0        0
..................................................................


WIND (MPH)
  RESULTANT WIND SPEED  13   RESULTANT WIND DIRECTION  NE (60)
  HIGHEST WIND SPEED    28   HIGHEST WIND DIRECTION     E (70)
  HIGHEST GUST SPEED    35   HIGHEST GUST DIRECTION    NE (60)
  AVERAGE WIND SPEED    15.1


SKY COVER
  POSSIBLE SUNSHINE  MM
  AVERAGE SKY COVER 0.8


WEATHER CONDITIONS
 THE FOLLOWING WEATHER WAS RECORDED YESTERDAY.
  RAIN
  LIGHT RAIN
  FOG
  HAZE


RELATIVE HUMIDITY (PERCENT)
 HIGHEST    92           200 AM
 LOWEST     50          1100 AM
 AVERAGE    71

..........................................................


THE AURORA MUNICIPAL AIRPORT CLIMATE NORMALS FOR TODAY
                         NORMAL    RECORD    YEAR
 MAXIMUM TEMPERATURE (F)   54        76      2005
 MINIMUM TEMPERATURE (F)   32        22      2014
                                             2000


SUNRISE AND SUNSET
MARCH 30 2017.........SUNRISE   640 AM CDT   SUNSET   717 PM CDT
MARCH 31 2017.........SUNRISE   638 AM CDT   SUNSET   719 PM CDT


-  INDICATES NEGATIVE NUMBERS.
R  INDICATES RECORD WAS SET OR TIED.
MM INDICATES DATA IS MISSING.
T  INDICATES TRACE AMOUNT.




$$
