022
CDUS43 KLOT 240633
CLIARR


CLIMATE REPORT
NATIONAL WEATHER SERVICE CHICAGO IL
1232 AM CST FRI FEB 24 2017


...................................

...THE AURORA MUNICIPAL AIRPORT CLIMATE SUMMARY FOR FEBRUARY 23 2017...

CLIMATE NORMAL PERIOD 1981 TO 2010
CLIMATE RECORD PERIOD 1998 TO 2017


WEATHER ITEM   OBSERVED TIME   RECORD YEAR NORMAL DEPARTURE LAST
                VALUE   (LST)  VALUE       VALUE  FROM      YEAR
                                                  NORMAL
..................................................................
TEMPERATURE (F)
 YESTERDAY
  MAXIMUM         55   1210 AM  61    2000  37     18       48
  MINIMUM         38    848 PM  -8    2015  19     19       26
  AVERAGE         47                        28     19       37

PRECIPITATION (IN)
  YESTERDAY        0.16R         0.16 2012   0.07   0.09     0.00
  MONTH TO DATE    0.69                      1.24  -0.55     0.97
  SINCE DEC 1      3.77                      4.67  -0.90     5.83
  SINCE JAN 1      2.94                      2.71   0.23     1.48

DEGREE DAYS
 HEATING
  YESTERDAY       18                        37    -19       28
  MONTH TO DATE  630                       943   -313      843
  SINCE DEC 1   3033                      3546   -513     2885
  SINCE JUL 1   3931                      4960  -1029     3965

 COOLING
  YESTERDAY        0                         0      0        0
  MONTH TO DATE    0                         0      0        0
  SINCE DEC 1      0                         0      0        0
  SINCE JAN 1      0                         0      0        0
..................................................................


WIND (MPH)
  RESULTANT WIND SPEED   5   RESULTANT WIND DIRECTION  NE (50)
  HIGHEST WIND SPEED    28   HIGHEST WIND DIRECTION    NE (40)
  HIGHEST GUST SPEED    35   HIGHEST GUST DIRECTION    NE (50)
  AVERAGE WIND SPEED    12.8


SKY COVER
  POSSIBLE SUNSHINE  MM
  AVERAGE SKY COVER 0.5


WEATHER CONDITIONS
 THE FOLLOWING WEATHER WAS RECORDED YESTERDAY.
  THUNDERSTORM
  LIGHT RAIN
  FOG
  HAZE


RELATIVE HUMIDITY (PERCENT)
 HIGHEST    92           700 AM
 LOWEST     68          1100 AM
 AVERAGE    80

..........................................................


THE AURORA MUNICIPAL AIRPORT CLIMATE NORMALS FOR TODAY
                         NORMAL    RECORD    YEAR
 MAXIMUM TEMPERATURE (F)   37        60      2002
 MINIMUM TEMPERATURE (F)   19         0      2003


SUNRISE AND SUNSET
FEBRUARY 24 2017......SUNRISE   636 AM CST   SUNSET   539 PM CST
FEBRUARY 25 2017......SUNRISE   634 AM CST   SUNSET   540 PM CST


-  INDICATES NEGATIVE NUMBERS.
R  INDICATES RECORD WAS SET OR TIED.
MM INDICATES DATA IS MISSING.
T  INDICATES TRACE AMOUNT.




$$
