000
CDUS43 KLOT 060647
CLIARR


CLIMATE REPORT
NATIONAL WEATHER SERVICE CHICAGO IL
143 AM CDT FRI MAY 6 2016


...................................

...THE AURORA MUNICIPAL AIRPORT CLIMATE SUMMARY FOR MAY 5 2016...

CLIMATE NORMAL PERIOD 1981 TO 2010
CLIMATE RECORD PERIOD 1998 TO 2016


WEATHER ITEM   OBSERVED TIME   RECORD YEAR NORMAL DEPARTURE LAST
                VALUE   (LST)  VALUE       VALUE  FROM      YEAR
                                                  NORMAL
..................................................................
TEMPERATURE (F)
 YESTERDAY
  MAXIMUM         66    436 PM  85    2000  67     -1       63
  MINIMUM         38   1209 AM  32    2005  43     -5       51
  AVERAGE         52                        55     -3       57

PRECIPITATION (IN)
  YESTERDAY        0.00          0.68 2015   0.13  -0.13     0.68
  MONTH TO DATE    0.70                      0.66   0.04     1.01
  SINCE MAR 1      6.03                      6.19  -0.16     5.64
  SINCE JAN 1      7.52                      9.28  -1.76     6.32

DEGREE DAYS
 HEATING
  YESTERDAY       13                        10      3        8
  MONTH TO DATE   74                        54     20       29
  SINCE MAR 1   1202                      1422   -220     1423
  SINCE JUL 1   5323                      6560  -1237     6878

 COOLING
  YESTERDAY        0                         0      0        0
  MONTH TO DATE    0                         0      0        1
  SINCE MAR 1      5                         3      2        1
  SINCE JAN 1      5                         3      2        1
..................................................................


WIND (MPH)
  RESULTANT WIND SPEED   7   RESULTANT WIND DIRECTION   N (360)
  HIGHEST WIND SPEED    16   HIGHEST WIND DIRECTION     N (10)
  HIGHEST GUST SPEED    20   HIGHEST GUST DIRECTION     N (10)
  AVERAGE WIND SPEED     8.1


SKY COVER
  POSSIBLE SUNSHINE  MM
  AVERAGE SKY COVER 0.1


WEATHER CONDITIONS
 THE FOLLOWING WEATHER WAS RECORDED YESTERDAY.
  NO SIGNIFICANT WEATHER WAS OBSERVED.


RELATIVE HUMIDITY (PERCENT)
 HIGHEST    85          1200 AM
 LOWEST     43           600 PM
 AVERAGE    64

..........................................................


THE AURORA MUNICIPAL AIRPORT CLIMATE NORMALS FOR TODAY
                         NORMAL    RECORD    YEAR
 MAXIMUM TEMPERATURE (F)   67        86      2004
                                             2000
 MINIMUM TEMPERATURE (F)   44        33      2006


SUNRISE AND SUNSET
MAY  6 2016...........SUNRISE   543 AM CDT   SUNSET   758 PM CDT
MAY  7 2016...........SUNRISE   542 AM CDT   SUNSET   759 PM CDT


-  INDICATES NEGATIVE NUMBERS.
R  INDICATES RECORD WAS SET OR TIED.
MM INDICATES DATA IS MISSING.
T  INDICATES TRACE AMOUNT.




$$
