000
CDUS41 KBUF 261044
CLIART

CLIMATE REPORT
NATIONAL WEATHER SERVICE BUFFALO NY
523 AM EST SUN FEB 26 2017


...................................

...THE WATERTOWN NY CLIMATE SUMMARY FOR FEBRUARY 25 2017...

CLIMATE NORMAL PERIOD 1981 TO 2010
CLIMATE RECORD PERIOD 1949 TO 2017


WEATHER ITEM   OBSERVED TIME   RECORD YEAR NORMAL DEPARTURE LAST
                VALUE   (LST)  VALUE       VALUE  FROM      YEAR
                                                  NORMAL
..................................................................
TEMPERATURE (F)
 YESTERDAY
  MAXIMUM         64R  1107 AM  62    1976  34     30       40
  MINIMUM         32   1159 PM -29    1993  13     19       24
  AVERAGE         48                        23     25       32

PRECIPITATION (IN)
  YESTERDAY        0.66          1.07 1961   0.08   0.58     0.15
  MONTH TO DATE    1.85                      1.97  -0.12     4.08
  SINCE DEC 1      5.82                      7.78  -1.96     8.04
  SINCE JAN 1      3.63                      4.63  -1.00     5.60

DEGREE DAYS
 HEATING
  YESTERDAY       17                        42    -25       33
  MONTH TO DATE  898                      1108   -210     1071
  SINCE DEC 1   3187                      3720   -533     3138
  SINCE JUL 1   4529                      5319   -790     4505

 COOLING
  YESTERDAY        0                         0      0        0
  MONTH TO DATE    0                         0      0        0
  SINCE DEC 1      0                         0      0        0
  SINCE JAN 1      0                         0      0        0
..................................................................


WIND (MPH)
  HIGHEST WIND SPEED    38   HIGHEST WIND DIRECTION    SW (220)
  HIGHEST GUST SPEED    56   HIGHEST GUST DIRECTION    SW (220)
  AVERAGE WIND SPEED    12.7


SKY COVER
  AVERAGE SKY COVER 0.8


WEATHER CONDITIONS
 THE FOLLOWING WEATHER WAS RECORDED YESTERDAY.
  THUNDERSTORM
  HEAVY RAIN
  RAIN
  LIGHT RAIN
  FOG
  FOG W/VISIBILITY <= 1/4 MILE


RELATIVE HUMIDITY (PERCENT)
 HIGHEST   100          1200 AM
 LOWEST     70          1100 PM
 AVERAGE    85

..........................................................


THE WATERTOWN NY CLIMATE NORMALS FOR TODAY
                         NORMAL    RECORD    YEAR
 MAXIMUM TEMPERATURE (F)   34        62      1976
 MINIMUM TEMPERATURE (F)   13       -27      1963


SUNRISE AND SUNSET
FEBRUARY 26 2017......SUNRISE   646 AM EST   SUNSET   549 PM EST
FEBRUARY 27 2017......SUNRISE   644 AM EST   SUNSET   550 PM EST


-  INDICATES NEGATIVE NUMBERS.
R  INDICATES RECORD WAS SET OR TIED.
MM INDICATES DATA IS MISSING.
T  INDICATES TRACE AMOUNT.




$$
