000
CDUS41 KBUF 242030
CLIART


CLIMATE REPORT
NATIONAL WEATHER SERVICE BUFFALO NY
429 PM EDT WED MAY 24 2017


...................................

...THE WATERTOWN NY CLIMATE SUMMARY FOR MAY 24 2017...
VALID TODAY AS OF 0400 PM LOCAL TIME.

CLIMATE NORMAL PERIOD 1981 TO 2010
CLIMATE RECORD PERIOD 1949 TO 2017


WEATHER ITEM   OBSERVED TIME   RECORD YEAR NORMAL DEPARTURE LAST
                VALUE   (LST)  VALUE       VALUE  FROM      YEAR
                                                  NORMAL
..................................................................
TEMPERATURE (F)
 TODAY
  MAXIMUM         78    143 PM  87    1966  68     10       75
  MINIMUM         47    454 AM  30    1992  46      1       42
  AVERAGE         63                        57      6       59

PRECIPITATION (IN)
  TODAY            0.00          1.66 2003   0.10  -0.10     0.00
  MONTH TO DATE    4.51                      2.34   2.17     1.40
  SINCE MAR 1     10.93                      7.54   3.39     5.19
  SINCE JAN 1     14.56                     12.42   2.14    11.00

DEGREE DAYS
 HEATING
  TODAY            2                         8     -6        6
  MONTH TO DATE  320                       281     39      323
  SINCE MAR 1   2015                      1983     32     1991
  SINCE JUL 1   6626                      7424   -798     6639

 COOLING
  TODAY            0                         1     -1        0
  MONTH TO DATE   11                         1     10        0
  SINCE MAR 1     18                         2     16        0
  SINCE JAN 1     18                         2     16        0
..................................................................


WIND (MPH)
  HIGHEST WIND SPEED    13   HIGHEST WIND DIRECTION    NW (330)
  HIGHEST GUST SPEED    16   HIGHEST GUST DIRECTION    NW (320)
  AVERAGE WIND SPEED     5.3


SKY COVER
  AVERAGE SKY COVER 0.1


WEATHER CONDITIONS
 THE FOLLOWING WEATHER WAS RECORDED TODAY.
  FOG


RELATIVE HUMIDITY (PERCENT)
 HIGHEST   100          1200 AM
 LOWEST     46           200 PM
 AVERAGE    73

..........................................................


THE WATERTOWN NY CLIMATE NORMALS FOR TOMORROW
                         NORMAL    RECORD    YEAR
 MAXIMUM TEMPERATURE (F)   68        86      2012
 MINIMUM TEMPERATURE (F)   46        30      2002


SUNRISE AND SUNSET
MAY 24 2017...........SUNRISE   529 AM EDT   SUNSET   833 PM EDT
MAY 25 2017...........SUNRISE   529 AM EDT   SUNSET   834 PM EDT


-  INDICATES NEGATIVE NUMBERS.
R  INDICATES RECORD WAS SET OR TIED.
MM INDICATES DATA IS MISSING.
T  INDICATES TRACE AMOUNT.




$$
