000
CDUS41 KBUF 011024
CLIART


CLIMATE REPORT
NATIONAL WEATHER SERVICE BUFFALO NY
621 AM EDT SAT OCT 1 2016


...................................

...THE WATERTOWN NY CLIMATE SUMMARY FOR SEPTEMBER 30 2016...

CLIMATE NORMAL PERIOD 1981 TO 2010
CLIMATE RECORD PERIOD 1949 TO 2016


WEATHER ITEM   OBSERVED TIME   RECORD YEAR NORMAL DEPARTURE LAST
                VALUE   (LST)  VALUE       VALUE  FROM      YEAR
                                                  NORMAL
..................................................................
TEMPERATURE (F)
 YESTERDAY
  MAXIMUM         61    312 PM  80    1953  64     -3       56
  MINIMUM         48    417 AM  22    1991  43      5       45
  AVERAGE         55                        54      1       51

PRECIPITATION (IN)
  YESTERDAY        T             2.90 2010   0.14  -0.14     0.26
  MONTH TO DATE    2.45                      3.72  -1.27     3.65
  SINCE SEP 1      2.45                      3.72  -1.27     3.65
  SINCE JAN 1     21.48                     25.52  -4.04    21.00

DEGREE DAYS
 HEATING
  YESTERDAY       10                        11     -1       14
  MONTH TO DATE  144                       201    -57       95
  SINCE SEP 1    144                       202    -58       95
  SINCE JUL 1    155                       274   -119      150

 COOLING
  YESTERDAY        0                         0      0        0
  MONTH TO DATE   47                        35     12       82
  SINCE SEP 1     47                        35     12       82
  SINCE JAN 1    561                       359    202      388
..................................................................


WIND (MPH)
  HIGHEST WIND SPEED    15   HIGHEST WIND DIRECTION    NE (60)
  HIGHEST GUST SPEED    17   HIGHEST GUST DIRECTION    NE (60)
  AVERAGE WIND SPEED     6.2


SKY COVER
  AVERAGE SKY COVER 0.5


WEATHER CONDITIONS
 THE FOLLOWING WEATHER WAS RECORDED YESTERDAY.
  LIGHT RAIN


RELATIVE HUMIDITY (PERCENT)
 HIGHEST    93           400 AM
 LOWEST     55          1100 AM
 AVERAGE    74

..........................................................


THE WATERTOWN NY CLIMATE NORMALS FOR TODAY
                         NORMAL    RECORD    YEAR
 MAXIMUM TEMPERATURE (F)   64        80      2002
 MINIMUM TEMPERATURE (F)   43        26      1992


SUNRISE AND SUNSET
OCTOBER  1 2016.......SUNRISE   702 AM EDT   SUNSET   644 PM EDT
OCTOBER  2 2016.......SUNRISE   703 AM EDT   SUNSET   642 PM EDT


-  INDICATES NEGATIVE NUMBERS.
R  INDICATES RECORD WAS SET OR TIED.
MM INDICATES DATA IS MISSING.
T  INDICATES TRACE AMOUNT.




$$
