188
CDUS46 KPQR 281149
CLIAST


CLIMATE REPORT
NATIONAL WEATHER SERVICE PORTLAND OREGON
448 AM PDT TUE MAR 28 2017


...................................

...THE ASTORIA OR CLIMATE SUMMARY FOR MARCH 27 2017...

CLIMATE NORMAL PERIOD 1981 TO 2010
CLIMATE RECORD PERIOD 1892 TO 2017


WEATHER ITEM   OBSERVED TIME   RECORD YEAR NORMAL DEPARTURE LAST
                VALUE   (LST)  VALUE       VALUE  FROM      YEAR
                                                  NORMAL
..................................................................
TEMPERATURE (F)
 YESTERDAY
  MAXIMUM         51    110 PM  79    1941  55     -4       52
  MINIMUM         44    259 AM  29    1991  40      4       42
                                      1975
  AVERAGE         48                        47      1       47

PRECIPITATION (IN)
  YESTERDAY        0.39          2.05 1968   0.23   0.16     0.21
  MONTH TO DATE   13.83                      6.58   7.25    12.07
  SINCE OCT 1     75.58                     50.99  24.59    76.88
  SINCE JAN 1     31.71                     23.97   7.74    34.35

DEGREE DAYS
 HEATING
  YESTERDAY       17                        18     -1       18
  MONTH TO DATE  499                       508     -9      397
  SINCE MAR 1    499                       508     -9      397
  SINCE JUL 1   3482                      3850   -368     3016

 COOLING
  YESTERDAY        0                         0      0        0
  MONTH TO DATE    0                         0      0        0
  SINCE MAR 1      0                         0      0        0
  SINCE JAN 1      0                         0      0        0
..................................................................


WIND (MPH)
  HIGHEST WIND SPEED    20   HIGHEST WIND DIRECTION    SW (230)
  HIGHEST GUST SPEED    28   HIGHEST GUST DIRECTION    SW (240)
  AVERAGE WIND SPEED    10.1


SKY COVER
  POSSIBLE SUNSHINE  MM
  AVERAGE SKY COVER 0.9


WEATHER CONDITIONS
 THE FOLLOWING WEATHER WAS RECORDED YESTERDAY.
  RAIN
  LIGHT RAIN
  FOG
  HAZE


RELATIVE HUMIDITY (PERCENT)
 HIGHEST    86          1200 AM
 LOWEST     71          1200 PM
 AVERAGE    79

..........................................................


THE ASTORIA OR CLIMATE NORMALS FOR TODAY
                         NORMAL    RECORD    YEAR
 MAXIMUM TEMPERATURE (F)   55        75      1941
                                             1930
 MINIMUM TEMPERATURE (F)   40        28      1987
                                             1962


SUNRISE AND SUNSET
MARCH 28 2017.........SUNRISE   702 AM PDT   SUNSET   739 PM PDT
MARCH 29 2017.........SUNRISE   700 AM PDT   SUNSET   741 PM PDT


-  INDICATES NEGATIVE NUMBERS.
R  INDICATES RECORD WAS SET OR TIED.
MM INDICATES DATA IS MISSING.
T  INDICATES TRACE AMOUNT.




$$
