000
CDUS46 KPQR 271145
CLIAST


CLIMATE REPORT
NATIONAL WEATHER SERVICE PORTLAND OREGON
345 AM PST THU NOV 27 2014


...................................

...THE ASTORIA OR CLIMATE SUMMARY FOR NOVEMBER 26 2014...

CLIMATE NORMAL PERIOD 1981 TO 2010
CLIMATE RECORD PERIOD 1892 TO 2014


WEATHER ITEM   OBSERVED TIME   RECORD YEAR NORMAL DEPARTURE LAST
                VALUE   (LST)  VALUE       VALUE  FROM      YEAR
                                                  NORMAL
..................................................................
TEMPERATURE (F)
 YESTERDAY
  MAXIMUM         61R   601 PM  60    1950  51     10       51
                                      1903
  MINIMUM         53    501 PM  24    1896  38     15       35
  AVERAGE         57                        45     12       43

PRECIPITATION (IN)
  YESTERDAY        0.06          2.31 1955   0.40  -0.34      T
  MONTH TO DATE    5.44                      9.56  -4.12     4.77
  SINCE OCT 1     14.05                     15.54  -1.49     6.82
  SINCE JAN 1     61.30                     55.78   5.52    53.87

DEGREE DAYS
 HEATING
  YESTERDAY        8                        20    -12       22
  MONTH TO DATE  447                       462    -15      457
  SINCE SEP 1    743                      1048   -305     1027
  SINCE JUL 1    901                      1329   -428     1274

 COOLING
  YESTERDAY        0                         0      0        0
  MONTH TO DATE    0                         0      0        0
  SINCE SEP 1     20                         5     15        3
  SINCE JAN 1     45                        12     33        9
..................................................................


WIND (MPH)
  HIGHEST WIND SPEED    28   HIGHEST WIND DIRECTION     S (190)
  HIGHEST GUST SPEED    39   HIGHEST GUST DIRECTION     S (170)
  AVERAGE WIND SPEED     9.7


SKY COVER
  POSSIBLE SUNSHINE  MM
  AVERAGE SKY COVER 0.8


WEATHER CONDITIONS
 THE FOLLOWING WEATHER WAS RECORDED YESTERDAY.
  LIGHT RAIN
  FOG


RELATIVE HUMIDITY (PERCENT)
 HIGHEST    93          1200 AM
 LOWEST     64           600 PM
 AVERAGE    79

..........................................................


THE ASTORIA OR CLIMATE NORMALS FOR TODAY
                         NORMAL    RECORD    YEAR
 MAXIMUM TEMPERATURE (F)   51        63      2002
 MINIMUM TEMPERATURE (F)   38        19      1896


SUNRISE AND SUNSET
NOVEMBER 27 2014......SUNRISE   733 AM PST   SUNSET   433 PM PST
NOVEMBER 28 2014......SUNRISE   734 AM PST   SUNSET   433 PM PST


-  INDICATES NEGATIVE NUMBERS.
R  INDICATES RECORD WAS SET OR TIED.
MM INDICATES DATA IS MISSING.
T  INDICATES TRACE AMOUNT.




$$
