000
CDUS46 KPQR 271142
CLIAST


CLIMATE REPORT
NATIONAL WEATHER SERVICE PORTLAND OREGON
441 AM PDT WED AUG 27 2014


...................................

...THE ASTORIA OR CLIMATE SUMMARY FOR AUGUST 26 2014...

CLIMATE NORMAL PERIOD 1981 TO 2010
CLIMATE RECORD PERIOD 1892 TO 2014


WEATHER ITEM   OBSERVED TIME   RECORD YEAR NORMAL DEPARTURE LAST
                VALUE   (LST)  VALUE       VALUE  FROM      YEAR
                                                  NORMAL
..................................................................
TEMPERATURE (F)
 YESTERDAY
  MAXIMUM         74    209 PM  90    1935  69      5       66
  MINIMUM         56    724 AM  42    1991  52      4       51
  AVERAGE         65                        61      4       59

PRECIPITATION (IN)
  YESTERDAY        0.00          1.01 1997   0.05  -0.05     0.15
  MONTH TO DATE    0.57                      0.89  -0.32     0.48
  SINCE OCT 1     54.34                     64.85 -10.51    77.10
  SINCE JAN 1     42.18                     37.83   4.35    35.48

DEGREE DAYS
 HEATING
  YESTERDAY        0                         4     -4        6
  MONTH TO DATE   46                       104    -58      101
  SINCE JUN 1    331                       496   -165      424
  SINCE JUL 1    151                       254   -103      243

 COOLING
  YESTERDAY        0                         0      0        0
  MONTH TO DATE    5                         0      5        0
  SINCE JUN 1     13                         3     10        3
  SINCE JAN 1     24                         3     21        4
..................................................................


WIND (MPH)
  HIGHEST WIND SPEED    14   HIGHEST WIND DIRECTION     W (280)
  HIGHEST GUST SPEED    17   HIGHEST GUST DIRECTION     W (290)
  AVERAGE WIND SPEED     5.5


SKY COVER
  POSSIBLE SUNSHINE  MM
  AVERAGE SKY COVER 0.6


WEATHER CONDITIONS
 THE FOLLOWING WEATHER WAS RECORDED YESTERDAY.
  FOG


RELATIVE HUMIDITY (PERCENT)
 HIGHEST   100          1200 AM
 LOWEST     61           200 PM
 AVERAGE    81

..........................................................


THE ASTORIA OR CLIMATE NORMALS FOR TODAY
                         NORMAL    RECORD    YEAR
 MAXIMUM TEMPERATURE (F)   69        88      1894
 MINIMUM TEMPERATURE (F)   52        43      1955


SUNRISE AND SUNSET
AUGUST 27 2014........SUNRISE   630 AM PDT   SUNSET   803 PM PDT
AUGUST 28 2014........SUNRISE   631 AM PDT   SUNSET   801 PM PDT


-  INDICATES NEGATIVE NUMBERS.
R  INDICATES RECORD WAS SET OR TIED.
MM INDICATES DATA IS MISSING.
T  INDICATES TRACE AMOUNT.




$$
