000
CDUS46 KPQR 200221
CLIAST


CLIMATE REPORT
NATIONAL WEATHER SERVICE PORTLAND OREGON
621 PM PST SUN NOV 19 2017


...................................

...THE ASTORIA OR CLIMATE SUMMARY FOR NOVEMBER 19 2017...
VALID TODAY AS OF 0600 PM LOCAL TIME.

CLIMATE NORMAL PERIOD 1981 TO 2010
CLIMATE RECORD PERIOD 1892 TO 2017


WEATHER ITEM   OBSERVED TIME   RECORD YEAR NORMAL DEPARTURE LAST
                VALUE   (LST)  VALUE       VALUE  FROM      YEAR
                                                  NORMAL
..................................................................
TEMPERATURE (F)
 TODAY
  MAXIMUM         52   1241 PM  64    1987  53     -1       57
  MINIMUM         34   1245 AM  24    1977  40     -6       48
  AVERAGE         43                        46     -3       53

PRECIPITATION (IN)
  TODAY            0.32          2.51 1962   0.41  -0.09     1.08
  MONTH TO DATE    7.69                      6.75   0.94     7.78
  SINCE OCT 1     16.63                     12.73   3.90    24.10
  SINCE JAN 1     69.84                     52.97  16.87    67.08

DEGREE DAYS
 HEATING
  TODAY           22                        19      3       12
  MONTH TO DATE  345                       325     20      183
  SINCE SEP 1    885                       911    -26      581
  SINCE JUL 1   1125                      1192    -67      702

 COOLING
  TODAY            0                         0      0        0
  MONTH TO DATE    0                         0      0        0
  SINCE SEP 1     22                         5     17        7
  SINCE JAN 1     55                        12     43       62
..................................................................


WIND (MPH)
  HIGHEST WIND SPEED    30   HIGHEST WIND DIRECTION     S (190)
  HIGHEST GUST SPEED    40   HIGHEST GUST DIRECTION     S (160)
  AVERAGE WIND SPEED     8.7


SKY COVER
  POSSIBLE SUNSHINE  MM
  AVERAGE SKY COVER 0.8


WEATHER CONDITIONS
 THE FOLLOWING WEATHER WAS RECORDED TODAY.
  RAIN
  LIGHT RAIN
  FOG
  HAZE


RELATIVE HUMIDITY (PERCENT)
 HIGHEST   100          1200 AM
 LOWEST     63          1200 PM
 AVERAGE    82

..........................................................


THE ASTORIA OR CLIMATE NORMALS FOR TOMORROW
                         NORMAL    RECORD    YEAR
 MAXIMUM TEMPERATURE (F)   52        63      1987
 MINIMUM TEMPERATURE (F)   39        26      2011


SUNRISE AND SUNSET
NOVEMBER 19 2017......SUNRISE   722 AM PST   SUNSET   439 PM PST
NOVEMBER 20 2017......SUNRISE   724 AM PST   SUNSET   438 PM PST


-  INDICATES NEGATIVE NUMBERS.
R  INDICATES RECORD WAS SET OR TIED.
MM INDICATES DATA IS MISSING.
T  INDICATES TRACE AMOUNT.




$$
