000
CDUS46 KPQR 201142
CLIAST


CLIMATE REPORT
NATIONAL WEATHER SERVICE PORTLAND OREGON
441 AM PDT SUN APR 20 2014


...................................

...THE ASTORIA OR CLIMATE SUMMARY FOR APRIL 19 2014...

CLIMATE NORMAL PERIOD 1981 TO 2010
CLIMATE RECORD PERIOD 1892 TO 2014


WEATHER ITEM   OBSERVED TIME   RECORD YEAR NORMAL DEPARTURE LAST
                VALUE   (LST)  VALUE       VALUE  FROM      YEAR
                                                  NORMAL
..................................................................
TEMPERATURE (F)
 YESTERDAY
  MAXIMUM         56    121 PM  74    1956  57     -1       51
                                      1934
  MINIMUM         44   1103 PM  30    1967  41      3       47
                                      1966
  AVERAGE         50                        49      1       49

PRECIPITATION (IN)
  YESTERDAY        0.37          2.24 1965   0.17   0.20     1.09
  MONTH TO DATE    3.49                      3.55  -0.06     6.38
  SINCE OCT 1     40.27                     55.41 -15.14    67.28
  SINCE JAN 1     28.11                     28.39  -0.28    25.66

DEGREE DAYS
 HEATING
  YESTERDAY       15                        16     -1       16
  MONTH TO DATE  290                       320    -30      318
  SINCE MAR 1    806                       898    -92      891
  SINCE JUL 1   4235                      4240     -5     4271

 COOLING
  YESTERDAY        0                         0      0        0
  MONTH TO DATE    0                         0      0        0
  SINCE MAR 1      0                         0      0        0
  SINCE JAN 1      0                         0      0        0
..................................................................


WIND (MPH)
  HIGHEST WIND SPEED    24   HIGHEST WIND DIRECTION    SW (230)
  HIGHEST GUST SPEED    32   HIGHEST GUST DIRECTION    SW (240)
  AVERAGE WIND SPEED     8.8


SKY COVER
  POSSIBLE SUNSHINE  MM
  AVERAGE SKY COVER 0.8


WEATHER CONDITIONS
 THE FOLLOWING WEATHER WAS RECORDED YESTERDAY.
  RAIN
  LIGHT RAIN
  FOG


RELATIVE HUMIDITY (PERCENT)
 HIGHEST    89          1100 PM
 LOWEST     68           600 AM
 AVERAGE    79

..........................................................


THE ASTORIA OR CLIMATE NORMALS FOR TODAY
                         NORMAL    RECORD    YEAR
 MAXIMUM TEMPERATURE (F)   57        83      1956
 MINIMUM TEMPERATURE (F)   41        32      2007


SUNRISE AND SUNSET
APRIL 20 2014.........SUNRISE   620 AM PDT   SUNSET   810 PM PDT
APRIL 21 2014.........SUNRISE   618 AM PDT   SUNSET   811 PM PDT


-  INDICATES NEGATIVE NUMBERS.
R  INDICATES RECORD WAS SET OR TIED.
MM INDICATES DATA IS MISSING.
T  INDICATES TRACE AMOUNT.




$$
