000
CDUS46 KPQR 271146
CLIAST


CLIMATE REPORT
NATIONAL WEATHER SERVICE PORTLAND OREGON
346 AM PST FRI FEB 27 2015


...................................

...THE ASTORIA OR CLIMATE SUMMARY FOR FEBRUARY 26 2015...

CLIMATE NORMAL PERIOD 1981 TO 2010
CLIMATE RECORD PERIOD 1892 TO 2015


WEATHER ITEM   OBSERVED TIME   RECORD YEAR NORMAL DEPARTURE LAST
                VALUE   (LST)  VALUE       VALUE  FROM      YEAR
                                                  NORMAL
..................................................................
TEMPERATURE (F)
 YESTERDAY
  MAXIMUM         53    156 PM  71    1992  52      1       56
  MINIMUM         47    844 AM  19    1962  37     10       41
  AVERAGE         50                        45      5       49

PRECIPITATION (IN)
  YESTERDAY        0.35          1.89 1936   0.26   0.09      T
  MONTH TO DATE    6.03                      6.69  -0.66     7.39
  SINCE OCT 1     40.84                     43.91  -3.07    25.91
  SINCE JAN 1     15.22                     16.89  -1.67    13.75

DEGREE DAYS
 HEATING
  YESTERDAY       15                        20     -5       16
  MONTH TO DATE  398                       540   -142      598
  SINCE DEC 1   1520                      1892   -372     2047
  SINCE JUL 1   2507                      3305   -798     3400

 COOLING
  YESTERDAY        0                         0      0        0
  MONTH TO DATE    0                         0      0        0
  SINCE DEC 1      0                         0      0        0
  SINCE JAN 1      0                         0      0        0
..................................................................


WIND (MPH)
  HIGHEST WIND SPEED    25   HIGHEST WIND DIRECTION    NW (320)
  HIGHEST GUST SPEED    32   HIGHEST GUST DIRECTION    NW (310)
  AVERAGE WIND SPEED     4.7


SKY COVER
  POSSIBLE SUNSHINE  MM
  AVERAGE SKY COVER 0.9


WEATHER CONDITIONS
 THE FOLLOWING WEATHER WAS RECORDED YESTERDAY.
  HEAVY RAIN
  RAIN
  LIGHT RAIN
  FOG
  FOG W/VISIBILITY <= 1/4 MILE


RELATIVE HUMIDITY (PERCENT)
 HIGHEST    93           200 AM
 LOWEST     83           100 PM
 AVERAGE    88

..........................................................


THE ASTORIA OR CLIMATE NORMALS FOR TODAY
                         NORMAL    RECORD    YEAR
 MAXIMUM TEMPERATURE (F)   52        71      1968
 MINIMUM TEMPERATURE (F)   37        21      1962


SUNRISE AND SUNSET
FEBRUARY 27 2015......SUNRISE   658 AM PST   SUNSET   559 PM PST
FEBRUARY 28 2015......SUNRISE   657 AM PST   SUNSET   600 PM PST


-  INDICATES NEGATIVE NUMBERS.
R  INDICATES RECORD WAS SET OR TIED.
MM INDICATES DATA IS MISSING.
T  INDICATES TRACE AMOUNT.




$$
