000
CDUS46 KPQR 231141
CLIAST


CLIMATE REPORT
NATIONAL WEATHER SERVICE PORTLAND OREGON
440 AM PDT SAT JUL 23 2016


...................................

...THE ASTORIA OR CLIMATE SUMMARY FOR JULY 22 2016...

CLIMATE NORMAL PERIOD 1981 TO 2010
CLIMATE RECORD PERIOD 1892 TO 2016


WEATHER ITEM   OBSERVED TIME   RECORD YEAR NORMAL DEPARTURE LAST
                VALUE   (LST)  VALUE       VALUE  FROM      YEAR
                                                  NORMAL
..................................................................
TEMPERATURE (F)
 YESTERDAY
  MAXIMUM         69    410 PM  86    1928  68      1       70
  MINIMUM         60   1107 PM  44    1977  54      6       56
  AVERAGE         65                        61      4       63

PRECIPITATION (IN)
  YESTERDAY        T             0.87 2007   0.03  -0.03      T
  MONTH TO DATE    1.10                      0.81   0.29     0.07
  SINCE OCT 1     82.86                     63.74  19.12    53.08
  SINCE JAN 1     40.33                     36.72   3.61    27.46

DEGREE DAYS
 HEATING
  YESTERDAY        0                         4     -4        2
  MONTH TO DATE   50                       112    -62       27
  SINCE JUN 1    226                       354   -128      176
  SINCE JUL 1     50                       112    -62       27

 COOLING
  YESTERDAY        0                         0      0        0
  MONTH TO DATE    0                         0      0       14
  SINCE JUN 1      6                         0      6       18
  SINCE JAN 1      9                         0      9       20
..................................................................


WIND (MPH)
  HIGHEST WIND SPEED    16   HIGHEST WIND DIRECTION     W (260)
  HIGHEST GUST SPEED    19   HIGHEST GUST DIRECTION    SW (240)
  AVERAGE WIND SPEED     7.1


SKY COVER
  POSSIBLE SUNSHINE  MM
  AVERAGE SKY COVER 0.9


WEATHER CONDITIONS
 THE FOLLOWING WEATHER WAS RECORDED YESTERDAY.
  LIGHT RAIN
  FOG
  HAZE


RELATIVE HUMIDITY (PERCENT)
 HIGHEST    90           500 AM
 LOWEST     61           200 PM
 AVERAGE    76

..........................................................


THE ASTORIA OR CLIMATE NORMALS FOR TODAY
                         NORMAL    RECORD    YEAR
 MAXIMUM TEMPERATURE (F)   68        91      1924
 MINIMUM TEMPERATURE (F)   54        44      1977
                                             1973
                                             1964


SUNRISE AND SUNSET
JULY 23 2016..........SUNRISE   548 AM PDT   SUNSET   856 PM PDT
JULY 24 2016..........SUNRISE   549 AM PDT   SUNSET   854 PM PDT


-  INDICATES NEGATIVE NUMBERS.
R  INDICATES RECORD WAS SET OR TIED.
MM INDICATES DATA IS MISSING.
T  INDICATES TRACE AMOUNT.




$$
