107
CDUS46 KPQR 091324
CLIAST


CLIMATE REPORT
NATIONAL WEATHER SERVICE PORTLAND OREGON
524 AM PST FRI DEC 9 2016


...................................

...THE ASTORIA OR CLIMATE SUMMARY FOR DECEMBER 8 2016...

CLIMATE NORMAL PERIOD 1981 TO 2010
CLIMATE RECORD PERIOD 1892 TO 2016


WEATHER ITEM   OBSERVED TIME   RECORD YEAR NORMAL DEPARTURE LAST
                VALUE   (LST)  VALUE       VALUE  FROM      YEAR
                                                  NORMAL
..................................................................
TEMPERATURE (F)
 YESTERDAY
  MAXIMUM         40   1159 PM  63    1939  49     -9       61
  MINIMUM         34    255 PM   6    1972  37     -3       56
  AVERAGE         37                        43     -6       59

PRECIPITATION (IN)
  YESTERDAY        0.30          3.01 2015   0.33  -0.03     3.01
  MONTH TO DATE    2.45                      2.78  -0.33     8.92
  SINCE OCT 1     35.97                     19.91  16.06    30.92
  SINCE JAN 1     78.95                     60.15  18.80    62.17

DEGREE DAYS
 HEATING
  YESTERDAY       28                        22      6        6
  MONTH TO DATE  179                       173      6       98
  SINCE DEC 1    179                       173      6       98
  SINCE JUL 1   1042                      1586   -544     1098

 COOLING
  YESTERDAY        0                         0      0        0
  MONTH TO DATE    0                         0      0        0
  SINCE DEC 1      0                         0      0        0
  SINCE JAN 1     62                        12     50       49
..................................................................


WIND (MPH)
  HIGHEST WIND SPEED    24   HIGHEST WIND DIRECTION     E (100)
  HIGHEST GUST SPEED    33   HIGHEST GUST DIRECTION     E (90)
  AVERAGE WIND SPEED    12.7


SKY COVER
  POSSIBLE SUNSHINE  MM
  AVERAGE SKY COVER 0.5


WEATHER CONDITIONS
 THE FOLLOWING WEATHER WAS RECORDED YESTERDAY.
  RAIN
  LIGHT RAIN
  LIGHT SNOW
  HAZE


RELATIVE HUMIDITY (PERCENT)
 HIGHEST    82           300 PM
 LOWEST     40          1000 AM
 AVERAGE    61

..........................................................


THE ASTORIA OR CLIMATE NORMALS FOR TODAY
                         NORMAL    RECORD    YEAR
 MAXIMUM TEMPERATURE (F)   49        61      2014
                                             1981
 MINIMUM TEMPERATURE (F)   37        16      2009


SUNRISE AND SUNSET
DECEMBER  9 2016......SUNRISE   747 AM PST   SUNSET   430 PM PST
DECEMBER 10 2016......SUNRISE   748 AM PST   SUNSET   430 PM PST


-  INDICATES NEGATIVE NUMBERS.
R  INDICATES RECORD WAS SET OR TIED.
MM INDICATES DATA IS MISSING.
T  INDICATES TRACE AMOUNT.




$$
