451
CDUS46 KPQR 012331
CLIAST


CLIMATE REPORT
NATIONAL WEATHER SERVICE PORTLAND OREGON
431 PM PDT SUN MAY 1 2016


...................................

...THE ASTORIA OR CLIMATE SUMMARY FOR MAY 1 2016...
VALID TODAY AS OF 0400 PM LOCAL TIME.

CLIMATE NORMAL PERIOD 1981 TO 2010
CLIMATE RECORD PERIOD 1892 TO 2016


WEATHER ITEM   OBSERVED TIME   RECORD YEAR NORMAL DEPARTURE LAST
                VALUE   (LST)  VALUE       VALUE  FROM      YEAR
                                                  NORMAL
..................................................................
TEMPERATURE (F)
 TODAY
  MAXIMUM         81R   250 PM  81    2014  58     23       61
  MINIMUM         42    517 AM  30    1954  43     -1       45
  AVERAGE         62                        51     11       53

PRECIPITATION (IN)
  TODAY            0.00          0.88 1927   0.13  -0.13     0.00
  MONTH TO DATE    0.00                      0.13  -0.13     0.00
  SINCE OCT 1     78.90                     57.19  21.71    50.99
  SINCE JAN 1     36.37                     30.17   6.20    25.37

DEGREE DAYS
 HEATING
  TODAY            3                        14    -11       12
  MONTH TO DATE    3                        14    -11       12
  SINCE MAR 1    809                      1081   -272      942
  SINCE JUL 1   3428                      4423   -995     3482

 COOLING
  TODAY            0                         0      0        0
  MONTH TO DATE    0                         0      0        0
  SINCE MAR 1      3                         0      3        2
  SINCE JAN 1      3                         0      3        2
..................................................................


WIND (MPH)
  HIGHEST WIND SPEED    17   HIGHEST WIND DIRECTION    NE (40)
  HIGHEST GUST SPEED    22   HIGHEST GUST DIRECTION    NE (60)
  AVERAGE WIND SPEED     6.3


SKY COVER
  POSSIBLE SUNSHINE  MM
  AVERAGE SKY COVER 0.0


WEATHER CONDITIONS
 THE FOLLOWING WEATHER WAS RECORDED TODAY.
  FOG
  HAZE


RELATIVE HUMIDITY (PERCENT)
 HIGHEST   100           600 AM
 LOWEST     33           200 PM
 AVERAGE    67

..........................................................


THE ASTORIA OR CLIMATE NORMALS FOR TOMORROW
                         NORMAL    RECORD    YEAR
 MAXIMUM TEMPERATURE (F)   59        78      1909
 MINIMUM TEMPERATURE (F)   43        34      1948


SUNRISE AND SUNSET
MAY  1 2016...........SUNRISE   601 AM PDT   SUNSET   825 PM PDT
MAY  2 2016...........SUNRISE   600 AM PDT   SUNSET   826 PM PDT


-  INDICATES NEGATIVE NUMBERS.
R  INDICATES RECORD WAS SET OR TIED.
MM INDICATES DATA IS MISSING.
T  INDICATES TRACE AMOUNT.




$$
