000
CDUS46 KPQR 271141
CLIAST


CLIMATE REPORT
NATIONAL WEATHER SERVICE PORTLAND OREGON
440 AM PDT SAT MAY 27 2017


...................................

...THE ASTORIA OR CLIMATE SUMMARY FOR MAY 26 2017...

CLIMATE NORMAL PERIOD 1981 TO 2010
CLIMATE RECORD PERIOD 1892 TO 2017


WEATHER ITEM   OBSERVED TIME   RECORD YEAR NORMAL DEPARTURE LAST
                VALUE   (LST)  VALUE       VALUE  FROM      YEAR
                                                  NORMAL
..................................................................
TEMPERATURE (F)
 YESTERDAY
  MAXIMUM         71    145 PM  81    1947  62      9       60
  MINIMUM         44    448 AM  37    1998  47     -3       51
                                      1973
  AVERAGE         58                        54      4       56

PRECIPITATION (IN)
  YESTERDAY        0.00          1.17 1895   0.10  -0.10      T
  MONTH TO DATE    5.79                      2.82   2.97     0.76
  SINCE OCT 1     90.90                     59.88  31.02    79.66
  SINCE JAN 1     47.03                     32.86  14.17    37.13

DEGREE DAYS
 HEATING
  YESTERDAY        7                        11     -4        9
  MONTH TO DATE  295                       322    -27      237
  SINCE MAR 1   1334                      1389    -55     1043
  SINCE JUL 1   4317                      4731   -414     3662

 COOLING
  YESTERDAY        0                         0      0        0
  MONTH TO DATE    2                         0      2        0
  SINCE MAR 1      2                         0      2        3
  SINCE JAN 1      2                         0      2        3
..................................................................


WIND (MPH)
  HIGHEST WIND SPEED    18   HIGHEST WIND DIRECTION    NW (310)
  HIGHEST GUST SPEED    23   HIGHEST GUST DIRECTION    NW (310)
  AVERAGE WIND SPEED     5.8


SKY COVER
  POSSIBLE SUNSHINE  MM
  AVERAGE SKY COVER 0.0


WEATHER CONDITIONS
 THE FOLLOWING WEATHER WAS RECORDED YESTERDAY.
  FOG


RELATIVE HUMIDITY (PERCENT)
 HIGHEST    93           200 AM
 LOWEST     45           500 PM
 AVERAGE    69

..........................................................


THE ASTORIA OR CLIMATE NORMALS FOR TODAY
                         NORMAL    RECORD    YEAR
 MAXIMUM TEMPERATURE (F)   62        80      2003
 MINIMUM TEMPERATURE (F)   48        37      1940


SUNRISE AND SUNSET
MAY 27 2017...........SUNRISE   531 AM PDT   SUNSET   855 PM PDT
MAY 28 2017...........SUNRISE   530 AM PDT   SUNSET   856 PM PDT


-  INDICATES NEGATIVE NUMBERS.
R  INDICATES RECORD WAS SET OR TIED.
MM INDICATES DATA IS MISSING.
T  INDICATES TRACE AMOUNT.




$$
