994
CDUS46 KPQR 201144
CLIAST


CLIMATE REPORT
NATIONAL WEATHER SERVICE PORTLAND OREGON
343 AM PST FRI JAN 20 2017


...................................

...THE ASTORIA OR CLIMATE SUMMARY FOR JANUARY 19 2017...

CLIMATE NORMAL PERIOD 1981 TO 2010
CLIMATE RECORD PERIOD 1892 TO 2017


WEATHER ITEM   OBSERVED TIME   RECORD YEAR NORMAL DEPARTURE LAST
                VALUE   (LST)  VALUE       VALUE  FROM      YEAR
                                                  NORMAL
..................................................................
TEMPERATURE (F)
 YESTERDAY
  MAXIMUM         52    236 PM  66    2005  50      2       49
  MINIMUM         45   1153 PM  16    1935  38      7       37
  AVERAGE         49                        44      5       43

PRECIPITATION (IN)
  YESTERDAY        0.32          3.25 1950   0.34  -0.02     0.78
  MONTH TO DATE    5.39                      6.56  -1.17     5.75
  SINCE OCT 1     49.26                     33.58  15.68    48.28
  SINCE JAN 1      5.39                      6.56  -1.17     5.75

DEGREE DAYS
 HEATING
  YESTERDAY       16                        21     -5       22
  MONTH TO DATE  500                       408     92      395
  SINCE DEC 1   1235                      1101    134      968
  SINCE JUL 1   2098                      2514   -416     1968

 COOLING
  YESTERDAY        0                         0      0        0
  MONTH TO DATE    0                         0      0        0
  SINCE DEC 1      0                         0      0        0
  SINCE JAN 1      0                         0      0        0
..................................................................


WIND (MPH)
  HIGHEST WIND SPEED    23   HIGHEST WIND DIRECTION     S (200)
  HIGHEST GUST SPEED    32   HIGHEST GUST DIRECTION     S (190)
  AVERAGE WIND SPEED    11.9


SKY COVER
  POSSIBLE SUNSHINE  MM
  AVERAGE SKY COVER 1.0


WEATHER CONDITIONS
 THE FOLLOWING WEATHER WAS RECORDED YESTERDAY.
  LIGHT RAIN
  HAZE


RELATIVE HUMIDITY (PERCENT)
 HIGHEST    83          1100 PM
 LOWEST     71           800 PM
 AVERAGE    77

..........................................................


THE ASTORIA OR CLIMATE NORMALS FOR TODAY
                         NORMAL    RECORD    YEAR
 MAXIMUM TEMPERATURE (F)   50        65      1961
 MINIMUM TEMPERATURE (F)   38        15      1930


SUNRISE AND SUNSET
JANUARY 20 2017.......SUNRISE   750 AM PST   SUNSET   504 PM PST
JANUARY 21 2017.......SUNRISE   749 AM PST   SUNSET   505 PM PST


-  INDICATES NEGATIVE NUMBERS.
R  INDICATES RECORD WAS SET OR TIED.
MM INDICATES DATA IS MISSING.
T  INDICATES TRACE AMOUNT.




$$
