000
CDUS42 KFFC 242138
CLIATL


CLIMATE REPORT
NATIONAL WEATHER SERVICE PEACHTREE CITY GA
438 PM EST FRI NOV 24 2017


...................................

...THE ATLANTA CLIMATE SUMMARY FOR NOVEMBER 24 2017...
VALID TODAY AS OF 0400 PM LOCAL TIME.

CLIMATE NORMAL PERIOD 1981 TO 2010
CLIMATE RECORD PERIOD 1878 TO 2017


WEATHER ITEM   OBSERVED TIME   RECORD YEAR NORMAL DEPARTURE LAST
                VALUE   (LST)  VALUE       VALUE  FROM      YEAR
                                                  NORMAL
..................................................................
TEMPERATURE (F)
 TODAY
  MAXIMUM         63    338 PM  76    2016  61      2       76
                                      2014
  MINIMUM         40    706 AM  14    1970  42     -2       53
                                      1950
  AVERAGE         52                        51      1       65

PRECIPITATION (IN)
  TODAY            0.00          1.86 1967   0.15  -0.15     0.00
  MONTH TO DATE    1.04                      3.21  -2.17      T
  SINCE SEP 1      9.16                     11.09  -1.93     3.59
  SINCE JAN 1     48.10                     44.92   3.18    32.71

SNOWFALL (IN)
  TODAY            0.0           0.0  2001   0.0    0.0      0.0
  MONTH TO DATE    0.0                       0.0    0.0      0.0
  SINCE SEP 1      0.0                       0.0    0.0      0.0
  SINCE JUL 1      0.0                       0.0    0.0      0.0
  SNOW DEPTH       0

DEGREE DAYS
 HEATING
  TODAY           13                        14     -1        0
  MONTH TO DATE  222                       249    -27      155
  SINCE SEP 1    333                       378    -45      175
  SINCE JUL 1    333                       378    -45      175

 COOLING
  TODAY            0                         0      0        0
  MONTH TO DATE   29                        11     18       25
  SINCE SEP 1    441                       344     97      611
  SINCE JAN 1   2165                      1883    282     2561
..................................................................


WIND (MPH)
  HIGHEST WIND SPEED     7   HIGHEST WIND DIRECTION     E (80)
  HIGHEST GUST SPEED    10   HIGHEST GUST DIRECTION     S (160)
  AVERAGE WIND SPEED     3.6


SKY COVER
  POSSIBLE SUNSHINE  MM
  AVERAGE SKY COVER 0.1


WEATHER CONDITIONS
 THE FOLLOWING WEATHER WAS RECORDED TODAY.
  NO SIGNIFICANT WEATHER WAS OBSERVED.


RELATIVE HUMIDITY (PERCENT)
 HIGHEST    83           200 AM
 LOWEST     48           300 PM
 AVERAGE    66

..........................................................


THE ATLANTA CLIMATE NORMALS FOR TOMORROW
                         NORMAL    RECORD    YEAR
 MAXIMUM TEMPERATURE (F)   60        76      1973
 MINIMUM TEMPERATURE (F)   42         3      1950


SUNRISE AND SUNSET
NOVEMBER 24 2017......SUNRISE   718 AM EST   SUNSET   531 PM EST
NOVEMBER 25 2017......SUNRISE   719 AM EST   SUNSET   530 PM EST


-  INDICATES NEGATIVE NUMBERS.
R  INDICATES RECORD WAS SET OR TIED.
MM INDICATES DATA IS MISSING.
T  INDICATES TRACE AMOUNT.




$$
