000
CDUS42 KFFC 050920
CLIATL


CLIMATE REPORT
NATIONAL WEATHER SERVICE PEACHTREE CITY GA
420 AM EST MON DEC 5 2016


...................................

...THE ATLANTA CLIMATE SUMMARY FOR DECEMBER 4 2016...

CLIMATE NORMAL PERIOD 1981 TO 2010
CLIMATE RECORD PERIOD 1878 TO 2016


WEATHER ITEM   OBSERVED TIME   RECORD YEAR NORMAL DEPARTURE LAST
                VALUE   (LST)  VALUE       VALUE  FROM      YEAR
                                                  NORMAL
..................................................................
TEMPERATURE (F)
 YESTERDAY
  MAXIMUM         47    448 AM  76    1998  57    -10       57
  MINIMUM         44   1159 PM  16    1895  39      5       38
  AVERAGE         46                        48     -2       48

PRECIPITATION (IN)
  YESTERDAY        0.80          2.06 1978   0.14   0.66     0.00
  MONTH TO DATE    0.89                      0.56   0.33     0.15
  SINCE DEC 1      0.89                      0.56   0.33     0.15
  SINCE JAN 1     36.58                     46.37  -9.79    56.02

SNOWFALL (IN)
  YESTERDAY        0.0           0.0  2001   0.0    0.0      0.0
  MONTH TO DATE    0.0                       0.0    0.0      0.0
  SINCE DEC 1      0.0                       0.0    0.0      0.0
  SINCE JUL 1      0.0                       0.0    0.0      0.0
  SNOW DEPTH       0

DEGREE DAYS
 HEATING
  YESTERDAY       19                        17      2       17
  MONTH TO DATE   64                        67     -3       48
  SINCE DEC 1     64                        67     -3       48
  SINCE JUL 1    286                       535   -249      352

 COOLING
  YESTERDAY        0                         0      0        0
  MONTH TO DATE    0                         0      0        0
  SINCE DEC 1      0                         0      0        0
  SINCE JAN 1   2561                      1882    679     2128
..................................................................


WIND (MPH)
  RESULTANT WIND SPEED  12   RESULTANT WIND DIRECTION   E (90)
  HIGHEST WIND SPEED    20   HIGHEST WIND DIRECTION     E (80)
  HIGHEST GUST SPEED    24   HIGHEST GUST DIRECTION     E (110)
  AVERAGE WIND SPEED    12.6


SKY COVER
  AVERAGE SKY COVER 1.0


WEATHER CONDITIONS
 THE FOLLOWING WEATHER WAS RECORDED YESTERDAY.
  HEAVY RAIN
  RAIN
  LIGHT RAIN
  FOG


RELATIVE HUMIDITY (PERCENT)
 HIGHEST   100           900 AM
 LOWEST     86           300 AM
 AVERAGE    93

..........................................................


THE ATLANTA CLIMATE NORMALS FOR TODAY
                         NORMAL    RECORD    YEAR
 MAXIMUM TEMPERATURE (F)   57        75      1998
                                             1977
 MINIMUM TEMPERATURE (F)   39        20      1899


SUNRISE AND SUNSET
DECEMBER  5 2016......SUNRISE   728 AM EST   SUNSET   529 PM EST
DECEMBER  6 2016......SUNRISE   729 AM EST   SUNSET   529 PM EST


-  INDICATES NEGATIVE NUMBERS.
R  INDICATES RECORD WAS SET OR TIED.
MM INDICATES DATA IS MISSING.
T  INDICATES TRACE AMOUNT.




$$
