000
CDUS42 KFFC 020821
CLIATL


CLIMATE REPORT
NATIONAL WEATHER SERVICE PEACHTREE CITY GA
420 AM EDT MON MAY 2 2016


...................................

...THE ATLANTA CLIMATE SUMMARY FOR MAY 1 2016...

CLIMATE NORMAL PERIOD 1981 TO 2010
CLIMATE RECORD PERIOD 1878 TO 2016


WEATHER ITEM   OBSERVED TIME   RECORD YEAR NORMAL DEPARTURE LAST
                VALUE   (LST)  VALUE       VALUE  FROM      YEAR
                                                  NORMAL
..................................................................
TEMPERATURE (F)
 YESTERDAY
  MAXIMUM         83    300 PM  90    1990  76      7       70
  MINIMUM         66    634 AM  39    1908  56     10       48
  AVERAGE         75                        66      9       59

PRECIPITATION (IN)
  YESTERDAY        0.21          2.86 1989   0.12   0.09     0.00
  MONTH TO DATE    0.21                      0.12   0.09     0.00
  SINCE MAR 1      5.57                      8.29  -2.72    10.77
  SINCE JAN 1     18.10                     17.16   0.94    19.28

DEGREE DAYS
 HEATING
  YESTERDAY        0                         2     -2        6
  MONTH TO DATE    0                         2     -2        6
  SINCE MAR 1    265                       487   -222      298
  SINCE JUL 1   1980                      2742   -762     2656

 COOLING
  YESTERDAY       10                         3      7        0
  MONTH TO DATE   10                         3      7        0
  SINCE MAR 1    122                        68     54       96
  SINCE JAN 1    122                        69     53       96
..................................................................


WIND (MPH)
  RESULTANT WIND SPEED   3   RESULTANT WIND DIRECTION   S (180)
  HIGHEST WIND SPEED    16   HIGHEST WIND DIRECTION     W (290)
  HIGHEST GUST SPEED    23   HIGHEST GUST DIRECTION     W (260)
  AVERAGE WIND SPEED     5.4


SKY COVER
  AVERAGE SKY COVER 0.8


WEATHER CONDITIONS
 THE FOLLOWING WEATHER WAS RECORDED YESTERDAY.
  THUNDERSTORM
  HEAVY RAIN
  RAIN
  LIGHT RAIN
  FOG


RELATIVE HUMIDITY (PERCENT)
 HIGHEST    93           400 AM
 LOWEST     51           100 PM
 AVERAGE    72

..........................................................


THE ATLANTA CLIMATE NORMALS FOR TODAY
                         NORMAL    RECORD    YEAR
 MAXIMUM TEMPERATURE (F)   77        90      1990
                                             1959
                                             1942
 MINIMUM TEMPERATURE (F)   56        39      1909


SUNRISE AND SUNSET
MAY  2 2016...........SUNRISE   648 AM EDT   SUNSET   822 PM EDT
MAY  3 2016...........SUNRISE   647 AM EDT   SUNSET   823 PM EDT


-  INDICATES NEGATIVE NUMBERS.
R  INDICATES RECORD WAS SET OR TIED.
MM INDICATES DATA IS MISSING.
T  INDICATES TRACE AMOUNT.




$$
