000
CDUS42 KFFC 020932
CLIATL


CLIMATE REPORT
NATIONAL WEATHER SERVICE PEACHTREE CITY GA
432 AM EST MON MAR 2 2015


...................................

...THE ATLANTA CLIMATE SUMMARY FOR MARCH 1 2015...

CLIMATE NORMAL PERIOD 1981 TO 2010
CLIMATE RECORD PERIOD 1878 TO 2015


WEATHER ITEM   OBSERVED TIME   RECORD YEAR NORMAL DEPARTURE LAST
                VALUE   (LST)  VALUE       VALUE  FROM      YEAR
                                                  NORMAL
..................................................................
TEMPERATURE (F)
 YESTERDAY
  MAXIMUM         46   1159 PM  80    1997  60    -14       61
  MINIMUM         36    822 AM  19    1914  41     -5       41
  AVERAGE         41                        50     -9       51

PRECIPITATION (IN)
  YESTERDAY        0.13          1.82 1991   0.16  -0.03      T
  MONTH TO DATE    0.13                      0.16  -0.03      T
  SINCE MAR 1      0.13                      0.16  -0.03      T
  SINCE JAN 1      8.64                      9.03  -0.39     7.16

SNOWFALL (IN)
  YESTERDAY        0.0           4.2  2009   0.0    0.0      0.0
  MONTH TO DATE    0.0                       0.0    0.0      0.0
  SINCE MAR 1      0.0                       0.0    0.0      0.0
  SINCE JUL 1      T                         2.1   -2.1      5.0
  SNOW DEPTH       0

DEGREE DAYS
 HEATING
  YESTERDAY       24                        15      9       14
  MONTH TO DATE   24                        15      9       14
  SINCE MAR 1     24                        15      9       14
  SINCE JUL 1   2382                      2270    112     2417

 COOLING
  YESTERDAY        0                         0      0        0
  MONTH TO DATE    0                         0      0        0
  SINCE MAR 1      0                         0      0        0
  SINCE JAN 1      0                         1     -1        2
..................................................................


WIND (MPH)
  RESULTANT WIND SPEED   7   RESULTANT WIND DIRECTION   E (100)
  HIGHEST WIND SPEED    18   HIGHEST WIND DIRECTION     E (80)
  HIGHEST GUST SPEED    21   HIGHEST GUST DIRECTION     E (80)
  AVERAGE WIND SPEED     7.7


SKY COVER
  AVERAGE SKY COVER 0.9


WEATHER CONDITIONS
 THE FOLLOWING WEATHER WAS RECORDED YESTERDAY.
  LIGHT RAIN
  FOG


RELATIVE HUMIDITY (PERCENT)
 HIGHEST    92           800 AM
 LOWEST     85           200 AM
 AVERAGE    89

..........................................................


THE ATLANTA CLIMATE NORMALS FOR TODAY
                         NORMAL    RECORD    YEAR
 MAXIMUM TEMPERATURE (F)   61        81      1951
 MINIMUM TEMPERATURE (F)   41        15      1980
                                             1914


SUNRISE AND SUNSET
MARCH  2 2015.........SUNRISE   705 AM EST   SUNSET   635 PM EST
MARCH  3 2015.........SUNRISE   704 AM EST   SUNSET   636 PM EST


-  INDICATES NEGATIVE NUMBERS.
R  INDICATES RECORD WAS SET OR TIED.
MM INDICATES DATA IS MISSING.
T  INDICATES TRACE AMOUNT.




$$
