000
CDUS42 KFFC 031222
CLIATL


CLIMATE REPORT
NATIONAL WEATHER SERVICE PEACHTREE CITY GA
822 AM EDT WED JUN 3 2015


...................................

...THE ATLANTA CLIMATE SUMMARY FOR JUNE 2 2015...

CLIMATE NORMAL PERIOD 1981 TO 2010
CLIMATE RECORD PERIOD 1878 TO 2015


WEATHER ITEM   OBSERVED TIME   RECORD YEAR NORMAL DEPARTURE LAST
                VALUE   (LST)  VALUE       VALUE  FROM      YEAR
                                                  NORMAL
..................................................................
TEMPERATURE (F)
 YESTERDAY
  MAXIMUM         84    455 PM  98    1895  84      0       79
  MINIMUM         65    552 AM  49    1972  65      0       65
  AVERAGE         75                        74      1       72

PRECIPITATION (IN)
  YESTERDAY        0.12          1.55 1912   0.11   0.01     0.00
  MONTH TO DATE    0.15                      0.22  -0.07      T
  SINCE JUN 1      0.15                      0.22  -0.07      T
  SINCE JAN 1     23.87                     20.93   2.94    18.47

DEGREE DAYS
 HEATING
  YESTERDAY        0                         0      0        0
  MONTH TO DATE    0                         0      0        0
  SINCE JUN 1      0                         0      0        0
  SINCE JUL 1   2656                      2766   -110     2929

 COOLING
  YESTERDAY       10                        10      0        7
  MONTH TO DATE   19                        19      0       17
  SINCE JUN 1     19                        19      0       17
  SINCE JAN 1    378                       269    109      300
..................................................................


WIND (MPH)
  RESULTANT WIND SPEED   3   RESULTANT WIND DIRECTION   W (290)
  HIGHEST WIND SPEED    21   HIGHEST WIND DIRECTION     N (340)
  HIGHEST GUST SPEED    24   HIGHEST GUST DIRECTION     N (340)
  AVERAGE WIND SPEED     4.7


SKY COVER
  AVERAGE SKY COVER 0.6


WEATHER CONDITIONS
 THE FOLLOWING WEATHER WAS RECORDED YESTERDAY.
  THUNDERSTORM
  HEAVY RAIN
  RAIN
  LIGHT RAIN
  FOG


RELATIVE HUMIDITY (PERCENT)
 HIGHEST    93           500 AM
 LOWEST     44           500 PM
 AVERAGE    69

..........................................................


THE ATLANTA CLIMATE NORMALS FOR TODAY
                         NORMAL    RECORD    YEAR
 MAXIMUM TEMPERATURE (F)   84        96      1936
 MINIMUM TEMPERATURE (F)   65        46      1956


SUNRISE AND SUNSET
JUNE  3 2015..........SUNRISE   628 AM EDT   SUNSET   844 PM EDT
JUNE  4 2015..........SUNRISE   628 AM EDT   SUNSET   845 PM EDT


-  INDICATES NEGATIVE NUMBERS.
R  INDICATES RECORD WAS SET OR TIED.
MM INDICATES DATA IS MISSING.
T  INDICATES TRACE AMOUNT.




$$
