000
CDUS42 KFFC 190820
CLIATL


CLIMATE REPORT
NATIONAL WEATHER SERVICE PEACHTREE CITY GA
420 AM EDT FRI SEP 19 2014


...................................

...THE ATLANTA CLIMATE SUMMARY FOR SEPTEMBER 18 2014...

CLIMATE NORMAL PERIOD 1981 TO 2010
CLIMATE RECORD PERIOD 1878 TO 2014


WEATHER ITEM   OBSERVED TIME   RECORD YEAR NORMAL DEPARTURE LAST
                VALUE   (LST)  VALUE       VALUE  FROM      YEAR
                                                  NORMAL
..................................................................
TEMPERATURE (F)
 YESTERDAY
  MAXIMUM         85    309 PM  97    1931  82      3       78
                                      1896
  MINIMUM         63    605 AM  45    1903  64     -1       65
  AVERAGE         74                        73      1       72

PRECIPITATION (IN)
  YESTERDAY        0.00          2.82 1994   0.14  -0.14     0.00
  MONTH TO DATE    0.60                      2.65  -2.05     0.52
  SINCE SEP 1      0.60                      2.65  -2.05     0.52
  SINCE JAN 1     34.57                     36.48  -1.91    51.56

DEGREE DAYS
 HEATING
  YESTERDAY        0                         0      0        0
  MONTH TO DATE    0                         0      0        0
  SINCE SEP 1      0                         0      0        0
  SINCE JUL 1      0                         0      0        1

 COOLING
  YESTERDAY        9                         8      1        7
  MONTH TO DATE  248                       190     58      234
  SINCE SEP 1    248                       190     58      234
  SINCE JAN 1   1786                      1729     57     1616
..................................................................


WIND (MPH)
  RESULTANT WIND SPEED   2   RESULTANT WIND DIRECTION  NE (40)
  HIGHEST WIND SPEED    10   HIGHEST WIND DIRECTION    NE (40)
  HIGHEST GUST SPEED    14   HIGHEST GUST DIRECTION    NE (40)
  AVERAGE WIND SPEED     4.1


SKY COVER
  AVERAGE SKY COVER 0.7


WEATHER CONDITIONS
 THE FOLLOWING WEATHER WAS RECORDED YESTERDAY.
  FOG
  HAZE


RELATIVE HUMIDITY (PERCENT)
 HIGHEST    90           600 AM
 LOWEST     47           200 PM
 AVERAGE    69

..........................................................


THE ATLANTA CLIMATE NORMALS FOR TODAY
                         NORMAL    RECORD    YEAR
 MAXIMUM TEMPERATURE (F)   81        98      1954
                                             1925
 MINIMUM TEMPERATURE (F)   64        46      1981
                                             1889


SUNRISE AND SUNSET
SEPTEMBER 19 2014.....SUNRISE   724 AM EDT   SUNSET   739 PM EDT
SEPTEMBER 20 2014.....SUNRISE   724 AM EDT   SUNSET   737 PM EDT


-  INDICATES NEGATIVE NUMBERS.
R  INDICATES RECORD WAS SET OR TIED.
MM INDICATES DATA IS MISSING.
T  INDICATES TRACE AMOUNT.




$$
