000
CDUS42 KFFC 290816
CLIATL


CLIMATE REPORT
NATIONAL WEATHER SERVICE PEACHTREE CITY GA
416 AM EDT SUN MAR 29 2015


...................................

...THE ATLANTA CLIMATE SUMMARY FOR MARCH 28 2015...

CLIMATE NORMAL PERIOD 1981 TO 2010
CLIMATE RECORD PERIOD 1878 TO 2015


WEATHER ITEM   OBSERVED TIME   RECORD YEAR NORMAL DEPARTURE LAST
                VALUE   (LST)  VALUE       VALUE  FROM      YEAR
                                                  NORMAL
..................................................................
TEMPERATURE (F)
 YESTERDAY
  MAXIMUM         53    501 PM  85    1907  68    -15       61
  MINIMUM         36    739 AM  28    1913  47    -11       53
  AVERAGE         45                        57    -12       57

PRECIPITATION (IN)
  YESTERDAY        0.00          2.98 1980   0.15  -0.15     0.49
  MONTH TO DATE    2.46                      4.39  -1.93     3.05
  SINCE MAR 1      2.46                      4.39  -1.93     3.05
  SINCE JAN 1     10.97                     13.26  -2.29    10.21

SNOWFALL (IN)
  YESTERDAY        0.0           0.0  2002   0.1   -0.1      0.0
                                      2001
                                      2000
  MONTH TO DATE    0.0                       0.8   -0.8      0.0
  SINCE MAR 1      0.0                       0.8   -0.8      0.0
  SINCE JUL 1      T                         2.9   -2.9      5.0
  SNOW DEPTH       0

DEGREE DAYS
 HEATING
  YESTERDAY       20                         8     12        8
  MONTH TO DATE  212                       318   -106      358
  SINCE MAR 1    212                       318   -106      358
  SINCE JUL 1   2570                      2573     -3     2761

 COOLING
  YESTERDAY        0                         1     -1        0
  MONTH TO DATE   15                         4     11        0
  SINCE MAR 1     15                         4     11        0
  SINCE JAN 1     15                         5     10        2
..................................................................


WIND (MPH)
  RESULTANT WIND SPEED  11   RESULTANT WIND DIRECTION  NW (310)
  HIGHEST WIND SPEED    22   HIGHEST WIND DIRECTION    NW (300)
  HIGHEST GUST SPEED    25   HIGHEST GUST DIRECTION    NW (330)
  AVERAGE WIND SPEED    10.8


SKY COVER
  AVERAGE SKY COVER 0.3


WEATHER CONDITIONS
 THE FOLLOWING WEATHER WAS RECORDED YESTERDAY.
  NO SIGNIFICANT WEATHER WAS OBSERVED.


RELATIVE HUMIDITY (PERCENT)
 HIGHEST    70           200 AM
 LOWEST     21           300 PM
 AVERAGE    46

..........................................................


THE ATLANTA CLIMATE NORMALS FOR TODAY
                         NORMAL    RECORD    YEAR
 MAXIMUM TEMPERATURE (F)   68        84      1989
                                             1945
 MINIMUM TEMPERATURE (F)   47        25      1887


SUNRISE AND SUNSET
MARCH 29 2015.........SUNRISE   730 AM EDT   SUNSET   756 PM EDT
MARCH 30 2015.........SUNRISE   728 AM EDT   SUNSET   757 PM EDT


-  INDICATES NEGATIVE NUMBERS.
R  INDICATES RECORD WAS SET OR TIED.
MM INDICATES DATA IS MISSING.
T  INDICATES TRACE AMOUNT.




$$
