756
CDUS42 KFFC 270920
CLIATL


CLIMATE REPORT
NATIONAL WEATHER SERVICE PEACHTREE CITY GA
419 AM EST MON FEB 27 2017


...................................

...THE ATLANTA CLIMATE SUMMARY FOR FEBRUARY 26 2017...

CLIMATE NORMAL PERIOD 1981 TO 2010
CLIMATE RECORD PERIOD 1878 TO 2017


WEATHER ITEM   OBSERVED TIME   RECORD YEAR NORMAL DEPARTURE LAST
                VALUE   (LST)  VALUE       VALUE  FROM      YEAR
                                                  NORMAL
..................................................................
TEMPERATURE (F)
 YESTERDAY
  MAXIMUM         63    518 PM  80    1996  59      4       52
  MINIMUM         36    744 AM  14    1967  40     -4       36
  AVERAGE         50                        50      0       44

PRECIPITATION (IN)
  YESTERDAY        0.00          2.72 1899   0.16  -0.16      T
  MONTH TO DATE    1.81                      4.35  -2.54     7.39
  SINCE DEC 1     12.99                     12.45   0.54    25.04
  SINCE JAN 1      9.99                      8.55   1.44    12.53

SNOWFALL (IN)
  YESTERDAY        0.0           2.5  2004   0.0    0.0       T
  MONTH TO DATE    0.0                       0.4   -0.4       T
  SINCE DEC 1      T                         2.1   -2.1      0.3
  SINCE JUL 1      T                         2.1   -2.1      0.3
  SNOW DEPTH       0

DEGREE DAYS
 HEATING
  YESTERDAY       15                        15      0       21
  MONTH TO DATE  227                       470   -243      440
  SINCE DEC 1   1116                      1756   -640     1378
  SINCE JUL 1   1338                      2224   -886     1682

 COOLING
  YESTERDAY        0                         0      0        0
  MONTH TO DATE    3                         0      3        0
  SINCE DEC 1      5                         1      4       22
  SINCE JAN 1      5                         0      5        0
..................................................................


WIND (MPH)
  RESULTANT WIND SPEED   5   RESULTANT WIND DIRECTION  NW (330)
  HIGHEST WIND SPEED    16   HIGHEST WIND DIRECTION     N (350)
  HIGHEST GUST SPEED    23   HIGHEST GUST DIRECTION    NW (320)
  AVERAGE WIND SPEED     6.2


SKY COVER
  AVERAGE SKY COVER 0.1


WEATHER CONDITIONS
 THE FOLLOWING WEATHER WAS RECORDED YESTERDAY.
  NO SIGNIFICANT WEATHER WAS OBSERVED.


RELATIVE HUMIDITY (PERCENT)
 HIGHEST    56           700 AM
 LOWEST     16           500 PM
 AVERAGE    36

..........................................................


THE ATLANTA CLIMATE NORMALS FOR TODAY
                         NORMAL    RECORD    YEAR
 MAXIMUM TEMPERATURE (F)   60        79      1962
 MINIMUM TEMPERATURE (F)   40        13      1934


SUNRISE AND SUNSET
FEBRUARY 27 2017......SUNRISE   708 AM EST   SUNSET   633 PM EST
FEBRUARY 28 2017......SUNRISE   707 AM EST   SUNSET   634 PM EST


-  INDICATES NEGATIVE NUMBERS.
R  INDICATES RECORD WAS SET OR TIED.
MM INDICATES DATA IS MISSING.
T  INDICATES TRACE AMOUNT.




$$
