000
CDUS42 KFFC 240824
CLIATL


CLIMATE REPORT
NATIONAL WEATHER SERVICE PEACHTREE CITY GA
424 AM EDT THU APR 24 2014


...................................

...THE ATLANTA CLIMATE SUMMARY FOR APRIL 23 2014...

CLIMATE NORMAL PERIOD 1981 TO 2010
CLIMATE RECORD PERIOD 1878 TO 2014


WEATHER ITEM   OBSERVED TIME   RECORD YEAR NORMAL DEPARTURE LAST
                VALUE   (LST)  VALUE       VALUE  FROM      YEAR
                                                  NORMAL
..................................................................
TEMPERATURE (F)
 YESTERDAY
  MAXIMUM         76    449 PM  91    1980  74      2       73
  MINIMUM         56    649 AM  32    1986  54      2       48
  AVERAGE         66                        64      2       61

PRECIPITATION (IN)
  YESTERDAY        0.00          2.40 1883   0.12  -0.12     0.00
  MONTH TO DATE    5.37                      2.58   2.79     3.76
  SINCE MAR 1      8.49                      7.39   1.10     8.34
  SINCE JAN 1     15.65                     16.26  -0.61    20.74

DEGREE DAYS
 HEATING
  YESTERDAY        0                         3     -3        4
  MONTH TO DATE  114                       124    -10      111
  SINCE MAR 1    494                       466     28      596
  SINCE JUL 1   2897                      2721    176     2451

 COOLING
  YESTERDAY        1                         2     -1        0
  MONTH TO DATE   22                        34    -12       39
  SINCE MAR 1     22                        46    -24       39
  SINCE JAN 1     24                        47    -23       44
..................................................................


WIND (MPH)
  RESULTANT WIND SPEED   9   RESULTANT WIND DIRECTION  NW (320)
  HIGHEST WIND SPEED    18   HIGHEST WIND DIRECTION    NW (320)
  HIGHEST GUST SPEED    23   HIGHEST GUST DIRECTION    NW (300)
  AVERAGE WIND SPEED     9.7


SKY COVER
  AVERAGE SKY COVER 0.0


WEATHER CONDITIONS
 THE FOLLOWING WEATHER WAS RECORDED YESTERDAY.
  FOG


RELATIVE HUMIDITY (PERCENT)
 HIGHEST    97          1200 AM
 LOWEST     19           500 PM
 AVERAGE    58

..........................................................


THE ATLANTA CLIMATE NORMALS FOR TODAY
                         NORMAL    RECORD    YEAR
 MAXIMUM TEMPERATURE (F)   75        93      1925
 MINIMUM TEMPERATURE (F)   54        34      2005


SUNRISE AND SUNSET
APRIL 24 2014.........SUNRISE   657 AM EDT   SUNSET   816 PM EDT
APRIL 25 2014.........SUNRISE   656 AM EDT   SUNSET   816 PM EDT


-  INDICATES NEGATIVE NUMBERS.
R  INDICATES RECORD WAS SET OR TIED.
MM INDICATES DATA IS MISSING.
T  INDICATES TRACE AMOUNT.




$$
