000
CDUS42 KFFC 252045
CLIATL


CLIMATE REPORT
NATIONAL WEATHER SERVICE PEACHTREE CITY GA
445 PM EDT TUE APR 25 2017


...................................

...THE ATLANTA CLIMATE SUMMARY FOR APRIL 25 2017...
VALID TODAY AS OF 0400 PM LOCAL TIME.

CLIMATE NORMAL PERIOD 1981 TO 2010
CLIMATE RECORD PERIOD 1878 TO 2017


WEATHER ITEM   OBSERVED TIME   RECORD YEAR NORMAL DEPARTURE LAST
                VALUE   (LST)  VALUE       VALUE  FROM      YEAR
                                                  NORMAL
..................................................................
TEMPERATURE (F)
 TODAY
  MAXIMUM         76    323 PM  88    1989  75      1       80
                                      1896
  MINIMUM         56    559 AM  32    1910  54      2       62
  AVERAGE         66                        64      2       71

PRECIPITATION (IN)
  TODAY            T             1.73 1982   0.11  -0.11     0.00
  MONTH TO DATE    5.74                      2.80   2.94     2.49
  SINCE MAR 1      8.42                      7.61   0.81     4.70
  SINCE JAN 1     18.47                     16.48   1.99    17.23

SNOWFALL (IN)
  TODAY            0.0           0.0  2002   0.0    0.0      0.0
                                      2001
                                      2000
  MONTH TO DATE    0.0                       0.1   -0.1      0.0
  SINCE MAR 1      T                         0.9   -0.9       T
  SINCE JUL 1      T                         3.0   -3.0      0.3
  SNOW DEPTH       0

DEGREE DAYS
 HEATING
  TODAY            0                         3     -3        0
  MONTH TO DATE   47                       130    -83       95
  SINCE MAR 1    310                       472   -162      265
  SINCE JUL 1   1666                      2727  -1061     1980

 COOLING
  TODAY            1                         3     -2        6
  MONTH TO DATE   91                        39     52       24
  SINCE MAR 1    136                        51     85       62
  SINCE JAN 1    141                        52     89       62
..................................................................


WIND (MPH)
  HIGHEST WIND SPEED    17   HIGHEST WIND DIRECTION    NW (300)
  HIGHEST GUST SPEED    22   HIGHEST GUST DIRECTION    NW (310)
  AVERAGE WIND SPEED     9.7


SKY COVER
  POSSIBLE SUNSHINE  MM
  AVERAGE SKY COVER 0.5


WEATHER CONDITIONS
 THE FOLLOWING WEATHER WAS RECORDED TODAY.
  LIGHT RAIN


RELATIVE HUMIDITY (PERCENT)
 HIGHEST    93           200 AM
 LOWEST     54           200 PM
 AVERAGE    74

..........................................................


THE ATLANTA CLIMATE NORMALS FOR TOMORROW
                         NORMAL    RECORD    YEAR
 MAXIMUM TEMPERATURE (F)   75        92      1986
 MINIMUM TEMPERATURE (F)   54        36      1910


SUNRISE AND SUNSET
APRIL 25 2017.........SUNRISE   655 AM EDT   SUNSET   817 PM EDT
APRIL 26 2017.........SUNRISE   654 AM EDT   SUNSET   817 PM EDT


-  INDICATES NEGATIVE NUMBERS.
R  INDICATES RECORD WAS SET OR TIED.
MM INDICATES DATA IS MISSING.
T  INDICATES TRACE AMOUNT.




$$
