000
CDUS44 KEWX 100714
CLIATT


CLIMATE REPORT
NATIONAL WEATHER SERVICE AUSTIN/SAN ANTONIO, TX
212 AM CDT THU JUL 10 2014


...................................

...THE AUSTIN CAMP MABRY CLIMATE SUMMARY FOR JULY 9 2014...

CLIMATE NORMAL PERIOD 1981 TO 2010
CLIMATE RECORD PERIOD 1898 TO 2014


WEATHER ITEM   OBSERVED TIME   RECORD YEAR NORMAL DEPARTURE LAST
                VALUE   (LST)  VALUE       VALUE  FROM      YEAR
                                                  NORMAL
..................................................................
TEMPERATURE (F)
 YESTERDAY
  MAXIMUM         98    342 PM 105    2009  95      3      102
                                      1925
  MINIMUM         72    557 AM  67    1905  74     -2       76
  AVERAGE         85                        84      1

PRECIPITATION (IN)
  YESTERDAY        0.00          4.67 1961   0.07  -0.07     0.00
  MONTH TO DATE    0.07                      0.65  -0.58     0.07
  SINCE JUN 1      3.15                      4.98  -1.83     0.99
  SINCE JAN 1     14.23                     18.51  -4.28    14.67

SNOWFALL (IN)
  YESTERDAY        0.0
  MONTH TO DATE    0.0
  SINCE JUN 1      0.0
  SINCE JUL 1      0.0
  SNOW DEPTH       0

DEGREE DAYS
 HEATING
  YESTERDAY        0                         0      0        0
  MONTH TO DATE    0                         0      0        0
  SINCE JUN 1      0                         0      0        0
  SINCE JUL 1      0                         0      0        0

 COOLING
  YESTERDAY       20                        19      1       24
  MONTH TO DATE  174                       171      3      178
  SINCE JUN 1    693                       687      6      790
  SINCE JAN 1   1267                      1300    -33     1414
..................................................................


WIND (MPH)
  HIGHEST WIND SPEED    14   HIGHEST WIND DIRECTION    SE (150)
  HIGHEST GUST SPEED    23   HIGHEST GUST DIRECTION    SE (140)
  AVERAGE WIND SPEED     5.9


SKY COVER
  AVERAGE SKY COVER 0.1


WEATHER CONDITIONS
 THE FOLLOWING WEATHER WAS RECORDED YESTERDAY.
  NO SIGNIFICANT WEATHER WAS OBSERVED.


RELATIVE HUMIDITY (PERCENT)
 HIGHEST    90           600 AM
 LOWEST     27           200 PM
 AVERAGE    59

..........................................................


THE AUSTIN CAMP MABRY CLIMATE NORMALS FOR TODAY
                         NORMAL    RECORD    YEAR
 MAXIMUM TEMPERATURE (F)   95       105      1917
 MINIMUM TEMPERATURE (F)   74        63      1905


SUNRISE AND SUNSET
JULY 10 2014..........SUNRISE   637 AM CDT   SUNSET   835 PM CDT
JULY 11 2014..........SUNRISE   637 AM CDT   SUNSET   835 PM CDT


-  INDICATES NEGATIVE NUMBERS.
R  INDICATES RECORD WAS SET OR TIED.
MM INDICATES DATA IS MISSING.
T  INDICATES TRACE AMOUNT.




$$
