000
CDUS44 KEWX 210010
CLIATT


CLIMATE REPORT
NATIONAL WEATHER SERVICE AUSTIN/SAN ANTONIO, TX
610 PM CST MON FEB 20 2017


...................................

...THE AUSTIN CAMP MABRY CLIMATE SUMMARY FOR FEBRUARY 20 2017...
VALID TODAY AS OF 600 PM LOCAL TIME.

CLIMATE NORMAL PERIOD 1981 TO 2010
CLIMATE RECORD PERIOD 1897 TO 2017


WEATHER ITEM   OBSERVED TIME   RECORD YEAR NORMAL DEPARTURE LAST
                VALUE   (LST)  VALUE       VALUE  FROM      YEAR
                                                  NORMAL
..................................................................
TEMPERATURE (F)
 TODAY
  MAXIMUM         70    516 PM  97    1986  66      4       76
  MINIMUM         58    830 AM  27    1908  46     12       66
  AVERAGE         64                        56      8       71

PRECIPITATION (IN)
  TODAY            1.12          2.56 2003   0.07   1.05     0.00
  MONTH TO DATE    2.09                      1.43   0.66      T
  SINCE DEC 1      8.76                      6.05   2.71     3.34
  SINCE JAN 1      6.22                      3.65   2.57     0.34

SNOWFALL (IN)
  TODAY           MM
  MONTH TO DATE    0.0
  SINCE DEC 1      0.0
  SINCE JUL 1      0.0
  SNOW DEPTH      MM

DEGREE DAYS
 HEATING
  TODAY            1                        10     -9        0
  MONTH TO DATE   85                       227   -142      120
  SINCE DEC 1    699                      1055   -356      785
  SINCE JUL 1    759                      1267   -508      945

 COOLING
  TODAY            0                         1     -1        6
  MONTH TO DATE   60                        15     45       21
  SINCE DEC 1    122                        37     85       49
  SINCE JAN 1     82                        24     58       29
..................................................................


WIND (MPH)
  HIGHEST WIND SPEED    15   HIGHEST WIND DIRECTION    NW (300)
  HIGHEST GUST SPEED    35   HIGHEST GUST DIRECTION     W (270)
  AVERAGE WIND SPEED     4.8


SKY COVER
  AVERAGE SKY COVER 0.8


WEATHER CONDITIONS
 THE FOLLOWING WEATHER WAS RECORDED TODAY.
  THUNDERSTORM
  HEAVY RAIN
  RAIN
  LIGHT RAIN
  FOG


RELATIVE HUMIDITY (PERCENT)
 HIGHEST   100           700 AM
 LOWEST     61           400 PM
 AVERAGE    81

..........................................................


THE AUSTIN CAMP MABRY CLIMATE NORMALS FOR TOMORROW
                         NORMAL    RECORD    YEAR
 MAXIMUM TEMPERATURE (F)   66        99      1996
 MINIMUM TEMPERATURE (F)   46        26      1939


SUNRISE AND SUNSET
FEBRUARY 20 2017......SUNRISE   706 AM CST   SUNSET   623 PM CST
FEBRUARY 21 2017......SUNRISE   705 AM CST   SUNSET   624 PM CST


-  INDICATES NEGATIVE NUMBERS.
R  INDICATES RECORD WAS SET OR TIED.
MM INDICATES DATA IS MISSING.
T  INDICATES TRACE AMOUNT.




$$
