000
CDUS44 KEWX 030705
CLIATT


CLIMATE REPORT
NATIONAL WEATHER SERVICE AUSTIN/SAN ANTONIO, TX
200 AM CDT FRI JUL 3 2015


...................................

...THE AUSTIN CAMP MABRY CLIMATE SUMMARY FOR JULY 2 2015...

CLIMATE NORMAL PERIOD 1981 TO 2010
CLIMATE RECORD PERIOD 1897 TO 2015


WEATHER ITEM   OBSERVED TIME   RECORD YEAR NORMAL DEPARTURE LAST
                VALUE   (LST)  VALUE       VALUE  FROM      YEAR
                                                  NORMAL
..................................................................
TEMPERATURE (F)
 YESTERDAY
  MAXIMUM         91    248 PM 104    2009  94     -3       97
  MINIMUM         70    559 AM  57    1924  74     -4       73
  AVERAGE         81                        84     -3

PRECIPITATION (IN)
  YESTERDAY        T             2.17 2002   0.07  -0.07     0.00
  MONTH TO DATE    T                         0.15  -0.15     0.00
  SINCE JUN 1      8.89                      4.48   4.41     3.08
  SINCE JAN 1     39.14                     18.01  21.13    14.16

SNOWFALL (IN)
  YESTERDAY        0.0
  MONTH TO DATE    0.0
  SINCE JUN 1      0.0
  SINCE JUL 1      0.0
  SNOW DEPTH       0

DEGREE DAYS
 HEATING
  YESTERDAY        0                         0      0        0
  MONTH TO DATE    0                         0      0        0
  SINCE JUN 1      0                         0      0        0
  SINCE JUL 1      0                         0      0        0

 COOLING
  YESTERDAY       16                        19     -3       20
  MONTH TO DATE   32                        38     -6       41
  SINCE JUN 1    522                       554    -32      560
  SINCE JAN 1   1123                      1167    -44     1134
..................................................................


WIND (MPH)
  HIGHEST WIND SPEED    16   HIGHEST WIND DIRECTION     S (160)
  HIGHEST GUST SPEED    29   HIGHEST GUST DIRECTION     S (170)
  AVERAGE WIND SPEED     5.9


SKY COVER
  AVERAGE SKY COVER 0.5


WEATHER CONDITIONS
 THE FOLLOWING WEATHER WAS RECORDED YESTERDAY.
  LIGHT RAIN
  FOG


RELATIVE HUMIDITY (PERCENT)
 HIGHEST   100           600 AM
 LOWEST     56           300 PM
 AVERAGE    78

..........................................................


THE AUSTIN CAMP MABRY CLIMATE NORMALS FOR TODAY
                         NORMAL    RECORD    YEAR
 MAXIMUM TEMPERATURE (F)   94       102      2011
                                             2009
 MINIMUM TEMPERATURE (F)   74        60      1924


SUNRISE AND SUNSET
JULY  3 2015..........SUNRISE   633 AM CDT   SUNSET   837 PM CDT
JULY  4 2015..........SUNRISE   634 AM CDT   SUNSET   836 PM CDT


-  INDICATES NEGATIVE NUMBERS.
R  INDICATES RECORD WAS SET OR TIED.
MM INDICATES DATA IS MISSING.
T  INDICATES TRACE AMOUNT.




$$
