000
CDUS44 KEWX 040805
CLIATT


CLIMATE REPORT
NATIONAL WEATHER SERVICE AUSTIN/SAN ANTONIO, TX
201 AM CST WED MAR 4 2015


...................................

...THE AUSTIN CAMP MABRY CLIMATE SUMMARY FOR MARCH 3 2015...

CLIMATE NORMAL PERIOD 1981 TO 2010
CLIMATE RECORD PERIOD 1897 TO 2015


WEATHER ITEM   OBSERVED TIME   RECORD YEAR NORMAL DEPARTURE LAST
                VALUE   (LST)  VALUE       VALUE  FROM      YEAR
                                                  NORMAL
..................................................................
TEMPERATURE (F)
 YESTERDAY
  MAXIMUM         63   1151 PM  89    1901  69     -6       47
  MINIMUM         41    202 AM  18    1943  48     -7       24
  AVERAGE         52                        58     -6

PRECIPITATION (IN)
  YESTERDAY        0.01          1.53 1981   0.09  -0.08     0.08
  MONTH TO DATE    0.12                      0.25  -0.13     0.16
  SINCE MAR 1      0.12                      0.25  -0.13     0.16
  SINCE JAN 1      5.64                      4.49   1.15     0.99

SNOWFALL (IN)
  YESTERDAY        0.0
  MONTH TO DATE    0.0
  SINCE MAR 1      0.0
  SINCE JUL 1      T
  SNOW DEPTH       0

DEGREE DAYS
 HEATING
  YESTERDAY       13                         8      5       29
  MONTH TO DATE   62                        24     38       43
  SINCE MAR 1     62                        24     38       43
  SINCE JUL 1   1545                      1361    184     1539

 COOLING
  YESTERDAY        0                         1     -1        0
  MONTH TO DATE    0                         3     -3        3
  SINCE MAR 1      0                         3     -3        3
  SINCE JAN 1     11                        30    -19       44
..................................................................


WIND (MPH)
  HIGHEST WIND SPEED     8   HIGHEST WIND DIRECTION     S (160)
  HIGHEST GUST SPEED    13   HIGHEST GUST DIRECTION     S (170)
  AVERAGE WIND SPEED     1.2


SKY COVER
  AVERAGE SKY COVER 1.0


WEATHER CONDITIONS
 THE FOLLOWING WEATHER WAS RECORDED YESTERDAY.
  LIGHT RAIN
  FOG
  FOG W/VISIBILITY <= 1/4 MILE


RELATIVE HUMIDITY (PERCENT)
 HIGHEST   100          1200 AM
 LOWEST     90           600 PM
 AVERAGE    95

..........................................................


THE AUSTIN CAMP MABRY CLIMATE NORMALS FOR TODAY
                         NORMAL    RECORD    YEAR
 MAXIMUM TEMPERATURE (F)   69        91      1991
 MINIMUM TEMPERATURE (F)   49        24      2002


SUNRISE AND SUNSET
MARCH  4 2015.........SUNRISE   654 AM CST   SUNSET   632 PM CST
MARCH  5 2015.........SUNRISE   653 AM CST   SUNSET   632 PM CST


-  INDICATES NEGATIVE NUMBERS.
R  INDICATES RECORD WAS SET OR TIED.
MM INDICATES DATA IS MISSING.
T  INDICATES TRACE AMOUNT.




$$
