000
CDUS44 KEWX 240844
CLIATT


CLIMATE REPORT
NATIONAL WEATHER SERVICE AUSTIN/SAN ANTONIO, TX
343 AM CDT WED MAY 24 2017


...................................

...THE AUSTIN CAMP MABRY CLIMATE SUMMARY FOR MAY 23 2017...

CLIMATE NORMAL PERIOD 1981 TO 2010
CLIMATE RECORD PERIOD 1897 TO 2017


WEATHER ITEM   OBSERVED TIME   RECORD YEAR NORMAL DEPARTURE LAST
                VALUE   (LST)  VALUE       VALUE  FROM      YEAR
                                                  NORMAL
..................................................................
TEMPERATURE (F)
 YESTERDAY
  MAXIMUM         86    221 PM 100    2008  88     -2       85
  MINIMUM         58   1159 PM  50    1913  68    -10       71
  AVERAGE         72                        78     -6

PRECIPITATION (IN)
  YESTERDAY        0.07          4.21 1975   0.15  -0.08     0.01
  MONTH TO DATE    2.36                      3.14  -0.78     4.70
  SINCE MAR 1      6.06                      7.99  -1.93    15.33
  SINCE JAN 1     12.28                     12.23   0.05    17.01

SNOWFALL (IN)
  YESTERDAY        0.0
  MONTH TO DATE    T
  SINCE MAR 1      T
  SINCE JUL 1      T
  SNOW DEPTH       0

DEGREE DAYS
 HEATING
  YESTERDAY        0                         0      0        0
  MONTH TO DATE    0                         0      0        1
  SINCE MAR 1     56                       200   -144       84
  SINCE JUL 1    834                      1537   -703     1081

 COOLING
  YESTERDAY        7                        13     -6       13
  MONTH TO DATE  245                       247     -2      190
  SINCE MAR 1    631                       472    159      473
  SINCE JAN 1    748                       499    249      512
..................................................................


WIND (MPH)
  HIGHEST WIND SPEED    21   HIGHEST WIND DIRECTION     N (340)
  HIGHEST GUST SPEED    33   HIGHEST GUST DIRECTION     N (350)
  AVERAGE WIND SPEED     5.0


SKY COVER
  AVERAGE SKY COVER 0.6


WEATHER CONDITIONS
 THE FOLLOWING WEATHER WAS RECORDED YESTERDAY.
  THUNDERSTORM
  RAIN
  LIGHT RAIN
  FOG


RELATIVE HUMIDITY (PERCENT)
 HIGHEST   100           600 AM
 LOWEST     45           200 PM
 AVERAGE    73

..........................................................


THE AUSTIN CAMP MABRY CLIMATE NORMALS FOR TODAY
                         NORMAL    RECORD    YEAR
 MAXIMUM TEMPERATURE (F)   88       104      1925
 MINIMUM TEMPERATURE (F)   69        50      1913


SUNRISE AND SUNSET
MAY 24 2017...........SUNRISE   632 AM CDT   SUNSET   824 PM CDT
MAY 25 2017...........SUNRISE   632 AM CDT   SUNSET   824 PM CDT


-  INDICATES NEGATIVE NUMBERS.
R  INDICATES RECORD WAS SET OR TIED.
MM INDICATES DATA IS MISSING.
T  INDICATES TRACE AMOUNT.




$$
