304
CDUS44 KEWX 082227
CLIATT


CLIMATE REPORT
NATIONAL WEATHER SERVICE AUSTIN/SAN ANTONIO, TX
427 PM CST MON FEB 8 2016


...................................

...THE AUSTIN CAMP MABRY CLIMATE SUMMARY FOR FEBRUARY 8 2016...
VALID TODAY AS OF 425 PM LOCAL TIME.

CLIMATE NORMAL PERIOD 1981 TO 2010
CLIMATE RECORD PERIOD 1897 TO 2016


WEATHER ITEM   OBSERVED TIME   RECORD YEAR NORMAL DEPARTURE LAST
                VALUE   (LST)  VALUE       VALUE  FROM      YEAR
                                                  NORMAL
..................................................................
TEMPERATURE (F)
 TODAY
  MAXIMUM         65    343 PM  85    1962  64      1       78
  MINIMUM         46    749 AM  11    1933  44      2       58
  AVERAGE         56                        54      2       68

PRECIPITATION (IN)
  TODAY            0.00          2.15 1908   0.07  -0.07     0.00
  MONTH TO DATE    T                         0.53  -0.53     0.34
  SINCE DEC 1      3.34                      5.15  -1.81     6.42
  SINCE JAN 1      0.34                      2.75  -2.41     5.36

SNOWFALL (IN)
  TODAY            0.0
  MONTH TO DATE    0.0
  SINCE DEC 1      0.0
  SINCE JUL 1      0.0
  SNOW DEPTH       0

DEGREE DAYS
 HEATING
  TODAY            9                        12     -3        0
  MONTH TO DATE   93                        98     -5      115
  SINCE DEC 1    758                       926   -168      925
  SINCE JUL 1    918                      1138   -220     1215

 COOLING
  TODAY            0                         1     -1        3
  MONTH TO DATE    1                         3     -2        3
  SINCE DEC 1     29                        25      4       15
  SINCE JAN 1      9                        12     -3        6
..................................................................


WIND (MPH)
  HIGHEST WIND SPEED    17   HIGHEST WIND DIRECTION     N (340)
  HIGHEST GUST SPEED    29   HIGHEST GUST DIRECTION     N (20)
  AVERAGE WIND SPEED     9.2


SKY COVER
  AVERAGE SKY COVER 0.0


WEATHER CONDITIONS
 THE FOLLOWING WEATHER WAS RECORDED TODAY.
  NO SIGNIFICANT WEATHER WAS OBSERVED.


RELATIVE HUMIDITY (PERCENT)
 HIGHEST    58          1200 AM
 LOWEST     15           300 PM
 AVERAGE    37

..........................................................


THE AUSTIN CAMP MABRY CLIMATE NORMALS FOR TOMORROW
                         NORMAL    RECORD    YEAR
 MAXIMUM TEMPERATURE (F)   64        87      1962
                                             1960
 MINIMUM TEMPERATURE (F)   44        13      1933


SUNRISE AND SUNSET
FEBRUARY  8 2016......SUNRISE   717 AM CST   SUNSET   613 PM CST
FEBRUARY  9 2016......SUNRISE   716 AM CST   SUNSET   614 PM CST


-  INDICATES NEGATIVE NUMBERS.
R  INDICATES RECORD WAS SET OR TIED.
MM INDICATES DATA IS MISSING.
T  INDICATES TRACE AMOUNT.




$$
