000
CDUS44 KEWX 190740
CLIATT


CLIMATE REPORT
NATIONAL WEATHER SERVICE AUSTIN/SAN ANTONIO, TX
133 AM CST MON FEB 19 2018


...................................

...THE AUSTIN CAMP MABRY CLIMATE SUMMARY FOR FEBRUARY 18 2018...

CLIMATE NORMAL PERIOD 1981 TO 2010
CLIMATE RECORD PERIOD 1897 TO 2018


WEATHER ITEM   OBSERVED TIME   RECORD YEAR NORMAL DEPARTURE LAST
                VALUE   (LST)  VALUE       VALUE  FROM      YEAR
                                                  NORMAL
..................................................................
TEMPERATURE (F)
 YESTERDAY
  MAXIMUM         75    638 PM  91    1986  66      9       86
  MINIMUM         51    506 AM  14    1900  45      6       62
  AVERAGE         63                        56      7

PRECIPITATION (IN)
  YESTERDAY        T             2.35 1963   0.08  -0.08     0.00
  MONTH TO DATE    0.39                      1.29  -0.90     0.88
  SINCE DEC 1      4.98                      5.91  -0.93     7.55
  SINCE JAN 1      0.67                      3.51  -2.84     5.01

SNOWFALL (IN)
  YESTERDAY        0.0
  MONTH TO DATE    T
  SINCE DEC 1      0.4
  SINCE JUL 1      0.4
  SNOW DEPTH       0

DEGREE DAYS
 HEATING
  YESTERDAY        2                        10     -8        0
  MONTH TO DATE  228                       207     21       84
  SINCE DEC 1   1089                      1035     54      698
  SINCE JUL 1   1212                      1247    -35      758

 COOLING
  YESTERDAY        0                         1     -1        9
  MONTH TO DATE    6                        13     -7       54
  SINCE DEC 1     21                        35    -14      116
  SINCE JAN 1      7                        22    -15       76
..................................................................


WIND (MPH)
  HIGHEST WIND SPEED    16   HIGHEST WIND DIRECTION     S (160)
  HIGHEST GUST SPEED    25   HIGHEST GUST DIRECTION     S (170)
  AVERAGE WIND SPEED     5.0


SKY COVER
  AVERAGE SKY COVER 0.9


WEATHER CONDITIONS
 THE FOLLOWING WEATHER WAS RECORDED YESTERDAY.
  LIGHT RAIN
  FOG


RELATIVE HUMIDITY (PERCENT)
 HIGHEST   100           700 AM
 LOWEST     64           600 PM
 AVERAGE    82

..........................................................


THE AUSTIN CAMP MABRY CLIMATE NORMALS FOR TODAY
                         NORMAL    RECORD    YEAR
 MAXIMUM TEMPERATURE (F)   66        93      1986
 MINIMUM TEMPERATURE (F)   46        24      1978


SUNRISE AND SUNSET
FEBRUARY 19 2018......SUNRISE   707 AM CST   SUNSET   622 PM CST
FEBRUARY 20 2018......SUNRISE   706 AM CST   SUNSET   623 PM CST


-  INDICATES NEGATIVE NUMBERS.
R  INDICATES RECORD WAS SET OR TIED.
MM INDICATES DATA IS MISSING.
T  INDICATES TRACE AMOUNT.




$$
