000
CDUS44 KEWX 262222
CLIATT


CLIMATE REPORT
NATIONAL WEATHER SERVICE AUSTIN/SAN ANTONIO, TX
522 PM CDT THU MAR 26 2015


...................................

...THE AUSTIN CAMP MABRY CLIMATE SUMMARY FOR MARCH 26 2015...
VALID TODAY AS OF 522 PM LOCAL TIME.

CLIMATE NORMAL PERIOD 1981 TO 2010
CLIMATE RECORD PERIOD 1897 TO 2015


WEATHER ITEM   OBSERVED TIME   RECORD YEAR NORMAL DEPARTURE LAST
                VALUE   (LST)  VALUE       VALUE  FROM      YEAR
                                                  NORMAL
..................................................................
TEMPERATURE (F)
 TODAY
  MAXIMUM         70    357 PM  90    1939  75     -5       66
                                      1917
  MINIMUM         54    841 AM  26    1955  54      0       54
  AVERAGE         62                        64     -2       60

PRECIPITATION (IN)
  TODAY            0.05          1.49 2007   0.10  -0.05      T
  MONTH TO DATE    4.83                      2.35   2.48     1.26
  SINCE MAR 1      4.83                      2.35   2.48     1.26
  SINCE JAN 1     10.35                      6.59   3.76     2.09

SNOWFALL (IN)
  TODAY            0.0
  MONTH TO DATE    T
  SINCE MAR 1      T
  SINCE JUL 1      T
  SNOW DEPTH       0

DEGREE DAYS
 HEATING
  TODAY            3                         3      0        5
  MONTH TO DATE  202                       146     56      222
  SINCE MAR 1    202                       146     56      222
  SINCE JUL 1   1685                      1483    202     1718

 COOLING
  TODAY            0                         3     -3        0
  MONTH TO DATE   39                        44     -5       17
  SINCE MAR 1     39                        44     -5       17
  SINCE JAN 1     50                        71    -21       58
..................................................................


WIND (MPH)
  HIGHEST WIND SPEED    20   HIGHEST WIND DIRECTION     N (360)
  HIGHEST GUST SPEED    29   HIGHEST GUST DIRECTION     N (360)
  AVERAGE WIND SPEED    11.3


SKY COVER
  AVERAGE SKY COVER 0.6


WEATHER CONDITIONS
 THE FOLLOWING WEATHER WAS RECORDED TODAY.
  LIGHT RAIN
  FOG


RELATIVE HUMIDITY (PERCENT)
 HIGHEST    93           100 AM
 LOWEST     37           400 PM
 AVERAGE    65

..........................................................


THE AUSTIN CAMP MABRY CLIMATE NORMALS FOR TOMORROW
                         NORMAL    RECORD    YEAR
 MAXIMUM TEMPERATURE (F)   75        96      1984
 MINIMUM TEMPERATURE (F)   54        31      1955


SUNRISE AND SUNSET
MARCH 26 2015.........SUNRISE   728 AM CDT   SUNSET   746 PM CDT
MARCH 27 2015.........SUNRISE   726 AM CDT   SUNSET   746 PM CDT


-  INDICATES NEGATIVE NUMBERS.
R  INDICATES RECORD WAS SET OR TIED.
MM INDICATES DATA IS MISSING.
T  INDICATES TRACE AMOUNT.




$$
