048
CDUS44 KEWX 232239
CLIATT


CLIMATE REPORT
NATIONAL WEATHER SERVICE AUSTIN/SAN ANTONIO, TX
539 PM CDT MON MAY 23 2016


...................................

...THE AUSTIN CAMP MABRY CLIMATE SUMMARY FOR MAY 23 2016...
VALID TODAY AS OF 0539 PM LOCAL TIME.

CLIMATE NORMAL PERIOD 1981 TO 2010
CLIMATE RECORD PERIOD 1897 TO 2016


WEATHER ITEM   OBSERVED TIME   RECORD YEAR NORMAL DEPARTURE LAST
                VALUE   (LST)  VALUE       VALUE  FROM      YEAR
                                                  NORMAL
..................................................................
TEMPERATURE (F)
 TODAY
  MAXIMUM         85    155 PM 100    2008  88     -3       87
  MINIMUM         71    623 AM  50    1913  68      3       66
  AVERAGE         78                        78      0       77

PRECIPITATION (IN)
  TODAY            0.01          4.21 1975   0.15  -0.14     1.41
  MONTH TO DATE    4.70                      3.14   1.56    10.76
  SINCE MAR 1     15.33                      7.99   7.34    17.90
  SINCE JAN 1     17.01                     12.23   4.78    23.42

SNOWFALL (IN)
  TODAY            0.0
  MONTH TO DATE    0.0
  SINCE MAR 1      T
  SINCE JUL 1      T
  SNOW DEPTH       0

DEGREE DAYS
 HEATING
  TODAY            0                         0      0        0
  MONTH TO DATE    1                         0      1        0
  SINCE MAR 1     84                       200   -116      215
  SINCE JUL 1   1081                      1537   -456     1698

 COOLING
  TODAY           13                        13      0       12
  MONTH TO DATE  190                       247    -57      231
  SINCE MAR 1    473                       472      1      498
  SINCE JAN 1    512                       499     13      509
..................................................................


WIND (MPH)
  HIGHEST WIND SPEED    12   HIGHEST WIND DIRECTION    SE (120)
  HIGHEST GUST SPEED    18   HIGHEST GUST DIRECTION    SE (150)
  AVERAGE WIND SPEED     5.6


SKY COVER
  AVERAGE SKY COVER 1.0


WEATHER CONDITIONS
 THE FOLLOWING WEATHER WAS RECORDED TODAY.
  LIGHT RAIN
  FOG


RELATIVE HUMIDITY (PERCENT)
 HIGHEST    93           400 AM
 LOWEST     74           200 PM
 AVERAGE    84

..........................................................


THE AUSTIN CAMP MABRY CLIMATE NORMALS FOR TOMORROW
                         NORMAL    RECORD    YEAR
 MAXIMUM TEMPERATURE (F)   88       104      1925
 MINIMUM TEMPERATURE (F)   69        50      1913


SUNRISE AND SUNSET
MAY 23 2016...........SUNRISE   632 AM CDT   SUNSET   823 PM CDT
MAY 24 2016...........SUNRISE   632 AM CDT   SUNSET   824 PM CDT


-  INDICATES NEGATIVE NUMBERS.
R  INDICATES RECORD WAS SET OR TIED.
MM INDICATES DATA IS MISSING.
T  INDICATES TRACE AMOUNT.




$$
