000
CDUS44 KEWX 192236
CLIATT


CLIMATE REPORT
NATIONAL WEATHER SERVICE AUSTIN/SAN ANTONIO, TX
536 PM CDT THU OCT 19 2017


...................................

...THE AUSTIN CAMP MABRY CLIMATE SUMMARY FOR OCTOBER 19 2017...
VALID TODAY AS OF 0500 PM LOCAL TIME.

CLIMATE NORMAL PERIOD 1981 TO 2010
CLIMATE RECORD PERIOD 1897 TO 2017


WEATHER ITEM   OBSERVED TIME   RECORD YEAR NORMAL DEPARTURE LAST
                VALUE   (LST)  VALUE       VALUE  FROM      YEAR
                                                  NORMAL
..................................................................
TEMPERATURE (F)
 TODAY
  MAXIMUM         84    217 PM  95    1921  81      3       92
  MINIMUM         57    701 AM  39    1903  60     -3       75
  AVERAGE         71                        70      1       84

PRECIPITATION (IN)
  TODAY            0.00          2.08 1909   0.15  -0.15     0.00
  MONTH TO DATE    0.65                      2.37  -1.72     0.17
  SINCE SEP 1      2.68                      5.36  -2.68     2.26
  SINCE JAN 1     29.18                     27.45   1.73    33.20

SNOWFALL (IN)
  TODAY            0.0
  MONTH TO DATE    0.0
  SINCE SEP 1      0.0
  SINCE JUL 1      0.0
  SNOW DEPTH       0

DEGREE DAYS
 HEATING
  TODAY            0                         1     -1        0
  MONTH TO DATE    0                         8     -8        0
  SINCE SEP 1      0                        10    -10        0
  SINCE JUL 1      0                        10    -10        0

 COOLING
  TODAY            6                         6      0       19
  MONTH TO DATE  197                       160     37      241
  SINCE SEP 1    650                       610     40      772
  SINCE JAN 1   3476                      3004    472     3266
..................................................................


WIND (MPH)
  HIGHEST WIND SPEED    10   HIGHEST WIND DIRECTION    SE (140)
  HIGHEST GUST SPEED    16   HIGHEST GUST DIRECTION    SE (150)
  AVERAGE WIND SPEED     2.1


SKY COVER
  AVERAGE SKY COVER 0.2


WEATHER CONDITIONS
 THE FOLLOWING WEATHER WAS RECORDED TODAY.
  FOG


RELATIVE HUMIDITY (PERCENT)
 HIGHEST    93           500 AM
 LOWEST     43           300 PM
 AVERAGE    68

..........................................................


THE AUSTIN CAMP MABRY CLIMATE NORMALS FOR TOMORROW
                         NORMAL    RECORD    YEAR
 MAXIMUM TEMPERATURE (F)   81        92      2005
                                             1979
 MINIMUM TEMPERATURE (F)   60        38      1917
                                             1913


SUNRISE AND SUNSET
OCTOBER 19 2017.......SUNRISE   736 AM CDT   SUNSET   655 PM CDT
OCTOBER 20 2017.......SUNRISE   736 AM CDT   SUNSET   654 PM CDT


-  INDICATES NEGATIVE NUMBERS.
R  INDICATES RECORD WAS SET OR TIED.
MM INDICATES DATA IS MISSING.
T  INDICATES TRACE AMOUNT.




$$
