000
CDUS43 KABR 021040
CLIATY


CLIMATE REPORT
NATIONAL WEATHER SERVICE ABERDEEN SD
440 AM CST MON MAR 2 2015


...................................

...THE WATERTOWN SD CLIMATE SUMMARY FOR MARCH 1 2015...

CLIMATE NORMAL PERIOD 1981 TO 2010
CLIMATE RECORD PERIOD 1898 TO 2015


WEATHER ITEM   OBSERVED TIME   RECORD YEAR NORMAL DEPARTURE LAST
                VALUE   (LST)  VALUE       VALUE  FROM      YEAR
                                                  NORMAL
..................................................................
TEMPERATURE (F)
 YESTERDAY
  MAXIMUM         28    310 PM  66    1992  32     -4       -1
  MINIMUM         -1    502 AM -19    2009  14    -15      -14
  AVERAGE         14                        23     -9       -7

PRECIPITATION (IN)
  YESTERDAY        T             0.49 2007   0.03  -0.03     0.01
  MONTH TO DATE    T                         0.03  -0.03     0.01
  SINCE MAR 1      T                         0.03  -0.03     0.01
  SINCE JAN 1      0.65                      1.11  -0.46     0.44

SNOWFALL (IN)
  YESTERDAY        T
  MONTH TO DATE    T
  SINCE OCT 1     20.9
  SINCE JUL 1     20.9
  SNOW DEPTH       0

DEGREE DAYS
 HEATING
  YESTERDAY       51                        42      9       72
  MONTH TO DATE   51                        42      9       72
  SINCE MAR 1     51                        42      9       72
  SINCE JUL 1   6443                      6453    -10     7038

 COOLING
  YESTERDAY        0                         0      0        0
  MONTH TO DATE    0                         0      0        0
  SINCE MAR 1      0                         0      0        0
  SINCE JAN 1      0                         0      0        0
..................................................................


WIND (MPH)
  HIGHEST WIND SPEED    23   HIGHEST WIND DIRECTION     W (270)
  HIGHEST GUST SPEED    29   HIGHEST GUST DIRECTION     W (280)
  AVERAGE WIND SPEED    11.1


SKY COVER
  POSSIBLE SUNSHINE  MM
  AVERAGE SKY COVER 0.2


WEATHER CONDITIONS
 THE FOLLOWING WEATHER WAS RECORDED YESTERDAY.
  LIGHT SNOW


RELATIVE HUMIDITY (PERCENT)
 HIGHEST    87           400 AM
 LOWEST     60           100 PM
 AVERAGE    74

..........................................................


THE WATERTOWN SD CLIMATE NORMALS FOR TODAY
                         NORMAL    RECORD    YEAR
 MAXIMUM TEMPERATURE (F)   33        63      1905
 MINIMUM TEMPERATURE (F)   14       -23      1913


SUNRISE AND SUNSET
MARCH  2 2015.........SUNRISE   705 AM CST   SUNSET   617 PM CST
MARCH  3 2015.........SUNRISE   703 AM CST   SUNSET   619 PM CST


-  INDICATES NEGATIVE NUMBERS.
R  INDICATES RECORD WAS SET OR TIED.
MM INDICATES DATA IS MISSING.
T  INDICATES TRACE AMOUNT.




$$
