000
CDUS43 KABR 242239
CLIATY


CLIMATE REPORT
NATIONAL WEATHER SERVICE ABERDEEN SD
537 PM CDT THU APR 24 2014


...................................

...THE WATERTOWN SD CLIMATE SUMMARY FOR APRIL 24 2014...
VALID TODAY AS OF 0500 PM LOCAL TIME.

CLIMATE NORMAL PERIOD 1981 TO 2010
CLIMATE RECORD PERIOD 1898 TO 2014


WEATHER ITEM   OBSERVED TIME   RECORD YEAR NORMAL DEPARTURE LAST
                VALUE   (LST)  VALUE       VALUE  FROM      YEAR
                                                  NORMAL
..................................................................
TEMPERATURE (F)
 TODAY
  MAXIMUM         59    337 PM  87    1962  60     -1       40
  MINIMUM         39    726 AM  18    1934  36      3       24
  AVERAGE         49                        48      1       32

PRECIPITATION (IN)
  TODAY            0.14          1.52 1953   0.09   0.05     0.08
  MONTH TO DATE    0.23                      1.53  -1.30     2.33
  SINCE MAR 1      1.20                      2.64  -1.44     3.54
  SINCE JAN 1      1.63                      3.72  -2.09     4.76

SNOWFALL (IN)
  TODAY            0.0
  MONTH TO DATE    4.0
  SINCE OCT 1     28.2
  SINCE JUL 1     28.2
  SNOW DEPTH       0

DEGREE DAYS
 HEATING
  TODAY           16                        17     -1       33
  MONTH TO DATE  599                       541     58      839
  SINCE MAR 1   1848                      1645    203     2217
  SINCE JUL 1   8814                      8056    758     8580

 COOLING
  TODAY            0                         0      0        0
  MONTH TO DATE    0                         0      0        0
  SINCE MAR 1      0                         0      0        0
  SINCE JAN 1      0                         0      0        0
..................................................................


WIND (MPH)
  HIGHEST WIND SPEED    13   HIGHEST WIND DIRECTION    NE (50)
  HIGHEST GUST SPEED    17   HIGHEST GUST DIRECTION    SE (130)
  AVERAGE WIND SPEED     7.0


SKY COVER
  POSSIBLE SUNSHINE  MM
  AVERAGE SKY COVER 0.6


WEATHER CONDITIONS
 THE FOLLOWING WEATHER WAS RECORDED TODAY.
  RAIN
  LIGHT RAIN
  FOG


RELATIVE HUMIDITY (PERCENT)
 HIGHEST    93           900 AM
 LOWEST     57           200 PM
 AVERAGE    75

..........................................................


THE WATERTOWN SD CLIMATE NORMALS FOR TOMORROW
                         NORMAL    RECORD    YEAR
 MAXIMUM TEMPERATURE (F)   61        92      1962
 MINIMUM TEMPERATURE (F)   36        17      2013


SUNRISE AND SUNSET
APRIL 24 2014.........SUNRISE   629 AM CDT   SUNSET   825 PM CDT
APRIL 25 2014.........SUNRISE   627 AM CDT   SUNSET   827 PM CDT


-  INDICATES NEGATIVE NUMBERS.
R  INDICATES RECORD WAS SET OR TIED.
MM INDICATES DATA IS MISSING.
T  INDICATES TRACE AMOUNT.




$$
