000
CDUS43 KABR 251046
CLIATY


CLIMATE REPORT
NATIONAL WEATHER SERVICE ABERDEEN SD
545 AM CDT MON SEP 25 2017


...................................

...THE WATERTOWN SD CLIMATE SUMMARY FOR SEPTEMBER 24 2017...

CLIMATE NORMAL PERIOD 1981 TO 2010
CLIMATE RECORD PERIOD 1898 TO 2017


WEATHER ITEM   OBSERVED TIME   RECORD YEAR NORMAL DEPARTURE LAST
                VALUE   (LST)  VALUE       VALUE  FROM      YEAR
                                                  NORMAL
..................................................................
TEMPERATURE (F)
 YESTERDAY
  MAXIMUM         66    947 AM  91    1935  67     -1       79
  MINIMUM         50   1159 PM  24    1942  44      6       59
  AVERAGE         58                        55      3       69

PRECIPITATION (IN)
  YESTERDAY        0.07          2.93 1934   0.08  -0.01     0.10
  MONTH TO DATE    4.93                      2.17   2.76     2.06
  SINCE SEP 1      4.93                      2.17   2.76     2.06
  SINCE JAN 1     20.14                     18.40   1.74    18.70

DEGREE DAYS
 HEATING
  YESTERDAY        7                        10     -3        0
  MONTH TO DATE   82                       149    -67       60
  SINCE SEP 1     82                       149    -67       60
  SINCE JUL 1    110                       206    -96       86

 COOLING
  YESTERDAY        0                         0      0        4
  MONTH TO DATE   65                        37     28       36
  SINCE SEP 1     65                        37     28       36
  SINCE JAN 1    440                       511    -71      721
..................................................................


WIND (MPH)
  HIGHEST WIND SPEED    17   HIGHEST WIND DIRECTION     N (340)
  HIGHEST GUST SPEED    22   HIGHEST GUST DIRECTION     N (350)
  AVERAGE WIND SPEED    10.0


SKY COVER
  POSSIBLE SUNSHINE  MM
  AVERAGE SKY COVER 0.9


WEATHER CONDITIONS
 THE FOLLOWING WEATHER WAS RECORDED YESTERDAY.
  RAIN
  LIGHT RAIN
  FOG


RELATIVE HUMIDITY (PERCENT)
 HIGHEST   100          1200 AM
 LOWEST     93           900 AM
 AVERAGE    97

..........................................................


THE WATERTOWN SD CLIMATE NORMALS FOR TODAY
                         NORMAL    RECORD    YEAR
 MAXIMUM TEMPERATURE (F)   66        87      1938
 MINIMUM TEMPERATURE (F)   43        21      1926


SUNRISE AND SUNSET
SEPTEMBER 25 2017.....SUNRISE   720 AM CDT   SUNSET   720 PM CDT
SEPTEMBER 26 2017.....SUNRISE   721 AM CDT   SUNSET   718 PM CDT


-  INDICATES NEGATIVE NUMBERS.
R  INDICATES RECORD WAS SET OR TIED.
MM INDICATES DATA IS MISSING.
T  INDICATES TRACE AMOUNT.




$$
