000
CDUS43 KABR 221027
CLIATY


CLIMATE REPORT
NATIONAL WEATHER SERVICE ABERDEEN SD
426 AM CST SAT NOV 22 2014


...................................

...THE WATERTOWN SD CLIMATE SUMMARY FOR NOVEMBER 21 2014...

CLIMATE NORMAL PERIOD 1981 TO 2010
CLIMATE RECORD PERIOD 1898 TO 2014


WEATHER ITEM   OBSERVED TIME   RECORD YEAR NORMAL DEPARTURE LAST
                VALUE   (LST)  VALUE       VALUE  FROM      YEAR
                                                  NORMAL
..................................................................
TEMPERATURE (F)
 YESTERDAY
  MAXIMUM         34   1015 PM  63    2012  35     -1       23
                                      2001
  MINIMUM          6   1231 AM -11    1929  18    -12       10
  AVERAGE         20                        26     -6       17

PRECIPITATION (IN)
  YESTERDAY        0.00          0.38 1953   0.02  -0.02      T
  MONTH TO DATE    0.69                      0.57   0.12      T
  SINCE SEP 1      2.14                      5.13  -2.99     7.33
  SINCE JAN 1     15.76                     21.36  -5.60    24.15

SNOWFALL (IN)
  YESTERDAY        0.0
  MONTH TO DATE    9.9
  SINCE OCT 1      9.9
  SINCE JUL 1      9.9
  SNOW DEPTH       7

DEGREE DAYS
 HEATING
  YESTERDAY       45                        39      6       48
  MONTH TO DATE  811                       684    127      662
  SINCE SEP 1   1539                      1511     28     1377
  SINCE JUL 1   1593                      1568     25     1428

 COOLING
  YESTERDAY        0                         0      0        0
  MONTH TO DATE    0                         0      0        0
  SINCE SEP 1     36                        41     -5      104
  SINCE JAN 1    369                       515   -146      618
..................................................................


WIND (MPH)
  HIGHEST WIND SPEED    25   HIGHEST WIND DIRECTION     S (200)
  HIGHEST GUST SPEED    32   HIGHEST GUST DIRECTION     S (170)
  AVERAGE WIND SPEED    15.1


SKY COVER
  POSSIBLE SUNSHINE  MM
  AVERAGE SKY COVER 0.2


WEATHER CONDITIONS
 THE FOLLOWING WEATHER WAS RECORDED YESTERDAY.
  FOG
  HAZE


RELATIVE HUMIDITY (PERCENT)
 HIGHEST    91           300 AM
 LOWEST     72           200 PM
 AVERAGE    82

..........................................................


THE WATERTOWN SD CLIMATE NORMALS FOR TODAY
                         NORMAL    RECORD    YEAR
 MAXIMUM TEMPERATURE (F)   35        61      2006
                                             1974
 MINIMUM TEMPERATURE (F)   17       -10      1898


SUNRISE AND SUNSET
NOVEMBER 22 2014......SUNRISE   735 AM CST   SUNSET   454 PM CST
NOVEMBER 23 2014......SUNRISE   737 AM CST   SUNSET   453 PM CST


-  INDICATES NEGATIVE NUMBERS.
R  INDICATES RECORD WAS SET OR TIED.
MM INDICATES DATA IS MISSING.
T  INDICATES TRACE AMOUNT.




$$
