409
CDUS43 KABR 271037
CLIATY


CLIMATE REPORT
NATIONAL WEATHER SERVICE ABERDEEN SD
437 AM CST MON FEB 27 2017


...................................

...THE WATERTOWN SD CLIMATE SUMMARY FOR FEBRUARY 26 2017...

CLIMATE NORMAL PERIOD 1981 TO 2010
CLIMATE RECORD PERIOD 1898 TO 2017


WEATHER ITEM   OBSERVED TIME   RECORD YEAR NORMAL DEPARTURE LAST
                VALUE   (LST)  VALUE       VALUE  FROM      YEAR
                                                  NORMAL
..................................................................
TEMPERATURE (F)
 YESTERDAY
  MAXIMUM         35    518 PM  56    1902  31      4       45
  MINIMUM         22    432 AM -18    1962  12     10       18
  AVERAGE         29                        22      7       32

PRECIPITATION (IN)
  YESTERDAY        T             0.48 2009   0.03  -0.03     0.00
  MONTH TO DATE    0.11                      0.51  -0.40     0.39
  SINCE DEC 1      2.02                      1.56   0.46     1.19
  SINCE JAN 1      0.77                      1.03  -0.26     0.87

SNOWFALL (IN)
  YESTERDAY        T
  MONTH TO DATE    T
  SINCE OCT 1     27.5
  SINCE JUL 1     27.5
  SNOW DEPTH       0

DEGREE DAYS
 HEATING
  YESTERDAY       36                        43     -7       33
  MONTH TO DATE  986                      1243   -257     1092
  SINCE DEC 1   4160                      4385   -225     3867
  SINCE JUL 1   5531                      6325   -794     5226

 COOLING
  YESTERDAY        0                         0      0        0
  MONTH TO DATE    0                         0      0        0
  SINCE DEC 1      0                         0      0        0
  SINCE JAN 1      0                         0      0        0
..................................................................


WIND (MPH)
  HIGHEST WIND SPEED    14   HIGHEST WIND DIRECTION    SW (240)
  HIGHEST GUST SPEED    19   HIGHEST GUST DIRECTION    SW (240)
  AVERAGE WIND SPEED     8.1


SKY COVER
  POSSIBLE SUNSHINE  MM
  AVERAGE SKY COVER 0.5


WEATHER CONDITIONS
 THE FOLLOWING WEATHER WAS RECORDED YESTERDAY.
  LIGHT SNOW
  FOG


RELATIVE HUMIDITY (PERCENT)
 HIGHEST   100           300 AM
 LOWEST     51           300 PM
 AVERAGE    76

..........................................................


THE WATERTOWN SD CLIMATE NORMALS FOR TODAY
                         NORMAL    RECORD    YEAR
 MAXIMUM TEMPERATURE (F)   31        60      2016
                                             1921
 MINIMUM TEMPERATURE (F)   13       -23      1962


SUNRISE AND SUNSET
FEBRUARY 27 2017......SUNRISE   709 AM CST   SUNSET   614 PM CST
FEBRUARY 28 2017......SUNRISE   708 AM CST   SUNSET   615 PM CST


-  INDICATES NEGATIVE NUMBERS.
R  INDICATES RECORD WAS SET OR TIED.
MM INDICATES DATA IS MISSING.
T  INDICATES TRACE AMOUNT.




$$
