984
CDUS43 KABR 302234
CLIATY


CLIMATE REPORT
NATIONAL WEATHER SERVICE ABERDEEN SD
534 PM CDT SAT JUL 30 2016


...................................

...THE WATERTOWN SD CLIMATE SUMMARY FOR JULY 30 2016...
VALID TODAY AS OF 0500 PM LOCAL TIME.

CLIMATE NORMAL PERIOD 1981 TO 2010
CLIMATE RECORD PERIOD 1898 TO 2016


WEATHER ITEM   OBSERVED TIME   RECORD YEAR NORMAL DEPARTURE LAST
                VALUE   (LST)  VALUE       VALUE  FROM      YEAR
                                                  NORMAL
..................................................................
TEMPERATURE (F)
 TODAY
  MAXIMUM         81    352 PM 108    1933  82     -1       85
  MINIMUM         58    456 AM  37    1971  60     -2       59
  AVERAGE         70                        71     -1       72

PRECIPITATION (IN)
  TODAY            0.00          2.06 1956   0.10  -0.10     0.00
  MONTH TO DATE    2.48                      2.92  -0.44     3.57
  SINCE JUN 1      4.01                      6.50  -2.49     6.50
  SINCE JAN 1      9.66                     13.35  -3.69    12.50

SNOWFALL (IN)
  TODAY            0.0
  MONTH TO DATE    0.0
  SINCE OCT 1     28.7
  SINCE JUL 1      0.0
  SNOW DEPTH       0

DEGREE DAYS
 HEATING
  TODAY            0                         1     -1        0
  MONTH TO DATE   12                        17     -5       13
  SINCE JUN 1     37                        95    -58       40
  SINCE JUL 1     12                        17     -5       13

 COOLING
  TODAY            5                         6     -1        7
  MONTH TO DATE  235                       202     33      218
  SINCE JUN 1    434                       298    136      315
  SINCE JAN 1    458                       320    138      323
..................................................................


WIND (MPH)
  HIGHEST WIND SPEED    17   HIGHEST WIND DIRECTION     S (170)
  HIGHEST GUST SPEED    22   HIGHEST GUST DIRECTION     S (170)
  AVERAGE WIND SPEED     8.6


SKY COVER
  POSSIBLE SUNSHINE  MM
  AVERAGE SKY COVER 0.1


WEATHER CONDITIONS
 THE FOLLOWING WEATHER WAS RECORDED TODAY.
  NO SIGNIFICANT WEATHER WAS OBSERVED.


RELATIVE HUMIDITY (PERCENT)
 HIGHEST    90           400 AM
 LOWEST     45           100 PM
 AVERAGE    68

..........................................................


THE WATERTOWN SD CLIMATE NORMALS FOR TOMORROW
                         NORMAL    RECORD    YEAR
 MAXIMUM TEMPERATURE (F)   82       104      1988
 MINIMUM TEMPERATURE (F)   59        41      1903


SUNRISE AND SUNSET
JULY 30 2016..........SUNRISE   613 AM CDT   SUNSET   857 PM CDT
JULY 31 2016..........SUNRISE   614 AM CDT   SUNSET   855 PM CDT


-  INDICATES NEGATIVE NUMBERS.
R  INDICATES RECORD WAS SET OR TIED.
MM INDICATES DATA IS MISSING.
T  INDICATES TRACE AMOUNT.




$$
