000
CDUS43 KABR 251200
CLIATY


CLIMATE REPORT
NATIONAL WEATHER SERVICE ABERDEEN SD
700 AM CDT SUN JUN 25 2017


...................................

...THE WATERTOWN SD CLIMATE SUMMARY FOR JUNE 24 2017...

CLIMATE NORMAL PERIOD 1981 TO 2010
CLIMATE RECORD PERIOD 1898 TO 2017


WEATHER ITEM   OBSERVED TIME   RECORD YEAR NORMAL DEPARTURE LAST
                VALUE   (LST)  VALUE       VALUE  FROM      YEAR
                                                  NORMAL
..................................................................
TEMPERATURE (F)
 YESTERDAY
  MAXIMUM         64    443 PM 105    1988  80    -16       89
  MINIMUM         44    423 AM  40    1958  57    -13       62
  AVERAGE         54                        68    -14       76

PRECIPITATION (IN)
  YESTERDAY        0.00          1.83 2003   0.12  -0.12      T
  MONTH TO DATE    3.70                      2.91   0.79     1.53
  SINCE JUN 1      3.70                      2.91   0.79     1.53
  SINCE JAN 1      8.65                      9.76  -1.11     7.18

DEGREE DAYS
 HEATING
  YESTERDAY       11                         1     10        0
  MONTH TO DATE   26                        71    -45       23
  SINCE JUN 1     26                        71    -45       23
  SINCE JUL 1   7650                      8518   -868     6911

 COOLING
  YESTERDAY        0                         5     -5       11
  MONTH TO DATE  101                        64     37      170
  SINCE JUN 1    101                        64     37      170
  SINCE JAN 1    112                        86     26      194
..................................................................


WIND (MPH)
  HIGHEST WIND SPEED    25   HIGHEST WIND DIRECTION    NW (330)
  HIGHEST GUST SPEED    32   HIGHEST GUST DIRECTION     N (340)
  AVERAGE WIND SPEED    15.0


SKY COVER
  POSSIBLE SUNSHINE  MM
  AVERAGE SKY COVER 0.6


WEATHER CONDITIONS
 THE FOLLOWING WEATHER WAS RECORDED YESTERDAY.
  NO SIGNIFICANT WEATHER WAS OBSERVED.


RELATIVE HUMIDITY (PERCENT)
 HIGHEST    92           500 AM
 LOWEST     43           400 PM
 AVERAGE    68

..........................................................


THE WATERTOWN SD CLIMATE NORMALS FOR TODAY
                         NORMAL    RECORD    YEAR
 MAXIMUM TEMPERATURE (F)   80       106      1936
 MINIMUM TEMPERATURE (F)   57        37      1897


SUNRISE AND SUNSET
JUNE 25 2017..........SUNRISE   543 AM CDT   SUNSET   919 PM CDT
JUNE 26 2017..........SUNRISE   544 AM CDT   SUNSET   919 PM CDT


-  INDICATES NEGATIVE NUMBERS.
R  INDICATES RECORD WAS SET OR TIED.
MM INDICATES DATA IS MISSING.
T  INDICATES TRACE AMOUNT.




$$
