335
CDUS43 KABR 161004
CLIATY


CLIMATE REPORT
NATIONAL WEATHER SERVICE ABERDEEN SD
404 AM CST MON JAN 16 2017


...................................

...THE WATERTOWN SD CLIMATE SUMMARY FOR JANUARY 15 2017...

CLIMATE NORMAL PERIOD 1981 TO 2010
CLIMATE RECORD PERIOD 1898 TO 2017


WEATHER ITEM   OBSERVED TIME   RECORD YEAR NORMAL DEPARTURE LAST
                VALUE   (LST)  VALUE       VALUE  FROM      YEAR
                                                  NORMAL
..................................................................
TEMPERATURE (F)
 YESTERDAY
  MAXIMUM         23    409 PM  46    1919  22      1       14
  MINIMUM         -2   1202 AM -35    1972   3     -5        1
  AVERAGE         11                        12     -1        8

PRECIPITATION (IN)
  YESTERDAY        0.00          0.45 1956   0.01  -0.01     0.00
  MONTH TO DATE    0.57                      0.25   0.32     0.11
  SINCE DEC 1      1.82                      0.78   1.04     0.43
  SINCE JAN 1      0.57                      0.25   0.32     0.11

SNOWFALL (IN)
  YESTERDAY        0.0
  MONTH TO DATE    9.0
  SINCE OCT 1     26.7
  SINCE JUL 1     26.7
  SNOW DEPTH      15

DEGREE DAYS
 HEATING
  YESTERDAY       54                        53      1       57
  MONTH TO DATE  942                       788    154      750
  SINCE DEC 1   2537                      2307    230     2015
  SINCE JUL 1   3908                      4247   -339     3374

 COOLING
  YESTERDAY        0                         0      0        0
  MONTH TO DATE    0                         0      0        0
  SINCE DEC 1      0                         0      0        0
  SINCE JAN 1      0                         0      0        0
..................................................................


WIND (MPH)
  HIGHEST WIND SPEED    13   HIGHEST WIND DIRECTION     S (170)
  HIGHEST GUST SPEED    15   HIGHEST GUST DIRECTION     S (170)
  AVERAGE WIND SPEED     6.6


SKY COVER
  POSSIBLE SUNSHINE  MM
  AVERAGE SKY COVER 0.0


WEATHER CONDITIONS
 THE FOLLOWING WEATHER WAS RECORDED YESTERDAY.
  FOG
  HAZE


RELATIVE HUMIDITY (PERCENT)
 HIGHEST    96           900 PM
 LOWEST     77           100 PM
 AVERAGE    87

..........................................................


THE WATERTOWN SD CLIMATE NORMALS FOR TODAY
                         NORMAL    RECORD    YEAR
 MAXIMUM TEMPERATURE (F)   22        45      1974
 MINIMUM TEMPERATURE (F)    3       -26      1977


SUNRISE AND SUNSET
JANUARY 16 2017.......SUNRISE   802 AM CST   SUNSET   515 PM CST
JANUARY 17 2017.......SUNRISE   802 AM CST   SUNSET   516 PM CST


-  INDICATES NEGATIVE NUMBERS.
R  INDICATES RECORD WAS SET OR TIED.
MM INDICATES DATA IS MISSING.
T  INDICATES TRACE AMOUNT.




$$
