000
CDUS43 KABR 061005
CLIATY


CLIMATE REPORT
NATIONAL WEATHER SERVICE ABERDEEN SD
404 AM CST TUE DEC 6 2016


...................................

...THE WATERTOWN SD CLIMATE SUMMARY FOR DECEMBER 5 2016...

CLIMATE NORMAL PERIOD 1981 TO 2010
CLIMATE RECORD PERIOD 1898 TO 2016


WEATHER ITEM   OBSERVED TIME   RECORD YEAR NORMAL DEPARTURE LAST
                VALUE   (LST)  VALUE       VALUE  FROM      YEAR
                                                  NORMAL
..................................................................
TEMPERATURE (F)
 YESTERDAY
  MAXIMUM         39    331 PM  59    1939  28     11       40
  MINIMUM         18   1159 PM -17    2005  10      8       29
  AVERAGE         29                        19     10       35

PRECIPITATION (IN)
  YESTERDAY        T             0.22 1936   0.02  -0.02     0.00
  MONTH TO DATE    0.02                      0.10  -0.08     0.09
  SINCE DEC 1      0.02                      0.10  -0.08     0.09
  SINCE JAN 1     22.18                     21.65   0.53    21.19

SNOWFALL (IN)
  YESTERDAY        T
  MONTH TO DATE    T
  SINCE OCT 1      4.1
  SINCE JUL 1      4.1
  SNOW DEPTH       0

DEGREE DAYS
 HEATING
  YESTERDAY       36                        46    -10       30
  MONTH TO DATE  184                       224    -40      197
  SINCE DEC 1    184                       224    -40      197
  SINCE JUL 1   1555                      2164   -609     1556

 COOLING
  YESTERDAY        0                         0      0        0
  MONTH TO DATE    0                         0      0        0
  SINCE DEC 1      0                         0      0        0
  SINCE JAN 1    721                       515    206      588
..................................................................


WIND (MPH)
  HIGHEST WIND SPEED    38   HIGHEST WIND DIRECTION     W (270)
  HIGHEST GUST SPEED    45   HIGHEST GUST DIRECTION     W (270)
  AVERAGE WIND SPEED    13.8


SKY COVER
  POSSIBLE SUNSHINE  MM
  AVERAGE SKY COVER 0.5


WEATHER CONDITIONS
 THE FOLLOWING WEATHER WAS RECORDED YESTERDAY.
  LIGHT SNOW


RELATIVE HUMIDITY (PERCENT)
 HIGHEST    92          1200 AM
 LOWEST     70           200 PM
 AVERAGE    81

..........................................................


THE WATERTOWN SD CLIMATE NORMALS FOR TODAY
                         NORMAL    RECORD    YEAR
 MAXIMUM TEMPERATURE (F)   28        69      1939
 MINIMUM TEMPERATURE (F)   10       -25      1972


SUNRISE AND SUNSET
DECEMBER  6 2016......SUNRISE   752 AM CST   SUNSET   447 PM CST
DECEMBER  7 2016......SUNRISE   753 AM CST   SUNSET   447 PM CST


-  INDICATES NEGATIVE NUMBERS.
R  INDICATES RECORD WAS SET OR TIED.
MM INDICATES DATA IS MISSING.
T  INDICATES TRACE AMOUNT.




$$
