000
CDUS43 KABR 282232
CLIATY


CLIMATE REPORT
NATIONAL WEATHER SERVICE ABERDEEN SD
531 PM CDT FRI APR 28 2017


...................................

...THE WATERTOWN SD CLIMATE SUMMARY FOR APRIL 28 2017...
VALID TODAY AS OF 0500 PM LOCAL TIME.

CLIMATE NORMAL PERIOD 1981 TO 2010
CLIMATE RECORD PERIOD 1898 TO 2017


WEATHER ITEM   OBSERVED TIME   RECORD YEAR NORMAL DEPARTURE LAST
                VALUE   (LST)  VALUE       VALUE  FROM      YEAR
                                                  NORMAL
..................................................................
TEMPERATURE (F)
 TODAY
  MAXIMUM         50    119 PM  94    1910  62    -12       40
  MINIMUM         21    439 AM  18    2008  38    -17       34
  AVERAGE         36                        50    -14       37

PRECIPITATION (IN)
  TODAY            0.00          0.86 2014   0.08  -0.08     0.32
  MONTH TO DATE    1.72                      1.85  -0.13     2.26
  SINCE MAR 1      2.05                      2.96  -0.91     2.52
  SINCE JAN 1      2.83                      4.04  -1.21     3.55

SNOWFALL (IN)
  TODAY            0.0
  MONTH TO DATE    0.0
  SINCE OCT 1     39.1
  SINCE JUL 1     39.1
  SNOW DEPTH       0

DEGREE DAYS
 HEATING
  TODAY           29                        15     14       28
  MONTH TO DATE  579                       605    -26      514
  SINCE MAR 1   1656                      1709    -53     1310
  SINCE JUL 1   7257                      8120   -863     6629

 COOLING
  TODAY            0                         0      0        0
  MONTH TO DATE    0                         0      0        0
  SINCE MAR 1      0                         0      0        0
  SINCE JAN 1      0                         0      0        0
..................................................................


WIND (MPH)
  HIGHEST WIND SPEED    23   HIGHEST WIND DIRECTION    NE (40)
  HIGHEST GUST SPEED    31   HIGHEST GUST DIRECTION    NE (30)
  AVERAGE WIND SPEED    11.7


SKY COVER
  POSSIBLE SUNSHINE  MM
  AVERAGE SKY COVER 0.0


WEATHER CONDITIONS
 THE FOLLOWING WEATHER WAS RECORDED TODAY.
  NO SIGNIFICANT WEATHER WAS OBSERVED.


RELATIVE HUMIDITY (PERCENT)
 HIGHEST    96           400 AM
 LOWEST     34           300 PM
 AVERAGE    65

..........................................................


THE WATERTOWN SD CLIMATE NORMALS FOR TOMORROW
                         NORMAL    RECORD    YEAR
 MAXIMUM TEMPERATURE (F)   63        89      1934
 MINIMUM TEMPERATURE (F)   38        14      1907


SUNRISE AND SUNSET
APRIL 28 2017.........SUNRISE   622 AM CDT   SUNSET   831 PM CDT
APRIL 29 2017.........SUNRISE   621 AM CDT   SUNSET   832 PM CDT


-  INDICATES NEGATIVE NUMBERS.
R  INDICATES RECORD WAS SET OR TIED.
MM INDICATES DATA IS MISSING.
T  INDICATES TRACE AMOUNT.




$$
