000
CDUS44 KEWX 260700
CLIAUS


CLIMATE REPORT
NATIONAL WEATHER SERVICE AUSTIN/SAN ANTONIO, TX
156 AM CDT FRI AUG 26 2016


...................................

...THE AUSTIN BERGSTROM CLIMATE SUMMARY FOR AUGUST 25 2016...

CLIMATE NORMAL PERIOD 1981 TO 2010
CLIMATE RECORD PERIOD 1943 TO 2016


WEATHER ITEM   OBSERVED TIME   RECORD YEAR NORMAL DEPARTURE LAST
                VALUE   (LST)  VALUE       VALUE  FROM      YEAR
                                                  NORMAL
..................................................................
TEMPERATURE (F)
 YESTERDAY
  MAXIMUM         92    155 PM 104    1952  95     -3       99
  MINIMUM         73    127 AM  61    1961  71      2       71
  AVERAGE         83                        83      0       85

PRECIPITATION (IN)
  YESTERDAY        0.00          2.71 1962   0.08  -0.08     0.00
  MONTH TO DATE    7.75                      1.47   6.28     0.63
  SINCE JUN 1     16.03                      8.54   7.49     3.85
  SINCE JAN 1     44.32                     22.15  22.17    29.42

SNOWFALL (IN)
  YESTERDAY        0.0
  MONTH TO DATE    0.0
  SINCE JUN 1      0.0
  SINCE JUL 1      0.0
  SNOW DEPTH       0

DEGREE DAYS
 HEATING
  YESTERDAY        0                         0      0        0
  MONTH TO DATE    0                         0      0        0
  SINCE JUN 1      0                         0      0        0
  SINCE JUL 1      0                         0      0        0

 COOLING
  YESTERDAY       18                        18      0       20
  MONTH TO DATE  460                       471    -11      507
  SINCE JUN 1   1649                      1524    125     1505
  SINCE JAN 1   2153                      2031    122     1998
..................................................................


WIND (MPH)
  HIGHEST WIND SPEED    17   HIGHEST WIND DIRECTION     E (100)
  HIGHEST GUST SPEED    21   HIGHEST GUST DIRECTION     E (100)
  AVERAGE WIND SPEED     4.4


SKY COVER
  AVERAGE SKY COVER 0.6


WEATHER CONDITIONS
 THE FOLLOWING WEATHER WAS RECORDED YESTERDAY.
  FOG


RELATIVE HUMIDITY (PERCENT)
 HIGHEST   100           300 AM
 LOWEST     52           200 PM
 AVERAGE    76

..........................................................


THE AUSTIN BERGSTROM CLIMATE NORMALS FOR TODAY
                         NORMAL    RECORD    YEAR
 MAXIMUM TEMPERATURE (F)   95       103      2009
                                             1985
 MINIMUM TEMPERATURE (F)   70        60      1961


SUNRISE AND SUNSET
AUGUST 26 2016........SUNRISE   704 AM CDT   SUNSET   800 PM CDT
AUGUST 27 2016........SUNRISE   705 AM CDT   SUNSET   758 PM CDT


-  INDICATES NEGATIVE NUMBERS.
R  INDICATES RECORD WAS SET OR TIED.
MM INDICATES DATA IS MISSING.
T  INDICATES TRACE AMOUNT.




$$
