000
CDUS44 KEWX 212221
CLIAUS


CLIMATE REPORT
NATIONAL WEATHER SERVICE AUSTIN/SAN ANTONIO, TX
421 PM CST TUE NOV 21 2017


...................................

...THE AUSTIN BERGSTROM CLIMATE SUMMARY FOR NOVEMBER 21 2017...
VALID TODAY AS OF 0400 PM LOCAL TIME.

CLIMATE NORMAL PERIOD 1981 TO 2010
CLIMATE RECORD PERIOD 1943 TO 2017


WEATHER ITEM   OBSERVED TIME   RECORD YEAR NORMAL DEPARTURE LAST
                VALUE   (LST)  VALUE       VALUE  FROM      YEAR
                                                  NORMAL
..................................................................
TEMPERATURE (F)
 TODAY
  MAXIMUM         75    359 PM  86    2007  69      6       78
  MINIMUM         45    701 AM  28    2006  43      2       36
  AVERAGE         60                        56      4       57

PRECIPITATION (IN)
  TODAY            0.00          0.66 1960   0.09  -0.09     0.00
  MONTH TO DATE    0.42                      2.18  -1.76     2.29
  SINCE SEP 1      6.61                      8.96  -2.35     5.73
  SINCE JAN 1     37.87                     31.67   6.20    50.61

SNOWFALL (IN)
  TODAY            0.0
  MONTH TO DATE    0.0
  SINCE SEP 1      0.0
  SINCE JUL 1      0.0
  SNOW DEPTH       0

DEGREE DAYS
 HEATING
  TODAY            5                         9     -4        8
  MONTH TO DATE   62                       135    -73       45
  SINCE SEP 1    136                       186    -50       51
  SINCE JUL 1    136                       186    -50       51

 COOLING
  TODAY            0                         1     -1        0
  MONTH TO DATE  109                        31     78       79
  SINCE SEP 1    709                       594    115      822
  SINCE JAN 1   3350                      2734    616     3079
..................................................................


WIND (MPH)
  HIGHEST WIND SPEED    16   HIGHEST WIND DIRECTION     S (200)
  HIGHEST GUST SPEED    21   HIGHEST GUST DIRECTION    SW (210)
  AVERAGE WIND SPEED     5.4


SKY COVER
  AVERAGE SKY COVER 0.7


WEATHER CONDITIONS
 THE FOLLOWING WEATHER WAS RECORDED TODAY.
  NO SIGNIFICANT WEATHER WAS OBSERVED.


RELATIVE HUMIDITY (PERCENT)
 HIGHEST   100           500 AM
 LOWEST     49           200 PM
 AVERAGE    75

..........................................................


THE AUSTIN BERGSTROM CLIMATE NORMALS FOR TOMORROW
                         NORMAL    RECORD    YEAR
 MAXIMUM TEMPERATURE (F)   69        87      1983
 MINIMUM TEMPERATURE (F)   43        31      2015


SUNRISE AND SUNSET
NOVEMBER 21 2017......SUNRISE   701 AM CST   SUNSET   532 PM CST
NOVEMBER 22 2017......SUNRISE   702 AM CST   SUNSET   531 PM CST


-  INDICATES NEGATIVE NUMBERS.
R  INDICATES RECORD WAS SET OR TIED.
MM INDICATES DATA IS MISSING.
T  INDICATES TRACE AMOUNT.




$$
