000
CDUS44 KEWX 210713
CLIAUS


CLIMATE REPORT
NATIONAL WEATHER SERVICE AUSTIN/SAN ANTONIO, TX
107 AM CST TUE FEB 21 2017


...................................

...THE AUSTIN BERGSTROM CLIMATE SUMMARY FOR FEBRUARY 20 2017...

CLIMATE NORMAL PERIOD 1981 TO 2010
CLIMATE RECORD PERIOD 1943 TO 2017


WEATHER ITEM   OBSERVED TIME   RECORD YEAR NORMAL DEPARTURE LAST
                VALUE   (LST)  VALUE       VALUE  FROM      YEAR
                                                  NORMAL
..................................................................
TEMPERATURE (F)
 YESTERDAY
  MAXIMUM         71    517 PM  94    1986  66      5       77
  MINIMUM         59    658 AM  29    2009  40     19       66
  AVERAGE         65                        53     12       72

PRECIPITATION (IN)
  YESTERDAY        1.25          3.53 2003   0.08   1.17      T
  MONTH TO DATE    2.65                      1.62   1.03      T
  SINCE DEC 1     10.41                      6.03   4.38     3.33
  SINCE JAN 1      7.30                      3.82   3.48     1.04

SNOWFALL (IN)
  YESTERDAY        0.0
  MONTH TO DATE    0.0
  SINCE DEC 1      0.0
  SINCE JUL 1      0.0
  SNOW DEPTH       0

DEGREE DAYS
 HEATING
  YESTERDAY        0                        12    -12        0
  MONTH TO DATE   91                       280   -189      195
  SINCE DEC 1    755                      1237   -482      989
  SINCE JUL 1    849                      1522   -673     1167

 COOLING
  YESTERDAY        0                         0      0        7
  MONTH TO DATE   63                         0     63       15
  SINCE DEC 1    127                        15    112       34
  SINCE JAN 1     85                         5     80       15
..................................................................


WIND (MPH)
  HIGHEST WIND SPEED    37   HIGHEST WIND DIRECTION     W (260)
  HIGHEST GUST SPEED    52   HIGHEST GUST DIRECTION     W (250)
  AVERAGE WIND SPEED     6.7


SKY COVER
  AVERAGE SKY COVER 0.4


WEATHER CONDITIONS
 THE FOLLOWING WEATHER WAS RECORDED YESTERDAY.
  THUNDERSTORM
  HEAVY RAIN
  RAIN
  LIGHT RAIN
  FOG


RELATIVE HUMIDITY (PERCENT)
 HIGHEST   100           800 AM
 LOWEST     57           500 PM
 AVERAGE    79

..........................................................


THE AUSTIN BERGSTROM CLIMATE NORMALS FOR TODAY
                         NORMAL    RECORD    YEAR
 MAXIMUM TEMPERATURE (F)   66       101      1996
 MINIMUM TEMPERATURE (F)   41        30      1978


SUNRISE AND SUNSET
FEBRUARY 21 2017......SUNRISE   705 AM CST   SUNSET   624 PM CST
FEBRUARY 22 2017......SUNRISE   704 AM CST   SUNSET   625 PM CST


-  INDICATES NEGATIVE NUMBERS.
R  INDICATES RECORD WAS SET OR TIED.
MM INDICATES DATA IS MISSING.
T  INDICATES TRACE AMOUNT.




$$
