000
CDUS44 KEWX 060719
CLIAUS


CLIMATE REPORT
NATIONAL WEATHER SERVICE AUSTIN/SAN ANTONIO, TX
118 AM CST TUE DEC 6 2016


...................................

...THE AUSTIN BERGSTROM CLIMATE SUMMARY FOR DECEMBER 5 2016...

CLIMATE NORMAL PERIOD 1981 TO 2010
CLIMATE RECORD PERIOD 1943 TO 2016


WEATHER ITEM   OBSERVED TIME   RECORD YEAR NORMAL DEPARTURE LAST
                VALUE   (LST)  VALUE       VALUE  FROM      YEAR
                                                  NORMAL
..................................................................
TEMPERATURE (F)
 YESTERDAY
  MAXIMUM         54    435 PM  86    1995  65    -11       66
  MINIMUM         42   1154 PM  19    2009  39      3       30
  AVERAGE         48                        52     -4       48

PRECIPITATION (IN)
  YESTERDAY        0.55          2.60 1969   0.07   0.48     0.00
  MONTH TO DATE    3.02                      0.40   2.62     0.00
  SINCE DEC 1      3.02                      0.40   2.62     0.00
  SINCE JAN 1     53.77                     32.83  20.94    56.00

SNOWFALL (IN)
  YESTERDAY       MM
  MONTH TO DATE    0.0
  SINCE DEC 1      0.0
  SINCE JUL 1      0.0
  SNOW DEPTH       0

DEGREE DAYS
 HEATING
  YESTERDAY       17                        13      4       17
  MONTH TO DATE   67                        65      2       74
  SINCE DEC 1     67                        65      2       74
  SINCE JUL 1    161                       350   -189      252

 COOLING
  YESTERDAY        0                         1     -1        0
  MONTH TO DATE    0                         5     -5        0
  SINCE DEC 1      0                         5     -5        0
  SINCE JAN 1   3082                      2746    336     2852
..................................................................


WIND (MPH)
  HIGHEST WIND SPEED    17   HIGHEST WIND DIRECTION     N (10)
  HIGHEST GUST SPEED    21   HIGHEST GUST DIRECTION    NE (30)
  AVERAGE WIND SPEED     6.8


SKY COVER
  AVERAGE SKY COVER 0.8


WEATHER CONDITIONS
 THE FOLLOWING WEATHER WAS RECORDED YESTERDAY.
  RAIN
  LIGHT RAIN
  FOG


RELATIVE HUMIDITY (PERCENT)
 HIGHEST   100           900 AM
 LOWEST     83           500 PM
 AVERAGE    92

..........................................................


THE AUSTIN BERGSTROM CLIMATE NORMALS FOR TODAY
                         NORMAL    RECORD    YEAR
 MAXIMUM TEMPERATURE (F)   65        83      1966
                                             1951
 MINIMUM TEMPERATURE (F)   39        19      1999
                                             1950


SUNRISE AND SUNSET
DECEMBER  6 2016......SUNRISE   714 AM CST   SUNSET   530 PM CST
DECEMBER  7 2016......SUNRISE   714 AM CST   SUNSET   530 PM CST


-  INDICATES NEGATIVE NUMBERS.
R  INDICATES RECORD WAS SET OR TIED.
MM INDICATES DATA IS MISSING.
T  INDICATES TRACE AMOUNT.




$$
