000
CDUS44 KEWX 282228
CLIAUS


CLIMATE REPORT
NATIONAL WEATHER SERVICE AUSTIN/SAN ANTONIO, TX
528 PM CDT WED SEP 28 2016


...................................

...THE AUSTIN BERGSTROM CLIMATE SUMMARY FOR SEPTEMBER 28 2016...
VALID TODAY AS OF 525 PM LOCAL TIME.

CLIMATE NORMAL PERIOD 1981 TO 2010
CLIMATE RECORD PERIOD 1943 TO 2016


WEATHER ITEM   OBSERVED TIME   RECORD YEAR NORMAL DEPARTURE LAST
                VALUE   (LST)  VALUE       VALUE  FROM      YEAR
                                                  NORMAL
..................................................................
TEMPERATURE (F)
 TODAY
  MAXIMUM         90    341 PM 105    2005  87      3       87
  MINIMUM         62    647 AM  46    2000  62      0       65
  AVERAGE         76                        74      2       76

PRECIPITATION (IN)
  TODAY            0.00          0.66 1945   0.08  -0.08      T
  MONTH TO DATE    3.17                      2.39   0.78     3.65
  SINCE SEP 1      3.17                      2.39   0.78     3.65
  SINCE JAN 1     48.05                     25.10  22.95    33.18

SNOWFALL (IN)
  TODAY            0.0
  MONTH TO DATE    0.0
  SINCE SEP 1      0.0
  SINCE JUL 1      0.0
  SNOW DEPTH       0

DEGREE DAYS
 HEATING
  TODAY            0                         0      0        0
  MONTH TO DATE    0                         0      0        0
  SINCE SEP 1      0                         0      0        0
  SINCE JUL 1      0                         0      0        0

 COOLING
  TODAY           11                        10      1       11
  MONTH TO DATE  463                       369     94      444
  SINCE SEP 1    463                       369     94      444
  SINCE JAN 1   2720                      2509    211     2539
..................................................................


WIND (MPH)
  HIGHEST WIND SPEED     9   HIGHEST WIND DIRECTION    NW (320)
  HIGHEST GUST SPEED    12   HIGHEST GUST DIRECTION     N (10)
  AVERAGE WIND SPEED     1.5


SKY COVER
  AVERAGE SKY COVER 0.1


WEATHER CONDITIONS
 THE FOLLOWING WEATHER WAS RECORDED TODAY.
  NO SIGNIFICANT WEATHER WAS OBSERVED.


RELATIVE HUMIDITY (PERCENT)
 HIGHEST   100          1200 AM
 LOWEST     34           400 PM
 AVERAGE    67

..........................................................


THE AUSTIN BERGSTROM CLIMATE NORMALS FOR TOMORROW
                         NORMAL    RECORD    YEAR
 MAXIMUM TEMPERATURE (F)   87        99      2011
 MINIMUM TEMPERATURE (F)   61        45      1967


SUNRISE AND SUNSET
SEPTEMBER 28 2016.....SUNRISE   723 AM CDT   SUNSET   719 PM CDT
SEPTEMBER 29 2016.....SUNRISE   723 AM CDT   SUNSET   718 PM CDT


-  INDICATES NEGATIVE NUMBERS.
R  INDICATES RECORD WAS SET OR TIED.
MM INDICATES DATA IS MISSING.
T  INDICATES TRACE AMOUNT.




$$
