000
CDUS44 KEWX 230742
CLIAUS


CLIMATE REPORT
NATIONAL WEATHER SERVICE AUSTIN/SAN ANTONIO, TX
140 AM CST MON JAN 23 2017


...................................

...THE AUSTIN BERGSTROM CLIMATE SUMMARY FOR JANUARY 22 2017...

CLIMATE NORMAL PERIOD 1981 TO 2010
CLIMATE RECORD PERIOD 1943 TO 2017


WEATHER ITEM   OBSERVED TIME   RECORD YEAR NORMAL DEPARTURE LAST
                VALUE   (LST)  VALUE       VALUE  FROM      YEAR
                                                  NORMAL
..................................................................
TEMPERATURE (F)
 YESTERDAY
  MAXIMUM         70    402 PM  83    1972  62      8       55
  MINIMUM         50   1159 PM  20    2011  37     13       28
  AVERAGE         60                        49     11       42

PRECIPITATION (IN)
  YESTERDAY        T             2.44 2015   0.07  -0.07     0.00
  MONTH TO DATE    4.65                      1.62   3.03     0.88
  SINCE DEC 1      7.76                      3.83   3.93     3.17
  SINCE JAN 1      4.65                      1.62   3.03     0.88

SNOWFALL (IN)
  YESTERDAY        0.0
  MONTH TO DATE    0.0
  SINCE DEC 1      0.0
  SINCE JUL 1      0.0
  SNOW DEPTH       0

DEGREE DAYS
 HEATING
  YESTERDAY        5                        16    -11       23
  MONTH TO DATE  207                       352   -145      364
  SINCE DEC 1    559                       814   -255      681
  SINCE JUL 1    653                      1099   -446      859

 COOLING
  YESTERDAY        0                         0      0        0
  MONTH TO DATE   22                         0     22        0
  SINCE DEC 1     64                        10     54       19
  SINCE JAN 1     22                         0     22        0
..................................................................


WIND (MPH)
  HIGHEST WIND SPEED    32   HIGHEST WIND DIRECTION    NW (310)
  HIGHEST GUST SPEED    50   HIGHEST GUST DIRECTION     W (280)
  AVERAGE WIND SPEED    16.7


SKY COVER
  AVERAGE SKY COVER 0.2


WEATHER CONDITIONS
 THE FOLLOWING WEATHER WAS RECORDED YESTERDAY.
  LIGHT RAIN
  HAZE


RELATIVE HUMIDITY (PERCENT)
 HIGHEST    46          1100 PM
 LOWEST     26           100 AM
 AVERAGE    36

..........................................................


THE AUSTIN BERGSTROM CLIMATE NORMALS FOR TODAY
                         NORMAL    RECORD    YEAR
 MAXIMUM TEMPERATURE (F)   62        89      1972
 MINIMUM TEMPERATURE (F)   37        18      1963


SUNRISE AND SUNSET
JANUARY 23 2017.......SUNRISE   725 AM CST   SUNSET   600 PM CST
JANUARY 24 2017.......SUNRISE   725 AM CST   SUNSET   601 PM CST


-  INDICATES NEGATIVE NUMBERS.
R  INDICATES RECORD WAS SET OR TIED.
MM INDICATES DATA IS MISSING.
T  INDICATES TRACE AMOUNT.




$$
