000
CDUS44 KEWX 022232
CLIAUS


CLIMATE REPORT
NATIONAL WEATHER SERVICE AUSTIN/SAN ANTONIO, TX
531 PM CDT WED SEP 2 2015


...................................

...THE AUSTIN BERGSTROM CLIMATE SUMMARY FOR SEPTEMBER 2 2015...
VALID TODAY AS OF 0531 PM LOCAL TIME.

CLIMATE NORMAL PERIOD 1981 TO 2010
CLIMATE RECORD PERIOD 1943 TO 2015


WEATHER ITEM   OBSERVED TIME   RECORD YEAR NORMAL DEPARTURE LAST
                VALUE   (LST)  VALUE       VALUE  FROM      YEAR
                                                  NORMAL
..................................................................
TEMPERATURE (F)
 TODAY
  MAXIMUM         93    305 PM 106    2000  94     -1       98
  MINIMUM         65    554 AM  63    2004  69     -4       74
  AVERAGE         79                        81     -2       86

PRECIPITATION (IN)
  TODAY            0.00          2.28 1976   0.09  -0.09      T
  MONTH TO DATE    0.03                      0.17  -0.14      T
  SINCE SEP 1      0.03                      0.17  -0.14      T
  SINCE JAN 1     29.56                     22.88   6.68    15.55

SNOWFALL (IN)
  TODAY            0.0
  MONTH TO DATE    0.0
  SINCE SEP 1      0.0
  SINCE JUL 1      0.0
  SNOW DEPTH       0

DEGREE DAYS
 HEATING
  TODAY            0                         0      0        0
  MONTH TO DATE    0                         0      0        0
  SINCE SEP 1      0                         0      0        0
  SINCE JUL 1      0                         0      0        0

 COOLING
  TODAY           14                        16     -2       21
  MONTH TO DATE   30                        33     -3       45
  SINCE SEP 1     30                        33     -3       45
  SINCE JAN 1   2125                      2173    -48     2205
..................................................................


WIND (MPH)
  HIGHEST WIND SPEED    16   HIGHEST WIND DIRECTION     E (90)
  HIGHEST GUST SPEED    22   HIGHEST GUST DIRECTION     E (90)
  AVERAGE WIND SPEED     3.2


SKY COVER
  AVERAGE SKY COVER 0.6


WEATHER CONDITIONS
 THE FOLLOWING WEATHER WAS RECORDED TODAY.
  FOG


RELATIVE HUMIDITY (PERCENT)
 HIGHEST   100           300 AM
 LOWEST     41           300 PM
 AVERAGE    71

..........................................................


THE AUSTIN BERGSTROM CLIMATE NORMALS FOR TOMORROW
                         NORMAL    RECORD    YEAR
 MAXIMUM TEMPERATURE (F)   94       107      2000
 MINIMUM TEMPERATURE (F)   69        61      2004


SUNRISE AND SUNSET
SEPTEMBER  2 2015.....SUNRISE   708 AM CDT   SUNSET   752 PM CDT
SEPTEMBER  3 2015.....SUNRISE   708 AM CDT   SUNSET   751 PM CDT


-  INDICATES NEGATIVE NUMBERS.
R  INDICATES RECORD WAS SET OR TIED.
MM INDICATES DATA IS MISSING.
T  INDICATES TRACE AMOUNT.




$$
