000
CDUS44 KEWX 242255
CLIAUS


CLIMATE REPORT
NATIONAL WEATHER SERVICE AUSTIN/SAN ANTONIO, TX
554 PM CDT MON JUL 24 2017


...................................

...THE AUSTIN BERGSTROM CLIMATE SUMMARY FOR JULY 24 2017...
VALID TODAY AS OF 0540 PM LOCAL TIME.

CLIMATE NORMAL PERIOD 1981 TO 2010
CLIMATE RECORD PERIOD 1943 TO 2017


WEATHER ITEM   OBSERVED TIME   RECORD YEAR NORMAL DEPARTURE LAST
                VALUE   (LST)  VALUE       VALUE  FROM      YEAR
                                                  NORMAL
..................................................................
TEMPERATURE (F)
 TODAY
  MAXIMUM        101    250 PM 103    1994  96      5      100
  MINIMUM         77    540 AM  68    1988  72      5       77
                                      1984
  AVERAGE         89                        84      5       89

PRECIPITATION (IN)
  TODAY            0.00          1.57 1987   0.06  -0.06     0.00
  MONTH TO DATE    1.06                      2.07  -1.01      T
  SINCE JUN 1      3.49                      6.70  -3.21     2.63
  SINCE JAN 1     18.27                     20.31  -2.04    30.92

SNOWFALL (IN)
  TODAY            0.0
  MONTH TO DATE    0.0
  SINCE JUN 1      0.0
  SINCE JUL 1      0.0
  SNOW DEPTH       0

DEGREE DAYS
 HEATING
  TODAY            0                         0      0        0
  MONTH TO DATE    0                         0      0        0
  SINCE JUN 1      0                         0      0        0
  SINCE JUL 1      0                         0      0        0

 COOLING
  TODAY           24                        19      5       24
  MONTH TO DATE  520                       440     80      534
  SINCE JUN 1   1081                       921    160     1052
  SINCE JAN 1   1866                      1428    438     1556
..................................................................


WIND (MPH)
  HIGHEST WIND SPEED    17   HIGHEST WIND DIRECTION     S (200)
  HIGHEST GUST SPEED    26   HIGHEST GUST DIRECTION     S (190)
  AVERAGE WIND SPEED     7.4


SKY COVER
  AVERAGE SKY COVER 0.6


WEATHER CONDITIONS
 THE FOLLOWING WEATHER WAS RECORDED TODAY.
  NO SIGNIFICANT WEATHER WAS OBSERVED.


RELATIVE HUMIDITY (PERCENT)
 HIGHEST    91           600 AM
 LOWEST     28           300 PM
 AVERAGE    60

..........................................................


THE AUSTIN BERGSTROM CLIMATE NORMALS FOR TOMORROW
                         NORMAL    RECORD    YEAR
 MAXIMUM TEMPERATURE (F)   96       103      2011
                                             1964
                                             1954
 MINIMUM TEMPERATURE (F)   72        67      2000
                                             1999


SUNRISE AND SUNSET
JULY 24 2017..........SUNRISE   645 AM CDT   SUNSET   829 PM CDT
JULY 25 2017..........SUNRISE   645 AM CDT   SUNSET   829 PM CDT


-  INDICATES NEGATIVE NUMBERS.
R  INDICATES RECORD WAS SET OR TIED.
MM INDICATES DATA IS MISSING.
T  INDICATES TRACE AMOUNT.




$$
