493
CDUS43 KGRB 272200
CLIAUW


CLIMATE REPORT
NATIONAL WEATHER SERVICE GREEN BAY
450 PM CDT THU JUL 27 2017


...................................

...THE WAUSAU WI CLIMATE SUMMARY FOR JULY 27 2017...
VALID TODAY AS OF 0400 PM LOCAL TIME.

CLIMATE NORMAL PERIOD 1981 TO 2010
CLIMATE RECORD PERIOD 1896 TO 2017


WEATHER ITEM   OBSERVED TIME   RECORD YEAR NORMAL DEPARTURE LAST
                VALUE   (LST)  VALUE       VALUE  FROM      YEAR
                                                  NORMAL
..................................................................
TEMPERATURE (F)
 TODAY
  MAXIMUM         81    222 PM  98    1931  80      1       81
  MINIMUM         60    526 AM  45    1937  59      1       64
  AVERAGE         71                        69      2       73

PRECIPITATION (IN)
  TODAY            0.00          1.39 1983   0.12  -0.12     1.05
  MONTH TO DATE    4.57                      3.31   1.26     3.98
  SINCE JUN 1      9.91                      7.62   2.29     9.20
  SINCE JAN 1     25.70                     17.53   8.17    20.86

SNOWFALL (IN)
  TODAY            0.0           0.0    MM   0.0             0.0
  MONTH TO DATE    0.0                       0.0             0.0
  SINCE JUN 1      0.0                       0.0             0.0
  SINCE JUL 1      0.0                       0.0             0.0
  SNOW DEPTH       0

DEGREE DAYS
 HEATING
  TODAY            0                         1     -1        0
  MONTH TO DATE    3                        27    -24        8
  SINCE JUN 1     57                       116    -59       38
  SINCE JUL 1      3                        27    -24        8

 COOLING
  TODAY            6                         5      1        8
  MONTH TO DATE  127                       135     -8      165
  SINCE JAN 1    207                       239    -32      316
..................................................................


WIND (MPH)
  HIGHEST WIND SPEED    12   HIGHEST WIND DIRECTION     E (110)
  HIGHEST GUST SPEED    16   HIGHEST GUST DIRECTION     E (100)
  AVERAGE WIND SPEED     5.3


SKY COVER
  POSSIBLE SUNSHINE  MM
  AVERAGE SKY COVER 0.2


WEATHER CONDITIONS
 THE FOLLOWING WEATHER WAS RECORDED TODAY.
  FOG


RELATIVE HUMIDITY (PERCENT)
 HIGHEST   100           100 AM
 LOWEST     45           100 PM
 AVERAGE    73

..........................................................


THE WAUSAU WI CLIMATE NORMALS FOR TOMORROW
                         NORMAL    RECORD    YEAR
 MAXIMUM TEMPERATURE (F)   80        96      1931
                                             1916
 MINIMUM TEMPERATURE (F)   59        47      2013


SUNRISE AND SUNSET
JULY 27 2017..........SUNRISE   539 AM CDT   SUNSET   831 PM CDT
JULY 28 2017..........SUNRISE   540 AM CDT   SUNSET   829 PM CDT


-  INDICATES NEGATIVE NUMBERS.
R  INDICATES RECORD WAS SET OR TIED.
MM INDICATES DATA IS MISSING.
T  INDICATES TRACE AMOUNT.




$$
