000
CDUS43 KGRB 280703
CLIAUW


CLIMATE REPORT
NATIONAL WEATHER SERVICE GREEN BAY
202 AM CDT TUE JUL 28 2015


...................................

...THE WAUSAU WI CLIMATE SUMMARY FOR JULY 27 2015...

CLIMATE NORMAL PERIOD 1981 TO 2010
CLIMATE RECORD PERIOD 1896 TO 2015


WEATHER ITEM   OBSERVED TIME   RECORD YEAR NORMAL DEPARTURE LAST
                VALUE   (LST)  VALUE       VALUE  FROM      YEAR
                                                  NORMAL
..................................................................
TEMPERATURE (F)
 YESTERDAY
  MAXIMUM         87    322 PM  98    1931  80      7       74
  MINIMUM         58    518 AM  45    1937  59     -1       55
  AVERAGE         73                        69      4

PRECIPITATION (IN)
  YESTERDAY        0.00          1.39 1983   0.12  -0.12     0.37
  MONTH TO DATE    3.08                      3.31  -0.23     2.29
  SINCE JUN 1      7.64                      7.62   0.02     7.80
  SINCE JAN 1     18.37                     17.53   0.84    19.24

SNOWFALL (IN)
  YESTERDAY        0.0           0.0    MM   0.0    0.0      0.0
  MONTH TO DATE    0.0                       0.0    0.0      0.0
  SINCE JUL 1      0.0                       0.0    0.0      0.0
  SNOW DEPTH       0

DEGREE DAYS
 HEATING
  YESTERDAY        0                         1     -1        0
  MONTH TO DATE   18                        27     -9       35
  SINCE JUN 1     79                       116    -37       57
  SINCE JUL 1     18                        27     -9       35

 COOLING
  YESTERDAY        8                         5      3        0
  MONTH TO DATE  126                       135     -9       80
  SINCE JUN 1    173                       220    -47      190
  SINCE JAN 1    191                       239    -48      215
..................................................................


WIND (MPH)
  HIGHEST WIND SPEED    15   HIGHEST WIND DIRECTION     S (160)
  HIGHEST GUST SPEED    19   HIGHEST GUST DIRECTION    SE (150)
  AVERAGE WIND SPEED     5.6


SKY COVER
  POSSIBLE SUNSHINE  MM
  AVERAGE SKY COVER 0.0


WEATHER CONDITIONS
 THE FOLLOWING WEATHER WAS RECORDED YESTERDAY.
  NO SIGNIFICANT WEATHER WAS OBSERVED.


RELATIVE HUMIDITY (PERCENT)
 HIGHEST    97           300 AM
 LOWEST     40           200 PM
 AVERAGE    69

..........................................................


THE WAUSAU WI CLIMATE NORMALS FOR TODAY
                         NORMAL    RECORD    YEAR
 MAXIMUM TEMPERATURE (F)   80        96      1931
                                             1916
 MINIMUM TEMPERATURE (F)   59        47      2013


SUNRISE AND SUNSET
JULY 28 2015..........SUNRISE   539 AM CDT   SUNSET   830 PM CDT
JULY 29 2015..........SUNRISE   540 AM CDT   SUNSET   829 PM CDT


-  INDICATES NEGATIVE NUMBERS.
R  INDICATES RECORD WAS SET OR TIED.
MM INDICATES DATA IS MISSING.
T  INDICATES TRACE AMOUNT.




$$
