000
CDUS43 KGRB 200721
CLIAUW


CLIMATE REPORT
NATIONAL WEATHER SERVICE GREEN BAY
220 AM CDT MON OCT 20 2014


...................................

...THE WAUSAU WI CLIMATE SUMMARY FOR OCTOBER 19 2014...

CLIMATE NORMAL PERIOD 1981 TO 2010
CLIMATE RECORD PERIOD 1896 TO 2014


WEATHER ITEM   OBSERVED TIME   RECORD YEAR NORMAL DEPARTURE LAST
                VALUE   (LST)  VALUE       VALUE  FROM      YEAR
                                                  NORMAL
..................................................................
TEMPERATURE (F)
 YESTERDAY
  MAXIMUM         55    325 PM  78    1953  54      1       50
                                      1910
  MINIMUM         29    620 AM  16    1972  36     -7       30
  AVERAGE         42                        45     -3

PRECIPITATION (IN)
  YESTERDAY        T             1.07 1982   0.09  -0.09     0.03
  MONTH TO DATE    3.88                      1.98   1.90     3.76
  SINCE SEP 1      9.87                      5.88   3.99     6.52
  SINCE JAN 1     36.52                     28.09   8.43    34.15

SNOWFALL (IN)
  YESTERDAY        0.0           4.0  1986   0.0    0.0      0.0
  MONTH TO DATE    T                         0.6   -0.6      0.0
  SINCE JUL 1      T                         0.6   -0.6      0.0
  SNOW DEPTH       0

DEGREE DAYS
 HEATING
  YESTERDAY       23                        20      3       25
  MONTH TO DATE  347                       320     27      237
  SINCE SEP 1    571                       547     24      409
  SINCE JUL 1    625                       613     12      465

 COOLING
  YESTERDAY        0                         0      0        0
  MONTH TO DATE    0                         0      0        0
  SINCE SEP 1     12                        30    -18       56
  SINCE JAN 1    338                       405    -67      506
..................................................................


WIND (MPH)
  HIGHEST WIND SPEED    18   HIGHEST WIND DIRECTION     S (200)
  HIGHEST GUST SPEED    25   HIGHEST GUST DIRECTION    SW (220)
  AVERAGE WIND SPEED     5.8


SKY COVER
  POSSIBLE SUNSHINE  MM
  AVERAGE SKY COVER 0.3


WEATHER CONDITIONS
 THE FOLLOWING WEATHER WAS RECORDED YESTERDAY.
  LIGHT RAIN
  FOG


RELATIVE HUMIDITY (PERCENT)
 HIGHEST    96           700 AM
 LOWEST     63           100 PM
 AVERAGE    80

..........................................................


THE WAUSAU WI CLIMATE NORMALS FOR TODAY
                         NORMAL    RECORD    YEAR
 MAXIMUM TEMPERATURE (F)   54        81      1953
 MINIMUM TEMPERATURE (F)   35        17      1952


SUNRISE AND SUNSET
OCTOBER 20 2014.......SUNRISE   721 AM CDT   SUNSET   605 PM CDT
OCTOBER 21 2014.......SUNRISE   722 AM CDT   SUNSET   604 PM CDT


-  INDICATES NEGATIVE NUMBERS.
R  INDICATES RECORD WAS SET OR TIED.
MM INDICATES DATA IS MISSING.
T  INDICATES TRACE AMOUNT.

$$
