000
CDUS43 KGRB 272140
CLIAUW


CLIMATE REPORT
NATIONAL WEATHER SERVICE GREEN BAY
440 PM CDT FRI MAR 27 2015


...................................

...THE WAUSAU WI CLIMATE SUMMARY FOR MARCH 27 2015...
VALID TODAY AS OF 0400 PM LOCAL TIME.

CLIMATE NORMAL PERIOD 1981 TO 2010
CLIMATE RECORD PERIOD 1896 TO 2015


WEATHER ITEM   OBSERVED TIME   RECORD YEAR NORMAL DEPARTURE LAST
                VALUE   (LST)  VALUE       VALUE  FROM      YEAR
                                                  NORMAL
..................................................................
TEMPERATURE (F)
 TODAY
  MAXIMUM         31    259 PM  72    1946  45    -14       35
                                      1910
  MINIMUM         12    621 AM  -5    1964  25    -13       30
  AVERAGE         22                        35    -13       33

PRECIPITATION (IN)
  TODAY           MM             1.14 1961   0.06  MM        0.40
  MONTH TO DATE    0.54                      1.50  -0.96     0.75
  SINCE MAR 1      0.54                      1.50  -0.96     0.75
  SINCE JAN 1      1.29                      3.44  -2.15     3.69

SNOWFALL (IN)
  TODAY           MM             5.6  1975   0.2             0.9
  MONTH TO DATE    4.5                       9.1             6.3
  SINCE MAR 1      4.5                       9.1             6.3
  SINCE JUL 1     48.5                      54.4            75.9
  SNOW DEPTH      MM

DEGREE DAYS
 HEATING
  TODAY           43                        30     13       32
  MONTH TO DATE  922                       968    -46     1223
  SINCE MAR 1    922                       968    -46     1223
  SINCE JUL 1   7502                      7104    398     8170

 COOLING
  TODAY            0                         0      0        0
  MONTH TO DATE    0                         0      0        0
  SINCE JAN 1      0                         0      0        0
..................................................................


WIND (MPH)
  HIGHEST WIND SPEED    13   HIGHEST WIND DIRECTION     N (360)
  HIGHEST GUST SPEED    17   HIGHEST GUST DIRECTION    NE (60)
  AVERAGE WIND SPEED     6.3


SKY COVER
  POSSIBLE SUNSHINE  MM
  AVERAGE SKY COVER 0.3


WEATHER CONDITIONS
 THE FOLLOWING WEATHER WAS RECORDED TODAY.
  NO SIGNIFICANT WEATHER WAS OBSERVED.


RELATIVE HUMIDITY (PERCENT)
 HIGHEST    76           500 AM
 LOWEST     31           300 PM
 AVERAGE    54

..........................................................


THE WAUSAU WI CLIMATE NORMALS FOR TOMORROW
                         NORMAL    RECORD    YEAR
 MAXIMUM TEMPERATURE (F)   45        75      1986
 MINIMUM TEMPERATURE (F)   25        -4      1923


SUNRISE AND SUNSET
MARCH 27 2015.........SUNRISE   649 AM CDT   SUNSET   720 PM CDT
MARCH 28 2015.........SUNRISE   647 AM CDT   SUNSET   721 PM CDT


-  INDICATES NEGATIVE NUMBERS.
R  INDICATES RECORD WAS SET OR TIED.
MM INDICATES DATA IS MISSING.
T  INDICATES TRACE AMOUNT.




$$
