000
CDUS43 KGRB 260710
CLIAUW


CLIMATE REPORT
NATIONAL WEATHER SERVICE GREEN BAY
209 AM CDT FRI MAY 26 2017


...................................

...THE WAUSAU WI CLIMATE SUMMARY FOR MAY 25 2017...

CLIMATE NORMAL PERIOD 1981 TO 2010
CLIMATE RECORD PERIOD 1896 TO 2017


WEATHER ITEM   OBSERVED TIME   RECORD YEAR NORMAL DEPARTURE LAST
                VALUE   (LST)  VALUE       VALUE  FROM      YEAR
                                                  NORMAL
..................................................................
TEMPERATURE (F)
 YESTERDAY
  MAXIMUM         73    411 PM  88    1972  70      3       79
  MINIMUM         48    449 AM  30    1913  47      1       55
                                      1897
  AVERAGE         61                        58      3

PRECIPITATION (IN)
  YESTERDAY        0.00          1.92 1939   0.12  -0.12     0.94
  MONTH TO DATE    3.44                      2.73   0.71     1.72
  SINCE MAR 1     11.41                      7.22   4.19     9.06
  SINCE JAN 1     15.35                      9.16   6.19    10.49

SNOWFALL (IN)
  YESTERDAY        0.0           T    1925   0.0    0.0      0.0
  MONTH TO DATE    0.0                       0.2   -0.2       T
  SINCE JUL 1     60.5                      59.6    0.9     43.4
  SNOW DEPTH       0

DEGREE DAYS
 HEATING
  YESTERDAY        4                         7     -3        0
  MONTH TO DATE  312                       269     43      237
  SINCE MAR 1   1957                      1985    -28     1660
  SINCE JUL 1   7183                      8121   -938     6783

 COOLING
  YESTERDAY        0                         1     -1        2
  MONTH TO DATE    1                         8     -7       23
  SINCE MAR 1      1                        10     -9       25
  SINCE JAN 1      1                        10     -9       25
..................................................................


WIND (MPH)
  HIGHEST WIND SPEED    14   HIGHEST WIND DIRECTION     E (90)
  HIGHEST GUST SPEED    17   HIGHEST GUST DIRECTION     E (100)
  AVERAGE WIND SPEED     5.0


SKY COVER
  POSSIBLE SUNSHINE  MM
  AVERAGE SKY COVER 0.5


WEATHER CONDITIONS
 THE FOLLOWING WEATHER WAS RECORDED YESTERDAY.
  HAZE


RELATIVE HUMIDITY (PERCENT)
 HIGHEST    93          1200 AM
 LOWEST     44           200 PM
 AVERAGE    69

..........................................................


THE WAUSAU WI CLIMATE NORMALS FOR TODAY
                         NORMAL    RECORD    YEAR
 MAXIMUM TEMPERATURE (F)   70        91      1967
 MINIMUM TEMPERATURE (F)   47        30      1905


SUNRISE AND SUNSET
MAY 26 2017...........SUNRISE   519 AM CDT   SUNSET   833 PM CDT
MAY 27 2017...........SUNRISE   518 AM CDT   SUNSET   834 PM CDT


-  INDICATES NEGATIVE NUMBERS.
R  INDICATES RECORD WAS SET OR TIED.
MM INDICATES DATA IS MISSING.
T  INDICATES TRACE AMOUNT.

$$
