000
CDUS43 KGRB 120735
CLIAUW


CLIMATE REPORT
NATIONAL WEATHER SERVICE GREEN BAY
134 AM CST TUE DEC 12 2017


...................................

...THE WAUSAU WI CLIMATE SUMMARY FOR DECEMBER 11 2017...

CLIMATE NORMAL PERIOD 1981 TO 2010
CLIMATE RECORD PERIOD 1896 TO 2017


WEATHER ITEM   OBSERVED TIME   RECORD YEAR NORMAL DEPARTURE LAST
                VALUE   (LST)  VALUE       VALUE  FROM      YEAR
                                                  NORMAL
..................................................................
TEMPERATURE (F)
 YESTERDAY
  MAXIMUM         27    549 PM  53    1949  28     -1       22
  MINIMUM         17   1159 PM -16    1977  13      4       11
  AVERAGE         22                        20      2

PRECIPITATION (IN)
  YESTERDAY        0.02          1.00 2010   0.05  -0.03     0.27
  MONTH TO DATE    0.67                      0.54   0.13     0.78
  SINCE DEC 1      0.67                      0.54   0.13     0.78
  SINCE JAN 1     36.78                     31.59   5.19    35.10

SNOWFALL (IN)
  YESTERDAY       MM            12.8  2010   0.5   MM        6.7
  MONTH TO DATE    1.6                       4.9   -3.3     11.9
  SINCE JUL 1      9.9                      13.2   -3.3     15.0
  SNOW DEPTH      MM

DEGREE DAYS
 HEATING
  YESTERDAY       43                        45     -2       48
  MONTH TO DATE  422                       471    -49      448
  SINCE DEC 1    422                       471    -49      448
  SINCE JUL 1   2107                      2330   -223     1726

 COOLING
  YESTERDAY        0                         0      0        0
  MONTH TO DATE    0                         0      0        0
  SINCE DEC 1      0                         0      0        0
  SINCE JAN 1    339                       407    -68      512
..................................................................


WIND (MPH)
  HIGHEST WIND SPEED    25   HIGHEST WIND DIRECTION     N (340)
  HIGHEST GUST SPEED    37   HIGHEST GUST DIRECTION     N (340)
  AVERAGE WIND SPEED     9.2


SKY COVER
  POSSIBLE SUNSHINE  MM
  AVERAGE SKY COVER 0.9


WEATHER CONDITIONS
 THE FOLLOWING WEATHER WAS RECORDED YESTERDAY.
  LIGHT SNOW
  FOG


RELATIVE HUMIDITY (PERCENT)
 HIGHEST   100           800 AM
 LOWEST     56          1000 PM
 AVERAGE    78

..........................................................


THE WAUSAU WI CLIMATE NORMALS FOR TODAY
                         NORMAL    RECORD    YEAR
 MAXIMUM TEMPERATURE (F)   27        49      1998
 MINIMUM TEMPERATURE (F)   12       -10      1962
                                             1927


SUNRISE AND SUNSET
DECEMBER 12 2017......SUNRISE   727 AM CST   SUNSET   417 PM CST
DECEMBER 13 2017......SUNRISE   728 AM CST   SUNSET   417 PM CST


-  INDICATES NEGATIVE NUMBERS.
R  INDICATES RECORD WAS SET OR TIED.
MM INDICATES DATA IS MISSING.
T  INDICATES TRACE AMOUNT.




$$
