000
CDUS43 KGRB 230642
CLIAUW


CLIMATE REPORT
NATIONAL WEATHER SERVICE GREEN BAY
141 AM CDT TUE SEP 23 2014


...................................

...THE WAUSAU WI CLIMATE SUMMARY FOR SEPTEMBER 22 2014...

CLIMATE NORMAL PERIOD 1981 TO 2010
CLIMATE RECORD PERIOD 1896 TO 2014


WEATHER ITEM   OBSERVED TIME   RECORD YEAR NORMAL DEPARTURE LAST
                VALUE   (LST)  VALUE       VALUE  FROM      YEAR
                                                  NORMAL
..................................................................
TEMPERATURE (F)
 YESTERDAY
  MAXIMUM         66    421 PM  94    1937  66      0       61
  MINIMUM         39    617 AM  29    1974  45     -6       35
  AVERAGE         53                        56     -3

PRECIPITATION (IN)
  YESTERDAY        0.00          0.84 1959   0.13  -0.13     0.00
  MONTH TO DATE    5.69                      2.86   2.83     2.30
  SINCE SEP 1      5.69                      2.86   2.83     2.30
  SINCE JAN 1     32.34                     25.07   7.27    29.93

SNOWFALL (IN)
  YESTERDAY        0.0           T    1995   0.0    0.0      0.0
                                      1928
  MONTH TO DATE    0.0                       0.0    0.0      0.0
  SINCE SEP 1      0.0                       0.0    0.0      0.0
  SINCE JUL 1      0.0                       0.0    0.0      0.0
  SNOW DEPTH       0

DEGREE DAYS
 HEATING
  YESTERDAY       12                        10      2       17
  MONTH TO DATE  174                       134     40      120
  SINCE SEP 1    174                       134     40      120
  SINCE JUL 1    228                       200     28      176

 COOLING
  YESTERDAY        0                         0      0        0
  MONTH TO DATE    9                        29    -20       56
  SINCE SEP 1      9                        29    -20       56
  SINCE JAN 1    335                       404    -69      506
..................................................................


WIND (MPH)
  HIGHEST WIND SPEED    18   HIGHEST WIND DIRECTION     W (280)
  HIGHEST GUST SPEED    23   HIGHEST GUST DIRECTION     W (270)
  AVERAGE WIND SPEED     6.0


SKY COVER
  POSSIBLE SUNSHINE  MM
  AVERAGE SKY COVER 0.1


WEATHER CONDITIONS
 THE FOLLOWING WEATHER WAS RECORDED YESTERDAY.
  NO SIGNIFICANT WEATHER WAS OBSERVED.


RELATIVE HUMIDITY (PERCENT)
 HIGHEST    93          1200 AM
 LOWEST     52           300 PM
 AVERAGE    73

..........................................................


THE WAUSAU WI CLIMATE NORMALS FOR TODAY
                         NORMAL    RECORD    YEAR
 MAXIMUM TEMPERATURE (F)   66        91      1937
 MINIMUM TEMPERATURE (F)   45        25      1974


SUNRISE AND SUNSET
SEPTEMBER 23 2014.....SUNRISE   647 AM CDT   SUNSET   654 PM CDT
SEPTEMBER 24 2014.....SUNRISE   648 AM CDT   SUNSET   652 PM CDT


-  INDICATES NEGATIVE NUMBERS.
R  INDICATES RECORD WAS SET OR TIED.
MM INDICATES DATA IS MISSING.
T  INDICATES TRACE AMOUNT.




$$
