000
CDUS43 KGRB 240657
CLIAUW


CLIMATE REPORT
NATIONAL WEATHER SERVICE GREEN BAY
154 AM CDT TUE MAY 24 2016


...................................

...THE WAUSAU WI CLIMATE SUMMARY FOR MAY 23 2016...

CLIMATE NORMAL PERIOD 1981 TO 2010
CLIMATE RECORD PERIOD 1896 TO 2016


WEATHER ITEM   OBSERVED TIME   RECORD YEAR NORMAL DEPARTURE LAST
                VALUE   (LST)  VALUE       VALUE  FROM      YEAR
                                                  NORMAL
..................................................................
TEMPERATURE (F)
 YESTERDAY
  MAXIMUM         86    322 PM  88    1975  69     17       77
  MINIMUM         58    431 AM  28    1963  46     12       41
                                      1931
  AVERAGE         72                        58     14

PRECIPITATION (IN)
  YESTERDAY        0.00          1.62 1936   0.11  -0.11      T
  MONTH TO DATE    0.74                      2.49  -1.75     1.87
  SINCE MAR 1      8.08                      6.98   1.10     5.84
  SINCE JAN 1      9.51                      8.92   0.59     6.59

SNOWFALL (IN)
  YESTERDAY        0.0           0.0    MM   0.0    0.0      0.0
  MONTH TO DATE    T                         0.2   -0.2       T
  SINCE JUL 1     43.4                      59.6  -16.2     53.7
  SNOW DEPTH       0

DEGREE DAYS
 HEATING
  YESTERDAY        0                         8     -8        6
  MONTH TO DATE  237                       254    -17      210
  SINCE MAR 1   1660                      1970   -310     1811
  SINCE JUL 1   6783                      8106  -1323     8391

 COOLING
  YESTERDAY        7                         1      6        0
  MONTH TO DATE   14                         6      8        8
  SINCE MAR 1     16                         8      8        8
  SINCE JAN 1     16                         8      8        8
..................................................................


WIND (MPH)
  HIGHEST WIND SPEED    24   HIGHEST WIND DIRECTION     S (180)
  HIGHEST GUST SPEED    32   HIGHEST GUST DIRECTION     S (180)
  AVERAGE WIND SPEED    10.7


SKY COVER
  POSSIBLE SUNSHINE  MM
  AVERAGE SKY COVER 0.0


WEATHER CONDITIONS
 THE FOLLOWING WEATHER WAS RECORDED YESTERDAY.
  NO SIGNIFICANT WEATHER WAS OBSERVED.


RELATIVE HUMIDITY (PERCENT)
 HIGHEST    67           400 AM
 LOWEST     20           200 PM
 AVERAGE    44

..........................................................


THE WAUSAU WI CLIMATE NORMALS FOR TODAY
                         NORMAL    RECORD    YEAR
 MAXIMUM TEMPERATURE (F)   69        92      2010
 MINIMUM TEMPERATURE (F)   47        32      1992
                                             1948


SUNRISE AND SUNSET
MAY 24 2016...........SUNRISE   520 AM CDT   SUNSET   831 PM CDT
MAY 25 2016...........SUNRISE   520 AM CDT   SUNSET   832 PM CDT


-  INDICATES NEGATIVE NUMBERS.
R  INDICATES RECORD WAS SET OR TIED.
MM INDICATES DATA IS MISSING.
T  INDICATES TRACE AMOUNT.

$$
