000
CDUS43 KGRB 220737
CLIAUW


CLIMATE REPORT
NATIONAL WEATHER SERVICE GREEN BAY
137 AM CST SAT NOV 22 2014


...................................

...THE WAUSAU WI CLIMATE SUMMARY FOR NOVEMBER 21 2014...

CLIMATE NORMAL PERIOD 1981 TO 2010
CLIMATE RECORD PERIOD 1896 TO 2014


WEATHER ITEM   OBSERVED TIME   RECORD YEAR NORMAL DEPARTURE LAST
                VALUE   (LST)  VALUE       VALUE  FROM      YEAR
                                                  NORMAL
..................................................................
TEMPERATURE (F)
 YESTERDAY
  MAXIMUM         28   1159 PM  64    1990  37     -9       36
  MINIMUM         -2R   457 AM   1    1929  22    -24       30
  AVERAGE         13                        30    -17

PRECIPITATION (IN)
  YESTERDAY        0.00          1.19 1934   0.07  -0.07     0.01
  MONTH TO DATE    1.38                      1.46  -0.08     2.13
  SINCE SEP 1     11.92                      8.30   3.62     9.19
  SINCE JAN 1     38.57                     30.51   8.06    36.82

SNOWFALL (IN)
  YESTERDAY        0.0          10.0  1906   0.4   -0.4       T
  MONTH TO DATE   11.8                       3.9    7.9      2.6
  SINCE JUL 1     13.5                       5.3    8.2      2.6
  SNOW DEPTH       6

DEGREE DAYS
 HEATING
  YESTERDAY       52                        35     17       32
  MONTH TO DATE  838                       635    203      621
  SINCE SEP 1   1652                      1453    199     1345
  SINCE JUL 1   1706                      1519    187     1401

 COOLING
  YESTERDAY        0                         0      0        0
  MONTH TO DATE    0                         0      0        0
  SINCE SEP 1     12                        32    -20       56
  SINCE JAN 1    338                       407    -69      506
..................................................................


WIND (MPH)
  HIGHEST WIND SPEED    22   HIGHEST WIND DIRECTION     S (190)
  HIGHEST GUST SPEED    29   HIGHEST GUST DIRECTION     S (190)
  AVERAGE WIND SPEED     9.0


SKY COVER
  POSSIBLE SUNSHINE  MM
  AVERAGE SKY COVER 0.2


WEATHER CONDITIONS
 THE FOLLOWING WEATHER WAS RECORDED YESTERDAY.
  NO SIGNIFICANT WEATHER WAS OBSERVED.


RELATIVE HUMIDITY (PERCENT)
 HIGHEST    87          1200 AM
 LOWEST     40           200 PM
 AVERAGE    64

..........................................................


THE WAUSAU WI CLIMATE NORMALS FOR TODAY
                         NORMAL    RECORD    YEAR
 MAXIMUM TEMPERATURE (F)   36        62      2012
                                             1913
 MINIMUM TEMPERATURE (F)   22        -2      1929


SUNRISE AND SUNSET
NOVEMBER 22 2014......SUNRISE   705 AM CST   SUNSET   424 PM CST
NOVEMBER 23 2014......SUNRISE   706 AM CST   SUNSET   423 PM CST


-  INDICATES NEGATIVE NUMBERS.
R  INDICATES RECORD WAS SET OR TIED.
MM INDICATES DATA IS MISSING.
T  INDICATES TRACE AMOUNT.




$$
