000
CDUS42 KGSP 102130
CLIAVL

CLIMATE REPORT
NATIONAL WEATHER SERVICE GREENVILLE-SPARTANBURG SC
427 PM EST SAT DEC 10 2016


...................................

...THE ASHEVILLE NC CLIMATE SUMMARY FOR DECEMBER 10 2016...
VALID TODAY AS OF 0400 PM LOCAL TIME.

CLIMATE NORMAL PERIOD 1981 TO 2010
CLIMATE RECORD PERIOD 1869 TO 2016


WEATHER ITEM   OBSERVED TIME   RECORD YEAR NORMAL DEPARTURE LAST
                VALUE   (LST)  VALUE       VALUE  FROM      YEAR
                                                  NORMAL
..................................................................
TEMPERATURE (F)
 TODAY
  MAXIMUM         41    325 PM  74    2007  51    -10       66
  MINIMUM         17    753 AM   3    1917  30    -13       35
  AVERAGE         29                        40    -11       51

PRECIPITATION (IN)
  TODAY            0.00          1.97 2008   0.13  -0.13     0.00
  MONTH TO DATE    1.85                      1.30   0.55     1.78
  SINCE DEC 1      1.85                      1.30   0.55     1.78
  SINCE JAN 1     32.94                     43.28 -10.34    47.37

SNOWFALL (IN)
  TODAY            0.0           2.0  1876   0.0    0.0      0.0
  MONTH TO DATE    0.0                       0.1   -0.1      0.0
  SINCE DEC 1      0.0                       0.1   -0.1      0.0
  SINCE JUL 1      0.0                       0.2   -0.2      0.0
  SNOW DEPTH       0

DEGREE DAYS
 HEATING
  TODAY           36                        25     11       14
  MONTH TO DATE  239                       235      4      201
  SINCE DEC 1    239                       235      4      201
  SINCE JUL 1    810                      1102   -292      876

 COOLING
  TODAY            0                         0      0        0
  MONTH TO DATE    0                         0      0        0
  SINCE DEC 1      0                         0      0        0
  SINCE JAN 1   1317                       863    454     1156
..................................................................


WIND (MPH)
  HIGHEST WIND SPEED    16   HIGHEST WIND DIRECTION    NW (330)
  HIGHEST GUST SPEED    20   HIGHEST GUST DIRECTION    NW (330)
  AVERAGE WIND SPEED     6.6


SKY COVER
  POSSIBLE SUNSHINE  MM
  AVERAGE SKY COVER 0.0


WEATHER CONDITIONS
 THE FOLLOWING WEATHER WAS RECORDED TODAY.
  NO SIGNIFICANT WEATHER WAS OBSERVED.


RELATIVE HUMIDITY (PERCENT)
 HIGHEST    80           800 AM
 LOWEST     20           400 PM
 AVERAGE    50

..........................................................


THE ASHEVILLE NC CLIMATE NORMALS FOR TOMORROW
                         NORMAL    RECORD    YEAR
 MAXIMUM TEMPERATURE (F)   50        73      2007
                                             1931
 MINIMUM TEMPERATURE (F)   30         5      1957


SUNRISE AND SUNSET
DECEMBER 10 2016......SUNRISE   729 AM EST   SUNSET   518 PM EST
DECEMBER 11 2016......SUNRISE   729 AM EST   SUNSET   518 PM EST


-  INDICATES NEGATIVE NUMBERS.
R  INDICATES RECORD WAS SET OR TIED.
MM INDICATES DATA IS MISSING.
T  INDICATES TRACE AMOUNT.

$$
07
