000
CDUS42 KGSP 290646
CLIAVL

CLIMATE REPORT
NATIONAL WEATHER SERVICE GREENVILLE-SPARTANBURG SC
243 AM EDT SUN MAR 29 2015

...................................

...THE ASHEVILLE NC CLIMATE SUMMARY FOR MARCH 28 2015...

CLIMATE NORMAL PERIOD 1981 TO 2010
CLIMATE RECORD PERIOD 1869 TO 2015


WEATHER ITEM   OBSERVED TIME   RECORD YEAR NORMAL DEPARTURE LAST
                VALUE   (LST)  VALUE       VALUE  FROM      YEAR
                                                  NORMAL
..................................................................
TEMPERATURE (F)
 YESTERDAY
  MAXIMUM         44    216 PM  86    1907  62    -18       58
  MINIMUM         27    709 AM  11    1887  38    -11       48
  AVERAGE         36                        50    -14       53

PRECIPITATION (IN)
  YESTERDAY        T             1.55 1980   0.12  -0.12     0.01
  MONTH TO DATE    1.89                      3.45  -1.56     1.92
  SINCE MAR 1      1.89                      3.45  -1.56     1.92
  SINCE JAN 1      7.73                     10.88  -3.15     7.27

SNOWFALL (IN)
  YESTERDAY        T             0.5  1947   0.1             0.0
  MONTH TO DATE    T                         1.8             0.4
  SINCE MAR 1      T                         1.8             0.4
  SINCE JUL 1     13.3                       9.1             9.8
  SNOW DEPTH       0

DEGREE DAYS
 HEATING
  YESTERDAY       29                        15     14       12
  MONTH TO DATE  376                       511   -135      583
  SINCE MAR 1    376                       511   -135      583
  SINCE JUL 1   3685                      3728    -43     3902

 COOLING
  YESTERDAY        0                         0      0        0
  MONTH TO DATE    0                         0      0        0
  SINCE MAR 1      0                         0      0        0
  SINCE JAN 1      0                         0      0        0
..................................................................


WIND (MPH)
  HIGHEST WIND SPEED    24   HIGHEST WIND DIRECTION    NW (330)
  HIGHEST GUST SPEED    32   HIGHEST GUST DIRECTION     N (340)
  AVERAGE WIND SPEED    14.6


SKY COVER
  POSSIBLE SUNSHINE  MM
  AVERAGE SKY COVER 0.3


WEATHER CONDITIONS
 THE FOLLOWING WEATHER WAS RECORDED YESTERDAY.
  LIGHT SNOW
  FOG


RELATIVE HUMIDITY (PERCENT)
 HIGHEST    78           100 AM
 LOWEST     24           200 PM
 AVERAGE    51

..........................................................


THE ASHEVILLE NC CLIMATE NORMALS FOR TODAY
                         NORMAL    RECORD    YEAR
 MAXIMUM TEMPERATURE (F)   63        84      1907
 MINIMUM TEMPERATURE (F)   38        19      1982
                                             1887


SUNRISE AND SUNSET
MARCH 29 2015.........SUNRISE   721 AM EDT   SUNSET   749 PM EDT
MARCH 30 2015.........SUNRISE   720 AM EDT   SUNSET   750 PM EDT


-  INDICATES NEGATIVE NUMBERS.
R  INDICATES RECORD WAS SET OR TIED.
MM INDICATES DATA IS MISSING.
T  INDICATES TRACE AMOUNT.

$$
