000
CDUS42 KGSP 220627
CLIAVL

CLIMATE REPORT
NATIONAL WEATHER SERVICE GREENVILLE-SPARTANBURG SC
226 AM EDT FRI AUG 22 2014


...................................

...THE ASHEVILLE NC CLIMATE SUMMARY FOR AUGUST 21 2014...

CLIMATE NORMAL PERIOD 1981 TO 2010
CLIMATE RECORD PERIOD 1869 TO 2014


WEATHER ITEM   OBSERVED TIME   RECORD YEAR NORMAL DEPARTURE LAST
                VALUE   (LST)  VALUE       VALUE  FROM      YEAR
                                                  NORMAL
..................................................................
TEMPERATURE (F)
 YESTERDAY
  MAXIMUM         87    300 PM 100    1983  83      4       75
  MINIMUM         63    543 AM  49    1918  63      0       66
  AVERAGE         75                        73      2       71

PRECIPITATION (IN)
  YESTERDAY        T             4.32 1990   0.15  -0.15     0.06
  MONTH TO DATE    3.16                      2.98   0.18     6.90
  SINCE JUN 1     13.48                     11.94   1.54    29.56
  SINCE JAN 1     29.99                     30.19  -0.20    58.68

SNOWFALL (IN)
  YESTERDAY        0.0           0.0    MM   0.0             0.0
  MONTH TO DATE    0.0                       0.0             0.0
  SINCE JUN 1      0.0                       0.0             0.0
  SINCE JUL 1      0.0                       0.0             0.0
  SNOW DEPTH       0

DEGREE DAYS
 HEATING
  YESTERDAY        0                         0      0        0
  MONTH TO DATE    0                         0      0        5
  SINCE JUN 1      2                        14    -12        5
  SINCE JUL 1      2                         0      2        5

 COOLING
  YESTERDAY       10                         8      2        6
  MONTH TO DATE  150                       179    -29      140
  SINCE JUN 1    584                       631    -47      612
  SINCE JAN 1    665                       689    -24      663
..................................................................


WIND (MPH)
  HIGHEST WIND SPEED    18   HIGHEST WIND DIRECTION     S (170)
  HIGHEST GUST SPEED    25   HIGHEST GUST DIRECTION    NW (330)
  AVERAGE WIND SPEED     6.7


SKY COVER
  POSSIBLE SUNSHINE  MM
  AVERAGE SKY COVER 0.2


WEATHER CONDITIONS
 THE FOLLOWING WEATHER WAS RECORDED YESTERDAY.
  THUNDERSTORM
  LIGHT RAIN


RELATIVE HUMIDITY (PERCENT)
 HIGHEST    93           300 AM
 LOWEST     50           300 PM
 AVERAGE    72

..........................................................


THE ASHEVILLE NC CLIMATE NORMALS FOR TODAY
                         NORMAL    RECORD    YEAR
 MAXIMUM TEMPERATURE (F)   83        95      1983
 MINIMUM TEMPERATURE (F)   63        48      1981


SUNRISE AND SUNSET
AUGUST 22 2014........SUNRISE   655 AM EDT   SUNSET   811 PM EDT
AUGUST 23 2014........SUNRISE   656 AM EDT   SUNSET   809 PM EDT


-  INDICATES NEGATIVE NUMBERS.
R  INDICATES RECORD WAS SET OR TIED.
MM INDICATES DATA IS MISSING.
T  INDICATES TRACE AMOUNT.

$$

PM
