000
CDUS42 KGSP 172142 RRA
CLIAVL

CLIMATE REPORT
NATIONAL WEATHER SERVICE GREENVILLE-SPARTANBURG SC
441 PM EST TUE JAN 17 2017


...................................

...THE ASHEVILLE NC CLIMATE SUMMARY FOR JANUARY 17 2017...
VALID TODAY AS OF 0430 PM LOCAL TIME.

CLIMATE NORMAL PERIOD 1981 TO 2010
CLIMATE RECORD PERIOD 1869 TO 2017


WEATHER ITEM   OBSERVED TIME   RECORD YEAR NORMAL DEPARTURE LAST
                VALUE   (LST)  VALUE       VALUE  FROM      YEAR
                                                  NORMAL
..................................................................
TEMPERATURE (F)
 TODAY
  MAXIMUM         63    215 PM  73    1943  47     16       38
  MINIMUM         50    251 AM  -6    1982  26     24       27
  AVERAGE         57                        37     20       33

PRECIPITATION (IN)
  TODAY            T             2.23 2013   0.12  -0.12      T
  MONTH TO DATE    1.46                      1.96  -0.50     1.69
  SINCE DEC 1      3.77                      5.55  -1.78    10.45
  SINCE JAN 1      1.46                      1.96  -0.50     1.69

SNOWFALL (IN)
  TODAY            0.0           1.5  2008   0.1   -0.1      0.1
  MONTH TO DATE    7.0                       2.2    4.8      0.1
  SINCE DEC 1      7.0                       3.1    3.9      0.1
  SINCE JUL 1      7.0                       3.2    3.8      0.1
  SNOW DEPTH       0

DEGREE DAYS
 HEATING
  TODAY            8                        28    -20       32
  MONTH TO DATE  372                       476   -104      484
  SINCE DEC 1   1079                      1270   -191      905
  SINCE JUL 1   1650                      2137   -487     1580

 COOLING
  TODAY            0                         0      0        0
  MONTH TO DATE    0                         0      0        0
  SINCE DEC 1      0                         0      0        0
  SINCE JAN 1      0                         0      0        0
..................................................................


WIND (MPH)
  HIGHEST WIND SPEED    16   HIGHEST WIND DIRECTION     S (200)
  HIGHEST GUST SPEED    23   HIGHEST GUST DIRECTION     S (200)
  AVERAGE WIND SPEED    10.1


SKY COVER
  POSSIBLE SUNSHINE  MM
  AVERAGE SKY COVER 0.8


WEATHER CONDITIONS
 THE FOLLOWING WEATHER WAS RECORDED TODAY.
  FOG


RELATIVE HUMIDITY (PERCENT)
 HIGHEST    93           100 AM
 LOWEST     65           200 PM
 AVERAGE    79

..........................................................


THE ASHEVILLE NC CLIMATE NORMALS FOR TOMORROW
                         NORMAL    RECORD    YEAR
 MAXIMUM TEMPERATURE (F)   47        72      1933
 MINIMUM TEMPERATURE (F)   26         0      1994


SUNRISE AND SUNSET
JANUARY 17 2017.......SUNRISE   738 AM EST   SUNSET   543 PM EST
JANUARY 18 2017.......SUNRISE   738 AM EST   SUNSET   544 PM EST


-  INDICATES NEGATIVE NUMBERS.
R  INDICATES RECORD WAS SET OR TIED.
MM INDICATES DATA IS MISSING.
T  INDICATES TRACE AMOUNT.




$$
