000
CDUS42 KGSP 280629 RRA
CLIAVL

CLIMATE REPORT
NATIONAL WEATHER SERVICE GREENVILLE-SPARTANBURG SC
228 AM EDT WED JUN 28 2017


...................................

...THE ASHEVILLE NC CLIMATE SUMMARY FOR JUNE 27 2017...

CLIMATE NORMAL PERIOD 1981 TO 2010
CLIMATE RECORD PERIOD 1869 TO 2017


WEATHER ITEM   OBSERVED TIME   RECORD YEAR NORMAL DEPARTURE LAST
                VALUE   (LST)  VALUE       VALUE  FROM      YEAR
                                                  NORMAL
..................................................................
TEMPERATURE (F)
 YESTERDAY
  MAXIMUM         75    349 PM  97    1952  83     -8       87
  MINIMUM         54   1135 PM  47    1979  62     -8       68
  AVERAGE         65                        73     -8       78

PRECIPITATION (IN)
  YESTERDAY        0.00          3.27 2002   0.16  -0.16     0.96
  MONTH TO DATE    2.26                      4.17  -1.91     2.25
  SINCE JUN 1      2.26                      4.17  -1.91     2.25
  SINCE JAN 1     25.28                     22.42   2.86    17.13

SNOWFALL (IN)
  YESTERDAY        0.0           0.0    MM   0.0             0.0
  MONTH TO DATE    0.0                       0.0             0.0
  SINCE JUN 1      0.0                       0.0             0.0
  SINCE JUL 1      9.4                       9.9            13.9
  SNOW DEPTH       0

DEGREE DAYS
 HEATING
  YESTERDAY        0                         0      0        0
  MONTH TO DATE    0                        11    -11        0
  SINCE JUN 1      0                        11    -11        0
  SINCE JUL 1   3123                      4192  -1069     3456

 COOLING
  YESTERDAY        0                         8     -8       13
  MONTH TO DATE  168                       155     13      251
  SINCE JUN 1    168                       155     13      251
  SINCE JAN 1    267                       213     54      324
..................................................................


WIND (MPH)
  HIGHEST WIND SPEED    22   HIGHEST WIND DIRECTION     N (340)
  HIGHEST GUST SPEED    26   HIGHEST GUST DIRECTION     N (340)
  AVERAGE WIND SPEED     6.8


SKY COVER
  POSSIBLE SUNSHINE  MM
  AVERAGE SKY COVER 0.1


WEATHER CONDITIONS
 THE FOLLOWING WEATHER WAS RECORDED YESTERDAY.
  NO SIGNIFICANT WEATHER WAS OBSERVED.


RELATIVE HUMIDITY (PERCENT)
 HIGHEST    86           100 AM
 LOWEST     29           500 PM
 AVERAGE    58

..........................................................


THE ASHEVILLE NC CLIMATE NORMALS FOR TODAY
                         NORMAL    RECORD    YEAR
 MAXIMUM TEMPERATURE (F)   83        98      1952
 MINIMUM TEMPERATURE (F)   62        48      1987
                                             1968


SUNRISE AND SUNSET
JUNE 28 2017..........SUNRISE   618 AM EDT   SUNSET   849 PM EDT
JUNE 29 2017..........SUNRISE   618 AM EDT   SUNSET   849 PM EDT


-  INDICATES NEGATIVE NUMBERS.
R  INDICATES RECORD WAS SET OR TIED.
MM INDICATES DATA IS MISSING.
T  INDICATES TRACE AMOUNT.




$$
JPT
