000
CDUS42 KGSP 282138
CLIAVL

CLIMATE REPORT
NATIONAL WEATHER SERVICE GREENVILLE-SPARTANBURG SC
438 PM EST FRI NOV 28 2014


...................................

...THE ASHEVILLE NC CLIMATE SUMMARY FOR NOVEMBER 28 2014...
VALID TODAY AS OF 0435 PM LOCAL TIME.

CLIMATE NORMAL PERIOD 1981 TO 2010
CLIMATE RECORD PERIOD 1869 TO 2014


WEATHER ITEM   OBSERVED TIME   RECORD YEAR NORMAL DEPARTURE LAST
                VALUE   (LST)  VALUE       VALUE  FROM      YEAR
                                                  NORMAL
..................................................................
TEMPERATURE (F)
 TODAY
  MAXIMUM         43    320 PM  72    1990  54    -11       48
                                      1970
  MINIMUM         24    748 AM  12    1936  33     -9       20
  AVERAGE         34                        44    -10       34

PRECIPITATION (IN)
  TODAY            0.00          2.59 2011   0.14  -0.14     0.00
  MONTH TO DATE    3.83                      3.37   0.46     3.55
  SINCE SEP 1     13.73                     10.09   3.64     8.79
  SINCE JAN 1     44.51                     41.70   2.81    67.55

SNOWFALL (IN)
  TODAY            0.0           2.0  1876   0.0    0.0      0.0
  MONTH TO DATE    3.2                       0.1    3.1      0.2
  SINCE SEP 1      3.2                       0.1    3.1      0.2
  SINCE JUL 1      3.2                       0.1    3.1      0.2
  SNOW DEPTH       0

DEGREE DAYS
 HEATING
  TODAY           31                        22      9       31
  MONTH TO DATE  630                       488    142      575
  SINCE SEP 1    874                       821     53      821
  SINCE JUL 1    876                       823     53      826

 COOLING
  TODAY            0                         0      0        0
  MONTH TO DATE    0                         0      0        0
  SINCE SEP 1    167                       105     62      122
  SINCE JAN 1    919                       862     57      860
..................................................................


WIND (MPH)
  HIGHEST WIND SPEED    23   HIGHEST WIND DIRECTION     N (340)
  HIGHEST GUST SPEED    28   HIGHEST GUST DIRECTION     N (360)
  AVERAGE WIND SPEED    11.2


SKY COVER
  POSSIBLE SUNSHINE  MM
  AVERAGE SKY COVER 0.4


WEATHER CONDITIONS
 THE FOLLOWING WEATHER WAS RECORDED TODAY.
  NO SIGNIFICANT WEATHER WAS OBSERVED.


RELATIVE HUMIDITY (PERCENT)
 HIGHEST    68           800 AM
 LOWEST     36           300 PM
 AVERAGE    52

..........................................................


THE ASHEVILLE NC CLIMATE NORMALS FOR TOMORROW
                         NORMAL    RECORD    YEAR
 MAXIMUM TEMPERATURE (F)   54        73      1933
                                             1908
 MINIMUM TEMPERATURE (F)   33        10      1929


SUNRISE AND SUNSET
NOVEMBER 28 2014......SUNRISE   718 AM EST   SUNSET   518 PM EST
NOVEMBER 29 2014......SUNRISE   719 AM EST   SUNSET   518 PM EST


-  INDICATES NEGATIVE NUMBERS.
R  INDICATES RECORD WAS SET OR TIED.
MM INDICATES DATA IS MISSING.
T  INDICATES TRACE AMOUNT.

$$

OUTLAW
