205
CDUS42 KGSP 220640
CLIAVL

CLIMATE REPORT
NATIONAL WEATHER SERVICE GREENVILLE-SPARTANBURG SC
236 AM EDT FRI MAY 22 2015


...................................

...THE ASHEVILLE NC CLIMATE SUMMARY FOR MAY 21 2015...

CLIMATE NORMAL PERIOD 1981 TO 2010
CLIMATE RECORD PERIOD 1869 TO 2015


WEATHER ITEM   OBSERVED TIME   RECORD YEAR NORMAL DEPARTURE LAST
                VALUE   (LST)  VALUE       VALUE  FROM      YEAR
                                                  NORMAL
..................................................................
TEMPERATURE (F)
 YESTERDAY
  MAXIMUM         76    150 PM  93    1941  76      0       85
  MINIMUM         53   1159 PM  36    1993  53      0       50
  AVERAGE         65                        64      1       68

PRECIPITATION (IN)
  YESTERDAY        T             1.78 1901   0.12  -0.12     0.00
  MONTH TO DATE    0.20                      2.43  -2.23     2.63
  SINCE MAR 1      7.26                      9.59  -2.33    10.02
  SINCE JAN 1     13.10                     17.02  -3.92    15.37

SNOWFALL (IN)
  YESTERDAY        0.0           0.0    MM   0.0             0.0
  MONTH TO DATE    0.0                       0.0             0.0
  SINCE MAR 1      T                         2.6             0.4
  SINCE JUL 1     13.3                       9.9             9.8
  SNOW DEPTH       0

DEGREE DAYS
 HEATING
  YESTERDAY        0                         3     -3        0
  MONTH TO DATE   33                        90    -57       81
  SINCE MAR 1    664                       945   -281      973
  SINCE JUL 1   3973                      4162   -189     4292

 COOLING
  YESTERDAY        0                         2     -2        3
  MONTH TO DATE   66                        26     40       29
  SINCE MAR 1     85                        34     51       31
  SINCE JAN 1     85                        34     51       31
..................................................................


WIND (MPH)
  HIGHEST WIND SPEED    23   HIGHEST WIND DIRECTION     N (340)
  HIGHEST GUST SPEED    30   HIGHEST GUST DIRECTION     N (360)
  AVERAGE WIND SPEED    11.0


SKY COVER
  POSSIBLE SUNSHINE  MM
  AVERAGE SKY COVER 0.5


WEATHER CONDITIONS
 THE FOLLOWING WEATHER WAS RECORDED YESTERDAY.
  LIGHT RAIN


RELATIVE HUMIDITY (PERCENT)
 HIGHEST    87          1200 AM
 LOWEST     46           100 PM
 AVERAGE    67

..........................................................


THE ASHEVILLE NC CLIMATE NORMALS FOR TODAY
                         NORMAL    RECORD    YEAR
 MAXIMUM TEMPERATURE (F)   76        93      1941
 MINIMUM TEMPERATURE (F)   53        37      2002
                                             1954


SUNRISE AND SUNSET
MAY 22 2015...........SUNRISE   621 AM EDT   SUNSET   833 PM EDT
MAY 23 2015...........SUNRISE   620 AM EDT   SUNSET   834 PM EDT


-  INDICATES NEGATIVE NUMBERS.
R  INDICATES RECORD WAS SET OR TIED.
MM INDICATES DATA IS MISSING.
T  INDICATES TRACE AMOUNT.




$$
