000
CDUS42 KGSP 232132
CLIAVL

CLIMATE REPORT
NATIONAL WEATHER SERVICE GREENVILLE-SPARTANBURG SC
431 PM EST THU NOV 23 2017


...................................

...THE ASHEVILLE NC CLIMATE SUMMARY FOR NOVEMBER 23 2017...
VALID TODAY AS OF 0430 PM LOCAL TIME.

CLIMATE NORMAL PERIOD 1981 TO 2010
CLIMATE RECORD PERIOD 1869 TO 2017


WEATHER ITEM   OBSERVED TIME   RECORD YEAR NORMAL DEPARTURE LAST
                VALUE   (LST)  VALUE       VALUE  FROM      YEAR
                                                  NORMAL
..................................................................
TEMPERATURE (F)
 TODAY
  MAXIMUM         56    320 PM  75    1973  56      0       60
  MINIMUM         28    746 AM  13    1937  34     -6       34
  AVERAGE         42                        45     -3       47

PRECIPITATION (IN)
  TODAY            0.00          2.63 1961   0.14  -0.14      T
  MONTH TO DATE    1.59                      2.70  -1.11      T
  SINCE SEP 1     15.02                      9.42   5.60     1.10
  SINCE JAN 1     51.63                     41.03  10.60    29.55

SNOWFALL (IN)
  TODAY            0.0           5.0  1975   0.0    0.0      0.0
  MONTH TO DATE    0.0                       0.1   -0.1      0.0
  SINCE SEP 1      T                         0.1   -0.1      0.0
  SINCE JUL 1      T                         0.1   -0.1      0.0
  SNOW DEPTH       0

DEGREE DAYS
 HEATING
  TODAY           23                        20      3       18
  MONTH TO DATE  317                       383    -66      320
  SINCE SEP 1    586                       716   -130      466
  SINCE JUL 1    586                       718   -132      466

 COOLING
  TODAY            0                         0      0        0
  MONTH TO DATE    0                         0      0        2
  SINCE SEP 1    176                       105     71      234
  SINCE JAN 1   1042                       862    180     1317
..................................................................


WIND (MPH)
  HIGHEST WIND SPEED     9   HIGHEST WIND DIRECTION     S (180)
  HIGHEST GUST SPEED    13   HIGHEST GUST DIRECTION     S (170)
  AVERAGE WIND SPEED     2.1


SKY COVER
  POSSIBLE SUNSHINE  MM
  AVERAGE SKY COVER 0.0


WEATHER CONDITIONS
 THE FOLLOWING WEATHER WAS RECORDED TODAY.
  NO SIGNIFICANT WEATHER WAS OBSERVED.


RELATIVE HUMIDITY (PERCENT)
 HIGHEST    92           400 AM
 LOWEST     35           300 PM
 AVERAGE    64

..........................................................


THE ASHEVILLE NC CLIMATE NORMALS FOR TOMORROW
                         NORMAL    RECORD    YEAR
 MAXIMUM TEMPERATURE (F)   56        74      1973
 MINIMUM TEMPERATURE (F)   34         8      1950


SUNRISE AND SUNSET
NOVEMBER 23 2017......SUNRISE   714 AM EST   SUNSET   520 PM EST
NOVEMBER 24 2017......SUNRISE   715 AM EST   SUNSET   519 PM EST


-  INDICATES NEGATIVE NUMBERS.
R  INDICATES RECORD WAS SET OR TIED.
MM INDICATES DATA IS MISSING.
T  INDICATES TRACE AMOUNT.




$$

LEC
