000
CDUS42 KGSP 310637
CLIAVL

CLIMATE REPORT
NATIONAL WEATHER SERVICE GREENVILLE-SPARTANBURG SC
234 AM EDT THU JUL 31 2014

...................................

...THE ASHEVILLE NC CLIMATE SUMMARY FOR JULY 30 2014...

CLIMATE NORMAL PERIOD 1981 TO 2010
CLIMATE RECORD PERIOD 1869 TO 2014


WEATHER ITEM   OBSERVED TIME   RECORD YEAR NORMAL DEPARTURE LAST
                VALUE   (LST)  VALUE       VALUE  FROM      YEAR
                                                  NORMAL
..................................................................
TEMPERATURE (F)
 YESTERDAY
  MAXIMUM         77    350 PM  93    1954  84     -7       79
  MINIMUM         54R   510 AM  54    1897  64    -10       58
                                      1895
  AVERAGE         66                        74     -8       69

PRECIPITATION (IN)
  YESTERDAY        0.00          1.70 1936   0.14  -0.14      T
  MONTH TO DATE    4.75                      4.17   0.58    13.44
  SINCE JUN 1     10.14                      8.82   1.32    22.41
  SINCE JAN 1     26.65                     27.07  -0.42    51.53

SNOWFALL (IN)
  YESTERDAY        0.0           0.0    MM   0.0             0.0
  MONTH TO DATE    0.0                       0.0             0.0
  SINCE JUN 1      0.0                       0.0             0.0
  SINCE JUL 1      0.0                       0.0             0.0
  SNOW DEPTH       0

DEGREE DAYS
 HEATING
  YESTERDAY        0                         0      0        0
  MONTH TO DATE    1                         0      1        0
  SINCE JUN 1      1                        14    -13        0
  SINCE JUL 1      1                         0      1        0

 COOLING
  YESTERDAY        1                         9     -8        4
  MONTH TO DATE  208                       266    -58      264
  SINCE JUN 1    434                       443     -9      466
  SINCE JAN 1    515                       501     14      517
..................................................................


WIND (MPH)
  HIGHEST WIND SPEED    12   HIGHEST WIND DIRECTION     N (350)
  HIGHEST GUST SPEED    17   HIGHEST GUST DIRECTION     N (360)
  AVERAGE WIND SPEED     5.9


SKY COVER
  POSSIBLE SUNSHINE  MM
  AVERAGE SKY COVER 0.3


WEATHER CONDITIONS
 THE FOLLOWING WEATHER WAS RECORDED YESTERDAY.
  NO SIGNIFICANT WEATHER WAS OBSERVED.


RELATIVE HUMIDITY (PERCENT)
 HIGHEST    83           400 AM
 LOWEST     43           300 PM
 AVERAGE    63

..........................................................


THE ASHEVILLE NC CLIMATE NORMALS FOR TODAY
                         NORMAL    RECORD    YEAR
 MAXIMUM TEMPERATURE (F)   84        95      1999
 MINIMUM TEMPERATURE (F)   64        53      1986
                                             1914


SUNRISE AND SUNSET
JULY 31 2014..........SUNRISE   638 AM EDT   SUNSET   835 PM EDT
AUGUST  1 2014........SUNRISE   639 AM EDT   SUNSET   834 PM EDT


-  INDICATES NEGATIVE NUMBERS.
R  INDICATES RECORD WAS SET OR TIED.
MM INDICATES DATA IS MISSING.
T  INDICATES TRACE AMOUNT.

$$
