000
CDUS42 KGSP 220627
CLIAVL

CLIMATE REPORT
NATIONAL WEATHER SERVICE GREENVILLE-SPARTANBURG SC
226 AM EDT TUE JUL 22 2014


...................................

...THE ASHEVILLE NC CLIMATE SUMMARY FOR JULY 21 2014...

CLIMATE NORMAL PERIOD 1981 TO 2010
CLIMATE RECORD PERIOD 1869 TO 2014


WEATHER ITEM   OBSERVED TIME   RECORD YEAR NORMAL DEPARTURE LAST
                VALUE   (LST)  VALUE       VALUE  FROM      YEAR
                                                  NORMAL
..................................................................
TEMPERATURE (F)
 YESTERDAY
  MAXIMUM         76   1131 AM  96    1926  84     -8       83
  MINIMUM         66    544 AM  50    1929  64      2       68
  AVERAGE         71                        74     -3       76

PRECIPITATION (IN)
  YESTERDAY        0.37          2.95 2003   0.14   0.23     0.37
  MONTH TO DATE    3.45                      2.93   0.52    10.91
  SINCE JUN 1      8.84                      7.58   1.26    19.88
  SINCE JAN 1     25.35                     25.83  -0.48    49.00

SNOWFALL (IN)
  YESTERDAY        0.0           0.0    MM   0.0             0.0
  MONTH TO DATE    0.0                       0.0             0.0
  SINCE JUN 1      0.0                       0.0             0.0
  SINCE JUL 1      0.0                       0.0             0.0
  SNOW DEPTH       0

DEGREE DAYS
 HEATING
  YESTERDAY        0                         0      0        0
  MONTH TO DATE    1                         0      1        0
  SINCE JUN 1      1                        14    -13        0
  SINCE JUL 1      1                         0      1        0

 COOLING
  YESTERDAY        6                         9     -3       11
  MONTH TO DATE  140                       185    -45      190
  SINCE JUN 1    366                       362      4      392
  SINCE JAN 1    447                       420     27      443
..................................................................


WIND (MPH)
  HIGHEST WIND SPEED    14   HIGHEST WIND DIRECTION    SW (210)
  HIGHEST GUST SPEED    17   HIGHEST GUST DIRECTION    SW (210)
  AVERAGE WIND SPEED     1.8


SKY COVER
  POSSIBLE SUNSHINE  MM
  AVERAGE SKY COVER 0.7


WEATHER CONDITIONS
 THE FOLLOWING WEATHER WAS RECORDED YESTERDAY.
  THUNDERSTORM
  HEAVY RAIN
  RAIN
  LIGHT RAIN
  FOG


RELATIVE HUMIDITY (PERCENT)
 HIGHEST    93           100 AM
 LOWEST     79          1100 AM
 AVERAGE    86

..........................................................


THE ASHEVILLE NC CLIMATE NORMALS FOR TODAY
                         NORMAL    RECORD    YEAR
 MAXIMUM TEMPERATURE (F)   84        96      1926
 MINIMUM TEMPERATURE (F)   64        52      1966


SUNRISE AND SUNSET
JULY 22 2014..........SUNRISE   631 AM EDT   SUNSET   842 PM EDT
JULY 23 2014..........SUNRISE   632 AM EDT   SUNSET   841 PM EDT


-  INDICATES NEGATIVE NUMBERS.
R  INDICATES RECORD WAS SET OR TIED.
MM INDICATES DATA IS MISSING.
T  INDICATES TRACE AMOUNT.




$$
