000
CDUS42 KGSP 290636
CLIAVL

CLIMATE REPORT
NATIONAL WEATHER SERVICE GREENVILLE-SPARTANBURG SC
235 AM EDT SUN MAY 29 2016


...................................

...THE ASHEVILLE NC CLIMATE SUMMARY FOR MAY 28 2016...

CLIMATE NORMAL PERIOD 1981 TO 2010
CLIMATE RECORD PERIOD 1869 TO 2016


WEATHER ITEM   OBSERVED TIME   RECORD YEAR NORMAL DEPARTURE LAST
                VALUE   (LST)  VALUE       VALUE  FROM      YEAR
                                                  NORMAL
..................................................................
TEMPERATURE (F)
 YESTERDAY
  MAXIMUM         81    300 PM  91    1941  77      4       79
                                      1914
  MINIMUM         56    537 AM  35    1961  55      1       63
  AVERAGE         69                        66      3       71

PRECIPITATION (IN)
  YESTERDAY        0.00          2.78 1976   0.13  -0.13     0.01
  MONTH TO DATE    1.83                      3.28  -1.45     1.34
  SINCE MAR 1      5.89                     10.44  -4.55     8.40
  SINCE JAN 1     14.87                     17.87  -3.00    14.24

SNOWFALL (IN)
  YESTERDAY        0.0           0.0    MM   0.0             0.0
  MONTH TO DATE    0.0                       0.0             0.0
  SINCE MAR 1      T                         2.6              T
  SINCE JUL 1     13.9                       9.9            13.3
  SNOW DEPTH       0

DEGREE DAYS
 HEATING
  YESTERDAY        0                         2     -2        0
  MONTH TO DATE   93                       105    -12       43
  SINCE MAR 1    709                       960   -251      674
  SINCE JUL 1   3456                      4177   -721     3983

 COOLING
  YESTERDAY        4                         3      1        6
  MONTH TO DATE   40                        44     -4       87
  SINCE MAR 1     56                        52      4      106
  SINCE JAN 1     56                        52      4      106
..................................................................


WIND (MPH)
  HIGHEST WIND SPEED    14   HIGHEST WIND DIRECTION     S (170)
  HIGHEST GUST SPEED    21   HIGHEST GUST DIRECTION     N (340)
  AVERAGE WIND SPEED     2.7


SKY COVER
  POSSIBLE SUNSHINE  MM
  AVERAGE SKY COVER 0.2


WEATHER CONDITIONS
 THE FOLLOWING WEATHER WAS RECORDED YESTERDAY.
  FOG
  FOG W/VISIBILITY <= 1/4 MILE


RELATIVE HUMIDITY (PERCENT)
 HIGHEST   100           400 AM
 LOWEST     32           200 PM
 AVERAGE    66

..........................................................


THE ASHEVILLE NC CLIMATE NORMALS FOR TODAY
                         NORMAL    RECORD    YEAR
 MAXIMUM TEMPERATURE (F)   78        92      1941
 MINIMUM TEMPERATURE (F)   55        40      1894


SUNRISE AND SUNSET
MAY 29 2016...........SUNRISE   617 AM EDT   SUNSET   838 PM EDT
MAY 30 2016...........SUNRISE   617 AM EDT   SUNSET   839 PM EDT


-  INDICATES NEGATIVE NUMBERS.
R  INDICATES RECORD WAS SET OR TIED.
MM INDICATES DATA IS MISSING.
T  INDICATES TRACE AMOUNT.

$$
