000
CDUS42 KGSP 250822
CLIAVL

CLIMATE REPORT
NATIONAL WEATHER SERVICE GREENVILLE-SPARTANBURG SC
322 AM EST SUN JAN 25 2015


...................................

...THE ASHEVILLE NC CLIMATE SUMMARY FOR JANUARY 24 2015...

CLIMATE NORMAL PERIOD 1981 TO 2010
CLIMATE RECORD PERIOD 1869 TO 2015


WEATHER ITEM   OBSERVED TIME   RECORD YEAR NORMAL DEPARTURE LAST
                VALUE   (LST)  VALUE       VALUE  FROM      YEAR
                                                  NORMAL
..................................................................
TEMPERATURE (F)
 YESTERDAY
  MAXIMUM         40    643 AM  74    1949  48     -8       28
  MINIMUM         31    958 PM  -7    1963  27      4        2
  AVERAGE         36                        37     -1       15

PRECIPITATION (IN)
  YESTERDAY        0.05          3.35 2010   0.12  -0.07     0.00
  MONTH TO DATE    3.04                      2.83   0.21     2.19
  SINCE DEC 1      5.44                      6.42  -0.98     9.86
  SINCE JAN 1      3.04                      2.83   0.21     2.19

SNOWFALL (IN)
  YESTERDAY        T             3.3  1948   0.1             0.0
  MONTH TO DATE    T                         3.2             0.2
  SINCE DEC 1      T                         4.1             0.2
  SINCE JUL 1      3.2                       4.2             0.4
  SNOW DEPTH       0

DEGREE DAYS
 HEATING
  YESTERDAY       29                        28      1       50
  MONTH TO DATE  657                       672    -15      796
  SINCE DEC 1   1296                      1466   -170     1493
  SINCE JUL 1   2211                      2333   -122     2376

 COOLING
  YESTERDAY        0                         0      0        0
  MONTH TO DATE    0                         0      0        0
  SINCE DEC 1      0                         0      0        0
  SINCE JAN 1      0                         0      0        0
..................................................................


WIND (MPH)
  HIGHEST WIND SPEED    23   HIGHEST WIND DIRECTION     N (340)
  HIGHEST GUST SPEED    31   HIGHEST GUST DIRECTION     N (340)
  AVERAGE WIND SPEED    11.2


SKY COVER
  POSSIBLE SUNSHINE  MM
  AVERAGE SKY COVER 0.5


WEATHER CONDITIONS
 THE FOLLOWING WEATHER WAS RECORDED YESTERDAY.
  LIGHT RAIN
  FOG


RELATIVE HUMIDITY (PERCENT)
 HIGHEST    92          1200 AM
 LOWEST     54           300 PM
 AVERAGE    73

..........................................................


THE ASHEVILLE NC CLIMATE NORMALS FOR TODAY
                         NORMAL    RECORD    YEAR
 MAXIMUM TEMPERATURE (F)   48        74      1943
 MINIMUM TEMPERATURE (F)   27        -1      1905


SUNRISE AND SUNSET
JANUARY 25 2015.......SUNRISE   735 AM EST   SUNSET   551 PM EST
JANUARY 26 2015.......SUNRISE   734 AM EST   SUNSET   552 PM EST


-  INDICATES NEGATIVE NUMBERS.
R  INDICATES RECORD WAS SET OR TIED.
MM INDICATES DATA IS MISSING.
T  INDICATES TRACE AMOUNT.

$$
07
