000
CDUS42 KGSP 310637 RRB
CLIAVL

CLIMATE REPORT
NATIONAL WEATHER SERVICE GREENVILLE-SPARTANBURG SC
235 AM EDT MON AUG 31 2015


...................................

...THE ASHEVILLE NC CLIMATE SUMMARY FOR AUGUST 30 2015...

CLIMATE NORMAL PERIOD 1981 TO 2010
CLIMATE RECORD PERIOD 1869 TO 2015


WEATHER ITEM   OBSERVED TIME   RECORD YEAR NORMAL DEPARTURE LAST
                VALUE   (LST)  VALUE       VALUE  FROM      YEAR
                                                  NORMAL
..................................................................
TEMPERATURE (F)
 YESTERDAY
  MAXIMUM         77    130 PM  96    1932  81     -4       84
  MINIMUM         64   1159 PM  43    1968  61      3       65
  AVERAGE         71                        71      0       75

PRECIPITATION (IN)
  YESTERDAY        0.07          2.56 1910   0.14  -0.07     0.01
  MONTH TO DATE    2.76                      4.26  -1.50     3.17
  SINCE JUN 1     11.84                     13.22  -1.38    13.49
  SINCE JAN 1     26.09                     31.47  -5.38    30.00

SNOWFALL (IN)
  YESTERDAY        0.0           0.0    MM   0.0             0.0
  MONTH TO DATE    0.0                       0.0             0.0
  SINCE JUN 1      0.0                       0.0             0.0
  SINCE JUL 1      0.0                       0.0             0.0
  SNOW DEPTH       0

DEGREE DAYS
 HEATING
  YESTERDAY        0                         0      0        0
  MONTH TO DATE    0                         0      0        0
  SINCE JUN 1      0                        14    -14        2
  SINCE JUL 1      0                         0      0        2

 COOLING
  YESTERDAY        6                         6      0       10
  MONTH TO DATE  271                       242     29      225
  SINCE JUN 1    874                       694    180      659
  SINCE JAN 1    996                       752    244      740
..................................................................


WIND (MPH)
  HIGHEST WIND SPEED    10   HIGHEST WIND DIRECTION     S (160)
  HIGHEST GUST SPEED    13   HIGHEST GUST DIRECTION     S (170)
  AVERAGE WIND SPEED     1.9


SKY COVER
  POSSIBLE SUNSHINE  MM
  AVERAGE SKY COVER 0.7


WEATHER CONDITIONS
 THE FOLLOWING WEATHER WAS RECORDED YESTERDAY.
  LIGHT RAIN
  FOG


RELATIVE HUMIDITY (PERCENT)
 HIGHEST    93          1000 PM
 LOWEST     50           300 PM
 AVERAGE    72

..........................................................


THE ASHEVILLE NC CLIMATE NORMALS FOR TODAY
                         NORMAL    RECORD    YEAR
 MAXIMUM TEMPERATURE (F)   81        93      1953
                                             1951
 MINIMUM TEMPERATURE (F)   61        45      1946


SUNRISE AND SUNSET
AUGUST 31 2015........SUNRISE   702 AM EDT   SUNSET   759 PM EDT
SEPTEMBER  1 2015.....SUNRISE   702 AM EDT   SUNSET   758 PM EDT


-  INDICATES NEGATIVE NUMBERS.
R  INDICATES RECORD WAS SET OR TIED.
MM INDICATES DATA IS MISSING.
T  INDICATES TRACE AMOUNT.




$$
