000
CDUS41 KBGM 300732
CLIAVP


CLIMATE REPORT
NATIONAL WEATHER SERVICE BINGHAMTON NY
331 AM EDT THU JUL 30 2015


...................................

...THE AVOCA PA CLIMATE SUMMARY FOR JULY 29 2015...

CLIMATE NORMAL PERIOD 1981 TO 2010
CLIMATE RECORD PERIOD 1901 TO 2015


WEATHER ITEM   OBSERVED TIME   RECORD YEAR NORMAL DEPARTURE LAST
                VALUE   (LST)  VALUE       VALUE  FROM      YEAR
                                                  NORMAL
..................................................................
TEMPERATURE (F)
 YESTERDAY
  MAXIMUM         92    249 PM  96    1949  82     10       71
                                      1940
  MINIMUM         66    544 AM  51    1989  61      5       55
  AVERAGE         79                        71      8       63

PRECIPITATION (IN)
  YESTERDAY        0.00          2.04 1901   0.13  -0.13      T
  MONTH TO DATE    2.17                      3.52  -1.35     2.48
  SINCE JUN 1      8.69                      7.55   1.14     4.64
  SINCE JAN 1     18.25                     21.35  -3.10    17.35

SNOWFALL (IN)
  YESTERDAY        0.0           0.0  1995   0.0    0.0      0.0
  MONTH TO DATE    0.0                       0.0    0.0      0.0
  SINCE JUN 1      0.0                       0.0    0.0      0.0
  SINCE JUL 1      0.0                       0.0    0.0      0.0

DEGREE DAYS
 HEATING
  YESTERDAY        0                         0      0        2
  MONTH TO DATE    0                         0      0        2
  SINCE JUN 1     24                        54    -30       13
  SINCE JUL 1      0                         0      0        2

 COOLING
  YESTERDAY       14                         7      7        0
  MONTH TO DATE  231                       198     33      230
  SINCE JUN 1    386                       315     71      389
  SINCE JAN 1    534                       352    182      430
..................................................................


WIND (MPH)
  HIGHEST WIND SPEED    13   HIGHEST WIND DIRECTION    SW (230)
  HIGHEST GUST SPEED    19   HIGHEST GUST DIRECTION     W (250)
  AVERAGE WIND SPEED     4.3


SKY COVER
  AVERAGE SKY COVER 0.0



RELATIVE HUMIDITY (PERCENT)
 HIGHEST    87           400 AM
 LOWEST     38           300 PM
 AVERAGE    63

..........................................................


THE AVOCA PA CLIMATE NORMALS FOR TODAY
                         NORMAL    RECORD    YEAR
 MAXIMUM TEMPERATURE (F)   82        94      1933
 MINIMUM TEMPERATURE (F)   61        47      1997
                                             1956


SUNRISE AND SUNSET
JULY 30 2015..........SUNRISE   556 AM EDT   SUNSET   822 PM EDT
JULY 31 2015..........SUNRISE   557 AM EDT   SUNSET   821 PM EDT


-  INDICATES NEGATIVE NUMBERS.
R  INDICATES RECORD WAS SET OR TIED.
MM INDICATES DATA IS MISSING.
T  INDICATES TRACE AMOUNT.

$$
