000
CDUS41 KBGM 230552
CLIAVP


CLIMATE REPORT
NATIONAL WEATHER SERVICE BINGHAMTON NY
1249 AM EST TUE JAN 23 2018


...................................

...THE AVOCA PA CLIMATE SUMMARY FOR JANUARY 22 2018...

CLIMATE NORMAL PERIOD 1981 TO 2010
CLIMATE RECORD PERIOD 1901 TO 2018


WEATHER ITEM   OBSERVED TIME   RECORD YEAR NORMAL DEPARTURE LAST
                VALUE   (LST)  VALUE       VALUE  FROM      YEAR
                                                  NORMAL
..................................................................
TEMPERATURE (F)
 YESTERDAY
  MAXIMUM         50   1001 PM  66    1906  33     17       56
  MINIMUM         35    533 AM -11    1984  18     17       40
  AVERAGE         43                        26     17       48

PRECIPITATION (IN)
  YESTERDAY        0.02          0.90 1904   0.08  -0.06     0.00
  MONTH TO DATE    1.83                      1.65   0.18     2.12
  SINCE DEC 1      3.51                      4.33  -0.82     4.18
  SINCE JAN 1      1.83                      1.65   0.18     2.12

SNOWFALL (IN)
  YESTERDAY       MM             9.3  1987   0.4   MM        0.0
  MONTH TO DATE   10.4                      10.3    0.1      1.9
  SINCE DEC 1     17.5                      17.7   -0.2      8.8
  SINCE JUL 1     17.6                      20.7   -3.1     14.5

DEGREE DAYS
 HEATING
  YESTERDAY       22                        39    -17       17
  MONTH TO DATE  925                       857     68      715
  SINCE DEC 1   2036                      1922    114     1709
  SINCE JUL 1   3076                      3235   -159     2727

 COOLING
  YESTERDAY        0                         0      0        0
  MONTH TO DATE    0                         0      0        0
  SINCE DEC 1      0                         0      0        0
  SINCE JAN 1      0                         0      0        0
..................................................................


WIND (MPH)
  HIGHEST WIND SPEED    12   HIGHEST WIND DIRECTION    NE (50)
  HIGHEST GUST SPEED    16   HIGHEST GUST DIRECTION     N (20)
  AVERAGE WIND SPEED     3.6


SKY COVER
  AVERAGE SKY COVER 0.8



RELATIVE HUMIDITY (PERCENT)
 HIGHEST   100          1200 AM
 LOWEST     66          1000 PM
 AVERAGE    83

..........................................................


THE AVOCA PA CLIMATE NORMALS FOR TODAY
                         NORMAL    RECORD    YEAR
 MAXIMUM TEMPERATURE (F)   33        68      1906
 MINIMUM TEMPERATURE (F)   18        -8      1936


SUNRISE AND SUNSET
JANUARY 23 2018.......SUNRISE   722 AM EST   SUNSET   508 PM EST
JANUARY 24 2018.......SUNRISE   721 AM EST   SUNSET   509 PM EST


-  INDICATES NEGATIVE NUMBERS.
R  INDICATES RECORD WAS SET OR TIED.
MM INDICATES DATA IS MISSING.
T  INDICATES TRACE AMOUNT.

$$
