000
CDUS41 KBGM 270556
CLIAVP


CLIMATE REPORT
NATIONAL WEATHER SERVICE BINGHAMTON NY
1256 AM EST MON FEB 27 2017


...................................

...THE AVOCA PA CLIMATE SUMMARY FOR FEBRUARY 26 2017...

CLIMATE NORMAL PERIOD 1981 TO 2010
CLIMATE RECORD PERIOD 1901 TO 2017


WEATHER ITEM   OBSERVED TIME   RECORD YEAR NORMAL DEPARTURE LAST
                VALUE   (LST)  VALUE       VALUE  FROM      YEAR
                                                  NORMAL
..................................................................
TEMPERATURE (F)
 YESTERDAY
  MAXIMUM         37    429 PM  66    1976  40     -3       31
  MINIMUM         30   1159 PM   1    1970  23      7       24
  AVERAGE         34                        31      3       28

PRECIPITATION (IN)
  YESTERDAY        T             1.24 1908   0.07  -0.07      T
  MONTH TO DATE    2.98                      1.89   1.09     4.01
  SINCE DEC 1      8.29                      6.94   1.35     8.35
  SINCE JAN 1      6.23                      4.26   1.97     5.80

SNOWFALL (IN)
  YESTERDAY        T             4.0  2010   0.3   -0.3       T
  MONTH TO DATE    8.2                       8.6   -0.4      6.7
  SINCE DEC 1     19.0                      30.2  -11.2     12.0
  SINCE JUL 1     24.7                      33.2   -8.5     12.0

DEGREE DAYS
 HEATING
  YESTERDAY       31                        34     -3       37
  MONTH TO DATE  715                       948   -233      828
  SINCE DEC 1   2696                      3226   -530     2591
  SINCE JUL 1   3714                      4539   -825     3499

 COOLING
  YESTERDAY        0                         0      0        0
  MONTH TO DATE    0                         0      0        0
  SINCE DEC 1      0                         0      0        0
  SINCE JAN 1      0                         0      0        0
..................................................................


WIND (MPH)
  HIGHEST WIND SPEED    21   HIGHEST WIND DIRECTION     W (290)
  HIGHEST GUST SPEED    28   HIGHEST GUST DIRECTION    NW (320)
  AVERAGE WIND SPEED    12.2


SKY COVER
  AVERAGE SKY COVER 0.8



RELATIVE HUMIDITY (PERCENT)
 HIGHEST    92          1200 AM
 LOWEST     44           100 PM
 AVERAGE    68

..........................................................


THE AVOCA PA CLIMATE NORMALS FOR TODAY
                         NORMAL    RECORD    YEAR
 MAXIMUM TEMPERATURE (F)   40        70      1997
 MINIMUM TEMPERATURE (F)   23        -2      1963


SUNRISE AND SUNSET
FEBRUARY 27 2017......SUNRISE   640 AM EST   SUNSET   552 PM EST
FEBRUARY 28 2017......SUNRISE   639 AM EST   SUNSET   553 PM EST


-  INDICATES NEGATIVE NUMBERS.
R  INDICATES RECORD WAS SET OR TIED.
MM INDICATES DATA IS MISSING.
T  INDICATES TRACE AMOUNT.




$$
