640
CDUS43 KGRR 250520
CLIAZO


CLIMATE REPORT
NATIONAL WEATHER SERVICE GRAND RAPIDS, MI
120 AM EDT SAT MAR 25 2017


...................................

...THE KALAMAZOO MI CLIMATE SUMMARY FOR MARCH 24 2017...

CLIMATE NORMAL PERIOD 1981 TO 2010
CLIMATE RECORD PERIOD 1998 TO 2017


WEATHER ITEM   OBSERVED TIME   NORMAL DEPARTURE LAST
                VALUE   (LST)  VALUE  FROM      YEAR
                                      NORMAL
......................................................
TEMPERATURE (F)
 YESTERDAY
  MAXIMUM         79    335 PM  49     30       57
  MINIMUM         42    141 AM  30     12       32
  AVERAGE         61            40     21       45

PRECIPITATION (IN)
  YESTERDAY        0.61          0.08   0.53     0.51
  MONTH TO DATE    2.04          1.72   0.32     1.75
  SINCE MAR 1      2.04          1.72   0.32     1.75
  SINCE JAN 1      6.76          4.96   1.80     3.31

DEGREE DAYS
 HEATING
  YESTERDAY        4            25    -21       20
  MONTH TO DATE  742           719     23      562
  SINCE MAR 1    742           719     23      562
  SINCE JUL 1   4638          5492   -854     4610

 COOLING
  YESTERDAY        0             0      0        0
  MONTH TO DATE    0             0      0        0
  SINCE MAR 1      0             0      0        0
  SINCE JAN 1      0             0      0        0
......................................................


WIND (MPH)
  RESULTANT WIND SPEED  12   RESULTANT WIND DIRECTION  SW (220)
  HIGHEST WIND SPEED    26   HIGHEST WIND DIRECTION    SW (220)
  HIGHEST GUST SPEED    35   HIGHEST GUST DIRECTION    SW (220)
  AVERAGE WIND SPEED    13.2


SKY COVER
  AVERAGE SKY COVER 0.3


WEATHER CONDITIONS
 THE FOLLOWING WEATHER WAS RECORDED YESTERDAY.
  THUNDERSTORM
  HEAVY RAIN
  RAIN
  LIGHT RAIN
  FOG


RELATIVE HUMIDITY (PERCENT)
 HIGHEST    76           100 AM
 LOWEST     28           300 PM
 AVERAGE    52

..........................................................


THE KALAMAZOO MI CLIMATE NORMALS FOR TODAY
                         NORMAL
 MAXIMUM TEMPERATURE (F)   50
 MINIMUM TEMPERATURE (F)   31


SUNRISE AND SUNSET
MARCH 25 2017.........SUNRISE   736 AM EDT   SUNSET   800 PM EDT
MARCH 26 2017.........SUNRISE   735 AM EDT   SUNSET   802 PM EDT


-  INDICATES NEGATIVE NUMBERS.
R  INDICATES RECORD WAS SET OR TIED.
MM INDICATES DATA IS MISSING.
T  INDICATES TRACE AMOUNT.




$$
