000
CDUS43 KGRR 180532
CLIAZO


CLIMATE REPORT
NATIONAL WEATHER SERVICE GRAND RAPIDS, MI
1232 AM EST SAT NOV 18 2017


...................................

...THE KALAMAZOO MI CLIMATE SUMMARY FOR NOVEMBER 17 2017...

CLIMATE NORMAL PERIOD 1981 TO 2010
CLIMATE RECORD PERIOD 1998 TO 2017


WEATHER ITEM   OBSERVED TIME   NORMAL DEPARTURE LAST
                VALUE   (LST)  VALUE  FROM      YEAR
                                      NORMAL
......................................................
TEMPERATURE (F)
 YESTERDAY
  MAXIMUM         45    821 PM  47     -2       69
  MINIMUM         36    929 AM  33      3       36
  AVERAGE         41            40      1       53

PRECIPITATION (IN)
  YESTERDAY        0.59          0.09   0.50     0.00
  MONTH TO DATE    2.62          1.83   0.79     0.38
  SINCE SEP 1     16.84          8.98   7.86     7.07
  SINCE JAN 1     37.87         32.57   5.30    34.78

DEGREE DAYS
 HEATING
  YESTERDAY       24            25     -1       12
  MONTH TO DATE  439           371     68      256
  SINCE SEP 1    819           947   -128      577
  SINCE JUL 1    837           963   -126      578

 COOLING
  YESTERDAY        0             0      0        0
  MONTH TO DATE    0             0      0        0
  SINCE SEP 1    152            64     88      118
  SINCE JAN 1    768           675     93      912
......................................................


WIND (MPH)
  RESULTANT WIND SPEED   8   RESULTANT WIND DIRECTION   S (160)
  HIGHEST WIND SPEED    20   HIGHEST WIND DIRECTION     S (190)
  HIGHEST GUST SPEED    27   HIGHEST GUST DIRECTION     S (200)
  AVERAGE WIND SPEED     9.9


SKY COVER
  AVERAGE SKY COVER 0.8


WEATHER CONDITIONS
 THE FOLLOWING WEATHER WAS RECORDED YESTERDAY.
  THUNDERSTORM
  HEAVY RAIN
  RAIN
  LIGHT RAIN
  FOG


RELATIVE HUMIDITY (PERCENT)
 HIGHEST    75           200 AM
 LOWEST     58           400 PM
 AVERAGE    67

..........................................................


THE KALAMAZOO MI CLIMATE NORMALS FOR TODAY
                         NORMAL
 MAXIMUM TEMPERATURE (F)   47
 MINIMUM TEMPERATURE (F)   33


SUNRISE AND SUNSET
NOVEMBER 18 2017......SUNRISE   737 AM EST   SUNSET   518 PM EST
NOVEMBER 19 2017......SUNRISE   738 AM EST   SUNSET   517 PM EST


-  INDICATES NEGATIVE NUMBERS.
R  INDICATES RECORD WAS SET OR TIED.
MM INDICATES DATA IS MISSING.
T  INDICATES TRACE AMOUNT.




$$
