604
CDUS43 KGRR 102227
CLIAZO


CLIMATE REPORT
NATIONAL WEATHER SERVICE GRAND RAPIDS, MI
526 PM EST SAT DEC 10 2016


...................................

...THE KALAMAZOO MI CLIMATE SUMMARY FOR DECEMBER 10 2016...
VALID TODAY AS OF 0500 PM LOCAL TIME.

CLIMATE NORMAL PERIOD 1981 TO 2010
CLIMATE RECORD PERIOD 1998 TO 2016


WEATHER ITEM   OBSERVED TIME   NORMAL DEPARTURE LAST
                VALUE   (LST)  VALUE  FROM      YEAR
                                      NORMAL
......................................................
TEMPERATURE (F)
 TODAY
  MAXIMUM         24    342 PM  36    -12       57
  MINIMUM         20    933 AM  24     -4       35
  AVERAGE         22            30     -8       46

PRECIPITATION (IN)
  TODAY            0.01          0.07  -0.06     0.00
  MONTH TO DATE    0.64          0.78  -0.14     0.10
  SINCE DEC 1      0.64          0.78  -0.14     0.10
  SINCE JAN 1     37.12         34.54   2.58    29.00

DEGREE DAYS
 HEATING
  TODAY           43            35      8       19
  MONTH TO DATE  328           330     -2      260
  SINCE DEC 1    328           330     -2      260
  SINCE JUL 1   1228          1657   -429     1325

 COOLING
  TODAY            0             0      0        0
  MONTH TO DATE    0             0      0        0
  SINCE DEC 1      0             0      0        0
  SINCE JAN 1    912           675    237      657
......................................................


WIND (MPH)
  RESULTANT WIND SPEED   9   RESULTANT WIND DIRECTION  SW (220)
  HIGHEST WIND SPEED    16   HIGHEST WIND DIRECTION    SW (230)
  HIGHEST GUST SPEED    20   HIGHEST GUST DIRECTION    SW (240)
  AVERAGE WIND SPEED     9.6


SKY COVER
  AVERAGE SKY COVER 1.0


WEATHER CONDITIONS
 THE FOLLOWING WEATHER WAS RECORDED TODAY.
  SNOW
  LIGHT SNOW
  FOG


RELATIVE HUMIDITY (PERCENT)
 HIGHEST    84          1200 AM
 LOWEST     74           300 PM
 AVERAGE    79

..........................................................


THE KALAMAZOO MI CLIMATE NORMALS FOR TOMORROW
                         NORMAL
 MAXIMUM TEMPERATURE (F)   36
 MINIMUM TEMPERATURE (F)   24


SUNRISE AND SUNSET
DECEMBER 10 2016......SUNRISE   800 AM EST   SUNSET   510 PM EST
DECEMBER 11 2016......SUNRISE   801 AM EST   SUNSET   510 PM EST


-  INDICATES NEGATIVE NUMBERS.
R  INDICATES RECORD WAS SET OR TIED.
MM INDICATES DATA IS MISSING.
T  INDICATES TRACE AMOUNT.




$$
