000
CDUS43 KGRR 230524
CLIAZO


CLIMATE REPORT
NATIONAL WEATHER SERVICE GRAND RAPIDS, MI
124 AM EDT SAT AUG 23 2014


...................................

...THE KALAMAZOO MI CLIMATE SUMMARY FOR AUGUST 22 2014...

CLIMATE NORMAL PERIOD 1981 TO 2010
CLIMATE RECORD PERIOD 1998 TO 2014


WEATHER ITEM   OBSERVED TIME   NORMAL DEPARTURE LAST
                VALUE   (LST)  VALUE  FROM      YEAR
                                      NORMAL
......................................................
TEMPERATURE (F)
 YESTERDAY
  MAXIMUM         84    503 PM  80      4       78
  MINIMUM         69    604 AM  60      9       64
  AVERAGE         77            70      7       71

PRECIPITATION (IN)
  YESTERDAY        0.00          0.13  -0.13     0.24
  MONTH TO DATE    0.73          2.63  -1.90     4.19
  SINCE JUN 1      7.55          9.91  -2.36    14.02
  SINCE JAN 1     15.97         22.35  -6.38    29.08

DEGREE DAYS
 HEATING
  YESTERDAY        0             0      0        0
  MONTH TO DATE    9             0      9       20
  SINCE JUN 1     51            53     -2       76
  SINCE JUL 1     32             5     27       37

 COOLING
  YESTERDAY       12             5      7        6
  MONTH TO DATE  125           143    -18       81
  SINCE JUN 1    416           528   -112      461
  SINCE JAN 1    470           569    -99      541
......................................................


WIND (MPH)
  RESULTANT WIND SPEED   0   RESULTANT WIND DIRECTION   S (180)
  HIGHEST WIND SPEED    10   HIGHEST WIND DIRECTION     S (190)
  HIGHEST GUST SPEED    13   HIGHEST GUST DIRECTION     N (350)
  AVERAGE WIND SPEED     2.4


SKY COVER
  AVERAGE SKY COVER 0.8


WEATHER CONDITIONS
 THE FOLLOWING WEATHER WAS RECORDED YESTERDAY.
  FOG
  FOG W/VISIBILITY <= 1/4 MILE
  HAZE


RELATIVE HUMIDITY (PERCENT)
 HIGHEST   100           700 AM
 LOWEST     65           500 PM
 AVERAGE    83

..........................................................


THE KALAMAZOO MI CLIMATE NORMALS FOR TODAY
                         NORMAL
 MAXIMUM TEMPERATURE (F)   80
 MINIMUM TEMPERATURE (F)   60


SUNRISE AND SUNSET
AUGUST 23 2014........SUNRISE   658 AM EDT   SUNSET   831 PM EDT
AUGUST 24 2014........SUNRISE   659 AM EDT   SUNSET   829 PM EDT


-  INDICATES NEGATIVE NUMBERS.
R  INDICATES RECORD WAS SET OR TIED.
MM INDICATES DATA IS MISSING.
T  INDICATES TRACE AMOUNT.




$$
