000
CDUS43 KGRR 180517
CLIAZO


CLIMATE REPORT
NATIONAL WEATHER SERVICE GRAND RAPIDS, MI
1217 AM EST THU JAN 18 2018


...................................

...THE KALAMAZOO MI CLIMATE SUMMARY FOR JANUARY 17 2018...

CLIMATE NORMAL PERIOD 1981 TO 2010
CLIMATE RECORD PERIOD 1998 TO 2018


WEATHER ITEM   OBSERVED TIME   NORMAL DEPARTURE LAST
                VALUE   (LST)  VALUE  FROM      YEAR
                                      NORMAL
......................................................
TEMPERATURE (F)
 YESTERDAY
  MAXIMUM         26    330 PM  31     -5       45
  MINIMUM         -3    215 AM  18    -21       36
  AVERAGE         12            24    -12       41

PRECIPITATION (IN)
  YESTERDAY        T             0.06  -0.06     0.49
  MONTH TO DATE    0.36          0.97  -0.61     1.98
  SINCE DEC 1      1.05          2.95  -1.90     3.03
  SINCE JAN 1      0.36          0.97  -0.61     1.98

DEGREE DAYS
 HEATING
  YESTERDAY       53            41     12       24
  MONTH TO DATE  799           689    110      651
  SINCE DEC 1   1999          1813    186     1804
  SINCE JUL 1   3162          3140     22     2704

 COOLING
  YESTERDAY        0             0      0        0
  MONTH TO DATE    0             0      0        0
  SINCE DEC 1      0             0      0        0
  SINCE JAN 1      0             0      0        0
......................................................


WIND (MPH)
  RESULTANT WIND SPEED   9   RESULTANT WIND DIRECTION  SW (240)
  HIGHEST WIND SPEED    22   HIGHEST WIND DIRECTION    SW (230)
  HIGHEST GUST SPEED    29   HIGHEST GUST DIRECTION     W (250)
  AVERAGE WIND SPEED    10.8


SKY COVER
  AVERAGE SKY COVER 0.4


WEATHER CONDITIONS
 THE FOLLOWING WEATHER WAS RECORDED YESTERDAY.
  FOG
  HAZE


RELATIVE HUMIDITY (PERCENT)
 HIGHEST    91           700 AM
 LOWEST     55           200 PM
 AVERAGE    73

..........................................................


THE KALAMAZOO MI CLIMATE NORMALS FOR TODAY
                         NORMAL
 MAXIMUM TEMPERATURE (F)   31
 MINIMUM TEMPERATURE (F)   18


SUNRISE AND SUNSET
JANUARY 18 2018.......SUNRISE   807 AM EST   SUNSET   539 PM EST
JANUARY 19 2018.......SUNRISE   806 AM EST   SUNSET   540 PM EST


-  INDICATES NEGATIVE NUMBERS.
R  INDICATES RECORD WAS SET OR TIED.
MM INDICATES DATA IS MISSING.
T  INDICATES TRACE AMOUNT.




$$
