000
CDUS41 KBOX 210616
CLIBDL


CLIMATE REPORT
NATIONAL WEATHER SERVICE TAUNTON MA
106 AM EST SUN JAN 21 2018


...................................

...THE HARTFORD CT CLIMATE SUMMARY FOR JANUARY 20 2018...

CLIMATE NORMAL PERIOD 1981 TO 2010
CLIMATE RECORD PERIOD 1904 TO 2018


WEATHER ITEM   OBSERVED TIME   RECORD YEAR NORMAL DEPARTURE LAST
                VALUE   (LST)  VALUE       VALUE  FROM      YEAR
                                                  NORMAL
..................................................................
TEMPERATURE (F)
 YESTERDAY
  MAXIMUM         47    205 PM  60    1951  34     13       42
  MINIMUM         28   1147 PM -13    1971  17     11       35
  AVERAGE         38                        26     12       39

PRECIPITATION (IN)
  YESTERDAY        0.00          1.41 1978   0.11  -0.11     0.01
  MONTH TO DATE    2.90                      2.07   0.83     2.03
  SINCE DEC 1      5.31                      5.51  -0.20     4.76
  SINCE JAN 1      2.90                      2.07   0.83     2.03

SNOWFALL (IN)
  YESTERDAY        0.0          14.1  1978   0.4   -0.4      0.0
  MONTH TO DATE   13.2                       7.8    5.4      4.1
  SINCE DEC 1     23.0                      15.2    7.8     14.3
  SINCE JUL 1     23.0                      17.2    5.8     15.8
  SNOW DEPTH       2

DEGREE DAYS
 HEATING
  YESTERDAY       27                        39    -12       26
  MONTH TO DATE  866                       777     89      676
  SINCE DEC 1   2025                      1814    211     1686
  SINCE JUL 1   3016                      3021     -5     2723

 COOLING
  YESTERDAY        0                         0      0        0
  MONTH TO DATE    0                         0      0        0
  SINCE DEC 1      0                         0      0        0
  SINCE JAN 1      0                         0      0        0
..................................................................


WIND (MPH)
  RESULTANT WIND SPEED   8   RESULTANT WIND DIRECTION  SW (210)
  HIGHEST WIND SPEED    18   HIGHEST WIND DIRECTION     W (250)
  HIGHEST GUST SPEED    21   HIGHEST GUST DIRECTION     W (250)
  AVERAGE WIND SPEED     8.9


SKY COVER
  POSSIBLE SUNSHINE  MM
  AVERAGE SKY COVER 0.7


WEATHER CONDITIONS
 THE FOLLOWING WEATHER WAS RECORDED YESTERDAY.
  NO SIGNIFICANT WEATHER WAS OBSERVED.


RELATIVE HUMIDITY (PERCENT)
 HIGHEST    85          1100 PM
 LOWEST     45          1200 PM
 AVERAGE    65

..........................................................


THE HARTFORD CT CLIMATE NORMALS FOR TODAY
                         NORMAL    RECORD    YEAR
 MAXIMUM TEMPERATURE (F)   34        61      2006
 MINIMUM TEMPERATURE (F)   17       -13      1961


SUNRISE AND SUNSET
JANUARY 21 2018.......SUNRISE   713 AM EST   SUNSET   452 PM EST
JANUARY 22 2018.......SUNRISE   712 AM EST   SUNSET   453 PM EST


-  INDICATES NEGATIVE NUMBERS.
R  INDICATES RECORD WAS SET OR TIED.
MM INDICATES DATA IS MISSING.
T  INDICATES TRACE AMOUNT.




$$
