000
CDUS41 KBOX 200600
CLIBDL


CLIMATE REPORT
NATIONAL WEATHER SERVICE TAUNTON MA
157 AM EDT THU JUL 20 2017


...................................

...THE HARTFORD CT CLIMATE SUMMARY FOR JULY 19 2017...

CLIMATE NORMAL PERIOD 1981 TO 2010
CLIMATE RECORD PERIOD 1904 TO 2017


WEATHER ITEM   OBSERVED TIME   RECORD YEAR NORMAL DEPARTURE LAST
                VALUE   (LST)  VALUE       VALUE  FROM      YEAR
                                                  NORMAL
..................................................................
TEMPERATURE (F)
 YESTERDAY
  MAXIMUM         93    207 PM 100    1991  85      8       84
  MINIMUM         71    442 AM  51    1956  63      8       61
  AVERAGE         82                        74      8       73

PRECIPITATION (IN)
  YESTERDAY        0.00          1.79 1935   0.14  -0.14     0.00
  MONTH TO DATE    4.69                      2.44   2.25     1.17
  SINCE JUN 1      8.30                      6.79   1.51     3.18
  SINCE JAN 1     26.57                     24.60   1.97    17.12

SNOWFALL (IN)
  YESTERDAY        0.0           0.0  2002   0.0    0.0      0.0
                                      2001
                                      2000
  MONTH TO DATE    0.0                       0.0    0.0      0.0
  SINCE JUN 1      0.0                       0.0    0.0      0.0
  SINCE JUL 1      0.0                       0.0    0.0      0.0
  SNOW DEPTH       0

DEGREE DAYS
 HEATING
  YESTERDAY        0                         0      0        0
  MONTH TO DATE    3                         0      3        0
  SINCE JUN 1     47                        40      7       16
  SINCE JUL 1      3                         0      3        0

 COOLING
  YESTERDAY       17                         9      8        8
  MONTH TO DATE  182                       163     19      198
  SINCE JUN 1    348                       307     41      347
  SINCE JAN 1    408                       346     62      421
..................................................................


WIND (MPH)
  RESULTANT WIND SPEED   4   RESULTANT WIND DIRECTION  SW (230)
  HIGHEST WIND SPEED    17   HIGHEST WIND DIRECTION    SW (240)
  HIGHEST GUST SPEED    24   HIGHEST GUST DIRECTION    SW (240)
  AVERAGE WIND SPEED     6.3


SKY COVER
  POSSIBLE SUNSHINE  MM
  AVERAGE SKY COVER 0.5


WEATHER CONDITIONS
 THE FOLLOWING WEATHER WAS RECORDED YESTERDAY.
  FOG


RELATIVE HUMIDITY (PERCENT)
 HIGHEST   100           500 AM
 LOWEST     32           200 PM
 AVERAGE    66

..........................................................


THE HARTFORD CT CLIMATE NORMALS FOR TODAY
                         NORMAL    RECORD    YEAR
 MAXIMUM TEMPERATURE (F)   85       100      1991
 MINIMUM TEMPERATURE (F)   63        50      1929


SUNRISE AND SUNSET
JULY 20 2017..........SUNRISE   533 AM EDT   SUNSET   821 PM EDT
JULY 21 2017..........SUNRISE   534 AM EDT   SUNSET   820 PM EDT


-  INDICATES NEGATIVE NUMBERS.
R  INDICATES RECORD WAS SET OR TIED.
MM INDICATES DATA IS MISSING.
T  INDICATES TRACE AMOUNT.




$$
