000
CDAK48 PABE 301133
CLIBET

CLIMATE REPORT
NATIONAL WEATHER SERVICE BETHEL, AK
333 AM AKDT SAT MAY 30 2015

...................................
...THE BETHEL AP CLIMATE SUMMARY FOR MAY 29 2015...

CLIMATE NORMAL PERIOD  1981 TO  2010
CLIMATE RECORD PERIOD  1923 TO  2015

WEATHER ITEM   OBSERVED TIME    RECORD YEAR NORMAL DEPARTURE LAST
               VALUE    (LST)   VALUE       VALUE  FROM      YEAR
                                                   NORMAL
...................................................................
TEMPERATURE
YESTERDAY
 MAXIMUM            62  0613 PM    72  2006     56       6     49
 MINIMUM            43  0530 AM    25  1962     38       5     41
 AVERAGE            53                          47       6     45

PRECIPITATION
(INCHES)
 YESTERDAY           T           0.11  1971   0.05   -0.05   0.02
 MONTH TO DATE    1.80                        1.06    0.74   0.48
 SINCE MAR 1      3.36                        2.51    0.85   1.30
 SINCE JAN 1      4.40                        4.01    0.39   2.88

SNOWFALL
(INCHES)
 YESTERDAY         0.0              T  2009    0.1    -0.1    0.0
 MONTH TO DATE       T                         2.1    -2.1    0.0
 SINCE MAR 1      16.6                        16.0     0.6    5.7
 SINCE JUL 1      42.1                        61.8   -19.7   27.8
 SNOW DEPTH (IN)     0                                          0

DEGREE DAYS
 HEATING
  YESTERDAY         12                          18      -6     20
  MONTH TO DATE    550                         681    -131    603
  SINCE MAR 1     2954                        3367    -413   3148
  SINCE JUL 1    10729                       12113   -1384  10623

 COOLING
  YESTERDAY          0                           0       0      0
  MONTH TO DATE      0                           0       0      0
  SINCE MAR 1        0                           0       0      0
  SINCE JAN 1        0                           0       0      0
...................................................................

WIND (MPH)
 HIGHEST WIND SPEED    20     HIGHEST WIND DIRECTION    190
 HIGHEST GUST SPEED    23     HIGHEST GUST DIRECTION    180
 AVERAGE WIND SPEED   9.2

SKY COVER
  POSSIBLE SUNSHINE    MM          AVERAGE SKY COVER     MM

WEATHER CONDITIONS
 THE FOLLOWING WEATHER WAS RECORDED YESTERDAY.
 RAIN


RELATIVE HUMIDITY
 HIGHEST RH     MM PERCENT       MM
 LOWEST  RH     MM PERCENT       MM
 AVERAGE RH     MM PERCENT       MM
...................................................................

THE BETHEL CLIMATE NORMALS FOR TODAY
                           NORMAL    RECORD   YEAR
 MAXIMUM TEMPERATURE (F)     56        76     1993
 MINIMUM TEMPERATURE (F)     38        26     2009

SUNRISE AND SUNSET
 MAY 30 2015..........SUNRISE  5:32 AM      SUNSET 12:00 AM
 MAY 31 2015..........SUNRISE  5:31 AM      SUNSET 12:02 AM

-  INDICATES NEGATIVE NUMBERS.
R  INDICATES RECORD HAS BEEN SET OR TIED.
MM INDICATES DATA IS MISSING.
T  INDICATES TRACE OF PRECIPITATION.

&&
-------------------------------------------------------------------

AMOUNT OF DAYLIGHT TODAY  (HOUR:MIN)........18 HOURS 28 MINUTES
GAIN/LOSS SINCE YESTERDAY (HOUR:MIN:SEC)....+0:03:44

$$
DAC
