000
CDAK48 PABE 041234
CLIBET

CLIMATE REPORT
NATIONAL WEATHER SERVICE BETHEL, AK
435 AM AKDT SAT JUL 4 2015

...................................
...THE BETHEL AP CLIMATE SUMMARY FOR JULY 3 2015...

CLIMATE NORMAL PERIOD  1981 TO  2010
CLIMATE RECORD PERIOD  1923 TO  2015

WEATHER ITEM   OBSERVED TIME    RECORD YEAR NORMAL DEPARTURE LAST
               VALUE    (LST)   VALUE       VALUE  FROM      YEAR
                                                   NORMAL
...................................................................
TEMPERATURE
YESTERDAY
 MAXIMUM            73  0455 PM    81  1989     64       9     68
 MINIMUM            48  0405 AM    38  1961     48       0     51
 AVERAGE            61                          56       5     60

PRECIPITATION
(INCHES)
 YESTERDAY        0.00           0.74  2012   0.06   -0.06   0.00
 MONTH TO DATE       T                        0.18   -0.18   0.00
 SINCE JUN 1      0.28                        1.90   -1.62   1.52
 SINCE JAN 1      4.68                        5.99   -1.31   4.56

SNOWFALL
(INCHES)
 YESTERDAY         0.0            0.0  2015    0.0     0.0    0.0
 MONTH TO DATE     0.0                         0.0     0.0    0.0
 SINCE JUN 1       0.0                         0.0     0.0    0.0
 SINCE JUL 1       0.0                         0.0     0.0    0.0
 SNOW DEPTH (IN)     0                                          0

DEGREE DAYS
 HEATING
  YESTERDAY          4                           9      -5      5
  MONTH TO DATE     19                          27      -8     22
  SINCE JUN 1      257                         404    -147    442
  SINCE JUL 1       19                          27      -8     22

 COOLING
  YESTERDAY          0                           0       0      0
  MONTH TO DATE      0                           0       0      0
  SINCE JUN 1       10                           0      10      0
  SINCE JAN 1       10                           0      10      0
...................................................................

WIND (MPH)
 HIGHEST WIND SPEED    21     HIGHEST WIND DIRECTION     20
 HIGHEST GUST SPEED    26     HIGHEST GUST DIRECTION     10
 AVERAGE WIND SPEED   8.2

WEATHER CONDITIONS
 THE FOLLOWING WEATHER WAS RECORDED YESTERDAY.
 SMOKE OR HAZE

...................................................................

THE BETHEL CLIMATE NORMALS FOR TODAY
                           NORMAL    RECORD   YEAR
 MAXIMUM TEMPERATURE (F)     64        80     2007
 MINIMUM TEMPERATURE (F)     49        37     2011

SUNRISE AND SUNSET
 JUL 4 2015..........SUNRISE  5:25 AM      SUNSET 12:19 AM
 JUL 5 2015..........SUNRISE  5:26 AM      SUNSET 12:18 AM

-  INDICATES NEGATIVE NUMBERS.
R  INDICATES RECORD HAS BEEN SET OR TIED.
MM INDICATES DATA IS MISSING.
T  INDICATES TRACE OF PRECIPITATION.

&&
-------------------------------------------------------------------

AMOUNT OF DAYLIGHT TODAY  (HOUR:MIN)........18 HOURS 54 MINUTES
LOSS SINCE YESTERDAY (HOUR:MIN:SEC)....-0:02:18

$$
CR JUL 15
