000
CDAK48 PABE 252312
CLIBET

CLIMATE REPORT
NATIONAL WEATHER SERVICE BETHEL, AK
312 PM AKDT SAT OCT 25 2014

...................................
...THE BETHEL AP CLIMATE SUMMARY FOR OCTOBER 25 2014...
VALID TODAY AS OF 2:00 PM LOCAL TIME

CLIMATE NORMAL PERIOD  1981 TO  2010
CLIMATE RECORD PERIOD  1948 TO  2014

WEATHER ITEM   OBSERVED TIME    RECORD YEAR NORMAL DEPARTURE LAST
               VALUE    (LST)   VALUE       VALUE  FROM      YEAR
                                                   NORMAL
...................................................................
TEMPERATURE
TODAY
 MAXIMUM            34  1259 PM    49  1923     31       3     46
 MINIMUM            24  0336 AM    -1  1996     20       4     38
 AVERAGE            29                          26       3     42

PRECIPITATION
(INCHES)
 TODAY               T           0.46  2002   0.05   -0.05   0.01
 MONTH TO DATE    0.47                        1.38   -0.91   3.59
 SINCE SEP 1      1.73                        4.13   -2.40   6.11
 SINCE JAN 1     11.04                       15.55   -4.51  16.59

SNOWFALL
(INCHES)
 TODAY             0.1            2.6  2004    0.2    -0.1    0.0
 MONTH TO DATE     5.5                         3.0     2.5      T
 SINCE SEP 1       5.5                         3.6     1.9    0.0
 SINCE JUL 1       5.5                         3.6     1.9      T
 SNOW DEPTH (IN)     3                                          0

DEGREE DAYS
 HEATING
  TODAY             36                          39      -3     23
  MONTH TO DATE    900                         830      70    643
  SINCE SEP 1     1403                        1414     -11   1254
  SINCE JUL 1     1924                        2056    -132   1838

 COOLING
  TODAY              0                           0       0      0
  MONTH TO DATE      0                           0       0      0
  SINCE SEP 1        0                           0       0      0
  SINCE JAN 1        0                           0       0     18
...................................................................

WIND (MPH)
 HIGHEST WIND SPEED    20     HIGHEST WIND DIRECTION    170
 HIGHEST GUST SPEED    26     HIGHEST GUST DIRECTION    170
 AVERAGE WIND SPEED    MM

WEATHER CONDITIONS
 THE FOLLOWING WEATHER WAS RECORDED TODAY.
FOG
SNOW
...................................................................

THE BETHEL CLIMATE NORMALS FOR TOMORROW
                        NORMAL    RECORD   YEAR
 MAXIMUM TEMPERATURE      30        50     1936
 MINIMUM TEMPERATURE      20        -1     1996

SUNRISE AND SUNSET
 OCT 25 2014..........SUNRISE  9:56 AM      SUNSET  7:07 PM
 OCT 26 2014..........SUNRISE  9:58 AM      SUNSET  7:04 PM

-  INDICATES NEGATIVE NUMBERS.
R  INDICATES RECORD HAS BEEN SET OR TIED.
MM INDICATES DATA IS MISSING.
T  INDICATES TRACE OF PRECIPITATION.

&&
-------------------------------------------------------------------

AMOUNT OF DAYLIGHT TODAY  (HOUR:MIN)........9 HOURS 11 MINUTES
LOSS SINCE YESTERDAY (HOUR:MIN:SEC)....-0:05:28

$$
CRG OCT 14
