000
CDAK48 PABE 200905
CLIBET

CLIMATE REPORT
NATIONAL WEATHER SERVICE BETHEL, AK
105 AM AKDT SUN APR 20 2014

...................................
...THE BETHEL AP CLIMATE SUMMARY FOR APRIL 19 2014...

CLIMATE NORMAL PERIOD  1981 TO  2010
CLIMATE RECORD PERIOD  1948 TO  2014

WEATHER ITEM   OBSERVED TIME    RECORD YEAR NORMAL DEPARTURE LAST
               VALUE    (LST)   VALUE       VALUE  FROM      YEAR
                                                   NORMAL
...................................................................
TEMPERATURE
YESTERDAY
 MAXIMUM            49  0304 PM    53  1951     37      12     31
 MINIMUM            29  0630 AM    -9  1960     21       8     11
 AVERAGE            39                          29      10     21

PRECIPITATION
(INCHES)
 YESTERDAY        0.00           0.53  1979   0.02   -0.02   0.00
 MONTH TO DATE    0.31                        0.44   -0.13   0.03
 SINCE MAR 1      0.79                        1.15   -0.36   0.81
 SINCE JAN 1      2.37                        2.65   -0.28   3.10

SNOWFALL
(INCHES)
 YESTERDAY         0.0            2.4  2002    0.2    -0.2    0.0
 MONTH TO DATE     1.0                         4.2    -3.2    0.4
 SINCE MAR 1       5.7                        12.4    -6.7    6.2
 SINCE JUL 1      27.8                        58.2   -30.4   41.4
 SNOW DEPTH (IN)     0                                          2

DEGREE DAYS
 HEATING
  YESTERDAY         26                          36     -10     44
  MONTH TO DATE    673                         781    -108    989
  SINCE MAR 1     2286                        2325     -39   2616
  SINCE JUL 1     9751                       11071   -1320  11856

 COOLING
  YESTERDAY          0                           0       0      0
  MONTH TO DATE      0                           0       0      0
  SINCE MAR 1        0                           0       0      0
  SINCE JAN 1        0                           0       0      0
...................................................................

WIND (MPH)
 HIGHEST WIND SPEED    14     HIGHEST WIND DIRECTION     70
 HIGHEST GUST SPEED    14     HIGHEST GUST DIRECTION     70
 AVERAGE WIND SPEED   7.5

SKY COVER
  POSSIBLE SUNSHINE    MM          AVERAGE SKY COVER     MM

WEATHER CONDITIONS
 THE FOLLOWING WEATHER WAS RECORDED YESTERDAY.
  FOG


RELATIVE HUMIDITY
 HIGHEST RH     MM PERCENT       MM
 LOWEST  RH     MM PERCENT       MM
 AVERAGE RH     MM PERCENT       MM
...................................................................

THE BETHEL CLIMATE NORMALS FOR TODAY
                           NORMAL    RECORD   YEAR
 MAXIMUM TEMPERATURE (F)     37        57     1951
 MINIMUM TEMPERATURE (F)     22        -7     1972

SUNRISE AND SUNSET
 APR 20 2014..........SUNRISE  7:13 AM      SUNSET 10:22 PM
 APR 21 2014..........SUNRISE  7:10 AM      SUNSET 10:25 PM

-  INDICATES NEGATIVE NUMBERS.
R  INDICATES RECORD HAS BEEN SET OR TIED.
MM INDICATES DATA IS MISSING.
T  INDICATES TRACE OF PRECIPITATION.

&&
-------------------------------------------------------------------

AMOUNT OF DAYLIGHT TODAY  (HOUR:MIN)........15 HOURS 9 MINUTES
GAIN/LOSS SINCE YESTERDAY (HOUR:MIN:SEC)....+0:05:34

$$
BW APR 14
