000
CDAK48 PABE 030015
CLIBET

CLIMATE REPORT
NATIONAL WEATHER SERVICE BETHEL, AK
315 PM AKST MON MAR 2 2015

...................................
...THE BETHEL AP CLIMATE SUMMARY FOR MARCH 2 2015...
VALID TODAY AS OF 2:00 PM LOCAL TIME

CLIMATE NORMAL PERIOD  1981 TO  2010
CLIMATE RECORD PERIOD  1923 TO  2015

WEATHER ITEM   OBSERVED TIME    RECORD YEAR NORMAL DEPARTURE LAST
               VALUE    (LST)   VALUE       VALUE  FROM      YEAR
                                                   NORMAL
...................................................................
TEMPERATURE
TODAY
 MAXIMUM          R 42  0159 PM    41  2003     21      21     33
 MINIMUM            27  0643 AM   -34  1936      6      21     22
 AVERAGE            35                          13      22     28

PRECIPITATION
(INCHES)
 TODAY               T           0.52  1974   0.03   -0.03   0.00
 MONTH TO DATE       T                        0.05   -0.05   0.00
 SINCE MAR 1      0.00                        0.05   -0.05   0.00
 SINCE JAN 1      1.05                        1.55   -0.50   1.58

SNOWFALL
(INCHES)
 TODAY               T            8.1  1974    0.2    -0.2    0.0
 MONTH TO DATE       T                         0.5    -0.5    0.0
 SINCE MAR 1       0.0                         0.5    -0.5    0.0
 SINCE JUL 1      25.6                        46.3   -20.7   22.1
 SNOW DEPTH (IN)     1                                          T

DEGREE DAYS
 HEATING
  TODAY             30                          52     -22     37
  MONTH TO DATE     70                         104     -34     73
  SINCE MAR 1       70                         104     -34     73
  SINCE JUL 1     7845                        8850   -1005   7548

 COOLING
  TODAY              0                           0       0      0
  MONTH TO DATE      0                           0       0      0
  SINCE MAR 1        0                           0       0      0
  SINCE JAN 1        0                           0       0      0
...................................................................

WIND (MPH)
 HIGHEST WIND SPEED    12     HIGHEST WIND DIRECTION    100
 HIGHEST GUST SPEED    16     HIGHEST GUST DIRECTION     90
 AVERAGE WIND SPEED    MM

WEATHER CONDITIONS
 THE FOLLOWING WEATHER WAS RECORDED TODAY.
RAIN
SNOW

...................................................................

THE BETHEL CLIMATE NORMALS FOR TOMORROW
                        NORMAL    RECORD   YEAR
 MAXIMUM TEMPERATURE      21        40     1940
 MINIMUM TEMPERATURE       6       -31     1956

SUNRISE AND SUNSET
 MAR 2 2015..........SUNRISE  8:45 AM      SUNSET  7:16 PM
 MAR 3 2015..........SUNRISE  8:42 AM      SUNSET  7:19 PM

-  INDICATES NEGATIVE NUMBERS.
R  INDICATES RECORD HAS BEEN SET OR TIED.
MM INDICATES DATA IS MISSING.
T  INDICATES TRACE OF PRECIPITATION.

&&
-------------------------------------------------------------------

AMOUNT OF DAYLIGHT TODAY  (HOUR:MIN)........10 HOURS 31 MINUTES
GAIN/LOSS SINCE YESTERDAY (HOUR:MIN:SEC)....+0:05:38

$$




TR MAR 15
