000
CDAK48 PABE 271214
CLIBET

CLIMATE REPORT
NATIONAL WEATHER SERVICE BETHEL, AK
415 AM AKDT FRI MAR 27 2015

...................................
...THE BETHEL AP CLIMATE SUMMARY FOR MARCH 26 2015...

CLIMATE NORMAL PERIOD  1981 TO  2015
CLIMATE RECORD PERIOD  1923 TO  2015

WEATHER ITEM   OBSERVED TIME    RECORD YEAR NORMAL DEPARTURE LAST
               VALUE    (LST)   VALUE       VALUE  FROM      YEAR
                                                   NORMAL
...................................................................
TEMPERATURE
YESTERDAY
 MAXIMUM            37  0258 PM    46  1954     24      13     28
 MINIMUM            29  0856 AM   -25  1925     10      19     11
 AVERAGE            33                          17      16     20

PRECIPITATION
(INCHES)
 YESTERDAY           T           0.41  1948   0.03   -0.03      T
 MONTH TO DATE    0.46                        0.60   -0.14   0.48
 SINCE MAR 1      0.46                        0.60   -0.14   0.48
 SINCE JAN 1      1.50                        2.10   -0.60   2.06

SNOWFALL
(INCHES)
 YESTERDAY           T            3.8  2002    0.2    -0.2      T
 MONTH TO DATE     5.7                         6.9    -1.2    4.7
 SINCE MAR 1       5.7                         6.9    -1.2    4.7
 SINCE JUL 1      31.2                        52.7   -21.5   26.8
 SNOW DEPTH (IN)     T                                          3

DEGREE DAYS
 HEATING
  YESTERDAY         32                          48     -16     45
  MONTH TO DATE   1194                        1309    -115   1384
  SINCE MAR 1     1190                        1309    -119   1384
  SINCE JUL 1     8965                       10055   -1090   8859

 COOLING
  YESTERDAY          0                           0       0      0
  MONTH TO DATE      0                           0       0      0
  SINCE MAR 1        0                           0       0      0
  SINCE JAN 1        0                           0       0      0
...................................................................

WIND (MPH)
 HIGHEST WIND SPEED    21     HIGHEST WIND DIRECTION     20
 HIGHEST GUST SPEED    26     HIGHEST GUST DIRECTION     20
 AVERAGE WIND SPEED  13.9

SKY COVER
  POSSIBLE SUNSHINE    MM          AVERAGE SKY COVER     MM

WEATHER CONDITIONS
 THE FOLLOWING WEATHER WAS RECORDED YESTERDAY.
  SNOW


RELATIVE HUMIDITY
 HIGHEST RH     MM PERCENT       MM
 LOWEST  RH     MM PERCENT       MM
 AVERAGE RH     MM PERCENT       MM
...................................................................

THE BETHEL CLIMATE NORMALS FOR TODAY
                           NORMAL    RECORD   YEAR
 MAXIMUM TEMPERATURE (F)     25        47     1954
 MINIMUM TEMPERATURE (F)     10       -29     1953

SUNRISE AND SUNSET
 MAR 27 2015..........SUNRISE  8:27 AM      SUNSET  9:20 PM
 MAR 28 2015..........SUNRISE  8:24 AM      SUNSET  9:23 PM

-  INDICATES NEGATIVE NUMBERS.
R  INDICATES RECORD HAS BEEN SET OR TIED.
MM INDICATES DATA IS MISSING.
T  INDICATES TRACE OF PRECIPITATION.

&&
-------------------------------------------------------------------

AMOUNT OF DAYLIGHT TODAY  (HOUR:MIN)........12 HOURS 53 MINUTES
GAIN/LOSS SINCE YESTERDAY (HOUR:MIN:SEC)....+0:05:38

$$
*** MAR 15
