000
CDAK48 PABE 291234
CLIBET

CLIMATE REPORT
NATIONAL WEATHER SERVICE BETHEL, AK
434 AM AKDT FRI JUL 29 2016

...................................
...THE BETHEL AP CLIMATE SUMMARY FOR JULY 28 2016...

CLIMATE NORMAL PERIOD  1981 TO  2010
CLIMATE RECORD PERIOD  1923 TO  2016

WEATHER ITEM   OBSERVED TIME    RECORD YEAR NORMAL DEPARTURE LAST
               VALUE    (LST)   VALUE       VALUE  FROM      YEAR
                                                   NORMAL
...................................................................
TEMPERATURE
YESTERDAY
 MAXIMUM            65  0455 PM    78  1987     62       3     59
 MINIMUM            54  0257 AM    35  2000     49       5     50
 AVERAGE            60                          55       5     55

PRECIPITATION
(INCHES)
 YESTERDAY        0.00           1.24  2010   0.10   -0.10   0.00
 MONTH TO DATE    2.13                        2.06    0.07   1.97
 SINCE JUN 1      3.60                        3.78   -0.18   2.25
 SINCE JAN 1      6.86                        7.87   -1.01   6.65

SNOWFALL
(INCHES)
 YESTERDAY         0.0            0.0  2016    0.0     0.0    0.0
 MONTH TO DATE     0.0                         0.0     0.0    0.0
 SINCE JUN 1       0.0                         0.0     0.0    0.0
 SINCE JUL 1       0.0                         0.0     0.0    0.0
 SNOW DEPTH (IN)     0                                          0

DEGREE DAYS
 HEATING
  YESTERDAY          5                          10      -5     10
  MONTH TO DATE    159                         254     -95    221
  SINCE JUN 1      431                         631    -200    459
  SINCE JUL 1      159                         254     -95    221

 COOLING
  YESTERDAY          0                           0       0      0
  MONTH TO DATE     12                           0      12      1
  SINCE JUN 1       13                           0      13     11
  SINCE JAN 1       13                           0      13     11
...................................................................

WIND (MPH)
 HIGHEST WIND SPEED    21     HIGHEST WIND DIRECTION    210
 HIGHEST GUST SPEED    26     HIGHEST GUST DIRECTION    210
 AVERAGE WIND SPEED   0.0

WEATHER CONDITIONS
 THE FOLLOWING WEATHER WAS RECORDED YESTERDAY.
 NO SIGNIFICANT WEATHER WAS OBSERVED.

...................................................................

THE BETHEL CLIMATE NORMALS FOR TODAY
                           NORMAL    RECORD   YEAR
 MAXIMUM TEMPERATURE (F)     62        75     2013
 MINIMUM TEMPERATURE (F)     49        35     2000

SUNRISE AND SUNSET
 JUL 29 2016..........SUNRISE  6:18 AM      SUNSET 11:29 PM
 JUL 30 2016..........SUNRISE  6:20 AM      SUNSET 11:27 PM

-  INDICATES NEGATIVE NUMBERS.
R  INDICATES RECORD HAS BEEN SET OR TIED.
MM INDICATES DATA IS MISSING.
T  INDICATES TRACE OF PRECIPITATION.

&&
-------------------------------------------------------------------

AMOUNT OF DAYLIGHT TODAY  (HOUR:MIN)........17 HOURS 11 MINUTES
LOSS SINCE YESTERDAY (HOUR:MIN:SEC)....-0:04:58

$$
CR JUL 16
