000
CDAK48 PABE 232336
CLIBET

CLIMATE REPORT
NATIONAL WEATHER SERVICE BETHEL, AK
336 PM AKDT TUE SEP 23 2014

...................................
...THE BETHEL AP CLIMATE SUMMARY FOR SEPTEMBER 23 2014...
VALID TODAY AS OF 2:00 PM LOCAL TIME

CLIMATE NORMAL PERIOD  1981 TO  2010
CLIMATE RECORD PERIOD  1923 TO  2014

WEATHER ITEM   OBSERVED TIME    RECORD YEAR NORMAL DEPARTURE LAST
               VALUE    (LST)   VALUE       VALUE  FROM      YEAR
                                                   NORMAL
...................................................................
TEMPERATURE
TODAY
 MAXIMUM            51  0143 PM    64  1942     49       2     43
 MINIMUM            32  0743 AM    22  1996     36      -4     26
 AVERAGE            42                          43      -1     35

PRECIPITATION
(INCHES)
 TODAY            0.00           1.15  1974   0.08   -0.08      T
 MONTH TO DATE    1.19                        2.16   -0.97   2.22
 SINCE SEP 1      1.19                        2.16   -0.97   2.22
 SINCE JAN 1     10.50                       13.58   -3.08  12.70

SNOWFALL
(INCHES)
 TODAY             0.0              T  2013    0.0     0.0      T
 MONTH TO DATE     0.0                         0.3    -0.3      T
 SINCE SEP 1       0.0                         0.3    -0.3    0.0
 SINCE JUL 1       0.0                         0.3    -0.3      T
 SNOW DEPTH (IN)     0                                          0

DEGREE DAYS
 HEATING
  TODAY             23                          23       0     30
  MONTH TO DATE    347                         411     -64    420
  SINCE SEP 1      347                         411     -64    420
  SINCE JUL 1      868                        1053    -185   1004

 COOLING
  TODAY              0                           0       0      0
  MONTH TO DATE      0                           0       0      0
  SINCE SEP 1        0                           0       0      0
  SINCE JAN 1        0                           0       0     18
...................................................................

WIND (MPH)
 HIGHEST WIND SPEED    14     HIGHEST WIND DIRECTION    230
 HIGHEST GUST SPEED    17     HIGHEST GUST DIRECTION    210
 AVERAGE WIND SPEED    MM

SKY COVER
  POSSIBLE SUNSHINE  MM            AVERAGE SKY COVER MM

WEATHER CONDITIONS
 THE FOLLOWING WEATHER WAS RECORDED TODAY.
FOG


RELATIVE HUMIDITY
 HIGHEST RH     MM PERCENT       MM
 LOWEST  RH     MM PERCENT       MM
 AVERAGE RH     MM PERCENT       MM
...................................................................

THE BETHEL CLIMATE NORMALS FOR TOMORROW
                        NORMAL    RECORD   YEAR
 MAXIMUM TEMPERATURE      49        64     1934
 MINIMUM TEMPERATURE      36        19     1992

SUNRISE AND SUNSET
 SEP 23 2014..........SUNRISE  8:35 AM      SUNSET  8:44 PM
 SEP 24 2014..........SUNRISE  8:37 AM      SUNSET  8:41 PM

-  INDICATES NEGATIVE NUMBERS.
R  INDICATES RECORD HAS BEEN SET OR TIED.
MM INDICATES DATA IS MISSING.
T  INDICATES TRACE OF PRECIPITATION.

&&
-------------------------------------------------------------------

AMOUNT OF DAYLIGHT TODAY  (HOUR:MIN)........12 HOURS 9 MINUTES
GAIN/LOSS SINCE YESTERDAY (HOUR:MIN:SEC)....-0:05:33

$$
FONTENOT
