000
CDUS41 KCTP 260628
CLIBFD


CLIMATE REPORT
NATIONAL WEATHER SERVICE STATE COLLEGE PA
228 AM EDT SAT JUL 26 2014


...................................

...THE BRADFORD CLIMATE SUMMARY FOR JULY 25 2014...

CLIMATE NORMAL PERIOD 1981 TO 2010
CLIMATE RECORD PERIOD 1957 TO 2014


WEATHER ITEM   OBSERVED TIME   RECORD YEAR NORMAL DEPARTURE LAST
                VALUE   (LST)  VALUE       VALUE  FROM      YEAR
                                                  NORMAL
..................................................................
TEMPERATURE (F)
 YESTERDAY
  MAXIMUM         74    419 PM  85    1966  77     -3       71
  MINIMUM         39R   451 AM  39    2013  54    -15       39
  AVERAGE         57                        65     -8       55

PRECIPITATION (IN)
  YESTERDAY        0.00          0.88 1977   0.13  -0.13     0.00
  MONTH TO DATE    2.80                      3.38  -0.58     1.99
  SINCE JUN 1      8.84                      8.29   0.55     6.60
  SINCE JAN 1     24.79                     25.03  -0.24    17.63

DEGREE DAYS
 HEATING
  YESTERDAY        8                         0      8       10
  MONTH TO DATE   65                         1     64       23
  SINCE JUN 1    150                       146      4      127
  SINCE JUL 1     65                         1     64       23

 COOLING
  YESTERDAY        0                         2     -2        0
  MONTH TO DATE   57                        58     -1      148
  SINCE JUN 1    113                        98     15      198
  SINCE JAN 1    131                       108     23      241
..................................................................


WIND (MPH)
  HIGHEST WIND SPEED    13   HIGHEST WIND DIRECTION     W (290)
  HIGHEST GUST SPEED    16   HIGHEST GUST DIRECTION     W (280)
  AVERAGE WIND SPEED     2.5


SKY COVER
  POSSIBLE SUNSHINE  MM
  AVERAGE SKY COVER 0.0


WEATHER CONDITIONS
 THE FOLLOWING WEATHER WAS RECORDED YESTERDAY.
  FOG


RELATIVE HUMIDITY (PERCENT)
 HIGHEST    96           200 AM
 LOWEST     33           500 PM
 AVERAGE    65

..........................................................


THE BRADFORD CLIMATE NORMALS FOR TODAY
                         NORMAL    RECORD    YEAR
 MAXIMUM TEMPERATURE (F)   77        86      2005
 MINIMUM TEMPERATURE (F)   54        34      1976


SUNRISE AND SUNSET
JULY 26 2014..........SUNRISE   603 AM EDT   SUNSET   839 PM EDT
JULY 27 2014..........SUNRISE   604 AM EDT   SUNSET   838 PM EDT


-  INDICATES NEGATIVE NUMBERS.
R  INDICATES RECORD WAS SET OR TIED.
MM INDICATES DATA IS MISSING.
T  INDICATES TRACE AMOUNT.




$$
