000
CDUS41 KCTP 292116
CLIBFD


CLIMATE REPORT
NATIONAL WEATHER SERVICE STATE COLLEGE PA
515 PM EDT FRI AUG 29 2014


...................................

...THE BRADFORD CLIMATE SUMMARY FOR AUGUST 29 2014...
VALID TODAY AS OF 0500 PM LOCAL TIME.

CLIMATE NORMAL PERIOD 1981 TO 2010
CLIMATE RECORD PERIOD 1957 TO 2014


WEATHER ITEM   OBSERVED TIME   RECORD YEAR NORMAL DEPARTURE LAST
                VALUE   (LST)  VALUE       VALUE  FROM      YEAR
                                                  NORMAL
..................................................................
TEMPERATURE (F)
 TODAY
  MAXIMUM         72    357 PM  89    1991  74     -2       83
  MINIMUM         40    557 AM  25    1986  50    -10       60
  AVERAGE         56                        62     -6       72

PRECIPITATION (IN)
  TODAY            0.00          1.51 2006   0.12  -0.12     0.00
  MONTH TO DATE    5.09                      3.86   1.23     3.15
  SINCE JUN 1     14.71                     12.96   1.75    10.38
  SINCE JAN 1     30.66                     29.70   0.96    21.41

DEGREE DAYS
 HEATING
  TODAY            9                         1      8        0
  MONTH TO DATE   90                        21     69       84
  SINCE JUN 1    269                       230     39      240
  SINCE JUL 1    184                        85     99      136

 COOLING
  TODAY            0                         1     -1        7
  MONTH TO DATE   25                        50    -25       41
  SINCE JUN 1    144                       164    -20      239
  SINCE JAN 1    162                       174    -12      282
..................................................................


WIND (MPH)
  HIGHEST WIND SPEED    12   HIGHEST WIND DIRECTION    SE (150)
  HIGHEST GUST SPEED    16   HIGHEST GUST DIRECTION    SE (120)
  AVERAGE WIND SPEED     3.0


SKY COVER
  POSSIBLE SUNSHINE  MM
  AVERAGE SKY COVER 0.0


WEATHER CONDITIONS
 THE FOLLOWING WEATHER WAS RECORDED TODAY.
  NO SIGNIFICANT WEATHER WAS OBSERVED.


RELATIVE HUMIDITY (PERCENT)
 HIGHEST    92           100 AM
 LOWEST     45           200 PM
 AVERAGE    69

..........................................................


THE BRADFORD CLIMATE NORMALS FOR TOMORROW
                         NORMAL    RECORD    YEAR
 MAXIMUM TEMPERATURE (F)   74        88      1991
 MINIMUM TEMPERATURE (F)   50        31      1986


SUNRISE AND SUNSET
AUGUST 29 2014........SUNRISE   637 AM EDT   SUNSET   753 PM EDT
AUGUST 30 2014........SUNRISE   638 AM EDT   SUNSET   751 PM EDT


-  INDICATES NEGATIVE NUMBERS.
R  INDICATES RECORD WAS SET OR TIED.
MM INDICATES DATA IS MISSING.
T  INDICATES TRACE AMOUNT.




$$
