000
CDUS41 KCTP 240629
CLIBFD


CLIMATE REPORT
NATIONAL WEATHER SERVICE STATE COLLEGE PA
229 AM EDT FRI OCT 24 2014


...................................

...THE BRADFORD CLIMATE SUMMARY FOR OCTOBER 23 2014...

CLIMATE NORMAL PERIOD 1981 TO 2010
CLIMATE RECORD PERIOD 1957 TO 2014


WEATHER ITEM   OBSERVED TIME   RECORD YEAR NORMAL DEPARTURE LAST
                VALUE   (LST)  VALUE       VALUE  FROM      YEAR
                                                  NORMAL
..................................................................
TEMPERATURE (F)
 YESTERDAY
  MAXIMUM         58    201 PM  75    1975  55      3       40
  MINIMUM         41    526 AM  19    1969  34      7       28
  AVERAGE         50                        44      6       34

PRECIPITATION (IN)
  YESTERDAY        0.00          1.65 1959   0.11  -0.11     0.04
  MONTH TO DATE    3.29                      2.58   0.71     3.21
  SINCE SEP 1      5.54                      6.50  -0.96     5.74
  SINCE JAN 1     36.88                     36.45   0.43    27.15

DEGREE DAYS
 HEATING
  YESTERDAY       15                        16     -1       31
  MONTH TO DATE  336                       298     38      262
  SINCE SEP 1    553                       562     -9      502
  SINCE JUL 1    737                       715     22      638

 COOLING
  YESTERDAY        0                         0      0        0
  MONTH TO DATE    1                         0      1        9
  SINCE SEP 1     26                        15     11       39
  SINCE JAN 1    196                       192      4      334
..................................................................


WIND (MPH)
  HIGHEST WIND SPEED    23   HIGHEST WIND DIRECTION    NW (330)
  HIGHEST GUST SPEED    31   HIGHEST GUST DIRECTION     N (340)
  AVERAGE WIND SPEED    12.7


SKY COVER
  POSSIBLE SUNSHINE  MM
  AVERAGE SKY COVER 0.4


WEATHER CONDITIONS
 THE FOLLOWING WEATHER WAS RECORDED YESTERDAY.
  NO SIGNIFICANT WEATHER WAS OBSERVED.


RELATIVE HUMIDITY (PERCENT)
 HIGHEST    96          1000 PM
 LOWEST     47           200 PM
 AVERAGE    72

..........................................................


THE BRADFORD CLIMATE NORMALS FOR TODAY
                         NORMAL    RECORD    YEAR
 MAXIMUM TEMPERATURE (F)   54        75      1963
 MINIMUM TEMPERATURE (F)   34        19      1969


SUNRISE AND SUNSET
OCTOBER 24 2014.......SUNRISE   737 AM EDT   SUNSET   620 PM EDT
OCTOBER 25 2014.......SUNRISE   738 AM EDT   SUNSET   618 PM EDT


-  INDICATES NEGATIVE NUMBERS.
R  INDICATES RECORD WAS SET OR TIED.
MM INDICATES DATA IS MISSING.
T  INDICATES TRACE AMOUNT.




$$
