000
CDUS41 KCTP 230640
CLIBFD


CLIMATE REPORT
NATIONAL WEATHER SERVICE STATE COLLEGE PA
240 AM EDT WED APR 23 2014


...................................

...THE BRADFORD CLIMATE SUMMARY FOR APRIL 22 2014...

CLIMATE NORMAL PERIOD 1981 TO 2010
CLIMATE RECORD PERIOD 1957 TO 2014


WEATHER ITEM   OBSERVED TIME   RECORD YEAR NORMAL DEPARTURE LAST
                VALUE   (LST)  VALUE       VALUE  FROM      YEAR
                                                  NORMAL
..................................................................
TEMPERATURE (F)
 YESTERDAY
  MAXIMUM         61    236 AM  81    1985  58      3       58
  MINIMUM         34   1159 PM  20    1975  34      0       29
  AVERAGE         48                        46      2       44

PRECIPITATION (IN)
  YESTERDAY        0.17          0.73 1961   0.11   0.06     0.00
  MONTH TO DATE    3.09                      2.61   0.48     2.18
  SINCE MAR 1      5.09                      5.98  -0.89     3.69
  SINCE JAN 1      8.62                     11.62  -3.00     6.48

DEGREE DAYS
 HEATING
  YESTERDAY       17                        14      3       21
  MONTH TO DATE  445                       388     57      469
  SINCE MAR 1   1622                      1425    197     1571
  SINCE JUL 1   7288                      6995    293     6479

 COOLING
  YESTERDAY        0                         0      0        0
  MONTH TO DATE    2                         0      2        0
  SINCE MAR 1      2                         0      2        0
  SINCE JAN 1      2                         0      2        0
..................................................................


WIND (MPH)
  HIGHEST WIND SPEED    23   HIGHEST WIND DIRECTION     W (290)
  HIGHEST GUST SPEED    32   HIGHEST GUST DIRECTION    NW (300)
  AVERAGE WIND SPEED    10.9


SKY COVER
  POSSIBLE SUNSHINE  MM
  AVERAGE SKY COVER 0.8


WEATHER CONDITIONS
 THE FOLLOWING WEATHER WAS RECORDED YESTERDAY.
  RAIN
  LIGHT RAIN
  LIGHT SNOW
  FOG


RELATIVE HUMIDITY (PERCENT)
 HIGHEST    93          1100 AM
 LOWEST     36           200 AM
 AVERAGE    65

..........................................................


THE BRADFORD CLIMATE NORMALS FOR TODAY
                         NORMAL    RECORD    YEAR
 MAXIMUM TEMPERATURE (F)   58        81      1985
 MINIMUM TEMPERATURE (F)   35        18      1989


SUNRISE AND SUNSET
APRIL 23 2014.........SUNRISE   622 AM EDT   SUNSET   804 PM EDT
APRIL 24 2014.........SUNRISE   621 AM EDT   SUNSET   805 PM EDT


-  INDICATES NEGATIVE NUMBERS.
R  INDICATES RECORD WAS SET OR TIED.
MM INDICATES DATA IS MISSING.
T  INDICATES TRACE AMOUNT.




$$
