000
CDUS41 KCTP 272138
CLIBFD


CLIMATE REPORT
NATIONAL WEATHER SERVICE STATE COLLEGE PA
537 PM EDT THU APR 27 2017


...................................

...THE BRADFORD CLIMATE SUMMARY FOR APRIL 27 2017...
VALID TODAY AS OF 0500 PM LOCAL TIME.

CLIMATE NORMAL PERIOD 1981 TO 2010
CLIMATE RECORD PERIOD 1957 TO 2017


WEATHER ITEM   OBSERVED TIME   RECORD YEAR NORMAL DEPARTURE LAST
                VALUE   (LST)  VALUE       VALUE  FROM      YEAR
                                                  NORMAL
..................................................................
TEMPERATURE (F)
 TODAY
  MAXIMUM         78    243 PM  85    1990  60     18       62
  MINIMUM         51    527 AM  20    2002  36     15       30
  AVERAGE         65                        48     17       46

PRECIPITATION (IN)
  TODAY            0.00          0.88 1959   0.13  -0.13     0.00
  MONTH TO DATE    4.20                      3.19   1.01     3.27
  SINCE MAR 1      7.94                      6.56   1.38     6.20
  SINCE JAN 1     15.02                     12.20   2.82    10.81

DEGREE DAYS
 HEATING
  TODAY            0                        13    -13       19
  MONTH TO DATE  396                       454    -58      626
  SINCE MAR 1   1463                      1491    -28     1370
  SINCE JUL 1   6046                      7061  -1015     6070

 COOLING
  TODAY            0                         0      0        0
  MONTH TO DATE    1                         0      1        0
  SINCE MAR 1      1                         0      1        0
  SINCE JAN 1      1                         0      1        0
..................................................................


WIND (MPH)
  HIGHEST WIND SPEED    18   HIGHEST WIND DIRECTION    SE (120)
  HIGHEST GUST SPEED    26   HIGHEST GUST DIRECTION    SE (150)
  AVERAGE WIND SPEED     9.5


SKY COVER
  POSSIBLE SUNSHINE  MM
  AVERAGE SKY COVER 0.0


WEATHER CONDITIONS
 THE FOLLOWING WEATHER WAS RECORDED TODAY.
  FOG


RELATIVE HUMIDITY (PERCENT)
 HIGHEST   100           400 AM
 LOWEST     43           300 PM
 AVERAGE    72

..........................................................


THE BRADFORD CLIMATE NORMALS FOR TOMORROW
                         NORMAL    RECORD    YEAR
 MAXIMUM TEMPERATURE (F)   60        85      1990
 MINIMUM TEMPERATURE (F)   36        22      1972


SUNRISE AND SUNSET
APRIL 27 2017.........SUNRISE   616 AM EDT   SUNSET   809 PM EDT
APRIL 28 2017.........SUNRISE   615 AM EDT   SUNSET   810 PM EDT


-  INDICATES NEGATIVE NUMBERS.
R  INDICATES RECORD WAS SET OR TIED.
MM INDICATES DATA IS MISSING.
T  INDICATES TRACE AMOUNT.




$$
