000
CDUS41 KCTP 260622
CLIBFD


CLIMATE REPORT
NATIONAL WEATHER SERVICE STATE COLLEGE PA
222 AM EDT SUN MAR 26 2017


...................................

...THE BRADFORD CLIMATE SUMMARY FOR MARCH 25 2017...

CLIMATE NORMAL PERIOD 1981 TO 2010
CLIMATE RECORD PERIOD 1957 TO 2017


WEATHER ITEM   OBSERVED TIME   RECORD YEAR NORMAL DEPARTURE LAST
                VALUE   (LST)  VALUE       VALUE  FROM      YEAR
                                                  NORMAL
..................................................................
TEMPERATURE (F)
 YESTERDAY
  MAXIMUM         63   1200 PM  69    1988  45     18       55
  MINIMUM         41   1159 PM  -3    1974  25     16       28
  AVERAGE         52                        35     17       42

PRECIPITATION (IN)
  YESTERDAY        0.02          0.85 1987   0.12  -0.10     0.45
  MONTH TO DATE    1.89                      2.67  -0.78     2.32
  SINCE MAR 1      1.89                      2.67  -0.78     2.32
  SINCE JAN 1      8.97                      8.31   0.66     6.93

DEGREE DAYS
 HEATING
  YESTERDAY       13                        24    -11       23
  MONTH TO DATE  933                       721    212      613
  SINCE MAR 1    933                       721    212      613
  SINCE JUL 1   5516                      6291   -775     5313

 COOLING
  YESTERDAY        0                         0      0        0
  MONTH TO DATE    0                         0      0        0
  SINCE MAR 1      0                         0      0        0
  SINCE JAN 1      0                         0      0        0
..................................................................


WIND (MPH)
  HIGHEST WIND SPEED    18   HIGHEST WIND DIRECTION    NW (320)
  HIGHEST GUST SPEED    24   HIGHEST GUST DIRECTION     W (270)
  AVERAGE WIND SPEED     7.4


SKY COVER
  POSSIBLE SUNSHINE  MM
  AVERAGE SKY COVER 0.6


WEATHER CONDITIONS
 THE FOLLOWING WEATHER WAS RECORDED YESTERDAY.
  LIGHT RAIN
  FOG


RELATIVE HUMIDITY (PERCENT)
 HIGHEST   100           200 PM
 LOWEST     67          1200 PM
 AVERAGE    84

..........................................................


THE BRADFORD CLIMATE NORMALS FOR TODAY
                         NORMAL    RECORD    YEAR
 MAXIMUM TEMPERATURE (F)   46        73      2007
 MINIMUM TEMPERATURE (F)   25         3      1960


SUNRISE AND SUNSET
MARCH 26 2017.........SUNRISE   707 AM EDT   SUNSET   734 PM EDT
MARCH 27 2017.........SUNRISE   705 AM EDT   SUNSET   735 PM EDT


-  INDICATES NEGATIVE NUMBERS.
R  INDICATES RECORD WAS SET OR TIED.
MM INDICATES DATA IS MISSING.
T  INDICATES TRACE AMOUNT.




$$
