000
CDUS41 KCTP 280616
CLIBFD


CLIMATE REPORT
NATIONAL WEATHER SERVICE STATE COLLEGE PA
215 AM EDT SUN AUG 28 2016


...................................

...THE BRADFORD CLIMATE SUMMARY FOR AUGUST 27 2016...

CLIMATE NORMAL PERIOD 1981 TO 2010
CLIMATE RECORD PERIOD 1957 TO 2016


WEATHER ITEM   OBSERVED TIME   RECORD YEAR NORMAL DEPARTURE LAST
                VALUE   (LST)  VALUE       VALUE  FROM      YEAR
                                                  NORMAL
..................................................................
TEMPERATURE (F)
 YESTERDAY
  MAXIMUM         82    208 PM  89    1993  74      8       68
  MINIMUM         52    450 AM  36    1958  51      1       46
  AVERAGE         67                        63      4       57

PRECIPITATION (IN)
  YESTERDAY        0.00          2.21 1987   0.13  -0.13      T
  MONTH TO DATE    6.91                      3.61   3.30     1.20
  SINCE JUN 1     14.44                     12.71   1.73    11.36
  SINCE JAN 1     28.87                     29.45  -0.58    23.79

DEGREE DAYS
 HEATING
  YESTERDAY        0                         1     -1        8
  MONTH TO DATE   12                        19     -7       68
  SINCE JUN 1    135                       228    -93      222
  SINCE JUL 1     43                        83    -40      115

 COOLING
  YESTERDAY        2                         1      1        0
  MONTH TO DATE  140                        48     92       46
  SINCE JUN 1    293                       162    131      156
  SINCE JAN 1    312                       172    140      200
..................................................................


WIND (MPH)
  HIGHEST WIND SPEED    12   HIGHEST WIND DIRECTION    SE (150)
  HIGHEST GUST SPEED    16   HIGHEST GUST DIRECTION    SE (140)
  AVERAGE WIND SPEED     3.5


SKY COVER
  POSSIBLE SUNSHINE  MM
  AVERAGE SKY COVER 0.0


WEATHER CONDITIONS
 THE FOLLOWING WEATHER WAS RECORDED YESTERDAY.
  FOG


RELATIVE HUMIDITY (PERCENT)
 HIGHEST   100          1200 AM
 LOWEST     45           100 PM
 AVERAGE    73

..........................................................


THE BRADFORD CLIMATE NORMALS FOR TODAY
                         NORMAL    RECORD    YEAR
 MAXIMUM TEMPERATURE (F)   74        92      1973
 MINIMUM TEMPERATURE (F)   51        32      1968


SUNRISE AND SUNSET
AUGUST 28 2016........SUNRISE   637 AM EDT   SUNSET   754 PM EDT
AUGUST 29 2016........SUNRISE   638 AM EDT   SUNSET   752 PM EDT


-  INDICATES NEGATIVE NUMBERS.
R  INDICATES RECORD WAS SET OR TIED.
MM INDICATES DATA IS MISSING.
T  INDICATES TRACE AMOUNT.




$$
