000
CDUS41 KCTP 210707
CLIBFD


CLIMATE REPORT
NATIONAL WEATHER SERVICE STATE COLLEGE PA
206 AM EST SUN DEC 21 2014


...................................

...THE BRADFORD CLIMATE SUMMARY FOR DECEMBER 20 2014...

CLIMATE NORMAL PERIOD 1981 TO 2010
CLIMATE RECORD PERIOD 1957 TO 2014


WEATHER ITEM   OBSERVED TIME   RECORD YEAR NORMAL DEPARTURE LAST
                VALUE   (LST)  VALUE       VALUE  FROM      YEAR
                                                  NORMAL
..................................................................
TEMPERATURE (F)
 YESTERDAY
  MAXIMUM         25    340 PM  55    1957  31     -6       49
  MINIMUM         20    810 AM -11    1985  17      3       40
  AVERAGE         23                        24     -1       45

PRECIPITATION (IN)
  YESTERDAY        0.00          1.15 1973   0.11  -0.11     0.32
  MONTH TO DATE    1.40                      2.27  -0.87     1.01
  SINCE DEC 1      1.40                      2.27  -0.87     1.01
  SINCE JAN 1     41.54                     43.33  -1.79    33.04

DEGREE DAYS
 HEATING
  YESTERDAY       42                        36      6       20
  MONTH TO DATE  710                       659     51      790
  SINCE DEC 1    710                       659     51      790
  SINCE JUL 1   2528                      2494     34     2578

 COOLING
  YESTERDAY        0                         0      0        0
  MONTH TO DATE    0                         0      0        0
  SINCE DEC 1      0                         0      0        0
  SINCE JAN 1    196                       193      3      334
..................................................................


WIND (MPH)
  HIGHEST WIND SPEED    10   HIGHEST WIND DIRECTION     N (360)
  HIGHEST GUST SPEED    13   HIGHEST GUST DIRECTION     N (360)
  AVERAGE WIND SPEED     3.6


SKY COVER
  POSSIBLE SUNSHINE  MM
  AVERAGE SKY COVER 1.0


WEATHER CONDITIONS
 THE FOLLOWING WEATHER WAS RECORDED YESTERDAY.
  FOG
  HAZE


RELATIVE HUMIDITY (PERCENT)
 HIGHEST    91           800 AM
 LOWEST     74           500 PM
 AVERAGE    83

..........................................................


THE BRADFORD CLIMATE NORMALS FOR TODAY
                         NORMAL    RECORD    YEAR
 MAXIMUM TEMPERATURE (F)   31        58      2013
 MINIMUM TEMPERATURE (F)   16        -8      1980


SUNRISE AND SUNSET
DECEMBER 21 2014......SUNRISE   738 AM EST   SUNSET   447 PM EST
DECEMBER 22 2014......SUNRISE   739 AM EST   SUNSET   447 PM EST


-  INDICATES NEGATIVE NUMBERS.
R  INDICATES RECORD WAS SET OR TIED.
MM INDICATES DATA IS MISSING.
T  INDICATES TRACE AMOUNT.




$$
