000
CDUS41 KCTP 290626
CLIBFD


CLIMATE REPORT
NATIONAL WEATHER SERVICE STATE COLLEGE PA
226 AM EDT SUN MAR 29 2015


...................................

...THE BRADFORD CLIMATE SUMMARY FOR MARCH 28 2015...

CLIMATE NORMAL PERIOD 1981 TO 2010
CLIMATE RECORD PERIOD 1957 TO 2015


WEATHER ITEM   OBSERVED TIME   RECORD YEAR NORMAL DEPARTURE LAST
                VALUE   (LST)  VALUE       VALUE  FROM      YEAR
                                                  NORMAL
..................................................................
TEMPERATURE (F)
 YESTERDAY
  MAXIMUM         21    307 PM  74    1998  46    -25       52
  MINIMUM         11    651 AM   4    1982  26    -15       32
  AVERAGE         16                        36    -20       42

PRECIPITATION (IN)
  YESTERDAY        T             0.80 1989   0.11  -0.11     0.24
  MONTH TO DATE    1.89                      3.02  -1.13     1.58
  SINCE MAR 1      1.89                      3.02  -1.13     1.58
  SINCE JAN 1      4.73                      8.66  -3.93     5.11

DEGREE DAYS
 HEATING
  YESTERDAY       49                        23     26       23
  MONTH TO DATE 1063                       792    271     1086
  SINCE MAR 1   1063                       792    271     1086
  SINCE JUL 1   6962                      6362    600     6752

 COOLING
  YESTERDAY        0                         0      0        0
  MONTH TO DATE    0                         0      0        0
  SINCE MAR 1      0                         0      0        0
  SINCE JAN 1      0                         0      0        0
..................................................................


WIND (MPH)
  HIGHEST WIND SPEED    24   HIGHEST WIND DIRECTION    NW (330)
  HIGHEST GUST SPEED    30   HIGHEST GUST DIRECTION    NW (330)
  AVERAGE WIND SPEED    12.7


SKY COVER
  POSSIBLE SUNSHINE  MM
  AVERAGE SKY COVER 0.5


WEATHER CONDITIONS
 THE FOLLOWING WEATHER WAS RECORDED YESTERDAY.
  LIGHT SNOW
  FOG
  HAZE


RELATIVE HUMIDITY (PERCENT)
 HIGHEST    84           400 AM
 LOWEST     43           600 PM
 AVERAGE    64

..........................................................


THE BRADFORD CLIMATE NORMALS FOR TODAY
                         NORMAL    RECORD    YEAR
 MAXIMUM TEMPERATURE (F)   47        74      1977
 MINIMUM TEMPERATURE (F)   26         9      1959


SUNRISE AND SUNSET
MARCH 29 2015.........SUNRISE   703 AM EDT   SUNSET   736 PM EDT
MARCH 30 2015.........SUNRISE   701 AM EDT   SUNSET   738 PM EDT


-  INDICATES NEGATIVE NUMBERS.
R  INDICATES RECORD WAS SET OR TIED.
MM INDICATES DATA IS MISSING.
T  INDICATES TRACE AMOUNT.




$$
