000
CDUS41 KCTP 172116
CLIBFD


CLIMATE REPORT
NATIONAL WEATHER SERVICE STATE COLLEGE PA
515 PM EDT WED SEP 17 2014


...................................

...THE BRADFORD CLIMATE SUMMARY FOR SEPTEMBER 17 2014...
VALID TODAY AS OF 0500 PM LOCAL TIME.

CLIMATE NORMAL PERIOD 1981 TO 2010
CLIMATE RECORD PERIOD 1957 TO 2014


WEATHER ITEM   OBSERVED TIME   RECORD YEAR NORMAL DEPARTURE LAST
                VALUE   (LST)  VALUE       VALUE  FROM      YEAR
                                                  NORMAL
..................................................................
TEMPERATURE (F)
 TODAY
  MAXIMUM         64    326 PM  79    1965  68     -4       66
  MINIMUM         34    535 AM  23    1959  45    -11       31
  AVERAGE         49                        56     -7       49

PRECIPITATION (IN)
  TODAY            0.00          2.35 2004   0.13  -0.13     0.00
  MONTH TO DATE    2.04                      2.21  -0.17     1.42
  SINCE SEP 1      2.04                      2.21  -0.17     1.42
  SINCE JAN 1     33.38                     32.16   1.22    22.83

DEGREE DAYS
 HEATING
  TODAY           16                         5     11       16
  MONTH TO DATE  104                        52     52      123
  SINCE SEP 1    104                        52     52      123
  SINCE JUL 1    288                       205     83      259

 COOLING
  TODAY            0                         0      0        0
  MONTH TO DATE   25                        13     12       30
  SINCE SEP 1     25                        13     12       30
  SINCE JAN 1    195                       190      5      325
..................................................................


WIND (MPH)
  HIGHEST WIND SPEED    10   HIGHEST WIND DIRECTION     W (280)
  HIGHEST GUST SPEED    14   HIGHEST GUST DIRECTION    SE (150)
  AVERAGE WIND SPEED     2.5


SKY COVER
  POSSIBLE SUNSHINE  MM
  AVERAGE SKY COVER 0.1


WEATHER CONDITIONS
 THE FOLLOWING WEATHER WAS RECORDED TODAY.
  NO SIGNIFICANT WEATHER WAS OBSERVED.


RELATIVE HUMIDITY (PERCENT)
 HIGHEST    93           800 AM
 LOWEST     43           300 PM
 AVERAGE    68

..........................................................


THE BRADFORD CLIMATE NORMALS FOR TOMORROW
                         NORMAL    RECORD    YEAR
 MAXIMUM TEMPERATURE (F)   67        81      1965
 MINIMUM TEMPERATURE (F)   45        28      1990


SUNRISE AND SUNSET
SEPTEMBER 17 2014.....SUNRISE   657 AM EDT   SUNSET   720 PM EDT
SEPTEMBER 18 2014.....SUNRISE   658 AM EDT   SUNSET   719 PM EDT


-  INDICATES NEGATIVE NUMBERS.
R  INDICATES RECORD WAS SET OR TIED.
MM INDICATES DATA IS MISSING.
T  INDICATES TRACE AMOUNT.




$$
