000
CDUS41 KCTP 190619
CLIBFD


CLIMATE REPORT
NATIONAL WEATHER SERVICE STATE COLLEGE PA
219 AM EDT SAT AUG 19 2017


...................................

...THE BRADFORD CLIMATE SUMMARY FOR AUGUST 18 2017...

CLIMATE NORMAL PERIOD 1981 TO 2010
CLIMATE RECORD PERIOD 1957 TO 2017


WEATHER ITEM   OBSERVED TIME   RECORD YEAR NORMAL DEPARTURE LAST
                VALUE   (LST)  VALUE       VALUE  FROM      YEAR
                                                  NORMAL
..................................................................
TEMPERATURE (F)
 YESTERDAY
  MAXIMUM         82    357 PM  87    1971  76      6       79
  MINIMUM         63   1154 PM  35    1981  52     11       57
  AVERAGE         73                        64      9       68

PRECIPITATION (IN)
  YESTERDAY        T             1.11 1973   0.13  -0.13     0.00
  MONTH TO DATE    0.81                      2.40  -1.59     5.44
  SINCE JUN 1     12.39                     11.50   0.89    12.97
  SINCE JAN 1     33.59                     28.24   5.35    27.40

DEGREE DAYS
 HEATING
  YESTERDAY        0                         1     -1        0
  MONTH TO DATE   25                        10     15        0
  SINCE JUN 1    181                       219    -38      123
  SINCE JUL 1     49                        74    -25       31

 COOLING
  YESTERDAY        8                         2      6        3
  MONTH TO DATE   33                        36     -3      112
  SINCE JUN 1    194                       150     44      265
  SINCE JAN 1    213                       160     53      284
..................................................................


WIND (MPH)
  HIGHEST WIND SPEED    18   HIGHEST WIND DIRECTION     W (280)
  HIGHEST GUST SPEED    26   HIGHEST GUST DIRECTION     W (280)
  AVERAGE WIND SPEED     6.7


SKY COVER
  POSSIBLE SUNSHINE  MM
  AVERAGE SKY COVER 0.7


WEATHER CONDITIONS
 THE FOLLOWING WEATHER WAS RECORDED YESTERDAY.
  LIGHT RAIN


RELATIVE HUMIDITY (PERCENT)
 HIGHEST   100          1200 AM
 LOWEST     49           400 PM
 AVERAGE    75

..........................................................


THE BRADFORD CLIMATE NORMALS FOR TODAY
                         NORMAL    RECORD    YEAR
 MAXIMUM TEMPERATURE (F)   76        86      1978
 MINIMUM TEMPERATURE (F)   52        37      1977


SUNRISE AND SUNSET
AUGUST 19 2017........SUNRISE   627 AM EDT   SUNSET   808 PM EDT
AUGUST 20 2017........SUNRISE   628 AM EDT   SUNSET   807 PM EDT


-  INDICATES NEGATIVE NUMBERS.
R  INDICATES RECORD WAS SET OR TIED.
MM INDICATES DATA IS MISSING.
T  INDICATES TRACE AMOUNT.




$$
