000
CDUS41 KCTP 282120
CLIBFD


CLIMATE REPORT
NATIONAL WEATHER SERVICE STATE COLLEGE PA
520 PM EDT WED SEP 28 2016


...................................

...THE BRADFORD CLIMATE SUMMARY FOR SEPTEMBER 28 2016...
VALID TODAY AS OF 0500 PM LOCAL TIME.

CLIMATE NORMAL PERIOD 1981 TO 2010
CLIMATE RECORD PERIOD 1957 TO 2016


WEATHER ITEM   OBSERVED TIME   RECORD YEAR NORMAL DEPARTURE LAST
                VALUE   (LST)  VALUE       VALUE  FROM      YEAR
                                                  NORMAL
..................................................................
TEMPERATURE (F)
 TODAY
  MAXIMUM         69    319 PM  81    1959  64      5       64
  MINIMUM         38    438 AM  21    1957  41     -3       58
  AVERAGE         54                        52      2       61

PRECIPITATION (IN)
  TODAY            0.00          4.91 1967   0.12  -0.12     0.40
  MONTH TO DATE    2.06                      3.66  -1.60     1.96
  SINCE SEP 1      2.06                      3.66  -1.60     1.96
  SINCE JAN 1     31.06                     33.61  -2.55    25.80

DEGREE DAYS
 HEATING
  TODAY           11                         9      2        4
  MONTH TO DATE  122                       129     -7      120
  SINCE SEP 1    122                       129     -7      120
  SINCE JUL 1    165                       282   -117      246

 COOLING
  TODAY            0                         0      0        0
  MONTH TO DATE   42                        13     29       52
  SINCE SEP 1     42                        13     29       52
  SINCE JAN 1    367                       190    177      260
..................................................................


WIND (MPH)
  HIGHEST WIND SPEED    21   HIGHEST WIND DIRECTION    SE (130)
  HIGHEST GUST SPEED    29   HIGHEST GUST DIRECTION    SE (120)
  AVERAGE WIND SPEED     8.6


SKY COVER
  POSSIBLE SUNSHINE  MM
  AVERAGE SKY COVER 0.3


WEATHER CONDITIONS
 THE FOLLOWING WEATHER WAS RECORDED TODAY.
  NO SIGNIFICANT WEATHER WAS OBSERVED.


RELATIVE HUMIDITY (PERCENT)
 HIGHEST   100           300 AM
 LOWEST     45           200 PM
 AVERAGE    73

..........................................................


THE BRADFORD CLIMATE NORMALS FOR TOMORROW
                         NORMAL    RECORD    YEAR
 MAXIMUM TEMPERATURE (F)   63        82      1959
 MINIMUM TEMPERATURE (F)   41        25      2000


SUNRISE AND SUNSET
SEPTEMBER 28 2016.....SUNRISE   709 AM EDT   SUNSET   700 PM EDT
SEPTEMBER 29 2016.....SUNRISE   710 AM EDT   SUNSET   659 PM EDT


-  INDICATES NEGATIVE NUMBERS.
R  INDICATES RECORD WAS SET OR TIED.
MM INDICATES DATA IS MISSING.
T  INDICATES TRACE AMOUNT.




$$
