000
CDUS41 KCTP 250647
CLIBFD


CLIMATE REPORT
NATIONAL WEATHER SERVICE STATE COLLEGE PA
247 AM EDT SUN JUN 25 2017


...................................

...THE BRADFORD CLIMATE SUMMARY FOR JUNE 24 2017...

CLIMATE NORMAL PERIOD 1981 TO 2010
CLIMATE RECORD PERIOD 1957 TO 2017


WEATHER ITEM   OBSERVED TIME   RECORD YEAR NORMAL DEPARTURE LAST
                VALUE   (LST)  VALUE       VALUE  FROM      YEAR
                                                  NORMAL
..................................................................
TEMPERATURE (F)
 YESTERDAY
  MAXIMUM         75    202 PM  86    2013  76     -1       77
  MINIMUM         52   1102 PM  39    1979  52      0       47
  AVERAGE         64                        64      0       62

PRECIPITATION (IN)
  YESTERDAY        0.07          1.10 2014   0.16  -0.09     0.00
  MONTH TO DATE    5.50                      3.96   1.54     2.82
  SINCE JUN 1      5.50                      3.96   1.54     2.82
  SINCE JAN 1     26.70                     20.70   6.00    17.25

DEGREE DAYS
 HEATING
  YESTERDAY        1                         1      0        3
  MONTH TO DATE   93                        53     40       81
  SINCE JUN 1     93                        53     40       81
  SINCE JUL 1   6518                      7681  -1163     6584

 COOLING
  YESTERDAY        0                         2     -2        0
  MONTH TO DATE   61                        29     32       18
  SINCE JUN 1     61                        29     32       18
  SINCE JAN 1     80                        39     41       37
..................................................................


WIND (MPH)
  HIGHEST WIND SPEED    20   HIGHEST WIND DIRECTION     W (290)
  HIGHEST GUST SPEED    28   HIGHEST GUST DIRECTION     W (280)
  AVERAGE WIND SPEED     9.0


SKY COVER
  POSSIBLE SUNSHINE  MM
  AVERAGE SKY COVER 0.3


WEATHER CONDITIONS
 THE FOLLOWING WEATHER WAS RECORDED YESTERDAY.
  RAIN
  LIGHT RAIN
  FOG


RELATIVE HUMIDITY (PERCENT)
 HIGHEST   100           200 AM
 LOWEST     50           200 PM
 AVERAGE    75

..........................................................


THE BRADFORD CLIMATE NORMALS FOR TODAY
                         NORMAL    RECORD    YEAR
 MAXIMUM TEMPERATURE (F)   76        89      1988
 MINIMUM TEMPERATURE (F)   52        29      1979


SUNRISE AND SUNSET
JUNE 25 2017..........SUNRISE   541 AM EDT   SUNSET   853 PM EDT
JUNE 26 2017..........SUNRISE   541 AM EDT   SUNSET   853 PM EDT


-  INDICATES NEGATIVE NUMBERS.
R  INDICATES RECORD WAS SET OR TIED.
MM INDICATES DATA IS MISSING.
T  INDICATES TRACE AMOUNT.




$$
