000
CDUS41 KCTP 280635
CLIBFD


CLIMATE REPORT
NATIONAL WEATHER SERVICE STATE COLLEGE PA
235 AM EDT MON JUL 28 2014


...................................

...THE BRADFORD CLIMATE SUMMARY FOR JULY 27 2014...

CLIMATE NORMAL PERIOD 1981 TO 2010
CLIMATE RECORD PERIOD 1957 TO 2014


WEATHER ITEM   OBSERVED TIME   RECORD YEAR NORMAL DEPARTURE LAST
                VALUE   (LST)  VALUE       VALUE  FROM      YEAR
                                                  NORMAL
..................................................................
TEMPERATURE (F)
 YESTERDAY
  MAXIMUM         80    333 PM  85    1983  77      3       70
  MINIMUM         62   1159 PM  38    2001  53      9       50
  AVERAGE         71                        65      6       60

PRECIPITATION (IN)
  YESTERDAY        0.19          1.22 1984   0.13   0.06     0.48
  MONTH TO DATE    2.99                      3.65  -0.66     2.47
  SINCE JUN 1      9.03                      8.56   0.47     7.08
  SINCE JAN 1     24.98                     25.30  -0.32    18.11

DEGREE DAYS
 HEATING
  YESTERDAY        0                         0      0        5
  MONTH TO DATE   66                         1     65       32
  SINCE JUN 1    151                       146      5      136
  SINCE JUL 1     66                         1     65       32

 COOLING
  YESTERDAY        6                         2      4        0
  MONTH TO DATE   63                        62      1      148
  SINCE JUN 1    119                       102     17      198
  SINCE JAN 1    137                       112     25      241
..................................................................


WIND (MPH)
  HIGHEST WIND SPEED    15   HIGHEST WIND DIRECTION    NW (300)
  HIGHEST GUST SPEED    19   HIGHEST GUST DIRECTION    NW (300)
  AVERAGE WIND SPEED     6.4


SKY COVER
  POSSIBLE SUNSHINE  MM
  AVERAGE SKY COVER 0.6


WEATHER CONDITIONS
 THE FOLLOWING WEATHER WAS RECORDED YESTERDAY.
  THUNDERSTORM
  LIGHT RAIN
  FOG
  HAZE


RELATIVE HUMIDITY (PERCENT)
 HIGHEST    93           700 AM
 LOWEST     54           100 PM
 AVERAGE    74

..........................................................


THE BRADFORD CLIMATE NORMALS FOR TODAY
                         NORMAL    RECORD    YEAR
 MAXIMUM TEMPERATURE (F)   77        86      1964
 MINIMUM TEMPERATURE (F)   53        37      1971


SUNRISE AND SUNSET
JULY 28 2014..........SUNRISE   605 AM EDT   SUNSET   837 PM EDT
JULY 29 2014..........SUNRISE   606 AM EDT   SUNSET   836 PM EDT


-  INDICATES NEGATIVE NUMBERS.
R  INDICATES RECORD WAS SET OR TIED.
MM INDICATES DATA IS MISSING.
T  INDICATES TRACE AMOUNT.




$$
