000
CDUS41 KCTP 160637
CLIBFD


CLIMATE REPORT
NATIONAL WEATHER SERVICE STATE COLLEGE PA
136 AM EST SAT DEC 16 2017


...................................

...THE BRADFORD CLIMATE SUMMARY FOR DECEMBER 15 2017...

CLIMATE NORMAL PERIOD 1981 TO 2010
CLIMATE RECORD PERIOD 1957 TO 2017


WEATHER ITEM   OBSERVED TIME   RECORD YEAR NORMAL DEPARTURE LAST
                VALUE   (LST)  VALUE       VALUE  FROM      YEAR
                                                  NORMAL
..................................................................
TEMPERATURE (F)
 YESTERDAY
  MAXIMUM         21    346 PM  57    1971  33    -12       14
  MINIMUM          1    627 AM  -3    1989  18    -17        4
  AVERAGE         11                        26    -15        9

PRECIPITATION (IN)
  YESTERDAY        T             0.66 2011   0.10  -0.10     0.04
  MONTH TO DATE    1.07                      1.74  -0.67     1.34
  SINCE DEC 1      1.07                      1.74  -0.67     1.34
  SINCE JAN 1     48.28                     42.80   5.48    42.60

DEGREE DAYS
 HEATING
  YESTERDAY       54                        34     20       56
  MONTH TO DATE  592                       482    110      573
  SINCE DEC 1    592                       482    110      573
  SINCE JUL 1   2126                      2317   -191     1961

 COOLING
  YESTERDAY        0                         0      0        0
  MONTH TO DATE    0                         0      0        0
  SINCE DEC 1      0                         0      0        0
  SINCE JAN 1    264                       193     71      370
..................................................................


WIND (MPH)
  HIGHEST WIND SPEED    15   HIGHEST WIND DIRECTION    SW (240)
  HIGHEST GUST SPEED    27   HIGHEST GUST DIRECTION     W (260)
  AVERAGE WIND SPEED     5.6


SKY COVER
  POSSIBLE SUNSHINE  MM
  AVERAGE SKY COVER 0.3


WEATHER CONDITIONS
 THE FOLLOWING WEATHER WAS RECORDED YESTERDAY.
  LIGHT SNOW
  FOG
  HAZE


RELATIVE HUMIDITY (PERCENT)
 HIGHEST    92           200 AM
 LOWEST     62           200 PM
 AVERAGE    77

..........................................................


THE BRADFORD CLIMATE NORMALS FOR TODAY
                         NORMAL    RECORD    YEAR
 MAXIMUM TEMPERATURE (F)   32        55      1984
 MINIMUM TEMPERATURE (F)   18        -5      2013


SUNRISE AND SUNSET
DECEMBER 16 2017......SUNRISE   736 AM EST   SUNSET   445 PM EST
DECEMBER 17 2017......SUNRISE   736 AM EST   SUNSET   445 PM EST


-  INDICATES NEGATIVE NUMBERS.
R  INDICATES RECORD WAS SET OR TIED.
MM INDICATES DATA IS MISSING.
T  INDICATES TRACE AMOUNT.




$$
