000
CDUS45 KCYS 270731
CLIBFF


CLIMATE REPORT
NATIONAL WEATHER SERVICE CHEYENNE WY
1229 AM MST THU NOV 27 2014


...................................

...THE SCOTTSBLUFF NEBRASKA AIRPORT CLIMATE SUMMARY FOR NOVEMBER 26 2014...

CLIMATE NORMAL PERIOD 1981 TO 2010
CLIMATE RECORD PERIOD 1871 TO 2014


WEATHER ITEM   OBSERVED TIME   RECORD YEAR NORMAL DEPARTURE LAST
                VALUE   (LST)  VALUE       VALUE  FROM      YEAR
                                                  NORMAL
..................................................................
TEMPERATURE (F)
 YESTERDAY
  MAXIMUM         32   1214 AM  73    1998  45    -13       44
  MINIMUM         16    734 PM -12    1896  17     -1       22
  AVERAGE         24                        31     -7       33

PRECIPITATION (IN)
  YESTERDAY        0.13          0.38 1919   0.02   0.11     0.00
  MONTH TO DATE    0.90                      0.59   0.31     0.85
  SINCE JAN 1     17.79                     15.21   2.58    12.74

SNOWFALL (IN)
  YESTERDAY        0.2           4.0  1919   0.2    0,0      0.0
  MONTH TO DATE    3.3                       4.8   -1.5      6.3
  SINCE JUL 1      3.3                       8.0   -4.7     12.9
  SNOW DEPTH       0

DEGREE DAYS
 HEATING
  YESTERDAY       41                        34      7       32
  MONTH TO DATE  847                       731    116      742
  SINCE SEP 1   1312                      1402    -90     1396
  SINCE JUL 1   1325                      1422    -97     1398

 COOLING
  YESTERDAY        0                         0      0        0
  MONTH TO DATE    0                         0      0        0
  SINCE SEP 1     76                        59     17      155
  SINCE JAN 1    719                       724     -5     1047
..................................................................


WIND (MPH)
  HIGHEST WIND SPEED    20   HIGHEST WIND DIRECTION    NW (310)
  HIGHEST GUST SPEED    23   HIGHEST GUST DIRECTION    NW (310)
  AVERAGE WIND SPEED     7.4


SKY COVER
  AVERAGE SKY COVER 1.0


WEATHER CONDITIONS
 THE FOLLOWING WEATHER WAS RECORDED YESTERDAY.
  LIGHT SNOW
  FOG
  FOG W/VISIBILITY <= 1/4 MILE


RELATIVE HUMIDITY (PERCENT)
 HIGHEST   100           500 PM
 LOWEST     78          1200 AM
 AVERAGE    89

..........................................................


THE SCOTTSBLUFF NEBRASKA AIRPORT CLIMATE NORMALS FOR TODAY
                         NORMAL    RECORD    YEAR
 MAXIMUM TEMPERATURE (F)   44        71      1998
 MINIMUM TEMPERATURE (F)   17       -21      1896


SUNRISE AND SUNSET
NOVEMBER 27 2014......SUNRISE   658 AM MST   SUNSET   426 PM MST
NOVEMBER 28 2014......SUNRISE   659 AM MST   SUNSET   425 PM MST


-  INDICATES NEGATIVE NUMBERS.
R  INDICATES RECORD WAS SET OR TIED.
MM INDICATES DATA IS MISSING.
T  INDICATES TRACE AMOUNT.




$$
