000
CDUS45 KCYS 300730
CLIBFF


CLIMATE REPORT
NATIONAL WEATHER SERVICE CHEYENNE WY
130 AM MDT SAT AUG 30 2014


...................................

...THE SCOTTSBLUFF NEBRASKA AIRPORT CLIMATE SUMMARY FOR AUGUST 29 2014...

CLIMATE NORMAL PERIOD 1981 TO 2010
CLIMATE RECORD PERIOD 1871 TO 2014


WEATHER ITEM   OBSERVED TIME   RECORD YEAR NORMAL DEPARTURE LAST
                VALUE   (LST)  VALUE       VALUE  FROM      YEAR
                                                  NORMAL
..................................................................
TEMPERATURE (F)
 YESTERDAY
  MAXIMUM         83    402 PM 104    1898  85     -2      101
  MINIMUM         49    357 AM  39    1915  53     -4       57
  AVERAGE         66                        69     -3       79

PRECIPITATION (IN)
  YESTERDAY        0.01          0.75 2002   0.04  -0.03     0.00
  MONTH TO DATE    1.57                      1.23   0.34     0.62
  SINCE JAN 1     11.95                     12.23  -0.28     7.68

SNOWFALL (IN)
  YESTERDAY        0.0          MM      MM   0.0    0.0      0.0
  MONTH TO DATE    0.0                       0.0    0.0      0.0
  SINCE JUL 1      0.0                       0.0    0.0      0.0
  SNOW DEPTH       0

DEGREE DAYS
 HEATING
  YESTERDAY        0                         1     -1        0
  MONTH TO DATE    5                         8     -3        0
  SINCE JUN 1     65                        74     -9       23
  SINCE JUL 1     12                        14     -2        2

 COOLING
  YESTERDAY        1                         5     -4       14
  MONTH TO DATE  231                       219     12      295
  SINCE JUN 1    608                       632    -24      807
  SINCE JAN 1    635                       655    -20      861
..................................................................


WIND (MPH)
  HIGHEST WIND SPEED    22   HIGHEST WIND DIRECTION    NW (330)
  HIGHEST GUST SPEED    27   HIGHEST GUST DIRECTION    NW (310)
  AVERAGE WIND SPEED     7.5


SKY COVER
  AVERAGE SKY COVER 0.2


WEATHER CONDITIONS
 THE FOLLOWING WEATHER WAS RECORDED YESTERDAY.
  FOG


RELATIVE HUMIDITY (PERCENT)
 HIGHEST   100          1200 AM
 LOWEST     34           300 PM
 AVERAGE    67

..........................................................


THE SCOTTSBLUFF NEBRASKA AIRPORT CLIMATE NORMALS FOR TODAY
                         NORMAL    RECORD    YEAR
 MAXIMUM TEMPERATURE (F)   85       102      1990
                                             1985
 MINIMUM TEMPERATURE (F)   53        37      1964


SUNRISE AND SUNSET
AUGUST 30 2014........SUNRISE   618 AM MDT   SUNSET   731 PM MDT
AUGUST 31 2014........SUNRISE   619 AM MDT   SUNSET   729 PM MDT


-  INDICATES NEGATIVE NUMBERS.
R  INDICATES RECORD WAS SET OR TIED.
MM INDICATES DATA IS MISSING.
T  INDICATES TRACE AMOUNT.




$$
