000
CDUS45 KCYS 230322
CLIBFF


CLIMATE REPORT
NATIONAL WEATHER SERVICE CHEYENNE WY
922 PM MDT MON SEP 22 2014


...................................

...THE SCOTTSBLUFF NEBRASKA AIRPORT CLIMATE SUMMARY FOR SEPTEMBER 22 2014...
VALID TODAY AS OF 0900 PM LOCAL TIME.

CLIMATE NORMAL PERIOD 1981 TO 2010
CLIMATE RECORD PERIOD 1871 TO 2014


WEATHER ITEM   OBSERVED TIME   RECORD YEAR NORMAL DEPARTURE LAST
                VALUE   (LST)  VALUE       VALUE  FROM      YEAR
                                                  NORMAL
..................................................................
TEMPERATURE (F)
 TODAY
  MAXIMUM         79    126 PM  93    2007  75      4       89
                                      1935
  MINIMUM         55    549 AM  24    1995  42     13       50
                                      1895
  AVERAGE         67                        59      8       70

PRECIPITATION (IN)
  TODAY            0.07          1.75 1902   0.04   0.03     0.21
  MONTH TO DATE    0.33                      0.86  -0.53     1.23
  SINCE SEP 1      0.33                      0.86  -0.53     1.23
  SINCE JAN 1     12.37                     13.16  -0.79     9.08

SNOWFALL (IN)
  TODAY            0.0          MM      MM   0.0    0.0      0.0
  MONTH TO DATE    T                         0.2   -0.2      0.0
  SINCE JUL 1      T                         0.2   -0.2      0.0
  SNOW DEPTH       0

DEGREE DAYS
 HEATING
  TODAY            0                         7     -7        0
  MONTH TO DATE  100                        87     13       24
  SINCE SEP 1    100                        87     13       24
  SINCE JUL 1    113                       107      6       26

 COOLING
  TODAY            2                         1      1        5
  MONTH TO DATE   50                        54     -4      155
  SINCE SEP 1     50                        54     -4      155
  SINCE JAN 1    693                       719    -26     1047
..................................................................


WIND (MPH)
  HIGHEST WIND SPEED    29   HIGHEST WIND DIRECTION     W (280)
  HIGHEST GUST SPEED    37   HIGHEST GUST DIRECTION     W (280)
  AVERAGE WIND SPEED    10.5


SKY COVER
  AVERAGE SKY COVER 0.3


WEATHER CONDITIONS
 THE FOLLOWING WEATHER WAS RECORDED TODAY.
  THUNDERSTORM
  HEAVY RAIN
  LIGHT RAIN
  FOG


RELATIVE HUMIDITY (PERCENT)
 HIGHEST    93           300 PM
 LOWEST     40           100 PM
 AVERAGE    67

..........................................................


THE SCOTTSBLUFF NEBRASKA AIRPORT CLIMATE NORMALS FOR TOMORROW
                         NORMAL    RECORD    YEAR
 MAXIMUM TEMPERATURE (F)   74        93      1905
 MINIMUM TEMPERATURE (F)   42        28      1985


SUNRISE AND SUNSET
SEPTEMBER 22 2014.....SUNRISE   642 AM MDT   SUNSET   652 PM MDT
SEPTEMBER 23 2014.....SUNRISE   643 AM MDT   SUNSET   650 PM MDT


-  INDICATES NEGATIVE NUMBERS.
R  INDICATES RECORD WAS SET OR TIED.
MM INDICATES DATA IS MISSING.
T  INDICATES TRACE AMOUNT.




$$
