000
CDUS46 KHNX 300022
CLIBFL


CLIMATE REPORT
NATIONAL WEATHER SERVICE SAN JOAQUIN VALLEY, CA
521 PM PDT SUN MAR 29 2015


...................................

...THE BAKERSFIELD CLIMATE SUMMARY FOR MARCH 29 2015...
VALID AS OF 0500 PM LOCAL TIME.

CLIMATE NORMAL PERIOD 1981 TO 2010
CLIMATE RECORD PERIOD 1889 TO 2015


WEATHER ITEM   OBSERVED TIME   RECORD YEAR NORMAL DEPARTURE LAST
                VALUE   (LST)  VALUE       VALUE  FROM      YEAR
                                                  NORMAL
..................................................................
TEMPERATURE (F)
 TODAY
  MAXIMUM         86    354 PM  94    2004  71     15       82
  MINIMUM         58    428 AM  23    1907  47     11       50
  AVERAGE         72                        59     13       66

PRECIPITATION (IN)
  TODAY            0.00          0.40 1925   0.03  -0.03      T
  MONTH TO DATE    0.27                      1.15  -0.88     0.05
  SINCE OCT 1      4.53                      5.51  -0.98     1.56
  SINCE JAN 1      1.86                      3.55  -1.69     0.49

SNOWFALL (IN)
  TODAY            0.0
  MONTH TO DATE    0.0
  SINCE MAR 1      0.0
  SINCE JUL 1      0.0
  SNOW DEPTH       0

DEGREE DAYS
 HEATING
  TODAY            0                         6     -6        0
  MONTH TO DATE   84                       225   -141       86
  SINCE MAR 1     84                       225   -141       86
  SINCE JUL 1   1219                      1999   -780     1414

 COOLING
  TODAY            7                         0      7        1
  MONTH TO DATE   62                         0     62       20
  SINCE MAR 1     62                         0     62       20
  SINCE JAN 1     66                         0     66       29
..................................................................


WIND (MPH)
  HIGHEST WIND SPEED    16   HIGHEST WIND DIRECTION    NW (320)
  HIGHEST GUST SPEED    20   HIGHEST GUST DIRECTION    NW (300)
  AVERAGE WIND SPEED     5.1




RELATIVE HUMIDITY (PERCENT)
 HIGHEST    52
 LOWEST     15
 AVERAGE    34

..........................................................


THE BAKERSFIELD CLIMATE NORMALS FOR TOMORROW
                         NORMAL    RECORD    YEAR
 MAXIMUM TEMPERATURE (F)   71        88      1923
 MINIMUM TEMPERATURE (F)   48        30      1907


SUNRISE AND SUNSET
MARCH 29 2015.........SUNRISE   647 AM PDT   SUNSET   715 PM PDT
MARCH 30 2015.........SUNRISE   646 AM PDT   SUNSET   716 PM PDT


-  INDICATES NEGATIVE NUMBERS.
R  INDICATES RECORD WAS SET OR TIED.
MM INDICATES DATA IS MISSING.
T  INDICATES TRACE AMOUNT.




$$
