000
CDUS46 KHNX 030822
CLIBFL


CLIMATE REPORT
NATIONAL WEATHER SERVICE SAN JOAQUIN VALLEY, CA
1221 AM PST TUE MAR 3 2015


...................................

...THE BAKERSFIELD CLIMATE SUMMARY FOR MARCH 2 2015...

CLIMATE NORMAL PERIOD 1981 TO 2010
CLIMATE RECORD PERIOD 1889 TO 2015


WEATHER ITEM   OBSERVED TIME   RECORD YEAR NORMAL DEPARTURE
                VALUE   (LST)  VALUE       VALUE  FROM
                                                  NORMAL
...............................................................
TEMPERATURE (F)
 YESTERDAY
  MAXIMUM         62    343 PM  87    1926  67     -5
  MINIMUM         46   1157 PM  28    1907  45      1
  AVERAGE         54                        56     -2

PRECIPITATION (IN)
  YESTERDAY        0.21          1.30 1938   0.05   0.16
  MONTH TO DATE    0.27                      0.09   0.18
  SINCE OCT 1      4.53                      4.45   0.08
  SINCE JAN 1      1.86                      2.49  -0.63

SNOWFALL (IN)
  YESTERDAY        0.0
  MONTH TO DATE    0.0
  SINCE MAR 1      0.0
  SINCE JUL 1      0.0
  SNOW DEPTH       0

DEGREE DAYS
 HEATING
  YESTERDAY       11                                2
  MONTH TO DATE   24                                6
  SINCE MAR 1     24                                6
  SINCE JUL 1   1159                             -633

 COOLING
  YESTERDAY        0                                0
  MONTH TO DATE    0                                0
  SINCE MAR 1      0                                0
  SINCE JAN 1      4                                4
...............................................................


WIND (MPH)
  HIGHEST WIND SPEED    17   HIGHEST WIND DIRECTION    SW (220)
  HIGHEST GUST SPEED    21   HIGHEST GUST DIRECTION    SW (220)
  AVERAGE WIND SPEED     5.7




RELATIVE HUMIDITY (PERCENT)
 HIGHEST    93
 LOWEST     46
 AVERAGE    70

..........................................................


THE BAKERSFIELD CLIMATE NORMALS FOR TODAY
                         NORMAL    RECORD    YEAR
 MAXIMUM TEMPERATURE (F)   67        84      1987
 MINIMUM TEMPERATURE (F)   45        20      1917


SUNRISE AND SUNSET
MARCH  3 2015.........SUNRISE   624 AM PST   SUNSET   553 PM PST
MARCH  4 2015.........SUNRISE   622 AM PST   SUNSET   554 PM PST


-  INDICATES NEGATIVE NUMBERS.
R  INDICATES RECORD WAS SET OR TIED.
MM INDICATES DATA IS MISSING.
T  INDICATES TRACE AMOUNT.




$$
