000
CDUS46 KHNX 260022
CLIBFL


CLIMATE REPORT
NATIONAL WEATHER SERVICE SAN JOAQUIN VALLEY, CA
421 PM PST TUE NOV 25 2014


...................................

...THE BAKERSFIELD CLIMATE SUMMARY FOR NOVEMBER 25 2014...
VALID AS OF 0400 PM LOCAL TIME.

CLIMATE NORMAL PERIOD 1981 TO 2010
CLIMATE RECORD PERIOD 1889 TO 2014


WEATHER ITEM   OBSERVED TIME   RECORD YEAR NORMAL DEPARTURE LAST
                VALUE   (LST)  VALUE       VALUE  FROM      YEAR
                                                  NORMAL
..................................................................
TEMPERATURE (F)
 TODAY
  MAXIMUM         67    346 PM  79    1914  62      5       64
                                      1912
  MINIMUM         42    659 AM  25    1931  42      0       43
  AVERAGE         55                        52      3       54

PRECIPITATION (IN)
  TODAY            0.00          0.99 1970   0.02  -0.02     0.00
  MONTH TO DATE    0.01                      0.52  -0.51     0.94
  SINCE JUL 1      0.66                      0.94  -0.28     0.97
  SINCE JAN 1      2.00                      5.33  -3.33     3.33

SNOWFALL (IN)
  TODAY            0.0
  MONTH TO DATE    0.0
  SINCE SEP 1      0.0
  SINCE JUL 1      0.0
  SNOW DEPTH       0

DEGREE DAYS
 HEATING
  TODAY           10                        13     -3       11
  MONTH TO DATE  140                       229    -89      163
  SINCE SEP 1    150                       287   -137      207
  SINCE JUL 1    150                       287   -137      207

 COOLING
  TODAY            0                         0      0        0
  MONTH TO DATE    4                         3      1        0
  SINCE SEP 1    702                       489    213      443
  SINCE JAN 1   2983                      2257    726     2557
..................................................................


WIND (MPH)
  HIGHEST WIND SPEED     9   HIGHEST WIND DIRECTION    NW (310)
  HIGHEST GUST SPEED    11   HIGHEST GUST DIRECTION    NW (310)
  AVERAGE WIND SPEED     1.9




RELATIVE HUMIDITY (PERCENT)
 HIGHEST    82
 LOWEST     42
 AVERAGE    62

..........................................................


THE BAKERSFIELD CLIMATE NORMALS FOR TOMORROW
                         NORMAL    RECORD    YEAR
 MAXIMUM TEMPERATURE (F)   62        90      1907
 MINIMUM TEMPERATURE (F)   41        27      1931
                                             1902


SUNRISE AND SUNSET
NOVEMBER 25 2014......SUNRISE   641 AM PST   SUNSET   445 PM PST
NOVEMBER 26 2014......SUNRISE   642 AM PST   SUNSET   445 PM PST


-  INDICATES NEGATIVE NUMBERS.
R  INDICATES RECORD WAS SET OR TIED.
MM INDICATES DATA IS MISSING.
T  INDICATES TRACE AMOUNT.




$$
