000
CDUS46 KHNX 270823
CLIBFL


CLIMATE REPORT
NATIONAL WEATHER SERVICE SAN JOAQUIN VALLEY, CA
122 AM PDT WED MAY 27 2015


...................................

...THE BAKERSFIELD CLIMATE SUMMARY FOR MAY 26 2015...

CLIMATE NORMAL PERIOD 1981 TO 2010
CLIMATE RECORD PERIOD 1889 TO 2015


WEATHER ITEM   OBSERVED TIME   RECORD YEAR NORMAL DEPARTURE
                VALUE   (LST)  VALUE       VALUE  FROM
                                                  NORMAL
...............................................................
TEMPERATURE (F)
 YESTERDAY
  MAXIMUM         84    454 PM 107    1951  86     -2
  MINIMUM         62    544 AM  40    1918  60      2
  AVERAGE         73                        73      0

PRECIPITATION (IN)
  YESTERDAY        0.00          0.78 1971   0.00   0.00
  MONTH TO DATE    0.68                      0.16   0.52
  SINCE OCT 1      5.29                      6.25  -0.96
  SINCE JAN 1      2.62                      4.29  -1.67

SNOWFALL (IN)
  YESTERDAY        0.0
  MONTH TO DATE    0.0
  SINCE MAR 1      0.0
  SINCE JUL 1      0.0
  SNOW DEPTH       0

DEGREE DAYS
 HEATING
  YESTERDAY        0                                0
  MONTH TO DATE   19                              -11
  SINCE MAR 1    172                             -226
  SINCE JUL 1   1307                             -865

 COOLING
  YESTERDAY        8                                0
  MONTH TO DATE  107                              -51
  SINCE MAR 1    269                               45
  SINCE JAN 1    273                               49
...............................................................


WIND (MPH)
  HIGHEST WIND SPEED    14   HIGHEST WIND DIRECTION     W (290)
  HIGHEST GUST SPEED    20   HIGHEST GUST DIRECTION     W (280)
  AVERAGE WIND SPEED     7.1




RELATIVE HUMIDITY (PERCENT)
 HIGHEST    56
 LOWEST     28
 AVERAGE    42

..........................................................


THE BAKERSFIELD CLIMATE NORMALS FOR TODAY
                         NORMAL    RECORD    YEAR
 MAXIMUM TEMPERATURE (F)   86       106      1974
 MINIMUM TEMPERATURE (F)   60        42      1917


SUNRISE AND SUNSET
MAY 27 2015...........SUNRISE   544 AM PDT   SUNSET   803 PM PDT
MAY 28 2015...........SUNRISE   544 AM PDT   SUNSET   803 PM PDT


-  INDICATES NEGATIVE NUMBERS.
R  INDICATES RECORD WAS SET OR TIED.
MM INDICATES DATA IS MISSING.
T  INDICATES TRACE AMOUNT.




$$
