000
CDUS46 KHNX 180823
CLIBFL


CLIMATE REPORT
NATIONAL WEATHER SERVICE SAN JOAQUIN VALLEY, CA
1223 AM PST SUN FEB 18 2018


...................................

...THE BAKERSFIELD CLIMATE SUMMARY FOR FEBRUARY 17 2018...

CLIMATE NORMAL PERIOD 1981 TO 2010
CLIMATE RECORD PERIOD 1889 TO 2018


WEATHER ITEM   OBSERVED TIME   RECORD YEAR NORMAL DEPARTURE
                VALUE   (LST)  VALUE       VALUE  FROM
                                                  NORMAL
...............................................................
TEMPERATURE (F)
 YESTERDAY
  MAXIMUM         73    418 PM  85    1930  64      9
  MINIMUM         41    556 AM  24    1903  43     -2
  AVERAGE         57                        53      4

PRECIPITATION (IN)
  YESTERDAY        0.00          0.51 1997   0.05  -0.05
  MONTH TO DATE    0.00                      0.75  -0.75
  SINCE OCT 1      1.10                      3.87  -2.77
  SINCE JAN 1      1.03                      1.91  -0.88

SNOWFALL (IN)
  YESTERDAY        0.0
  MONTH TO DATE    0.0
  SINCE DEC 1      0.0
  SINCE JUL 1      0.0
  SNOW DEPTH       0

DEGREE DAYS
 HEATING
  YESTERDAY        8                               -4
  MONTH TO DATE  108                             -123
  SINCE DEC 1    909                             -390
  SINCE JUL 1   1086                             -571

 COOLING
  YESTERDAY        0                                0
  MONTH TO DATE    0                                0
  SINCE DEC 1      0                                0
  SINCE JAN 1      0                                0
...............................................................


WIND (MPH)
  HIGHEST WIND SPEED     9   HIGHEST WIND DIRECTION    NW (300)
  HIGHEST GUST SPEED    11   HIGHEST GUST DIRECTION    NW (310)
  AVERAGE WIND SPEED     3.4




RELATIVE HUMIDITY (PERCENT)
 HIGHEST    65
 LOWEST     24
 AVERAGE    45

..........................................................


THE BAKERSFIELD CLIMATE NORMALS FOR TODAY
                         NORMAL    RECORD    YEAR
 MAXIMUM TEMPERATURE (F)   64        87      1930
 MINIMUM TEMPERATURE (F)   43        27      1903


SUNRISE AND SUNSET
FEBRUARY 18 2018......SUNRISE   639 AM PST   SUNSET   541 PM PST
FEBRUARY 19 2018......SUNRISE   638 AM PST   SUNSET   542 PM PST


-  INDICATES NEGATIVE NUMBERS.
R  INDICATES RECORD WAS SET OR TIED.
MM INDICATES DATA IS MISSING.
T  INDICATES TRACE AMOUNT.




$$
