000
CDUS46 KHNX 290836
CLIBFL


CLIMATE REPORT
NATIONAL WEATHER SERVICE SAN JOAQUIN VALLEY, CA
1236 AM PST THU JAN 29 2015


...................................

...THE BAKERSFIELD CLIMATE SUMMARY FOR JANUARY 28 2015...

CLIMATE NORMAL PERIOD 1981 TO 2010
CLIMATE RECORD PERIOD 1889 TO 2015


WEATHER ITEM   OBSERVED TIME   RECORD YEAR NORMAL DEPARTURE
                VALUE   (LST)  VALUE       VALUE  FROM
                                                  NORMAL
...............................................................
TEMPERATURE (F)
 YESTERDAY
  MAXIMUM         60    407 PM  77    1988  58      2
  MINIMUM         47    617 AM  27    1957  40      7
                                      1923
  AVERAGE         54                        49      5

PRECIPITATION (IN)
  YESTERDAY        0.00          0.59 1950   0.03  -0.03
  MONTH TO DATE    0.69                      1.03  -0.34
  SINCE OCT 1      3.36                      2.99   0.37
  SINCE JAN 1      0.69                      1.03  -0.34

SNOWFALL (IN)
  YESTERDAY        0.0
  MONTH TO DATE    0.0
  SINCE DEC 1      0.0
  SINCE JUL 1      0.0
  SNOW DEPTH       0

DEGREE DAYS
 HEATING
  YESTERDAY       11                               -5
  MONTH TO DATE  421                              -66
  SINCE DEC 1    766                             -254
  SINCE JUL 1    940                             -438

 COOLING
  YESTERDAY        0                                0
  MONTH TO DATE    0                                0
  SINCE DEC 1      0                                0
  SINCE JAN 1      0                                0
...............................................................


WIND (MPH)
  HIGHEST WIND SPEED    10   HIGHEST WIND DIRECTION    NW (310)
  HIGHEST GUST SPEED    13   HIGHEST GUST DIRECTION    NW (310)
  AVERAGE WIND SPEED     2.8




RELATIVE HUMIDITY (PERCENT)
 HIGHEST    93
 LOWEST     72
 AVERAGE    83

..........................................................


THE BAKERSFIELD CLIMATE NORMALS FOR TODAY
                         NORMAL    RECORD    YEAR
 MAXIMUM TEMPERATURE (F)   59        74      1986
                                             1960
                                             1928
 MINIMUM TEMPERATURE (F)   40        27      1903
                                             1902


SUNRISE AND SUNSET
JANUARY 29 2015.......SUNRISE   658 AM PST   SUNSET   521 PM PST
JANUARY 30 2015.......SUNRISE   657 AM PST   SUNSET   522 PM PST


-  INDICATES NEGATIVE NUMBERS.
R  INDICATES RECORD WAS SET OR TIED.
MM INDICATES DATA IS MISSING.
T  INDICATES TRACE AMOUNT.




$$
