000
CDUS46 KHNX 210823
CLIBFL


CLIMATE REPORT
NATIONAL WEATHER SERVICE SAN JOAQUIN VALLEY, CA
123 AM PDT FRI JUL 21 2017


...................................

...THE BAKERSFIELD CLIMATE SUMMARY FOR JULY 20 2017...

CLIMATE NORMAL PERIOD 1981 TO 2010
CLIMATE RECORD PERIOD 1889 TO 2017


WEATHER ITEM   OBSERVED TIME   RECORD YEAR NORMAL DEPARTURE
                VALUE   (LST)  VALUE       VALUE  FROM
                                                  NORMAL
...............................................................
TEMPERATURE (F)
 YESTERDAY
  MAXIMUM         99        MM 112    1938  98      1
                                      1899
  MINIMUM         70        MM  49    1906  71     -1
  AVERAGE         85                        85      0

PRECIPITATION (IN)
  YESTERDAY        0.00          0.23 1946   0.00   0.00
  MONTH TO DATE    0.00                      0.00   0.00
  SINCE OCT 1      7.82                      6.35   1.47
  SINCE JAN 1      4.79                      4.39   0.40

SNOWFALL (IN)
  YESTERDAY        0.0
  MONTH TO DATE    0.0
  SINCE JUN 1      0.0
  SINCE JUL 1      0.0
  SNOW DEPTH       0

DEGREE DAYS
 HEATING
  YESTERDAY        0                                0
  MONTH TO DATE    0                                0
  SINCE JUN 1      1                               -1
  SINCE JUL 1      0                                0

 COOLING
  YESTERDAY       20                                0
  MONTH TO DATE  490                              123
  SINCE JUN 1   1032                              286
  SINCE JAN 1   1381                              368
...............................................................


WIND (MPH)
  HIGHEST WIND SPEED    14   HIGHEST WIND DIRECTION    NW (310)
  HIGHEST GUST SPEED    20   HIGHEST GUST DIRECTION    NW (320)
  AVERAGE WIND SPEED     6.9




RELATIVE HUMIDITY (PERCENT)
 HIGHEST    53
 LOWEST     15
 AVERAGE    34

..........................................................


THE BAKERSFIELD CLIMATE NORMALS FOR TODAY
                         NORMAL    RECORD    YEAR
 MAXIMUM TEMPERATURE (F)   98       112      1938
                                             1908
 MINIMUM TEMPERATURE (F)   71        50      1906


SUNRISE AND SUNSET
JULY 21 2017..........SUNRISE   557 AM PDT   SUNSET   808 PM PDT
JULY 22 2017..........SUNRISE   558 AM PDT   SUNSET   807 PM PDT


-  INDICATES NEGATIVE NUMBERS.
R  INDICATES RECORD WAS SET OR TIED.
MM INDICATES DATA IS MISSING.
T  INDICATES TRACE AMOUNT.




$$
