000
CDUS46 KHNX 200023
CLIBFL


CLIMATE REPORT
NATIONAL WEATHER SERVICE SAN JOAQUIN VALLEY, CA
522 PM PDT TUE SEP 19 2017


...................................

...THE BAKERSFIELD CLIMATE SUMMARY FOR SEPTEMBER 19 2017...
VALID AS OF 0400 PM LOCAL TIME.

CLIMATE NORMAL PERIOD 1981 TO 2010
CLIMATE RECORD PERIOD 1889 TO 2017


WEATHER ITEM   OBSERVED TIME   RECORD YEAR NORMAL DEPARTURE LAST
                VALUE   (LST)  VALUE       VALUE  FROM      YEAR
                                                  NORMAL
..................................................................
TEMPERATURE (F)
 TODAY
  MAXIMUM         79        MM 105    2016  89    -10      105
  MINIMUM         61        MM  39    1908  63     -2       69
  AVERAGE         70                        76     -6       87

PRECIPITATION (IN)
  TODAY            0.00          0.50 1963   0.00   0.00     0.00
  MONTH TO DATE    0.51                      0.04   0.47     0.00
  SINCE OCT 1      8.33                      6.43   1.90     5.43
  SINCE JAN 1      5.30                      4.47   0.83     4.10

SNOWFALL (IN)
  TODAY            0.0
  MONTH TO DATE    0.0
  SINCE SEP 1      0.0
  SINCE JUL 1      0.0
  SNOW DEPTH       0

DEGREE DAYS
 HEATING
  TODAY            0                         0      0        0
  MONTH TO DATE    0                         0      0        0
  SINCE SEP 1      0                         0      0        0
  SINCE JUL 1      0                         0      0        0

 COOLING
  TODAY            5                        11     -6       22
  MONTH TO DATE  355                       254    101      262
  SINCE SEP 1    355                       254    101      262
  SINCE JAN 1   2723                      2022    701     2455
..................................................................


WIND (MPH)
  HIGHEST WIND SPEED    14   HIGHEST WIND DIRECTION     N (350)
  HIGHEST GUST SPEED    MM   HIGHEST GUST DIRECTION    MM
  AVERAGE WIND SPEED     7.4




RELATIVE HUMIDITY (PERCENT)
 HIGHEST    78
 LOWEST     36
 AVERAGE    57

..........................................................


THE BAKERSFIELD CLIMATE NORMALS FOR TOMORROW
                         NORMAL    RECORD    YEAR
 MAXIMUM TEMPERATURE (F)   89       104      1899
 MINIMUM TEMPERATURE (F)   63        38      1908


SUNRISE AND SUNSET
SEPTEMBER 19 2017.....SUNRISE   642 AM PDT   SUNSET   657 PM PDT
SEPTEMBER 20 2017.....SUNRISE   643 AM PDT   SUNSET   655 PM PDT


-  INDICATES NEGATIVE NUMBERS.
R  INDICATES RECORD WAS SET OR TIED.
MM INDICATES DATA IS MISSING.
T  INDICATES TRACE AMOUNT.




$$
