000
CDUS46 KHNX 210822
CLIBFL


CLIMATE REPORT
NATIONAL WEATHER SERVICE SAN JOAQUIN VALLEY, CA
122 AM PDT TUE OCT 21 2014


...................................

...THE BAKERSFIELD CLIMATE SUMMARY FOR OCTOBER 20 2014...

CLIMATE NORMAL PERIOD 1981 TO 2010
CLIMATE RECORD PERIOD 1889 TO 2014


WEATHER ITEM   OBSERVED TIME   RECORD YEAR NORMAL DEPARTURE
                VALUE   (LST)  VALUE       VALUE  FROM
                                                  NORMAL
...............................................................
TEMPERATURE (F)
 YESTERDAY
  MAXIMUM         80    351 PM  97    1927  78      2
  MINIMUM         59    300 AM  33    1908  54      5
  AVERAGE         70                        66      4

PRECIPITATION (IN)
  YESTERDAY        0.00          0.24 2004   0.01  -0.01
  MONTH TO DATE    0.00                      0.14  -0.14
  SINCE JUL 1      0.01                      0.26  -0.25
  SINCE JAN 1      1.35                      4.65  -3.30

SNOWFALL (IN)
  YESTERDAY        0.0
  MONTH TO DATE    0.0
  SINCE SEP 1      0.0
  SINCE JUL 1      0.0
  SNOW DEPTH       0

DEGREE DAYS
 HEATING
  YESTERDAY        0                               -2
  MONTH TO DATE    0                              -18
  SINCE SEP 1      0                              -20
  SINCE JUL 1      0                              -20

 COOLING
  YESTERDAY        5                                2
  MONTH TO DATE  197                               91
  SINCE SEP 1    682                              214
  SINCE JAN 1   2963                              727
...............................................................


WIND (MPH)
  HIGHEST WIND SPEED    24   HIGHEST WIND DIRECTION    NW (330)
  HIGHEST GUST SPEED    30   HIGHEST GUST DIRECTION    NW (330)
  AVERAGE WIND SPEED     6.3




RELATIVE HUMIDITY (PERCENT)
 HIGHEST    64
 LOWEST     33
 AVERAGE    49

..........................................................


THE BAKERSFIELD CLIMATE NORMALS FOR TODAY
                         NORMAL    RECORD    YEAR
 MAXIMUM TEMPERATURE (F)   77        94      2003
                                             1964
                                             1913
 MINIMUM TEMPERATURE (F)   53        32      1906


SUNRISE AND SUNSET
OCTOBER 21 2014.......SUNRISE   708 AM PDT   SUNSET   613 PM PDT
OCTOBER 22 2014.......SUNRISE   709 AM PDT   SUNSET   612 PM PDT


-  INDICATES NEGATIVE NUMBERS.
R  INDICATES RECORD WAS SET OR TIED.
MM INDICATES DATA IS MISSING.
T  INDICATES TRACE AMOUNT.




$$
