000
CDUS46 KHNX 130825
CLIBFL


CLIMATE REPORT
NATIONAL WEATHER SERVICE SAN JOAQUIN VALLEY, CA
125 AM PDT SUN JUL 13 2014


...................................

...THE BAKERSFIELD CLIMATE SUMMARY FOR JULY 12 2014...

CLIMATE NORMAL PERIOD 1981 TO 2010
CLIMATE RECORD PERIOD 1889 TO 2014


WEATHER ITEM   OBSERVED TIME   RECORD YEAR NORMAL DEPARTURE
                VALUE   (LST)  VALUE       VALUE  FROM
                                                  NORMAL
...............................................................
TEMPERATURE (F)
 YESTERDAY
  MAXIMUM         94    457 PM 113    1913  97     -3
  MINIMUM         69    539 AM  48    1914  71     -2
  AVERAGE         82                        84     -2

PRECIPITATION (IN)
  YESTERDAY        0.00          T    1999   0.00   0.00
                                      1969
                                      1967
  MONTH TO DATE    0.00                      0.00   0.00
  SINCE JUL 1      0.00                      0.00   0.00
  SINCE JAN 1      1.34                      4.39  -3.05

SNOWFALL (IN)
  YESTERDAY        0.0
  MONTH TO DATE    0.0
  SINCE JUN 1      0.0
  SINCE JUL 1      0.0
  SNOW DEPTH       0

DEGREE DAYS
 HEATING
  YESTERDAY        0                                0
  MONTH TO DATE    0                                0
  SINCE JUN 1      0                               -2
  SINCE JUL 1      0                                0

 COOLING
  YESTERDAY       17                               -2
  MONTH TO DATE  281                               67
  SINCE JUN 1    784                              191
  SINCE JAN 1   1236                              376
...............................................................


WIND (MPH)
  HIGHEST WIND SPEED    16   HIGHEST WIND DIRECTION    NW (310)
  HIGHEST GUST SPEED    23   HIGHEST GUST DIRECTION     W (280)
  AVERAGE WIND SPEED     6.2




RELATIVE HUMIDITY (PERCENT)
 HIGHEST    61
 LOWEST     23
 AVERAGE    42

..........................................................


THE BAKERSFIELD CLIMATE NORMALS FOR TODAY
                         NORMAL    RECORD    YEAR
 MAXIMUM TEMPERATURE (F)   97       111      1908
 MINIMUM TEMPERATURE (F)   71        46      1914


SUNRISE AND SUNSET
JULY 13 2014..........SUNRISE   551 AM PDT   SUNSET   812 PM PDT
JULY 14 2014..........SUNRISE   552 AM PDT   SUNSET   812 PM PDT


-  INDICATES NEGATIVE NUMBERS.
R  INDICATES RECORD WAS SET OR TIED.
MM INDICATES DATA IS MISSING.
T  INDICATES TRACE AMOUNT.




$$
