000
CDUS46 KHNX 240823
CLIBFL


CLIMATE REPORT
NATIONAL WEATHER SERVICE SAN JOAQUIN VALLEY, CA
1223 AM PST FRI NOV 24 2017


...................................

...THE BAKERSFIELD CLIMATE SUMMARY FOR NOVEMBER 23 2017...

CLIMATE NORMAL PERIOD 1981 TO 2010
CLIMATE RECORD PERIOD 1889 TO 2017


WEATHER ITEM   OBSERVED TIME   RECORD YEAR NORMAL DEPARTURE
                VALUE   (LST)  VALUE       VALUE  FROM
                                                  NORMAL
...............................................................
TEMPERATURE (F)
 YESTERDAY
  MAXIMUM         77    245 PM  82    2015  63     14
  MINIMUM         50    713 AM  22    1931  42      8
  AVERAGE         64                        52     12

PRECIPITATION (IN)
  YESTERDAY        0.00          0.72 1946   0.02  -0.02
  MONTH TO DATE    0.03                      0.47  -0.44
  SINCE OCT 1      0.03                      0.77  -0.74
  SINCE JAN 1      5.34                      5.28   0.06

SNOWFALL (IN)
  YESTERDAY        0.0
  MONTH TO DATE    0.0
  SINCE SEP 1      0.0
  SINCE JUL 1      0.0
  SNOW DEPTH       0

DEGREE DAYS
 HEATING
  YESTERDAY        1                              -12
  MONTH TO DATE   99                             -104
  SINCE SEP 1    128                             -133
  SINCE JUL 1    128                             -133

 COOLING
  YESTERDAY        0                                0
  MONTH TO DATE    6                                3
  SINCE SEP 1    576                               87
  SINCE JAN 1   2944                              687
...............................................................


WIND (MPH)
  HIGHEST WIND SPEED    10   HIGHEST WIND DIRECTION     N (360)
  HIGHEST GUST SPEED    13   HIGHEST GUST DIRECTION    NW (300)
  AVERAGE WIND SPEED     4.9




RELATIVE HUMIDITY (PERCENT)
 HIGHEST    80
 LOWEST     38
 AVERAGE    59

..........................................................


THE BAKERSFIELD CLIMATE NORMALS FOR TODAY
                         NORMAL    RECORD    YEAR
 MAXIMUM TEMPERATURE (F)   62        87      1917
 MINIMUM TEMPERATURE (F)   42        22      1931


SUNRISE AND SUNSET
NOVEMBER 24 2017......SUNRISE   641 AM PST   SUNSET   445 PM PST
NOVEMBER 25 2017......SUNRISE   642 AM PST   SUNSET   445 PM PST


-  INDICATES NEGATIVE NUMBERS.
R  INDICATES RECORD WAS SET OR TIED.
MM INDICATES DATA IS MISSING.
T  INDICATES TRACE AMOUNT.




$$
