000
CDUS46 KHNX 060027
CLIBFL


CLIMATE REPORT
NATIONAL WEATHER SERVICE SAN JOAQUIN VALLEY, CA
426 PM PST FRI FEB 5 2016


...................................

...THE BAKERSFIELD CLIMATE SUMMARY FOR FEBRUARY 5 2016...
VALID TODAY AS OF 0400 PM LOCAL TIME.

CLIMATE NORMAL PERIOD 1981 TO 2010
CLIMATE RECORD PERIOD 1889 TO 2016


WEATHER ITEM   OBSERVED TIME   RECORD YEAR NORMAL DEPARTURE LAST
                VALUE   (LST)  VALUE       VALUE  FROM      YEAR
                                                  NORMAL
..................................................................
TEMPERATURE (F)
 TODAY
  MAXIMUM         64    341 PM  87    1912  60      4       83
  MINIMUM         34    332 AM  28    1989  41     -7       46
                                      1923
  AVERAGE         49                        50     -1       65

PRECIPITATION (IN)
  TODAY            0.00          0.76 1996   0.05  -0.05     0.00
  MONTH TO DATE    T                         0.22  -0.22     0.00
  SINCE OCT 1      3.28                      3.34  -0.06     3.36
  SINCE JAN 1      1.95                      1.38   0.57     0.69

SNOWFALL (IN)
  TODAY            0.0
  MONTH TO DATE    0.0
  SINCE DEC 1      0.0
  SINCE JUL 1      0.0
  SNOW DEPTH       0

DEGREE DAYS
 HEATING
  TODAY           16                        14      2        0
  MONTH TO DATE   95                        74     21       27
  SINCE DEC 1   1020                      1142   -122      820
  SINCE JUL 1   1363                      1500   -137      994

 COOLING
  TODAY            0                         0      0        0
  MONTH TO DATE    0                         0      0        0
  SINCE DEC 1      0                         0      0        0
  SINCE JAN 1      0                         0      0        0
..................................................................


WIND (MPH)
  HIGHEST WIND SPEED    13   HIGHEST WIND DIRECTION     N (350)
  HIGHEST GUST SPEED    15   HIGHEST GUST DIRECTION     N (340)
  AVERAGE WIND SPEED     2.4




RELATIVE HUMIDITY (PERCENT)
 HIGHEST    92
 LOWEST     48
 AVERAGE    70

..........................................................


THE BAKERSFIELD CLIMATE NORMALS FOR TOMORROW
                         NORMAL    RECORD    YEAR
 MAXIMUM TEMPERATURE (F)   61        85      2015
 MINIMUM TEMPERATURE (F)   41        27      1989
                                             1903


SUNRISE AND SUNSET
FEBRUARY  5 2016......SUNRISE   653 AM PST   SUNSET   528 PM PST
FEBRUARY  6 2016......SUNRISE   652 AM PST   SUNSET   529 PM PST


-  INDICATES NEGATIVE NUMBERS.
R  INDICATES RECORD WAS SET OR TIED.
MM INDICATES DATA IS MISSING.
T  INDICATES TRACE AMOUNT.




$$
