000
CDUS46 KHNX 251042
CLIBFL


CLIMATE REPORT
NATIONAL WEATHER SERVICE SAN JOAQUIN VALLEY, CA
341 AM PDT THU MAY 25 2017


...................................

...THE BAKERSFIELD CLIMATE SUMMARY FOR MAY 24 2017...

CLIMATE NORMAL PERIOD 1981 TO 2010
CLIMATE RECORD PERIOD 1889 TO 2017


WEATHER ITEM   OBSERVED TIME   RECORD YEAR NORMAL DEPARTURE
                VALUE   (LST)  VALUE       VALUE  FROM
                                                  NORMAL
...............................................................
TEMPERATURE (F)
 YESTERDAY
  MAXIMUM         99        MM 107    1982  86     13
  MINIMUM         69        MM  41    1916  59     10
  AVERAGE         84                        72     12

PRECIPITATION (IN)
  YESTERDAY        0.00          0.03 1980   0.00   0.00
                                      1931
  MONTH TO DATE    0.05                      0.15  -0.10
  SINCE OCT 1      7.81                      6.24   1.57
  SINCE JAN 1      4.78                      4.28   0.50

SNOWFALL (IN)
  YESTERDAY        0.0
  MONTH TO DATE    0.0
  SINCE MAR 1      0.0
  SINCE JUL 1      0.0
  SNOW DEPTH       0

DEGREE DAYS
 HEATING
  YESTERDAY        0                               -1
  MONTH TO DATE   23                               -7
  SINCE MAR 1    247                             -151
  SINCE JUL 1   1615                             -557

 COOLING
  YESTERDAY       19                               11
  MONTH TO DATE  207                               65
  SINCE MAR 1    284                               76
  SINCE JAN 1    286                               78
...............................................................


WIND (MPH)
  HIGHEST WIND SPEED    20   HIGHEST WIND DIRECTION    NW (310)
  HIGHEST GUST SPEED    31   HIGHEST GUST DIRECTION    NW (300)
  AVERAGE WIND SPEED     9.0




RELATIVE HUMIDITY (PERCENT)
 HIGHEST    31
 LOWEST     14
 AVERAGE    23

..........................................................


THE BAKERSFIELD CLIMATE NORMALS FOR TODAY
                         NORMAL    RECORD    YEAR
 MAXIMUM TEMPERATURE (F)   86       106      1982
 MINIMUM TEMPERATURE (F)   59        39      1893


SUNRISE AND SUNSET
MAY 25 2017...........SUNRISE   545 AM PDT   SUNSET   802 PM PDT
MAY 26 2017...........SUNRISE   545 AM PDT   SUNSET   802 PM PDT


-  INDICATES NEGATIVE NUMBERS.
R  INDICATES RECORD WAS SET OR TIED.
MM INDICATES DATA IS MISSING.
T  INDICATES TRACE AMOUNT.




$$
