000
CDUS46 KHNX 100824
CLIBFL


CLIMATE REPORT
NATIONAL WEATHER SERVICE SAN JOAQUIN VALLEY, CA
1223 AM PST SAT DEC 10 2016


...................................

...THE BAKERSFIELD CLIMATE SUMMARY FOR DECEMBER 9 2016...

CLIMATE NORMAL PERIOD 1981 TO 2010
CLIMATE RECORD PERIOD 1889 TO 2016


WEATHER ITEM   OBSERVED TIME   RECORD YEAR NORMAL DEPARTURE
                VALUE   (LST)  VALUE       VALUE  FROM
                                                  NORMAL
...............................................................
TEMPERATURE (F)
 YESTERDAY
  MAXIMUM         71    326 PM  74    1979  58     13
                                      1950
                                      1939
  MINIMUM         54   1158 PM  24    1923  39     15
                                      1916
                                      1903
  AVERAGE         63                        48     15

PRECIPITATION (IN)
  YESTERDAY        0.04          0.40 1996   0.03   0.01
  MONTH TO DATE    0.04                      0.25  -0.21
  SINCE OCT 1      0.66                      1.19  -0.53
  SINCE JAN 1      4.76                      5.70  -0.94

SNOWFALL (IN)
  YESTERDAY        0.0
  MONTH TO DATE    0.0
  SINCE DEC 1      0.0
  SINCE JUL 1      0.0
  SNOW DEPTH       0

DEGREE DAYS
 HEATING
  YESTERDAY        2                              -15
  MONTH TO DATE  130                              -12
  SINCE DEC 1    130                              -12
  SINCE JUL 1    335                             -165

 COOLING
  YESTERDAY        0                                0
  MONTH TO DATE    0                                0
  SINCE DEC 1      0                                0
  SINCE JAN 1   2738                              480
...............................................................


WIND (MPH)
  HIGHEST WIND SPEED    12   HIGHEST WIND DIRECTION    NW (300)
  HIGHEST GUST SPEED    15   HIGHEST GUST DIRECTION    NW (300)
  AVERAGE WIND SPEED     3.5




RELATIVE HUMIDITY (PERCENT)
 HIGHEST    93
 LOWEST     49
 AVERAGE    71

..........................................................


THE BAKERSFIELD CLIMATE NORMALS FOR TODAY
                         NORMAL    RECORD    YEAR
 MAXIMUM TEMPERATURE (F)   57        85      1912
 MINIMUM TEMPERATURE (F)   39        24      1923


SUNRISE AND SUNSET
DECEMBER 10 2016......SUNRISE   655 AM PST   SUNSET   444 PM PST
DECEMBER 11 2016......SUNRISE   655 AM PST   SUNSET   444 PM PST


-  INDICATES NEGATIVE NUMBERS.
R  INDICATES RECORD WAS SET OR TIED.
MM INDICATES DATA IS MISSING.
T  INDICATES TRACE AMOUNT.




$$
