000
CDUS44 KAMA 092239
CLIBGD


CLIMATE REPORT
NATIONAL WEATHER SERVICE AMARILLO TX
438 PM CST FRI DEC 9 2016


...................................

...THE BORGER CLIMATE SUMMARY FOR DECEMBER 9 2016...
VALID TODAY AS OF 0400 PM LOCAL TIME.

CLIMATE NORMAL PERIOD 1981 TO 2010
CLIMATE RECORD PERIOD 1949 TO 2016


WEATHER ITEM   OBSERVED TIME   RECORD YEAR NORMAL DEPARTURE LAST
                VALUE   (LST)  VALUE       VALUE  FROM      YEAR
                                                  NORMAL
..................................................................
TEMPERATURE (F)
 TODAY
  MAXIMUM         43    431 PM  79    1996  51     -8       70
  MINIMUM         27    450 AM  -1    1978  28     -1       36
  AVERAGE         35                        39     -4       53

PRECIPITATION (IN)
  TODAY            0.00          0.19 2007   0.01  -0.01     0.00
  MONTH TO DATE    0.11                      0.16  -0.05     0.00
  SINCE DEC 1      0.11                      0.16  -0.05     0.00
  SINCE JAN 1     15.67                     21.11  -5.44    42.00

SNOWFALL (IN)
  TODAY            0.0          MM      MM                   0.0
  MONTH TO DATE    0.0                                       0.0
  SINCE DEC 1      0.0                                       0.0
  SINCE JUL 1      0.0                                       0.8
  SNOW DEPTH       0

DEGREE DAYS
 HEATING
  TODAY           30                        26      4       12
  MONTH TO DATE  260                       219     41      153
  SINCE DEC 1    260                       219     41      153
  SINCE JUL 1    633                       936   -303      725

 COOLING
  TODAY            0                         0      0        0
  MONTH TO DATE    0                         0      0        0
  SINCE DEC 1      0                         0      0        0
  SINCE JAN 1   2180                      1839    341     1960
..................................................................


WIND (MPH)
  RESULTANT WIND SPEED  14   RESULTANT WIND DIRECTION   S (180)
  HIGHEST WIND SPEED    21   HIGHEST WIND DIRECTION     S (200)
  HIGHEST GUST SPEED    28   HIGHEST GUST DIRECTION     S (190)
  AVERAGE WIND SPEED    14.3


SKY COVER
  AVERAGE SKY COVER 0.8


WEATHER CONDITIONS
 THE FOLLOWING WEATHER WAS RECORDED TODAY.
  NO SIGNIFICANT WEATHER WAS OBSERVED.


RELATIVE HUMIDITY (PERCENT)
 HIGHEST    69          1000 AM
 LOWEST     46          1200 AM
 AVERAGE    58

..........................................................


THE BORGER CLIMATE NORMALS FOR TOMORROW
                         NORMAL    RECORD    YEAR
 MAXIMUM TEMPERATURE (F)   51        73      1981
 MINIMUM TEMPERATURE (F)   28         5      1972


SUNRISE AND SUNSET
DECEMBER  9 2016......SUNRISE   744 AM CST   SUNSET   532 PM CST
DECEMBER 10 2016......SUNRISE   745 AM CST   SUNSET   532 PM CST


-  INDICATES NEGATIVE NUMBERS.
R  INDICATES RECORD WAS SET OR TIED.
MM INDICATES DATA IS MISSING.
T  INDICATES TRACE AMOUNT.




$$
