000
CDUS44 KAMA 270731
CLIBGD


CLIMATE REPORT
NATIONAL WEATHER SERVICE AMARILLO TX
129 AM CST FRI FEB 27 2015


...................................

...THE BORGER CLIMATE SUMMARY FOR FEBRUARY 26 2015...

CLIMATE NORMAL PERIOD 1981 TO 2013
CLIMATE RECORD PERIOD 1949 TO 2015


WEATHER ITEM   OBSERVED TIME   RECORD YEAR NORMAL DEPARTURE LAST
                VALUE   (LST)  VALUE       VALUE  FROM      YEAR
                                                  NORMAL
..................................................................
TEMPERATURE (F)
 YESTERDAY
  MAXIMUM         39   1205 AM  78    1986  57    -18       44
  MINIMUM         19   1018 AM  11    2002  32    -13       15
  AVERAGE         29                        44    -15       30

PRECIPITATION (IN)
  YESTERDAY        T             0.57 1949   0.01  -0.01      T
  MONTH TO DATE    0.33                      0.58  -0.25     0.29
  SINCE DEC 1      1.70                      1.94  -0.24     0.63
  SINCE JAN 1      1.56                      1.17   0.39     0.36

SNOWFALL (IN)
  YESTERDAY        T             3.5  1984                    T
  MONTH TO DATE    3.0                                       4.1
  SINCE DEC 1     12.1                                       8.8
  SINCE JUL 1     14.0                                      12.6
  SNOW DEPTH       0

DEGREE DAYS
 HEATING
  YESTERDAY       36                        21     15       35
  MONTH TO DATE  560                       602    -42      704
  SINCE DEC 1   2096                      2237   -141     2341
  SINCE JUL 1   2781                      2954   -173     3055

 COOLING
  YESTERDAY        0                         0      0        0
  MONTH TO DATE    0                         0      0        0
  SINCE DEC 1      0                         0      0        0
  SINCE JAN 1      0                         0      0        0
..................................................................


WIND (MPH)
  RESULTANT WIND SPEED  14   RESULTANT WIND DIRECTION  NE (40)
  HIGHEST WIND SPEED    25   HIGHEST WIND DIRECTION    NE (30)
  HIGHEST GUST SPEED    34   HIGHEST GUST DIRECTION    NE (40)
  AVERAGE WIND SPEED    14.3


SKY COVER
  AVERAGE SKY COVER 1.0


WEATHER CONDITIONS
 THE FOLLOWING WEATHER WAS RECORDED YESTERDAY.
  LIGHT SNOW


RELATIVE HUMIDITY (PERCENT)
 HIGHEST    77           600 AM
 LOWEST     42           400 PM
 AVERAGE    60

..........................................................


THE BORGER CLIMATE NORMALS FOR TODAY
                         NORMAL    RECORD    YEAR
 MAXIMUM TEMPERATURE (F)   57        81      2006
 MINIMUM TEMPERATURE (F)   32         6      1962


SUNRISE AND SUNSET
FEBRUARY 27 2015......SUNRISE   718 AM CST   SUNSET   639 PM CST
FEBRUARY 28 2015......SUNRISE   717 AM CST   SUNSET   640 PM CST


-  INDICATES NEGATIVE NUMBERS.
R  INDICATES RECORD WAS SET OR TIED.
MM INDICATES DATA IS MISSING.
T  INDICATES TRACE AMOUNT.




$$
