000
CDUS44 KAMA 172132
CLIBGD


CLIMATE REPORT
NATIONAL WEATHER SERVICE AMARILLO TX
431 PM CDT TUE OCT 17 2017


...................................

...THE BORGER CLIMATE SUMMARY FOR OCTOBER 17 2017...
VALID TODAY AS OF 0400 PM LOCAL TIME.

CLIMATE NORMAL PERIOD 1981 TO 2010
CLIMATE RECORD PERIOD 1949 TO 2017


WEATHER ITEM   OBSERVED TIME   RECORD YEAR NORMAL DEPARTURE LAST
                VALUE   (LST)  VALUE       VALUE  FROM      YEAR
                                                  NORMAL
..................................................................
TEMPERATURE (F)
 TODAY
  MAXIMUM         84    259 PM  99    2016  73     11       99
  MINIMUM         46    722 AM  31    1992  47     -1       68
  AVERAGE         65                        60      5       84

PRECIPITATION (IN)
  TODAY            0.00          1.26 1960   0.06  -0.06     0.00
  MONTH TO DATE    2.13                      1.08   1.05     0.05
  SINCE SEP 1      5.04                      3.46   1.58     1.07
  SINCE JAN 1     26.04                     19.47   6.57    15.41

SNOWFALL (IN)
  TODAY            0.0           T    1989                   0.0
  MONTH TO DATE    0.0                                       0.0
  SINCE SEP 1      0.0                                       0.0
  SINCE JUL 1      0.0                                       0.0
  SNOW DEPTH       0

DEGREE DAYS
 HEATING
  TODAY            0                         6     -6        0
  MONTH TO DATE   53                        76    -23       27
  SINCE SEP 1     78                       103    -25       31
  SINCE JUL 1     78                       104    -26       31

 COOLING
  TODAY            0                         1     -1       19
  MONTH TO DATE   58                        41     17      110
  SINCE SEP 1    319                       276     43      402
  SINCE JAN 1   1982                      1826    156     2120
..................................................................


WIND (MPH)
  RESULTANT WIND SPEED   7   RESULTANT WIND DIRECTION  SW (220)
  HIGHEST WIND SPEED    16   HIGHEST WIND DIRECTION     S (190)
  HIGHEST GUST SPEED    22   HIGHEST GUST DIRECTION     S (180)
  AVERAGE WIND SPEED     7.9


SKY COVER
  AVERAGE SKY COVER 0.0


WEATHER CONDITIONS
 THE FOLLOWING WEATHER WAS RECORDED TODAY.
  NO SIGNIFICANT WEATHER WAS OBSERVED.


RELATIVE HUMIDITY (PERCENT)
 HIGHEST    66           400 AM
 LOWEST     22           300 PM
 AVERAGE    44

..........................................................


THE BORGER CLIMATE NORMALS FOR TOMORROW
                         NORMAL    RECORD    YEAR
 MAXIMUM TEMPERATURE (F)   72        91      2005
 MINIMUM TEMPERATURE (F)   47        31      1996


SUNRISE AND SUNSET
OCTOBER 17 2017.......SUNRISE   754 AM CDT   SUNSET   707 PM CDT
OCTOBER 18 2017.......SUNRISE   755 AM CDT   SUNSET   706 PM CDT


-  INDICATES NEGATIVE NUMBERS.
R  INDICATES RECORD WAS SET OR TIED.
MM INDICATES DATA IS MISSING.
T  INDICATES TRACE AMOUNT.




$$
