000
CDUS44 KAMA 262151
CLIBGD


CLIMATE REPORT
NATIONAL WEATHER SERVICE AMARILLO TX
449 PM CDT MON SEP 26 2016


...................................

...THE BORGER CLIMATE SUMMARY FOR SEPTEMBER 26 2016...
VALID TODAY AS OF 0400 PM LOCAL TIME.

CLIMATE NORMAL PERIOD 1981 TO 2010
CLIMATE RECORD PERIOD 1949 TO 2016


WEATHER ITEM   OBSERVED TIME   RECORD YEAR NORMAL DEPARTURE LAST
                VALUE   (LST)  VALUE       VALUE  FROM      YEAR
                                                  NORMAL
..................................................................
TEMPERATURE (F)
 TODAY
  MAXIMUM         75    259 PM  97    2013  80     -5       82
  MINIMUM         47    722 AM  37    1970  56     -9       58
  AVERAGE         61                        68     -7       70

PRECIPITATION (IN)
  TODAY            0.00          0.57 1950   0.07  -0.07     0.00
  MONTH TO DATE    1.02                      2.08  -1.06     0.59
  SINCE SEP 1      1.02                      2.08  -1.06     0.59
  SINCE JAN 1     15.36                     18.09  -2.73    35.55

SNOWFALL (IN)
  TODAY            0.0           T    1950                   0.0
  MONTH TO DATE    0.0                                       0.0
  SINCE SEP 1      0.0                                       0.0
  SINCE JUL 1      0.0                                       0.0
  SNOW DEPTH       0

DEGREE DAYS
 HEATING
  TODAY            4                         2      2        0
  MONTH TO DATE    4                        15    -11        0
  SINCE SEP 1      4                        15    -11        0
  SINCE JUL 1      4                        16    -12        0

 COOLING
  TODAY            0                         5     -5        5
  MONTH TO DATE  281                       217     64      353
  SINCE SEP 1    281                       217     64      353
  SINCE JAN 1   1999                      1767    232     1851
..................................................................


WIND (MPH)
  RESULTANT WIND SPEED   1   RESULTANT WIND DIRECTION   N (340)
  HIGHEST WIND SPEED    12   HIGHEST WIND DIRECTION    NE (60)
  HIGHEST GUST SPEED    17   HIGHEST GUST DIRECTION    NE (50)
  AVERAGE WIND SPEED     4.5


SKY COVER
  AVERAGE SKY COVER 0.0


WEATHER CONDITIONS
 THE FOLLOWING WEATHER WAS RECORDED TODAY.
  NO SIGNIFICANT WEATHER WAS OBSERVED.


RELATIVE HUMIDITY (PERCENT)
 HIGHEST    77           600 AM
 LOWEST     21           300 PM
 AVERAGE    49

..........................................................


THE BORGER CLIMATE NORMALS FOR TOMORROW
                         NORMAL    RECORD    YEAR
 MAXIMUM TEMPERATURE (F)   80        97      2009
                                             1953
 MINIMUM TEMPERATURE (F)   56        39      1996


SUNRISE AND SUNSET
SEPTEMBER 26 2016.....SUNRISE   737 AM CDT   SUNSET   736 PM CDT
SEPTEMBER 27 2016.....SUNRISE   738 AM CDT   SUNSET   734 PM CDT


-  INDICATES NEGATIVE NUMBERS.
R  INDICATES RECORD WAS SET OR TIED.
MM INDICATES DATA IS MISSING.
T  INDICATES TRACE AMOUNT.




$$
