000
CDUS44 KAMA 150630
CLIBGD


CLIMATE REPORT
NATIONAL WEATHER SERVICE AMARILLO TX
130 AM CDT MON SEP 15 2014


...................................

...THE BORGER CLIMATE SUMMARY FOR SEPTEMBER 14 2014...

CLIMATE NORMAL PERIOD 1981 TO 2013
CLIMATE RECORD PERIOD 1949 TO 2014


WEATHER ITEM   OBSERVED TIME   RECORD YEAR NORMAL DEPARTURE LAST
                VALUE   (LST)  VALUE       VALUE  FROM      YEAR
                                                  NORMAL
..................................................................
TEMPERATURE (F)
 YESTERDAY
  MAXIMUM         80    151 PM 100    1956  85     -5       87
  MINIMUM         57    503 AM  39    1989  61     -4       65
  AVERAGE         69                        73     -4       76

PRECIPITATION (IN)
  YESTERDAY        0.00          0.83 1979   0.08  -0.08     0.01
  MONTH TO DATE    1.79                      1.19   0.60     0.07
  SINCE SEP 1      1.79                      1.19   0.60     0.07
  SINCE JAN 1      9.53                     17.20  -7.67    11.63

SNOWFALL (IN)
  YESTERDAY        0.0           0.0  2013                   0.0
                                      2012
                                      2011
  MONTH TO DATE    0.0                                       0.0
  SINCE SEP 1      0.0                                       0.0
  SINCE JUL 1      0.0                                       0.0
  SNOW DEPTH       0

DEGREE DAYS
 HEATING
  YESTERDAY        0                         0      0        0
  MONTH TO DATE   17                         0     17        0
  SINCE SEP 1     17                         0     17        0
  SINCE JUL 1     18                         1     17        0

 COOLING
  YESTERDAY        4                         8     -4       11
  MONTH TO DATE  123                       140    -17      228
  SINCE SEP 1    123                       140    -17      228
  SINCE JAN 1   1857                      1690    167     2039
..................................................................


WIND (MPH)
  RESULTANT WIND SPEED  12   RESULTANT WIND DIRECTION   S (200)
  HIGHEST WIND SPEED    23   HIGHEST WIND DIRECTION     S (200)
  HIGHEST GUST SPEED    33   HIGHEST GUST DIRECTION     S (200)
  AVERAGE WIND SPEED    12.9


SKY COVER
  AVERAGE SKY COVER 0.2


WEATHER CONDITIONS
 THE FOLLOWING WEATHER WAS RECORDED YESTERDAY.
  NO SIGNIFICANT WEATHER WAS OBSERVED.


RELATIVE HUMIDITY (PERCENT)
 HIGHEST    87           600 AM
 LOWEST     45           200 PM
 AVERAGE    66

..........................................................


THE BORGER CLIMATE NORMALS FOR TODAY
                         NORMAL    RECORD    YEAR
 MAXIMUM TEMPERATURE (F)   84       100      2010
 MINIMUM TEMPERATURE (F)   60        40      1993


SUNRISE AND SUNSET
SEPTEMBER 15 2014.....SUNRISE   728 AM CDT   SUNSET   753 PM CDT
SEPTEMBER 16 2014.....SUNRISE   729 AM CDT   SUNSET   751 PM CDT


-  INDICATES NEGATIVE NUMBERS.
R  INDICATES RECORD WAS SET OR TIED.
MM INDICATES DATA IS MISSING.
T  INDICATES TRACE AMOUNT.




$$
