000
CDUS44 KAMA 172226
CLIBGD


CLIMATE REPORT
NATIONAL WEATHER SERVICE AMARILLO TX
425 PM CST SUN DEC 17 2017


...................................

...THE BORGER CLIMATE SUMMARY FOR DECEMBER 17 2017...
VALID TODAY AS OF 0400 PM LOCAL TIME.

CLIMATE NORMAL PERIOD 1981 TO 2010
CLIMATE RECORD PERIOD 1949 TO 2017


WEATHER ITEM   OBSERVED TIME   RECORD YEAR NORMAL DEPARTURE LAST
                VALUE   (LST)  VALUE       VALUE  FROM      YEAR
                                                  NORMAL
..................................................................
TEMPERATURE (F)
 TODAY
  MAXIMUM         49    259 PM  77    1980  49      0       62
  MINIMUM         30    824 AM   2    1964  26      4        3
  AVERAGE         40                        38      2       33

PRECIPITATION (IN)
  TODAY            0.00          1.96 1959   0.03  -0.03     0.01
  MONTH TO DATE    0.00                      0.32  -0.32     0.12
  SINCE DEC 1      0.00                      0.32  -0.32     0.12
  SINCE JAN 1     26.10                     21.27   4.83    15.68

SNOWFALL (IN)
  TODAY            0.0          MM      MM                   0.1
  MONTH TO DATE    0.0                                       0.1
  SINCE DEC 1      0.0                                       0.1
  SINCE JUL 1      0.8                                       0.1
  SNOW DEPTH       0

DEGREE DAYS
 HEATING
  TODAY           25                        27     -2       32
  MONTH TO DATE  338                       432    -94      445
  SINCE DEC 1    338                       432    -94      445
  SINCE JUL 1    861                      1149   -288      818

 COOLING
  TODAY            0                         0      0        0
  MONTH TO DATE    0                         0      0        0
  SINCE DEC 1      0                         0      0        0
  SINCE JAN 1   2001                      1839    162     2180
..................................................................


WIND (MPH)
  RESULTANT WIND SPEED   5   RESULTANT WIND DIRECTION  NW (320)
  HIGHEST WIND SPEED    18   HIGHEST WIND DIRECTION     N (350)
  HIGHEST GUST SPEED    23   HIGHEST GUST DIRECTION     N (350)
  AVERAGE WIND SPEED     8.5


SKY COVER
  AVERAGE SKY COVER 0.1


WEATHER CONDITIONS
 THE FOLLOWING WEATHER WAS RECORDED TODAY.
  NO SIGNIFICANT WEATHER WAS OBSERVED.


RELATIVE HUMIDITY (PERCENT)
 HIGHEST    96           300 AM
 LOWEST     46           200 PM
 AVERAGE    71

..........................................................


THE BORGER CLIMATE NORMALS FOR TOMORROW
                         NORMAL    RECORD    YEAR
 MAXIMUM TEMPERATURE (F)   49        74      1978
 MINIMUM TEMPERATURE (F)   26        -3      2016


SUNRISE AND SUNSET
DECEMBER 17 2017......SUNRISE   749 AM CST   SUNSET   534 PM CST
DECEMBER 18 2017......SUNRISE   750 AM CST   SUNSET   535 PM CST


-  INDICATES NEGATIVE NUMBERS.
R  INDICATES RECORD WAS SET OR TIED.
MM INDICATES DATA IS MISSING.
T  INDICATES TRACE AMOUNT.




$$
