000
CDUS44 KAMA 181415
CLIBGD


CLIMATE REPORT
NATIONAL WEATHER SERVICE AMARILLO TX
914 AM CDT FRI APR 18 2014


...................................

...THE BORGER CLIMATE SUMMARY FOR APRIL 18 2014...
VALID AS OF 0900 AM LOCAL TIME.

CLIMATE NORMAL PERIOD 1981 TO 2013
CLIMATE RECORD PERIOD 1949 TO 2014


WEATHER ITEM   OBSERVED TIME   RECORD YEAR NORMAL DEPARTURE LAST
                VALUE   (LST)  VALUE       VALUE  FROM      YEAR
                                                  NORMAL
..................................................................
TEMPERATURE (F)
 TODAY
  MINIMUM         35    528 AM  27    1953  46    -11       28

PRECIPITATION (IN)
  TODAY            0.00          0.73 1981   0.06  -0.06     0.00
  MONTH TO DATE    0.10                      1.01  -0.91     0.05
  SINCE MAR 1      0.17                      2.42  -2.25     0.34
  SINCE JAN 1      0.55                      3.63  -3.08     3.39

SNOWFALL (IN)
  TODAY            0.0           T    1970                   0.0
  MONTH TO DATE    1.1                                        T
  SINCE MAR 1      2.1                                       0.3
  SINCE JUL 1     14.7                                      27.5
  SNOW DEPTH       0

..................................................................


WIND (MPH)
  RESULTANT WIND SPEED   5   RESULTANT WIND DIRECTION   S (190)
  HIGHEST WIND SPEED    10   HIGHEST WIND DIRECTION     S (190)
  HIGHEST GUST SPEED    16   HIGHEST GUST DIRECTION    SE (150)
  AVERAGE WIND SPEED     6.2


SKY COVER
  AVERAGE SKY COVER 0.6


WEATHER CONDITIONS
 THE FOLLOWING WEATHER WAS RECORDED TODAY.
  FOG
  HAZE


RELATIVE HUMIDITY (PERCENT)
 HIGHEST    85           700 AM
 LOWEST     65          1200 AM
 AVERAGE    75

..........................................................


THE BORGER CLIMATE NORMALS FOR TOMORROW
                         NORMAL    RECORD    YEAR
 MAXIMUM TEMPERATURE (F)   74        92      1964
 MINIMUM TEMPERATURE (F)   46        28      2013


SUNRISE AND SUNSET
APRIL 18 2014.........SUNRISE   709 AM CDT   SUNSET   821 PM CDT
APRIL 19 2014.........SUNRISE   708 AM CDT   SUNSET   822 PM CDT


-  INDICATES NEGATIVE NUMBERS.
R  INDICATES RECORD WAS SET OR TIED.
MM INDICATES DATA IS MISSING.
T  INDICATES TRACE AMOUNT.




$$
