173
CDUS44 KAMA 300641
CLIBGD


CLIMATE REPORT
NATIONAL WEATHER SERVICE AMARILLO TX
140 AM CDT SAT APR 30 2016


...................................

...THE BORGER CLIMATE SUMMARY FOR APRIL 29 2016...

CLIMATE NORMAL PERIOD 1981 TO 2010
CLIMATE RECORD PERIOD 1949 TO 2016


WEATHER ITEM   OBSERVED TIME   RECORD YEAR NORMAL DEPARTURE LAST
                VALUE   (LST)  VALUE       VALUE  FROM      YEAR
                                                  NORMAL
..................................................................
TEMPERATURE (F)
 YESTERDAY
  MAXIMUM         55    641 PM  96    2011  76    -21       73
  MINIMUM         43   1159 PM  30    1994  49     -6       42
  AVERAGE         49                        63    -14       58

PRECIPITATION (IN)
  YESTERDAY        1.15          2.10 2012   0.04   1.11     0.00
  MONTH TO DATE    3.53                      1.50   2.03     4.40
  SINCE MAR 1      3.53                      2.91   0.62     4.67
  SINCE JAN 1      4.25                      4.12   0.13     6.52

SNOWFALL (IN)
  YESTERDAY        0.0           2.5  1994                   0.0
  MONTH TO DATE    0.0                                       0.0
  SINCE MAR 1      0.0                                        T
  SINCE JUL 1      6.2                                      17.5
  SNOW DEPTH       0

DEGREE DAYS
 HEATING
  YESTERDAY       16                         5     11        7
  MONTH TO DATE  161                       223    -62      141
  SINCE MAR 1    432                       707   -275      501
  SINCE JUL 1   2927                      3700   -773     3373

 COOLING
  YESTERDAY        0                         2     -2        0
  MONTH TO DATE   34                        35     -1       47
  SINCE MAR 1     45                        42      3       54
  SINCE JAN 1     51                        42      9       54
..................................................................


WIND (MPH)
  RESULTANT WIND SPEED  10   RESULTANT WIND DIRECTION  NE (30)
  HIGHEST WIND SPEED    21   HIGHEST WIND DIRECTION    NE (60)
  HIGHEST GUST SPEED    38   HIGHEST GUST DIRECTION    NE (40)
  AVERAGE WIND SPEED    13.2


SKY COVER
  AVERAGE SKY COVER 0.9


WEATHER CONDITIONS
 THE FOLLOWING WEATHER WAS RECORDED YESTERDAY.
  THUNDERSTORM
  HEAVY RAIN
  RAIN
  LIGHT RAIN
  FOG


RELATIVE HUMIDITY (PERCENT)
 HIGHEST   100           600 AM
 LOWEST     66           600 PM
 AVERAGE    83

..........................................................


THE BORGER CLIMATE NORMALS FOR TODAY
                         NORMAL    RECORD    YEAR
 MAXIMUM TEMPERATURE (F)   76        96      2013
 MINIMUM TEMPERATURE (F)   50        31      1994


SUNRISE AND SUNSET
APRIL 30 2016.........SUNRISE   654 AM CDT   SUNSET   832 PM CDT
MAY  1 2016...........SUNRISE   653 AM CDT   SUNSET   833 PM CDT


-  INDICATES NEGATIVE NUMBERS.
R  INDICATES RECORD WAS SET OR TIED.
MM INDICATES DATA IS MISSING.
T  INDICATES TRACE AMOUNT.




$$
