000
CDUS44 KAMA 302129
CLIBGD


CLIMATE REPORT
NATIONAL WEATHER SERVICE AMARILLO TX
429 PM CDT SAT MAY 30 2015


...................................

...THE BORGER CLIMATE SUMMARY FOR MAY 30 2015...
VALID TODAY AS OF 0400 PM LOCAL TIME.

CLIMATE NORMAL PERIOD 1981 TO 2013
CLIMATE RECORD PERIOD 1949 TO 2015


WEATHER ITEM   OBSERVED TIME   RECORD YEAR NORMAL DEPARTURE LAST
                VALUE   (LST)  VALUE       VALUE  FROM      YEAR
                                                  NORMAL
..................................................................
TEMPERATURE (F)
 TODAY
  MAXIMUM         69    258 PM 101    2003  85    -16       91
  MINIMUM         56    805 AM  46    1983  60     -4       67
  AVERAGE         63                        72     -9       79

PRECIPITATION (IN)
  TODAY            0.00          1.52 1991   0.13  -0.13     0.00
  MONTH TO DATE    9.00                      2.75   6.25     1.49
  SINCE MAR 1     13.67                      5.70   7.97     1.69
  SINCE JAN 1     15.52                      6.91   8.61     2.07

SNOWFALL (IN)
  TODAY            0.0           T    1997                   0.0
  MONTH TO DATE    0.0                                       0.0
  SINCE MAR 1      T                                         2.1
  SINCE JUL 1     17.5                                      14.7
  SNOW DEPTH       0

DEGREE DAYS
 HEATING
  TODAY            2                         0      2        0
  MONTH TO DATE   79                        60     19       56
  SINCE MAR 1    580                       770   -190      760
  SINCE JUL 1   3452                      3763   -311     3838

 COOLING
  TODAY            0                         8     -8       14
  MONTH TO DATE   66                       146    -80      238
  SINCE MAR 1    122                       190    -68      303
  SINCE JAN 1    122                       190    -68      303
..................................................................


WIND (MPH)
  RESULTANT WIND SPEED  13   RESULTANT WIND DIRECTION   N (20)
  HIGHEST WIND SPEED    24   HIGHEST WIND DIRECTION     N (20)
  HIGHEST GUST SPEED    29   HIGHEST GUST DIRECTION     N (10)
  AVERAGE WIND SPEED    13.7


SKY COVER
  AVERAGE SKY COVER 0.7


WEATHER CONDITIONS
 THE FOLLOWING WEATHER WAS RECORDED TODAY.
  NO SIGNIFICANT WEATHER WAS OBSERVED.


RELATIVE HUMIDITY (PERCENT)
 HIGHEST    78           300 AM
 LOWEST     52           300 PM
 AVERAGE    65

..........................................................


THE BORGER CLIMATE NORMALS FOR TOMORROW
                         NORMAL    RECORD    YEAR
 MAXIMUM TEMPERATURE (F)   85       100      1953
 MINIMUM TEMPERATURE (F)   60        46      1983


SUNRISE AND SUNSET
MAY 30 2015...........SUNRISE   632 AM CDT   SUNSET   855 PM CDT
MAY 31 2015...........SUNRISE   631 AM CDT   SUNSET   855 PM CDT


-  INDICATES NEGATIVE NUMBERS.
R  INDICATES RECORD WAS SET OR TIED.
MM INDICATES DATA IS MISSING.
T  INDICATES TRACE AMOUNT.




$$
