000
CDUS44 KAMA 240742
CLIBGD


CLIMATE REPORT
NATIONAL WEATHER SERVICE AMARILLO TX
141 AM CST TUE JAN 24 2017


...................................

...THE BORGER CLIMATE SUMMARY FOR JANUARY 23 2017...

CLIMATE NORMAL PERIOD 1981 TO 2010
CLIMATE RECORD PERIOD 1949 TO 2017


WEATHER ITEM   OBSERVED TIME   RECORD YEAR NORMAL DEPARTURE LAST
                VALUE   (LST)  VALUE       VALUE  FROM      YEAR
                                                  NORMAL
..................................................................
TEMPERATURE (F)
 YESTERDAY
  MAXIMUM         71    348 PM  77    1972  52     19       67
  MINIMUM         32    243 AM  -4    1966  27      5       30
  AVERAGE         52                        39     13       49

PRECIPITATION (IN)
  YESTERDAY        0.00          0.12 1965   0.02  -0.02     0.00
  MONTH TO DATE    3.11                      0.39   2.72     0.28
  SINCE DEC 1      3.33                      1.16   2.17     1.42
  SINCE JAN 1      3.11                      0.39   2.72     0.28

SNOWFALL (IN)
  YESTERDAY        0.0           1.7  1965                   0.0
  MONTH TO DATE    0.0                                       2.5
  SINCE DEC 1      0.1                                       5.4
  SINCE JUL 1      0.1                                       6.2
  SNOW DEPTH       0

DEGREE DAYS
 HEATING
  YESTERDAY       13                        26    -13       16
  MONTH TO DATE  574                       616    -42      635
  SINCE DEC 1   1345                      1436    -91     1315
  SINCE JUL 1   1718                      2153   -435     1887

 COOLING
  YESTERDAY        0                         0      0        0
  MONTH TO DATE    0                         0      0        0
  SINCE DEC 1      0                         0      0        0
  SINCE JAN 1      0                         0      0        0
..................................................................


WIND (MPH)
  RESULTANT WIND SPEED  12   RESULTANT WIND DIRECTION  SW (230)
  HIGHEST WIND SPEED    28   HIGHEST WIND DIRECTION     W (250)
  HIGHEST GUST SPEED    35   HIGHEST GUST DIRECTION     W (250)
  AVERAGE WIND SPEED    13.7


SKY COVER
  AVERAGE SKY COVER 0.0


WEATHER CONDITIONS
 THE FOLLOWING WEATHER WAS RECORDED YESTERDAY.
  NO SIGNIFICANT WEATHER WAS OBSERVED.


RELATIVE HUMIDITY (PERCENT)
 HIGHEST    75           200 AM
 LOWEST     22           300 PM
 AVERAGE    49

..........................................................


THE BORGER CLIMATE NORMALS FOR TODAY
                         NORMAL    RECORD    YEAR
 MAXIMUM TEMPERATURE (F)   52        78      1950
 MINIMUM TEMPERATURE (F)   27         5      1963


SUNRISE AND SUNSET
JANUARY 24 2017.......SUNRISE   751 AM CST   SUNSET   605 PM CST
JANUARY 25 2017.......SUNRISE   750 AM CST   SUNSET   606 PM CST


-  INDICATES NEGATIVE NUMBERS.
R  INDICATES RECORD WAS SET OR TIED.
MM INDICATES DATA IS MISSING.
T  INDICATES TRACE AMOUNT.




$$
