381
CDUS41 KBGM 010613
CLIBGM


CLIMATE REPORT
NATIONAL WEATHER SERVICE BINGHAMTON NY
211 AM EDT SUN MAY 1 2016


...................................

...THE BINGHAMTON NY CLIMATE SUMMARY FOR APRIL 30 2016...

CLIMATE NORMAL PERIOD 1981 TO 2010
CLIMATE RECORD PERIOD 1951 TO 2016


WEATHER ITEM   OBSERVED TIME   RECORD YEAR NORMAL DEPARTURE LAST
                VALUE   (LST)  VALUE       VALUE  FROM      YEAR
                                                  NORMAL
..................................................................
TEMPERATURE (F)
 YESTERDAY
  MAXIMUM         52    417 PM  81    1985  60     -8       68
  MINIMUM         39    609 AM  28    1978  41     -2       42
  AVERAGE         46                        51     -5       55

PRECIPITATION (IN)
  YESTERDAY        0.00          1.48 1964   0.11  -0.11     0.00
  MONTH TO DATE    2.83                      3.43  -0.60     4.21
  SINCE MAR 1      4.23                      6.42  -2.19     6.20
  SINCE JAN 1      9.54                     11.18  -1.64    10.14

SNOWFALL (IN)
  YESTERDAY        0.0           T    2002   0.1   -0.1      0.0
                                      1987
  MONTH TO DATE    9.3                       4.3    5.0      2.8
  SINCE MAR 1     10.3                      19.4   -9.1     17.6
  SINCE JUL 1     32.0                      83.3  -51.3     93.4
  SNOW DEPTH       0

DEGREE DAYS
 HEATING
  YESTERDAY       19                        15      4       10
  MONTH TO DATE  679                       603     76      603
  SINCE MAR 1   1450                      1600   -150     1773
  SINCE JUL 1   5808                      6799   -991     7305

 COOLING
  YESTERDAY        0                         0      0        0
  MONTH TO DATE    0                         4     -4        0
  SINCE MAR 1      0                         4     -4        0
  SINCE JAN 1      0                         4     -4        0
..................................................................


WIND (MPH)
  HIGHEST WIND SPEED    10   HIGHEST WIND DIRECTION     S (170)
  HIGHEST GUST SPEED    14   HIGHEST GUST DIRECTION     S (160)
  AVERAGE WIND SPEED     3.1


SKY COVER
  AVERAGE SKY COVER 1.0


WEATHER CONDITIONS
 THE FOLLOWING WEATHER WAS RECORDED YESTERDAY.
  FOG


RELATIVE HUMIDITY (PERCENT)
 HIGHEST   100           400 AM
 LOWEST     63          1200 PM
 AVERAGE    82

..........................................................


THE BINGHAMTON NY CLIMATE NORMALS FOR TODAY
                         NORMAL    RECORD    YEAR
 MAXIMUM TEMPERATURE (F)   61        84      2010
 MINIMUM TEMPERATURE (F)   41        25      1978


SUNRISE AND SUNSET
MAY  1 2016...........SUNRISE   559 AM EDT   SUNSET   804 PM EDT
MAY  2 2016...........SUNRISE   557 AM EDT   SUNSET   805 PM EDT


-  INDICATES NEGATIVE NUMBERS.
R  INDICATES RECORD WAS SET OR TIED.
MM INDICATES DATA IS MISSING.
T  INDICATES TRACE AMOUNT.

$$
